Aug 09 22:09:21.833620 n-d-800484-4 neutron-server[94278]: DEBUG neutron.plugins.ml2.drivers.mech_agent [None req-db253ca0-8689-41c7-a765-4ed5d0e762a9 None None] Checking agent: {'id': '025c6c96-175d-4324-9397-d6b936a61d51', 'agent_type': 'Open vSwitch agent', 'binary': 'neutron-openvswitch-agent', 'topic': 'N/A', 'host': 'n-d-800484-4', 'admin_state_up': True, 'created_at': datetime.datetime(2021, 8, 9, 21, 59, 18), 'started_at': datetime.datetime(2021, 8, 9, 21, 59, 48), 'heartbeat_timestamp': datetime.datetime(2021, 8, 9, 22, 9, 18), 'description': None, 'resources_synced': None, 'availability_zone': None, 'alive': True, 'configurations': {'arp_responder_enabled': False, 'baremetal_smartnic': False, 'bridge_mappings': {'physnet1': 'br-data'}, 'datapath_type': 'system', 'devices': 0, 'enable_distributed_routing': False, 'extensions': [], 'in_distributed_mode': False, 'integration_bridge': 'br-int', 'l2_population': False, 'log_agent_heartbeats': False, 'ovs_capabilities': {'datapath_types': ['netdev', 'system'], 'iface_types': ['erspan', 'geneve', 'gre', 'internal', 'ip6erspan', 'ip6gre', 'lisp', 'patch', 'stt', 'system', 'tap', 'vxlan']}, 'ovs_hybrid_plug': False, 'resource_provider_bandwidths': {}, 'resource_provider_hypervisors': {'br-data': 'n-d-800484-4'}, 'resource_provider_inventory_defaults': {'allocation_ratio': 1.0, 'min_unit': 1, 'step_size': 1, 'reserved': 0}, 'tunnel_types': [], 'tunneling_ip': None, 'vhostuser_socket_dir': '/var/run/openvswitch'}, 'resource_versions': {'AddressGroup': '1.2', 'ConntrackHelper': '1.0', 'Log': '1.0', 'Network': '1.1', 'Port': '1.7', 'PortForwarding': '1.2', 'QosPolicy': '1.9', 'SecurityGroup': '1.4', 'SecurityGroupRule': '1.2', 'SubPort': '1.0', 'Subnet': '1.1', 'Trunk': '1.1'}} {{(pid=94278) bind_port /opt/stack/neutron/neutron/plugins/ml2/drivers/mech_agent.py:104}}
Aug 09 22:09:21.833987 n-d-800484-4 neutron-server[94278]: DEBUG neutron.plugins.ml2.drivers.mech_agent [None req-db253ca0-8689-41c7-a765-4ed5d0e762a9 None None] Checking segment: {'id': '6f29bf05-0f3d-4315-87b0-7462fdf0c587', 'network_type': 'flat', 'physical_network': 'physnet1', 'segmentation_id': None, 'network_id': 'db6508c7-7e5a-4ced-96df-c45b05e89b42'} for mappings: {'physnet1': 'br-data'} with network types: ['local', 'flat', 'vlan'] {{(pid=94278) check_segment_for_agent /opt/stack/neutron/neutron/plugins/ml2/drivers/mech_agent.py:352}}
Aug 09 22:09:21.834556 n-d-800484-4 neutron-server[94278]: DEBUG neutron_lib.callbacks.manager [None req-db253ca0-8689-41c7-a765-4ed5d0e762a9 None None] Notify callbacks [] for ovs_bridge_name, before_read {{(pid=94278) _notify_loop /usr/local/lib/python3.8/dist-packages/neutron_lib/callbacks/manager.py:192}}
Aug 09 22:09:21.835330 n-d-800484-4 neutron-server[94278]: DEBUG neutron.plugins.ml2.drivers.mech_agent [None req-db253ca0-8689-41c7-a765-4ed5d0e762a9 None None] Bound using segment: {'id': '6f29bf05-0f3d-4315-87b0-7462fdf0c587', 'network_type': 'flat', 'physical_network': 'physnet1', 'segmentation_id': None, 'network_id': 'db6508c7-7e5a-4ced-96df-c45b05e89b42'} {{(pid=94278) bind_port /opt/stack/neutron/neutron/plugins/ml2/drivers/mech_agent.py:114}}
Aug 09 22:09:21.836057 n-d-800484-4 neutron-server[94278]: DEBUG neutron.plugins.ml2.managers [None req-db253ca0-8689-41c7-a765-4ed5d0e762a9 None None] Bound port: 35f08135-eec2-4cb9-8f37-7ca304fb2b10, host: n-d-800484-4, vif_type: ovs, vif_details: {"connectivity": "l2", "port_filter": true, "ovs_hybrid_plug": false, "datapath_type": "system", "bridge_name": "br-int"}, binding_levels: [{'bound_driver': 'openvswitch', 'bound_segment': {'id': '6f29bf05-0f3d-4315-87b0-7462fdf0c587', 'network_type': 'flat', 'physical_network': 'physnet1', 'segmentation_id': None, 'network_id': 'db6508c7-7e5a-4ced-96df-c45b05e89b42'}}] {{(pid=94278) _bind_port_level /opt/stack/neutron/neutron/plugins/ml2/managers.py:928}}
Aug 09 22:09:21.836839 n-d-800484-4 neutron-server[94278]: DEBUG neutron_lib.callbacks.manager [None req-db253ca0-8689-41c7-a765-4ed5d0e762a9 None None] Notify callbacks ['neutron.plugins.ml2.plugin.SecurityGroupDbMixin._ensure_default_security_group_handler-683281'] for port, before_update {{(pid=94278) _notify_loop /usr/local/lib/python3.8/dist-packages/neutron_lib/callbacks/manager.py:192}}
Aug 09 22:09:21.877554 n-d-800484-4 neutron-server[94277]: DEBUG neutron.api.rpc.handlers.resources_rpc [None req-06e258b4-8f30-4bf7-8f77-f008fc56382b None None] Pushing event updated for resources: {'Port': ['ID=1df84af5-7687-44df-b9d7-382ec7216aac,revision_number=3']} {{(pid=94277) push /opt/stack/neutron/neutron/api/rpc/handlers/resources_rpc.py:237}}
Aug 09 22:09:21.881159 n-d-800484-4 neutron-server[94275]: DEBUG neutron.wsgi [-] (94275) accepted ('10.222.0.22', 55734) {{(pid=94275) server /usr/local/lib/python3.8/dist-packages/eventlet/wsgi.py:982}}
Aug 09 22:09:21.899575 n-d-800484-4 neutron-server[94277]: DEBUG neutron.plugins.ml2.rpc [None req-d81fc566-21c0-431e-b580-e73babda26da None None] Device 3c9c68d1-697e-4c79-8759-f289f456d53f up at agent hyperv_n-h2-800484-4 {{(pid=94277) update_device_up /opt/stack/neutron/neutron/plugins/ml2/rpc.py:296}}
Aug 09 22:09:21.918070 n-d-800484-4 neutron-server[94278]: DEBUG neutron.plugins.ml2.db [None req-db253ca0-8689-41c7-a765-4ed5d0e762a9 None None] For port 35f08135-eec2-4cb9-8f37-7ca304fb2b10, host n-d-800484-4, cleared binding levels {{(pid=94278) clear_binding_levels /opt/stack/neutron/neutron/plugins/ml2/db.py:87}}
Aug 09 22:09:21.922196 n-d-800484-4 neutron-server[94278]: DEBUG neutron.plugins.ml2.db [None req-db253ca0-8689-41c7-a765-4ed5d0e762a9 None None] For port 35f08135-eec2-4cb9-8f37-7ca304fb2b10, host n-d-800484-4, set binding levels [PortBindingLevel(driver='openvswitch',host='n-d-800484-4',level=0,port_id=35f08135-eec2-4cb9-8f37-7ca304fb2b10,segment=NetworkSegment(6f29bf05-0f3d-4315-87b0-7462fdf0c587),segment_id=6f29bf05-0f3d-4315-87b0-7462fdf0c587)] {{(pid=94278) set_binding_levels /opt/stack/neutron/neutron/plugins/ml2/db.py:59}}
Aug 09 22:09:21.930374 n-d-800484-4 neutron-server[94278]: DEBUG neutron_lib.callbacks.manager [None req-db253ca0-8689-41c7-a765-4ed5d0e762a9 None None] Notify callbacks ['neutron.plugins.ml2.plugin.SecurityGroupServerNotifierRpcMixin._notify_sg_on_port_change-682687', 'neutron.plugins.ml2.ovo_rpc._ObjectChangeHandler.handle_event-498906', 'neutron.api.rpc.agentnotifiers.dhcp_rpc_agent_api.DhcpAgentNotifyAPI._native_event_send_dhcp_notification-3716921', 'neutron.db.l3_db.L3RpcNotifierMixin._notify_gateway_port_ip_changed-8742748078237', 'neutron.db.l3_dvrscheduler_db._notify_l3_agent_port_update-8742747604493', 'neutron.db.l3_hascheduler_db._notify_l3_agent_ha_port_update-8742747604511'] for port, after_update {{(pid=94278) _notify_loop /usr/local/lib/python3.8/dist-packages/neutron_lib/callbacks/manager.py:192}}
Aug 09 22:09:21.980355 n-d-800484-4 neutron-server[94277]: DEBUG neutron.db.provisioning_blocks [None req-d81fc566-21c0-431e-b580-e73babda26da None None] Provisioning for port 3c9c68d1-697e-4c79-8759-f289f456d53f completed by entity L2. {{(pid=94277) provisioning_complete /opt/stack/neutron/neutron/db/provisioning_blocks.py:133}}
Aug 09 22:09:21.986613 n-d-800484-4 neutron-server[94276]: DEBUG neutron_lib.callbacks.manager [None req-d1440ba7-5bda-4c8b-8226-26aca91fbc59 admin admin] Notify callbacks [] for port, precommit_create {{(pid=94276) _notify_loop /usr/local/lib/python3.8/dist-packages/neutron_lib/callbacks/manager.py:192}}
Aug 09 22:09:21.992139 n-d-800484-4 neutron-server[94277]: DEBUG neutron.db.provisioning_blocks [None req-d81fc566-21c0-431e-b580-e73babda26da None None] Provisioning complete for port 3c9c68d1-697e-4c79-8759-f289f456d53f triggered by entity L2. {{(pid=94277) provisioning_complete /opt/stack/neutron/neutron/db/provisioning_blocks.py:139}}
Aug 09 22:09:21.992523 n-d-800484-4 neutron-server[94277]: DEBUG neutron_lib.callbacks.manager [None req-d81fc566-21c0-431e-b580-e73babda26da None None] Notify callbacks ['neutron.plugins.ml2.plugin.Ml2Plugin._port_provisioned-538962'] for port, provisioning_complete {{(pid=94277) _notify_loop /usr/local/lib/python3.8/dist-packages/neutron_lib/callbacks/manager.py:192}}
Aug 09 22:09:21.999255 n-d-800484-4 neutron-server[94275]: DEBUG neutron.wsgi [req-3cbdd104-38e7-4201-90e7-98ff9c1e9ffc req-41178b46-89fa-467d-8f28-1d300cd7f4f1 tempest-LiveMigrationTest-442281934 tempest-LiveMigrationTest-442281934-project-admin] http://10.222.0.22:9696/v2.0/extensions returned with HTTP 200 {{(pid=94275) __call__ /opt/stack/neutron/neutron/wsgi.py:729}}
Aug 09 22:09:22.001253 n-d-800484-4 neutron-server[94275]: INFO neutron.wsgi [req-3cbdd104-38e7-4201-90e7-98ff9c1e9ffc req-41178b46-89fa-467d-8f28-1d300cd7f4f1 tempest-LiveMigrationTest-442281934 tempest-LiveMigrationTest-442281934-project-admin] 10.222.0.22 "GET /v2.0/extensions HTTP/1.1" status: 200 len: 13640 time: 0.1188090
Aug 09 22:09:22.018941 n-d-800484-4 neutron-server[94278]: DEBUG neutron.api.rpc.handlers.resources_rpc [None req-220be733-0016-425e-865c-f1158163388c None None] Pushing event updated for resources: {'Port': ['ID=35f08135-eec2-4cb9-8f37-7ca304fb2b10,revision_number=3']} {{(pid=94278) push /opt/stack/neutron/neutron/api/rpc/handlers/resources_rpc.py:237}}
Aug 09 22:09:22.020881 n-d-800484-4 neutron-server[94276]: DEBUG neutron.db.provisioning_blocks [None req-d1440ba7-5bda-4c8b-8226-26aca91fbc59 admin admin] Transition to ACTIVE for port object 6c6330e0-7ecf-4daa-9a27-03f891529c7d will not be triggered until provisioned by entity DHCP. {{(pid=94276) add_provisioning_component /opt/stack/neutron/neutron/db/provisioning_blocks.py:73}}
Aug 09 22:09:22.021690 n-d-800484-4 neutron-server[94278]: DEBUG neutron.db.l3_dvrscheduler_db [None req-db253ca0-8689-41c7-a765-4ed5d0e762a9 None None] Routers {'5c3349b4-f14e-4f66-9cb1-6d9160a1ee2f'} bound to L3 agent in host n-d-800484-4 {{(pid=94278) _get_router_ids_for_agent /opt/stack/neutron/neutron/db/l3_dvrscheduler_db.py:420}}
Aug 09 22:09:22.022468 n-d-800484-4 neutron-server[94278]: DEBUG neutron.db.l3_hamode_db [None req-db253ca0-8689-41c7-a765-4ed5d0e762a9 None None] neutron.services.l3_router.l3_router_plugin.L3RouterPlugin method get_ha_sync_data_for_host called with arguments (, 'n-d-800484-4', Agent(admin_state_up=True,agent_type='L3 agent',availability_zone='nova',binary='neutron-l3-agent',configurations={"agent_mode": "legacy", "ex_gw_ports": 3, "extensions": [], "floating_ips": 0, "handle_internal_only_routers": true, "interface_driver": "openvswitch", "interfaces": 2, "log_agent_heartbeats": false, "routers": 3},created_at=2021-08-09T21:59:18Z,description=,heartbeat_timestamp=2021-08-09T22:09:18Z,host='n-d-800484-4',id=e9badacf-90e0-442b-a982-e360da67c9e7,load=0,resource_versions=,resources_synced=,started_at=2021-08-09T21:59:18Z,topic='l3_agent')) {'router_ids': ['5c3349b4-f14e-4f66-9cb1-6d9160a1ee2f'], 'active': True} {{(pid=94278) wrapper /usr/local/lib/python3.8/dist-packages/oslo_log/helpers.py:65}}
Aug 09 22:09:22.088925 n-d-800484-4 neutron-server[94276]: DEBUG neutron_lib.callbacks.manager [None req-d1440ba7-5bda-4c8b-8226-26aca91fbc59 admin admin] Notify callbacks ['neutron.plugins.ml2.plugin.SecurityGroupServerNotifierRpcMixin._notify_sg_on_port_change-682687', 'neutron.plugins.ml2.ovo_rpc._ObjectChangeHandler.handle_event-498906', 'neutron.api.rpc.agentnotifiers.dhcp_rpc_agent_api.DhcpAgentNotifyAPI._native_event_send_dhcp_notification-3716921', 'neutron.db.l3_dvrscheduler_db._notify_l3_agent_new_port-8742747606775'] for port, after_create {{(pid=94276) _notify_loop /usr/local/lib/python3.8/dist-packages/neutron_lib/callbacks/manager.py:192}}
Aug 09 22:09:22.123142 n-d-800484-4 neutron-server[94277]: DEBUG neutron_lib.callbacks.manager [None req-d81fc566-21c0-431e-b580-e73babda26da None None] Notify callbacks ['neutron.plugins.ml2.plugin.SecurityGroupDbMixin._ensure_default_security_group_handler-683281'] for port, before_update {{(pid=94277) _notify_loop /usr/local/lib/python3.8/dist-packages/neutron_lib/callbacks/manager.py:192}}
Aug 09 22:09:22.134507 n-d-800484-4 neutron-server[94276]: DEBUG neutron.scheduler.dhcp_agent_scheduler [None req-d1440ba7-5bda-4c8b-8226-26aca91fbc59 admin admin] Network f51db671-a17f-40f0-9a74-d5899c5424b9 is already hosted by enough agents. {{(pid=94276) _get_dhcp_agents_hosting_network /opt/stack/neutron/neutron/scheduler/dhcp_agent_scheduler.py:275}}
Aug 09 22:09:22.141533 n-d-800484-4 neutron-server[94276]: DEBUG neutron.scheduler.base_scheduler [None req-d1440ba7-5bda-4c8b-8226-26aca91fbc59 admin admin] Resources bound (agent type, host, resource id): {{(pid=94276) schedule /opt/stack/neutron/neutron/scheduler/base_scheduler.py:57}}
Aug 09 22:09:22.144129 n-d-800484-4 neutron-server[94276]: DEBUG neutron.db.l3_dvrscheduler_db [None req-d1440ba7-5bda-4c8b-8226-26aca91fbc59 admin admin] Received port after_create {{(pid=94276) _notify_l3_agent_new_port /opt/stack/neutron/neutron/db/l3_dvrscheduler_db.py:535}}
Aug 09 22:09:22.144610 n-d-800484-4 neutron-server[94276]: DEBUG neutron_lib.callbacks.manager [None req-d1440ba7-5bda-4c8b-8226-26aca91fbc59 admin admin] Notify callbacks ['neutron.services.l3_router.l3_router_plugin.DVRResourceOperationHandler._add_csnat_on_interface_create-3854868'] for router_interface, before_create {{(pid=94276) _notify_loop /usr/local/lib/python3.8/dist-packages/neutron_lib/callbacks/manager.py:192}}
Aug 09 22:09:22.153275 n-d-800484-4 neutron-server[94275]: DEBUG neutron.api.v2.base [req-3cbdd104-38e7-4201-90e7-98ff9c1e9ffc req-601cc034-d21a-4014-b91d-bdf1c755286d service neutron] Request body: {'binding': {'host': 'n-h2-800484-4', 'vnic_type': 'normal', 'profile': {}}} {{(pid=94275) prepare_request_body /opt/stack/neutron/neutron/api/v2/base.py:729}}
Aug 09 22:09:22.153882 n-d-800484-4 neutron-server[94275]: DEBUG neutron.api.v2.base [req-3cbdd104-38e7-4201-90e7-98ff9c1e9ffc req-601cc034-d21a-4014-b91d-bdf1c755286d service neutron] Unknown quota resources ['binding']. {{(pid=94275) _create /opt/stack/neutron/neutron/api/v2/base.py:495}}
Aug 09 22:09:22.165036 n-d-800484-4 neutron-server[94277]: DEBUG neutron.plugins.ml2.db [None req-d81fc566-21c0-431e-b580-e73babda26da None None] For port 3c9c68d1-697e-4c79-8759-f289f456d53f, host n-h2-800484-4, got binding levels [PortBindingLevel(driver='hyperv',host='n-h2-800484-4',level=0,port_id=3c9c68d1-697e-4c79-8759-f289f456d53f,segment=NetworkSegment(445aca69-a088-4caf-ac3d-96967f67bf3e),segment_id=445aca69-a088-4caf-ac3d-96967f67bf3e)] {{(pid=94277) get_binding_level_objs /opt/stack/neutron/neutron/plugins/ml2/db.py:74}}
Aug 09 22:09:22.166179 n-d-800484-4 neutron-server[94277]: DEBUG neutron.notifiers.nova [-] Sending events: [{'server_uuid': 'bbce21fe-4c12-4dde-a919-998a73690730', 'name': 'network-vif-plugged', 'status': 'completed', 'tag': '3c9c68d1-697e-4c79-8759-f289f456d53f'}] {{(pid=94277) send_events /opt/stack/neutron/neutron/notifiers/nova.py:262}}
Aug 09 22:09:22.168752 n-d-800484-4 neutron-server[94277]: DEBUG novaclient.v2.client [-] REQ: curl -g -i --cacert "/opt/stack/data/ca-bundle.pem" -X POST http://10.222.0.22/compute/v2.1/os-server-external-events -H "Accept: application/json" -H "Content-Type: application/json" -H "User-Agent: python-novaclient" -H "X-Auth-Token: {SHA256}67ce4c78958ee06ba660f25398ce33571bc0d573d99aedd2f5359e6efc8857e2" -H "X-OpenStack-Nova-API-Version: 2.1" -H "X-OpenStack-Request-ID: req-a161086e-dfb2-4b07-a736-16b3d3aba1e4" -d '{"events": [{"server_uuid": "bbce21fe-4c12-4dde-a919-998a73690730", "name": "network-vif-plugged", "status": "completed", "tag": "3c9c68d1-697e-4c79-8759-f289f456d53f"}]}' {{(pid=94277) _http_log_request /usr/local/lib/python3.8/dist-packages/keystoneauth1/session.py:519}}
Aug 09 22:09:22.174260 n-d-800484-4 neutron-server[94277]: DEBUG neutron_lib.callbacks.manager [None req-d81fc566-21c0-431e-b580-e73babda26da None None] Notify callbacks ['neutron.plugins.ml2.plugin.SecurityGroupServerNotifierRpcMixin._notify_sg_on_port_change-682687', 'neutron.plugins.ml2.ovo_rpc._ObjectChangeHandler.handle_event-498906', 'neutron.api.rpc.agentnotifiers.dhcp_rpc_agent_api.DhcpAgentNotifyAPI._native_event_send_dhcp_notification-3716921', 'neutron.db.l3_db.L3RpcNotifierMixin._notify_gateway_port_ip_changed-8742748078237', 'neutron.db.l3_dvrscheduler_db._notify_l3_agent_port_update-8742747604493', 'neutron.db.l3_hascheduler_db._notify_l3_agent_ha_port_update-8742747604511'] for port, after_update {{(pid=94277) _notify_loop /usr/local/lib/python3.8/dist-packages/neutron_lib/callbacks/manager.py:192}}
Aug 09 22:09:22.194364 n-d-800484-4 neutron-server[94278]: DEBUG neutron.db.l3_dvr_db [None req-db253ca0-8689-41c7-a765-4ed5d0e762a9 None None] Set router 5c3349b4-f14e-4f66-9cb1-6d9160a1ee2f gateway port host: n-d-800484-4 {{(pid=94278) _build_routers_list /opt/stack/neutron/neutron/db/l3_dvr_db.py:899}}
Aug 09 22:09:22.261615 n-d-800484-4 neutron-server[94277]: DEBUG neutron.api.rpc.handlers.resources_rpc [None req-d81fc566-21c0-431e-b580-e73babda26da None None] Pushing event updated for resources: {'Port': ['ID=3c9c68d1-697e-4c79-8759-f289f456d53f,revision_number=5']} {{(pid=94277) push /opt/stack/neutron/neutron/api/rpc/handlers/resources_rpc.py:237}}
Aug 09 22:09:22.367939 n-d-800484-4 neutron-server[94275]: DEBUG neutron.plugins.ml2.managers [req-3cbdd104-38e7-4201-90e7-98ff9c1e9ffc req-601cc034-d21a-4014-b91d-bdf1c755286d service neutron] Attempting to bind port d330fe1a-0825-4b42-aabc-06fa25fb54ad on host n-h2-800484-4 for vnic_type normal with profile None {{(pid=94275) bind_port /opt/stack/neutron/neutron/plugins/ml2/managers.py:790}}
Aug 09 22:09:22.368407 n-d-800484-4 neutron-server[94275]: DEBUG neutron.plugins.ml2.managers [req-3cbdd104-38e7-4201-90e7-98ff9c1e9ffc req-601cc034-d21a-4014-b91d-bdf1c755286d service neutron] Attempting to bind port d330fe1a-0825-4b42-aabc-06fa25fb54ad by drivers openvswitch,hyperv on host n-h2-800484-4 at level 0 using segments [{'id': 'f6bd3eaf-a66b-4c50-b23d-27cfc048aaed', 'network_type': 'vlan', 'physical_network': 'physnet1', 'segmentation_id': 98, 'network_id': '13f78bff-cc49-4102-9086-27f864c60038'}] {{(pid=94275) _bind_port_level /opt/stack/neutron/neutron/plugins/ml2/managers.py:815}}
Aug 09 22:09:22.369223 n-d-800484-4 neutron-server[94275]: DEBUG neutron.plugins.ml2.drivers.mech_agent [req-3cbdd104-38e7-4201-90e7-98ff9c1e9ffc req-601cc034-d21a-4014-b91d-bdf1c755286d service neutron] Attempting to bind port d330fe1a-0825-4b42-aabc-06fa25fb54ad on network 13f78bff-cc49-4102-9086-27f864c60038 {{(pid=94275) bind_port /opt/stack/neutron/neutron/plugins/ml2/drivers/mech_agent.py:85}}
Aug 09 22:09:22.378404 n-d-800484-4 neutron-server[94275]: DEBUG neutron.plugins.ml2.drivers.mech_agent [req-3cbdd104-38e7-4201-90e7-98ff9c1e9ffc req-601cc034-d21a-4014-b91d-bdf1c755286d service neutron] Port d330fe1a-0825-4b42-aabc-06fa25fb54ad on network 13f78bff-cc49-4102-9086-27f864c60038 not bound, no agent of type Open vSwitch agent registered on host n-h2-800484-4 {{(pid=94275) bind_port /opt/stack/neutron/neutron/plugins/ml2/drivers/mech_agent.py:97}}
Aug 09 22:09:22.379141 n-d-800484-4 neutron-server[94275]: DEBUG neutron.plugins.ml2.drivers.mech_agent [req-3cbdd104-38e7-4201-90e7-98ff9c1e9ffc req-601cc034-d21a-4014-b91d-bdf1c755286d service neutron] Attempting to bind port d330fe1a-0825-4b42-aabc-06fa25fb54ad on network 13f78bff-cc49-4102-9086-27f864c60038 {{(pid=94275) bind_port /opt/stack/neutron/neutron/plugins/ml2/drivers/mech_agent.py:85}}
Aug 09 22:09:22.385523 n-d-800484-4 neutron-server[94275]: DEBUG neutron.plugins.ml2.drivers.mech_agent [req-3cbdd104-38e7-4201-90e7-98ff9c1e9ffc req-601cc034-d21a-4014-b91d-bdf1c755286d service neutron] Checking agent: {'id': 'b408c728-ab78-4e15-a4fa-b7a46a9e81b1', 'agent_type': 'HyperV agent', 'binary': 'neutron-hyperv-agent', 'topic': 'N/A', 'host': 'n-h2-800484-4', 'admin_state_up': True, 'created_at': datetime.datetime(2021, 8, 9, 22, 6, 27), 'started_at': datetime.datetime(2021, 8, 9, 22, 6, 27), 'heartbeat_timestamp': datetime.datetime(2021, 8, 9, 22, 8, 57), 'description': None, 'resources_synced': None, 'availability_zone': None, 'alive': True, 'configurations': {'vswitch_mappings': {'physnet1$': 'br-data'}}, 'resource_versions': {}} {{(pid=94275) bind_port /opt/stack/neutron/neutron/plugins/ml2/drivers/mech_agent.py:104}}
Aug 09 22:09:22.386417 n-d-800484-4 neutron-server[94275]: DEBUG neutron.plugins.ml2.drivers.mech_agent [req-3cbdd104-38e7-4201-90e7-98ff9c1e9ffc req-601cc034-d21a-4014-b91d-bdf1c755286d service neutron] Checking segment: {'id': 'f6bd3eaf-a66b-4c50-b23d-27cfc048aaed', 'network_type': 'vlan', 'physical_network': 'physnet1', 'segmentation_id': 98, 'network_id': '13f78bff-cc49-4102-9086-27f864c60038'} for mappings: {'physnet1$': 'br-data'} with network types: ['local', 'flat', 'vlan'] {{(pid=94275) check_segment_for_agent /opt/stack/neutron/neutron/plugins/ml2/drivers/mech_agent.py:352}}
Aug 09 22:09:22.387082 n-d-800484-4 neutron-server[94275]: DEBUG neutron.plugins.ml2.drivers.mech_agent [req-3cbdd104-38e7-4201-90e7-98ff9c1e9ffc req-601cc034-d21a-4014-b91d-bdf1c755286d service neutron] Bound using segment: {'id': 'f6bd3eaf-a66b-4c50-b23d-27cfc048aaed', 'network_type': 'vlan', 'physical_network': 'physnet1', 'segmentation_id': 98, 'network_id': '13f78bff-cc49-4102-9086-27f864c60038'} {{(pid=94275) bind_port /opt/stack/neutron/neutron/plugins/ml2/drivers/mech_agent.py:114}}
Aug 09 22:09:22.387837 n-d-800484-4 neutron-server[94275]: DEBUG neutron.plugins.ml2.managers [req-3cbdd104-38e7-4201-90e7-98ff9c1e9ffc req-601cc034-d21a-4014-b91d-bdf1c755286d service neutron] Bound port: d330fe1a-0825-4b42-aabc-06fa25fb54ad, host: n-h2-800484-4, vif_type: hyperv, vif_details: {"connectivity": "legacy", "port_filter": false}, binding_levels: [{'bound_driver': 'hyperv', 'bound_segment': {'id': 'f6bd3eaf-a66b-4c50-b23d-27cfc048aaed', 'network_type': 'vlan', 'physical_network': 'physnet1', 'segmentation_id': 98, 'network_id': '13f78bff-cc49-4102-9086-27f864c60038'}}] {{(pid=94275) _bind_port_level /opt/stack/neutron/neutron/plugins/ml2/managers.py:928}}
Aug 09 22:09:22.451219 n-d-800484-4 neutron-server[94278]: DEBUG neutron.db.l3_hamode_db [None req-db253ca0-8689-41c7-a765-4ed5d0e762a9 None None] neutron.services.l3_router.l3_router_plugin.L3RouterPlugin method _process_sync_ha_data called with arguments (, [{'id': '5c3349b4-f14e-4f66-9cb1-6d9160a1ee2f', 'name': 'tempest-AttachSCSIVolumeTestJSON-1867691064-router', 'tenant_id': '7b775808ff4f40c981cf6994ef82e696', 'admin_state_up': True, 'status': 'ACTIVE', 'external_gateway_info': {'network_id': 'db6508c7-7e5a-4ced-96df-c45b05e89b42', 'external_fixed_ips': [{'subnet_id': 'c10e7e5c-b58b-4944-98d7-c719e5edc7f6', 'ip_address': '172.25.4.91'}], 'enable_snat': True}, 'gw_port_id': '35f08135-eec2-4cb9-8f37-7ca304fb2b10', 'description': '', 'availability_zones': ['nova'], 'distributed': False, 'ha': False, 'ha_vr_id': 0, 'availability_zone_hints': [], 'routes': [], 'flavor_id': None, 'tags': [], 'created_at': '2021-08-09T22:09:16Z', 'updated_at': '2021-08-09T22:09:18Z', 'revision_number': 3, 'project_id': '7b775808ff4f40c981cf6994ef82e696', 'gw_port': {'id': '35f08135-eec2-4cb9-8f37-7ca304fb2b10', 'name': '', 'network_id': 'db6508c7-7e5a-4ced-96df-c45b05e89b42', 'tenant_id': '', 'mac_address': 'fa:16:3e:f1:5c:b4', 'admin_state_up': True, 'status': 'DOWN', 'device_id': '5c3349b4-f14e-4f66-9cb1-6d9160a1ee2f', 'device_owner': 'network:router_gateway', 'standard_attr_id': 231, 'fixed_ips': [{'subnet_id': 'c10e7e5c-b58b-4944-98d7-c719e5edc7f6', 'ip_address': '172.25.4.91', 'prefixlen': 24}], 'allowed_address_pairs': [], 'extra_dhcp_opts': [], 'security_groups': [], 'description': '', 'binding:vnic_type': 'normal', 'binding:profile': {}, 'binding:host_id': 'n-d-800484-4', 'binding:vif_type': 'ovs', 'binding:vif_details': {'connectivity': 'l2', 'port_filter': True, 'ovs_hybrid_plug': False, 'datapath_type': 'system', 'bridge_name': 'br-int'}, 'port_security_enabled': False, 'tags': [], 'created_at': '2021-08-09T22:09:17Z', 'updated_at': '2021-08-09T22:09:21Z', 'revision_number': 3, 'project_id': '', 'subnets': [{'id': 'c10e7e5c-b58b-4944-98d7-c719e5edc7f6', 'cidr': '172.25.4.0/24', 'gateway_ip': '172.25.4.1', 'dns_nameservers': [], 'ipv6_ra_mode': None, 'subnetpool_id': None}], 'extra_subnets': [], 'address_scopes': {4: None, 6: None}, 'mtu': 1500}, 'enable_snat': True, 'gw_port_host': 'n-d-800484-4'}], 'n-d-800484-4', False) {} {{(pid=94278) wrapper /usr/local/lib/python3.8/dist-packages/oslo_log/helpers.py:65}}
Aug 09 22:09:22.457554 n-d-800484-4 neutron-server[94276]: DEBUG neutron.api.rpc.handlers.resources_rpc [None req-d1440ba7-5bda-4c8b-8226-26aca91fbc59 admin admin] Pushing event updated for resources: {'Port': ['ID=6c6330e0-7ecf-4daa-9a27-03f891529c7d,revision_number=1']} {{(pid=94276) push /opt/stack/neutron/neutron/api/rpc/handlers/resources_rpc.py:237}}
Aug 09 22:09:22.492811 n-d-800484-4 neutron-server[94278]: DEBUG neutron.api.rpc.handlers.l3_rpc [None req-db253ca0-8689-41c7-a765-4ed5d0e762a9 None None] The sync data for ids ['5c3349b4-f14e-4f66-9cb1-6d9160a1ee2f'] in n-d-800484-4 is: [{'id': '5c3349b4-f14e-4f66-9cb1-6d9160a1ee2f', 'name': 'tempest-AttachSCSIVolumeTestJSON-1867691064-router', 'tenant_id': '7b775808ff4f40c981cf6994ef82e696', 'admin_state_up': True, 'status': 'ACTIVE', 'external_gateway_info': {'network_id': 'db6508c7-7e5a-4ced-96df-c45b05e89b42', 'external_fixed_ips': [{'subnet_id': 'c10e7e5c-b58b-4944-98d7-c719e5edc7f6', 'ip_address': '172.25.4.91'}], 'enable_snat': True}, 'gw_port_id': '35f08135-eec2-4cb9-8f37-7ca304fb2b10', 'description': '', 'availability_zones': ['nova'], 'distributed': False, 'ha': False, 'ha_vr_id': 0, 'availability_zone_hints': [], 'routes': [], 'flavor_id': None, 'tags': [], 'created_at': '2021-08-09T22:09:16Z', 'updated_at': '2021-08-09T22:09:18Z', 'revision_number': 3, 'project_id': '7b775808ff4f40c981cf6994ef82e696', 'gw_port': {'id': '35f08135-eec2-4cb9-8f37-7ca304fb2b10', 'name': '', 'network_id': 'db6508c7-7e5a-4ced-96df-c45b05e89b42', 'tenant_id': '', 'mac_address': 'fa:16:3e:f1:5c:b4', 'admin_state_up': True, 'status': 'DOWN', 'device_id': '5c3349b4-f14e-4f66-9cb1-6d9160a1ee2f', 'device_owner': 'network:router_gateway', 'standard_attr_id': 231, 'fixed_ips': [{'subnet_id': 'c10e7e5c-b58b-4944-98d7-c719e5edc7f6', 'ip_address': '172.25.4.91', 'prefixlen': 24}], 'allowed_address_pairs': [], 'extra_dhcp_opts': [], 'security_groups': [], 'description': '', 'binding:vnic_type': 'normal', 'binding:profile': {}, 'binding:host_id': 'n-d-800484-4', 'binding:vif_type': 'ovs', 'binding:vif_details': {'connectivity': 'l2', 'port_filter': True, 'ovs_hybrid_plug': False, 'datapath_type': 'system', 'bridge_name': 'br-int'}, 'port_security_enabled': False, 'tags': [], 'created_at': '2021-08-09T22:09:17Z', 'updated_at': '2021-08-09T22:09:21Z', 'revision_number': 3, 'project_id': '', 'subnets': [{'id': 'c10e7e5c-b58b-4944-98d7-c719e5edc7f6', 'cidr': '172.25.4.0/24', 'gateway_ip': '172.25.4.1', 'dns_nameservers': [], 'ipv6_ra_mode': None, 'subnetpool_id': None}], 'extra_subnets': [], 'address_scopes': {4: None, 6: None}, 'mtu': 1500}, 'enable_snat': True, 'gw_port_host': 'n-d-800484-4'}] {{(pid=94278) sync_routers /opt/stack/neutron/neutron/api/rpc/handlers/l3_rpc.py:137}}
Aug 09 22:09:22.506567 n-d-800484-4 neutron-server[94275]: DEBUG neutron.plugins.ml2.db [req-3cbdd104-38e7-4201-90e7-98ff9c1e9ffc req-601cc034-d21a-4014-b91d-bdf1c755286d service neutron] For port d330fe1a-0825-4b42-aabc-06fa25fb54ad, host n-h2-800484-4, set binding levels [PortBindingLevel(driver='hyperv',host='n-h2-800484-4',level=0,port_id=d330fe1a-0825-4b42-aabc-06fa25fb54ad,segment=NetworkSegment(f6bd3eaf-a66b-4c50-b23d-27cfc048aaed),segment_id=f6bd3eaf-a66b-4c50-b23d-27cfc048aaed)] {{(pid=94275) set_binding_levels /opt/stack/neutron/neutron/plugins/ml2/db.py:59}}
Aug 09 22:09:22.517253 n-d-800484-4 neutron-server[94275]: DEBUG neutron_lib.callbacks.manager [req-3cbdd104-38e7-4201-90e7-98ff9c1e9ffc req-601cc034-d21a-4014-b91d-bdf1c755286d service neutron] Notify callbacks [] for binding, before_response {{(pid=94275) _notify_loop /usr/local/lib/python3.8/dist-packages/neutron_lib/callbacks/manager.py:192}}
Aug 09 22:09:22.518492 n-d-800484-4 neutron-server[94275]: INFO neutron.wsgi [req-3cbdd104-38e7-4201-90e7-98ff9c1e9ffc req-601cc034-d21a-4014-b91d-bdf1c755286d service neutron] 10.222.0.22 "POST /v2.0/ports/d330fe1a-0825-4b42-aabc-06fa25fb54ad/bindings HTTP/1.1" status: 201 len: 389 time: 0.4468558
Aug 09 22:09:22.536103 n-d-800484-4 neutron-server[94277]: DEBUG neutron.db.provisioning_blocks [None req-5c44f6ec-956c-47c6-8ab8-be8cfeac41df None None] Provisioning for port 6c6330e0-7ecf-4daa-9a27-03f891529c7d completed by entity DHCP. {{(pid=94277) provisioning_complete /opt/stack/neutron/neutron/db/provisioning_blocks.py:133}}
Aug 09 22:09:22.540966 n-d-800484-4 neutron-server[94277]: DEBUG neutron.db.provisioning_blocks [None req-5c44f6ec-956c-47c6-8ab8-be8cfeac41df None None] Provisioning complete for port 6c6330e0-7ecf-4daa-9a27-03f891529c7d triggered by entity DHCP. {{(pid=94277) provisioning_complete /opt/stack/neutron/neutron/db/provisioning_blocks.py:139}}
Aug 09 22:09:22.541791 n-d-800484-4 neutron-server[94277]: DEBUG neutron_lib.callbacks.manager [None req-5c44f6ec-956c-47c6-8ab8-be8cfeac41df None None] Notify callbacks ['neutron.plugins.ml2.plugin.Ml2Plugin._port_provisioned-538962'] for port, provisioning_complete {{(pid=94277) _notify_loop /usr/local/lib/python3.8/dist-packages/neutron_lib/callbacks/manager.py:192}}
Aug 09 22:09:22.604226 n-d-800484-4 neutron-server[94277]: DEBUG neutron.plugins.ml2.plugin [None req-5c44f6ec-956c-47c6-8ab8-be8cfeac41df None None] Port 6c6330e0-7ecf-4daa-9a27-03f891529c7d cannot update to ACTIVE because it is not bound. {{(pid=94277) _port_provisioned /opt/stack/neutron/neutron/plugins/ml2/plugin.py:337}}
Aug 09 22:09:22.608966 n-d-800484-4 neutron-server[94276]: DEBUG neutron_lib.callbacks.manager [None req-d1440ba7-5bda-4c8b-8226-26aca91fbc59 admin admin] Notify callbacks ['neutron.plugins.ml2.plugin.SecurityGroupDbMixin._ensure_default_security_group_handler-683281'] for port, before_update {{(pid=94276) _notify_loop /usr/local/lib/python3.8/dist-packages/neutron_lib/callbacks/manager.py:192}}
Aug 09 22:09:22.689976 n-d-800484-4 neutron-server[94276]: INFO neutron.wsgi [req-77f0aa82-9638-4485-bb1e-f4f5dd3f4552 req-e4cdd2cf-ee08-4cc0-b62c-5193a66ef730 tempest-ServersWithSpecificFlavorTestJSON-1963085711 tempest-ServersWithSpecificFlavorTestJSON-1963085711-project] 10.222.0.22 "GET /v2.0/security-groups?name=tempest-securitygroup--1714570747&fields=id&tenant_id=ad643e1549534ae7944e1c02a7eba308 HTTP/1.1" status: 200 len: 267 time: 0.1073933
Aug 09 22:09:23.023208 n-d-800484-4 neutron-server[94276]: DEBUG neutron.pecan_wsgi.hooks.policy_enforcement [req-3cbdd104-38e7-4201-90e7-98ff9c1e9ffc req-ce76bfcd-6096-4dab-9e89-176448a12bb6 service neutron] Attributes excluded by policy engine: ['standard_attr_id'] {{(pid=94276) _exclude_attributes_by_policy /opt/stack/neutron/neutron/pecan_wsgi/hooks/policy_enforcement.py:255}}
Aug 09 22:09:23.024841 n-d-800484-4 neutron-server[94276]: INFO neutron.wsgi [req-3cbdd104-38e7-4201-90e7-98ff9c1e9ffc req-ce76bfcd-6096-4dab-9e89-176448a12bb6 service neutron] 10.222.0.32 "GET /v2.0/ports?tenant_id=ae9e3f95b1814a84818936f6b16864b0&device_id=6a6dacf5-7d9f-4722-be63-89759217f797 HTTP/1.1" status: 200 len: 1117 time: 0.2059057
Aug 09 22:09:23.035753 n-d-800484-4 neutron-server[94276]: DEBUG neutron.pecan_wsgi.hooks.policy_enforcement [req-77f0aa82-9638-4485-bb1e-f4f5dd3f4552 req-8c9453fc-f352-4b94-ac4d-6dfcf456f26d tempest-ServersWithSpecificFlavorTestJSON-1963085711 tempest-ServersWithSpecificFlavorTestJSON-1963085711-project] Attributes excluded by policy engine: ['standard_attr_id', 'vlan_transparent', 'provider:network_type', 'provider:physical_network', 'provider:segmentation_id'] {{(pid=94276) _exclude_attributes_by_policy /opt/stack/neutron/neutron/pecan_wsgi/hooks/policy_enforcement.py:255}}
Aug 09 22:09:23.037449 n-d-800484-4 neutron-server[94276]: INFO neutron.wsgi [req-77f0aa82-9638-4485-bb1e-f4f5dd3f4552 req-8c9453fc-f352-4b94-ac4d-6dfcf456f26d tempest-ServersWithSpecificFlavorTestJSON-1963085711 tempest-ServersWithSpecificFlavorTestJSON-1963085711-project] 10.222.0.22 "GET /v2.0/networks?id=168d6d0d-2f46-4ed7-90e4-7a65e8061436 HTTP/1.1" status: 200 len: 823 time: 0.3393159
Aug 09 22:09:23.057205 n-d-800484-4 neutron-server[94277]: DEBUG novaclient.v2.client [-] RESP: [200] Connection: close Content-Length: 183 Content-Type: application/json Date: Mon, 09 Aug 2021 22:09:22 GMT OpenStack-API-Version: compute 2.1 Server: Apache/2.4.41 (Ubuntu) Vary: OpenStack-API-Version,X-OpenStack-Nova-API-Version X-OpenStack-Nova-API-Version: 2.1 x-compute-request-id: req-5b14605f-d83b-4ad0-ac61-03d7570242ac x-openstack-request-id: req-5b14605f-d83b-4ad0-ac61-03d7570242ac {{(pid=94277) _http_log_response /usr/local/lib/python3.8/dist-packages/keystoneauth1/session.py:550}}
Aug 09 22:09:23.057802 n-d-800484-4 neutron-server[94277]: DEBUG novaclient.v2.client [-] RESP BODY: {"events": [{"server_uuid": "bbce21fe-4c12-4dde-a919-998a73690730", "name": "network-vif-plugged", "status": "completed", "tag": "3c9c68d1-697e-4c79-8759-f289f456d53f", "code": 200}]} {{(pid=94277) _http_log_response /usr/local/lib/python3.8/dist-packages/keystoneauth1/session.py:582}}
Aug 09 22:09:23.057895 n-d-800484-4 neutron-server[94277]: DEBUG novaclient.v2.client [-] POST call to compute for http://10.222.0.22/compute/v2.1/os-server-external-events used request id req-5b14605f-d83b-4ad0-ac61-03d7570242ac {{(pid=94277) request /usr/local/lib/python3.8/dist-packages/keystoneauth1/session.py:954}}
Aug 09 22:09:23.058231 n-d-800484-4 neutron-server[94277]: INFO neutron.notifiers.nova [-] Nova event response: {'server_uuid': 'bbce21fe-4c12-4dde-a919-998a73690730', 'name': 'network-vif-plugged', 'status': 'completed', 'tag': '3c9c68d1-697e-4c79-8759-f289f456d53f', 'code': 200}
Aug 09 22:09:23.180219 n-d-800484-4 neutron-server[94277]: DEBUG neutron.plugins.ml2.rpc [None req-06e258b4-8f30-4bf7-8f77-f008fc56382b None None] Device 1df84af5-7687-44df-b9d7-382ec7216aac up at agent ovs-agent-n-d-800484-4 {{(pid=94277) update_device_up /opt/stack/neutron/neutron/plugins/ml2/rpc.py:296}}
Aug 09 22:09:23.184624 n-d-800484-4 neutron-server[94276]: INFO neutron.wsgi [req-77f0aa82-9638-4485-bb1e-f4f5dd3f4552 req-fbc05475-87df-4b82-9e5d-1d7636cc068d tempest-ServersWithSpecificFlavorTestJSON-1963085711 tempest-ServersWithSpecificFlavorTestJSON-1963085711-project] 10.222.0.22 "GET /v2.0/quotas/ad643e1549534ae7944e1c02a7eba308 HTTP/1.1" status: 200 len: 375 time: 0.1272349
Aug 09 22:09:23.195980 n-d-800484-4 neutron-server[94275]: DEBUG neutron.pecan_wsgi.hooks.policy_enforcement [req-6dd9a50b-e523-4680-a06c-419ef7700a8a req-257f5de4-1380-4cde-9b0b-934f1e61b2a5 service neutron] Attributes excluded by policy engine: ['standard_attr_id'] {{(pid=94275) _exclude_attributes_by_policy /opt/stack/neutron/neutron/pecan_wsgi/hooks/policy_enforcement.py:255}}
Aug 09 22:09:23.201404 n-d-800484-4 neutron-server[94275]: INFO neutron.wsgi [req-6dd9a50b-e523-4680-a06c-419ef7700a8a req-257f5de4-1380-4cde-9b0b-934f1e61b2a5 service neutron] 10.222.0.32 "GET /v2.0/ports?device_id=bbce21fe-4c12-4dde-a919-998a73690730 HTTP/1.1" status: 200 len: 1096 time: 0.0747123
Aug 09 22:09:23.264346 n-d-800484-4 neutron-server[94277]: DEBUG neutron.db.provisioning_blocks [None req-06e258b4-8f30-4bf7-8f77-f008fc56382b None None] Provisioning complete for port 1df84af5-7687-44df-b9d7-382ec7216aac triggered by entity L2. {{(pid=94277) provisioning_complete /opt/stack/neutron/neutron/db/provisioning_blocks.py:139}}
Aug 09 22:09:23.265129 n-d-800484-4 neutron-server[94277]: DEBUG neutron_lib.callbacks.manager [None req-06e258b4-8f30-4bf7-8f77-f008fc56382b None None] Notify callbacks ['neutron.plugins.ml2.plugin.Ml2Plugin._port_provisioned-538962'] for port, provisioning_complete {{(pid=94277) _notify_loop /usr/local/lib/python3.8/dist-packages/neutron_lib/callbacks/manager.py:192}}
Aug 09 22:09:23.279051 n-d-800484-4 neutron-server[94275]: INFO neutron.wsgi [req-6dd9a50b-e523-4680-a06c-419ef7700a8a req-0961c7fe-ddde-4c23-9dad-c3c42faeffce service neutron] 10.222.0.32 "GET /v2.0/security-groups?id=84d010b5-10d6-4779-ad71-6ebb3d9c8a45&fields=id&fields=name HTTP/1.1" status: 200 len: 286 time: 0.0715234
Aug 09 22:09:23.301224 n-d-800484-4 neutron-server[94276]: DEBUG neutron_lib.callbacks.manager [None req-d1440ba7-5bda-4c8b-8226-26aca91fbc59 admin admin] Notify callbacks [] for port, precommit_update {{(pid=94276) _notify_loop /usr/local/lib/python3.8/dist-packages/neutron_lib/callbacks/manager.py:192}}
Aug 09 22:09:23.323809 n-d-800484-4 neutron-server[94276]: DEBUG neutron_lib.callbacks.manager [None req-d1440ba7-5bda-4c8b-8226-26aca91fbc59 admin admin] Notify callbacks ['neutron.plugins.ml2.plugin.SecurityGroupServerNotifierRpcMixin._notify_sg_on_port_change-682687', 'neutron.plugins.ml2.ovo_rpc._ObjectChangeHandler.handle_event-498906', 'neutron.api.rpc.agentnotifiers.dhcp_rpc_agent_api.DhcpAgentNotifyAPI._native_event_send_dhcp_notification-3716921', 'neutron.db.l3_db.L3RpcNotifierMixin._notify_gateway_port_ip_changed-8742748078237', 'neutron.db.l3_dvrscheduler_db._notify_l3_agent_port_update-8742747604493', 'neutron.db.l3_hascheduler_db._notify_l3_agent_ha_port_update-8742747604511'] for port, after_update {{(pid=94276) _notify_loop /usr/local/lib/python3.8/dist-packages/neutron_lib/callbacks/manager.py:192}}
Aug 09 22:09:23.324540 n-d-800484-4 neutron-server[94276]: DEBUG neutron_lib.callbacks.manager [None req-d1440ba7-5bda-4c8b-8226-26aca91fbc59 admin admin] Notify callbacks ['neutron.api.rpc.agentnotifiers.dhcp_rpc_agent_api.DhcpAgentNotifyAPI._after_router_interface_created-3716875', 'neutron.services.l3_router.l3_router_plugin.DVRResourceOperationHandler._update_snat_v6_addrs_after_intf_update-3855008'] for router_interface, after_create {{(pid=94276) _notify_loop /usr/local/lib/python3.8/dist-packages/neutron_lib/callbacks/manager.py:192}}
Aug 09 22:09:23.377719 n-d-800484-4 neutron-server[94277]: DEBUG neutron.plugins.ml2.rpc [None req-06e258b4-8f30-4bf7-8f77-f008fc56382b None None] Device 35f08135-eec2-4cb9-8f37-7ca304fb2b10 up at agent ovs-agent-n-d-800484-4 {{(pid=94277) update_device_up /opt/stack/neutron/neutron/plugins/ml2/rpc.py:296}}
Aug 09 22:09:23.383390 n-d-800484-4 neutron-server[94275]: DEBUG neutron.pecan_wsgi.hooks.policy_enforcement [req-01d4140d-5727-4edf-98f8-d0e6ebcd2f2c req-5e515a50-c68b-4630-a439-49aaddc3483f tempest-DeleteServersAdminTestJSON-1732662679 tempest-DeleteServersAdminTestJSON-1732662679-project] Attributes excluded by policy engine: ['standard_attr_id', 'binding:profile', 'binding:host_id', 'binding:vif_type', 'binding:vif_details'] {{(pid=94275) _exclude_attributes_by_policy /opt/stack/neutron/neutron/pecan_wsgi/hooks/policy_enforcement.py:255}}
Aug 09 22:09:23.392657 n-d-800484-4 neutron-server[94275]: INFO neutron.wsgi [req-01d4140d-5727-4edf-98f8-d0e6ebcd2f2c req-5e515a50-c68b-4630-a439-49aaddc3483f tempest-DeleteServersAdminTestJSON-1732662679 tempest-DeleteServersAdminTestJSON-1732662679-project] 10.222.0.22 "GET /v2.0/ports?device_id=1ebebb74-2491-448e-96bd-ac7fea5c0b80 HTTP/1.1" status: 200 len: 949 time: 0.0829699
Aug 09 22:09:23.402203 n-d-800484-4 neutron-server[94276]: INFO neutron.wsgi [req-77f0aa82-9638-4485-bb1e-f4f5dd3f4552 req-d1627741-47c9-452f-9858-eaf45fad5f4b tempest-ServersWithSpecificFlavorTestJSON-1963085711 tempest-ServersWithSpecificFlavorTestJSON-1963085711-project] 10.222.0.22 "GET /v2.0/ports?tenant_id=ad643e1549534ae7944e1c02a7eba308&fields=id HTTP/1.1" status: 200 len: 348 time: 0.2074165
Aug 09 22:09:23.419104 n-d-800484-4 neutron-server[94276]: DEBUG neutron.pecan_wsgi.hooks.policy_enforcement [req-3cbdd104-38e7-4201-90e7-98ff9c1e9ffc req-e23ec696-78a5-4d41-8341-d658c4d5dbd4 service neutron] Attributes excluded by policy engine: ['standard_attr_id', 'vlan_transparent'] {{(pid=94276) _exclude_attributes_by_policy /opt/stack/neutron/neutron/pecan_wsgi/hooks/policy_enforcement.py:255}}
Aug 09 22:09:23.420606 n-d-800484-4 neutron-server[94276]: INFO neutron.wsgi [req-3cbdd104-38e7-4201-90e7-98ff9c1e9ffc req-e23ec696-78a5-4d41-8341-d658c4d5dbd4 service neutron] 10.222.0.32 "GET /v2.0/networks?id=13f78bff-cc49-4102-9086-27f864c60038 HTTP/1.1" status: 200 len: 908 time: 0.3821745
Aug 09 22:09:23.445461 n-d-800484-4 neutron-server[94277]: DEBUG neutron.db.provisioning_blocks [None req-06e258b4-8f30-4bf7-8f77-f008fc56382b None None] Provisioning for port 35f08135-eec2-4cb9-8f37-7ca304fb2b10 completed by entity L2. {{(pid=94277) provisioning_complete /opt/stack/neutron/neutron/db/provisioning_blocks.py:133}}
Aug 09 22:09:23.455846 n-d-800484-4 neutron-server[94275]: INFO neutron.wsgi [req-01d4140d-5727-4edf-98f8-d0e6ebcd2f2c req-455a7c39-77dd-47f0-8944-b4826bf9a7d6 tempest-DeleteServersAdminTestJSON-1732662679 tempest-DeleteServersAdminTestJSON-1732662679-project] 10.222.0.22 "GET /v2.0/security-groups?id=cee78f92-c6b9-44df-b941-d1a5d1c8d1e5&fields=id&fields=name HTTP/1.1" status: 200 len: 286 time: 0.0621731
Aug 09 22:09:23.468205 n-d-800484-4 neutron-server[94277]: DEBUG neutron.db.provisioning_blocks [None req-06e258b4-8f30-4bf7-8f77-f008fc56382b None None] Provisioning complete for port 35f08135-eec2-4cb9-8f37-7ca304fb2b10 triggered by entity L2. {{(pid=94277) provisioning_complete /opt/stack/neutron/neutron/db/provisioning_blocks.py:139}}
Aug 09 22:09:23.468205 n-d-800484-4 neutron-server[94277]: DEBUG neutron_lib.callbacks.manager [None req-06e258b4-8f30-4bf7-8f77-f008fc56382b None None] Notify callbacks ['neutron.plugins.ml2.plugin.Ml2Plugin._port_provisioned-538962'] for port, provisioning_complete {{(pid=94277) _notify_loop /usr/local/lib/python3.8/dist-packages/neutron_lib/callbacks/manager.py:192}}
Aug 09 22:09:23.501723 n-d-800484-4 neutron-server[94276]: DEBUG neutron.api.rpc.handlers.resources_rpc [None req-d1440ba7-5bda-4c8b-8226-26aca91fbc59 admin admin] Pushing event updated for resources: {'Port': ['ID=6c6330e0-7ecf-4daa-9a27-03f891529c7d,revision_number=2']} {{(pid=94276) push /opt/stack/neutron/neutron/api/rpc/handlers/resources_rpc.py:237}}
Aug 09 22:09:23.517966 n-d-800484-4 neutron-server[94276]: INFO neutron.wsgi [req-3cbdd104-38e7-4201-90e7-98ff9c1e9ffc req-75b7686f-92a9-43ed-9ca0-39c252068b5c service neutron] 10.222.0.32 "GET /v2.0/floatingips?fixed_ip_address=172.20.0.5&port_id=d330fe1a-0825-4b42-aabc-06fa25fb54ad HTTP/1.1" status: 200 len: 217 time: 0.0654435
Aug 09 22:09:23.569212 n-d-800484-4 neutron-server[94277]: DEBUG neutron_lib.callbacks.manager [None req-06e258b4-8f30-4bf7-8f77-f008fc56382b None None] Notify callbacks ['neutron.plugins.ml2.plugin.SecurityGroupDbMixin._ensure_default_security_group_handler-683281'] for port, before_update {{(pid=94277) _notify_loop /usr/local/lib/python3.8/dist-packages/neutron_lib/callbacks/manager.py:192}}
Aug 09 22:09:23.598468 n-d-800484-4 neutron-server[94276]: DEBUG neutron.wsgi [req-77f0aa82-9638-4485-bb1e-f4f5dd3f4552 req-edcf52c9-cc3c-4beb-8329-44e2c7b1b0e3 service neutron] http://10.222.0.22:9696/v2.0/extensions returned with HTTP 200 {{(pid=94276) __call__ /opt/stack/neutron/neutron/wsgi.py:729}}
Aug 09 22:09:23.599760 n-d-800484-4 neutron-server[94276]: INFO neutron.wsgi [req-77f0aa82-9638-4485-bb1e-f4f5dd3f4552 req-edcf52c9-cc3c-4beb-8329-44e2c7b1b0e3 service neutron] 10.222.0.22 "GET /v2.0/extensions HTTP/1.1" status: 200 len: 13640 time: 0.1005936
Aug 09 22:09:23.603147 n-d-800484-4 neutron-server[94277]: DEBUG neutron.plugins.ml2.db [None req-06e258b4-8f30-4bf7-8f77-f008fc56382b None None] For port 35f08135-eec2-4cb9-8f37-7ca304fb2b10, host n-d-800484-4, got binding levels [PortBindingLevel(driver='openvswitch',host='n-d-800484-4',level=0,port_id=35f08135-eec2-4cb9-8f37-7ca304fb2b10,segment=NetworkSegment(6f29bf05-0f3d-4315-87b0-7462fdf0c587),segment_id=6f29bf05-0f3d-4315-87b0-7462fdf0c587)] {{(pid=94277) get_binding_level_objs /opt/stack/neutron/neutron/plugins/ml2/db.py:74}}
Aug 09 22:09:23.609183 n-d-800484-4 neutron-server[94277]: DEBUG neutron_lib.callbacks.manager [None req-06e258b4-8f30-4bf7-8f77-f008fc56382b None None] Notify callbacks ['neutron.plugins.ml2.plugin.SecurityGroupServerNotifierRpcMixin._notify_sg_on_port_change-682687', 'neutron.plugins.ml2.ovo_rpc._ObjectChangeHandler.handle_event-498906', 'neutron.api.rpc.agentnotifiers.dhcp_rpc_agent_api.DhcpAgentNotifyAPI._native_event_send_dhcp_notification-3716921', 'neutron.db.l3_db.L3RpcNotifierMixin._notify_gateway_port_ip_changed-8742748078237', 'neutron.db.l3_dvrscheduler_db._notify_l3_agent_port_update-8742747604493', 'neutron.db.l3_hascheduler_db._notify_l3_agent_ha_port_update-8742747604511'] for port, after_update {{(pid=94277) _notify_loop /usr/local/lib/python3.8/dist-packages/neutron_lib/callbacks/manager.py:192}}
Aug 09 22:09:23.675546 n-d-800484-4 neutron-server[94277]: DEBUG neutron.api.rpc.handlers.resources_rpc [None req-06e258b4-8f30-4bf7-8f77-f008fc56382b None None] Pushing event updated for resources: {'Port': ['ID=35f08135-eec2-4cb9-8f37-7ca304fb2b10,revision_number=4']} {{(pid=94277) push /opt/stack/neutron/neutron/api/rpc/handlers/resources_rpc.py:237}}
Aug 09 22:09:23.698879 n-d-800484-4 neutron-server[94276]: DEBUG neutron.pecan_wsgi.hooks.policy_enforcement [req-3cbdd104-38e7-4201-90e7-98ff9c1e9ffc req-223f8dcb-767c-4b90-b8cc-4f1181b7b2c4 service neutron] Attributes excluded by policy engine: ['standard_attr_id', 'shared'] {{(pid=94276) _exclude_attributes_by_policy /opt/stack/neutron/neutron/pecan_wsgi/hooks/policy_enforcement.py:255}}
Aug 09 22:09:23.700253 n-d-800484-4 neutron-server[94276]: INFO neutron.wsgi [req-3cbdd104-38e7-4201-90e7-98ff9c1e9ffc req-223f8dcb-767c-4b90-b8cc-4f1181b7b2c4 service neutron] 10.222.0.32 "GET /v2.0/subnets?id=580a286d-bcbf-4e69-8c6b-d713843ae589 HTTP/1.1" status: 200 len: 848 time: 0.1686716
Aug 09 22:09:23.708454 n-d-800484-4 neutron-server[94276]: DEBUG neutron.scheduler.dhcp_agent_scheduler [None req-d1440ba7-5bda-4c8b-8226-26aca91fbc59 admin admin] Network f51db671-a17f-40f0-9a74-d5899c5424b9 is already hosted by enough agents. {{(pid=94276) _get_dhcp_agents_hosting_network /opt/stack/neutron/neutron/scheduler/dhcp_agent_scheduler.py:275}}
Aug 09 22:09:23.725111 n-d-800484-4 neutron-server[94276]: DEBUG neutron.scheduler.base_scheduler [None req-d1440ba7-5bda-4c8b-8226-26aca91fbc59 admin admin] Resources bound (agent type, host, resource id): {{(pid=94276) schedule /opt/stack/neutron/neutron/scheduler/base_scheduler.py:57}}
Aug 09 22:09:23.749097 n-d-800484-4 neutron-server[94276]: INFO neutron.wsgi [req-3cbdd104-38e7-4201-90e7-98ff9c1e9ffc req-84f2287a-7ee9-4177-ab81-c12ccef2dae7 service neutron] 10.222.0.32 "GET /v2.0/ports?network_id=13f78bff-cc49-4102-9086-27f864c60038&device_owner=network%3Adhcp HTTP/1.1" status: 200 len: 210 time: 0.0394509
Aug 09 22:09:23.751704 n-d-800484-4 neutron-server[94275]: DEBUG neutron.pecan_wsgi.hooks.policy_enforcement [req-4e6a46c6-ce7e-4719-a8ba-ecb303f07e4d req-a9ea2989-aa1f-4b6a-ad2e-80a5c34e7949 tempest-LiveAutoBlockMigrationV225Test-367485017 tempest-LiveAutoBlockMigrationV225Test-367485017-project] Attributes excluded by policy engine: ['standard_attr_id', 'binding:profile', 'binding:host_id', 'binding:vif_type', 'binding:vif_details'] {{(pid=94275) _exclude_attributes_by_policy /opt/stack/neutron/neutron/pecan_wsgi/hooks/policy_enforcement.py:255}}
Aug 09 22:09:23.753465 n-d-800484-4 neutron-server[94275]: INFO neutron.wsgi [req-4e6a46c6-ce7e-4719-a8ba-ecb303f07e4d req-a9ea2989-aa1f-4b6a-ad2e-80a5c34e7949 tempest-LiveAutoBlockMigrationV225Test-367485017 tempest-LiveAutoBlockMigrationV225Test-367485017-project] 10.222.0.22 "GET /v2.0/ports?device_id=bbce21fe-4c12-4dde-a919-998a73690730 HTTP/1.1" status: 200 len: 945 time: 0.0539055
Aug 09 22:09:23.823595 n-d-800484-4 neutron-server[94275]: INFO neutron.wsgi [req-4e6a46c6-ce7e-4719-a8ba-ecb303f07e4d req-8d950a97-762d-4789-bef6-d6a0de9829ee tempest-LiveAutoBlockMigrationV225Test-367485017 tempest-LiveAutoBlockMigrationV225Test-367485017-project] 10.222.0.22 "GET /v2.0/security-groups?id=84d010b5-10d6-4779-ad71-6ebb3d9c8a45&fields=id&fields=name HTTP/1.1" status: 200 len: 286 time: 0.0610728
Aug 09 22:09:23.830537 n-d-800484-4 neutron-server[94275]: DEBUG neutron.pecan_wsgi.hooks.policy_enforcement [req-744b3b7e-87bc-4126-91c9-4d11adef53f3 req-0a9d2c2b-1ba3-4438-98c7-fe86e71b1ee5 tempest-DeleteServersAdminTestJSON-1929653620 tempest-DeleteServersAdminTestJSON-1929653620-project-admin] Attributes excluded by policy engine: ['standard_attr_id'] {{(pid=94275) _exclude_attributes_by_policy /opt/stack/neutron/neutron/pecan_wsgi/hooks/policy_enforcement.py:255}}
Aug 09 22:09:23.832026 n-d-800484-4 neutron-server[94275]: INFO neutron.wsgi [req-744b3b7e-87bc-4126-91c9-4d11adef53f3 req-0a9d2c2b-1ba3-4438-98c7-fe86e71b1ee5 tempest-DeleteServersAdminTestJSON-1929653620 tempest-DeleteServersAdminTestJSON-1929653620-project-admin] 10.222.0.32 "GET /v2.0/ports?device_id=1ebebb74-2491-448e-96bd-ac7fea5c0b80 HTTP/1.1" status: 200 len: 1100 time: 0.0774436
Aug 09 22:09:23.915500 n-d-800484-4 neutron-server[94276]: INFO neutron.wsgi [req-77f0aa82-9638-4485-bb1e-f4f5dd3f4552 req-7ca1c7cc-d791-4df4-999e-35009e4d2c23 service neutron] 10.222.0.22 "GET /v2.0/networks/168d6d0d-2f46-4ed7-90e4-7a65e8061436?fields=segments HTTP/1.1" status: 200 len: 212 time: 0.2936492
