Jul 14 14:18:14.740902 n-d-800484-2 neutron-server[93945]: DEBUG neutron.api.rpc.handlers.resources_rpc [None req-667f6342-887b-44f6-8210-bab43b1a3905 service neutron] Pushing event updated for resources: {'Port': ['ID=4701124f-e665-428c-9a01-a8dc041893ec,revision_number=3']} {{(pid=93945) push /opt/stack/neutron/neutron/api/rpc/handlers/resources_rpc.py:237}}
Jul 14 14:18:14.771263 n-d-800484-2 neutron-server[93945]: DEBUG novaclient.v2.client [-] RESP: [200] Connection: close Content-Length: 179 Content-Type: application/json Date: Wed, 14 Jul 2021 14:18:14 GMT OpenStack-API-Version: compute 2.1 Server: Apache/2.4.41 (Ubuntu) Vary: OpenStack-API-Version,X-OpenStack-Nova-API-Version X-OpenStack-Nova-API-Version: 2.1 x-compute-request-id: req-eb3c2da6-3209-435f-818a-6a04023cc50c x-openstack-request-id: req-eb3c2da6-3209-435f-818a-6a04023cc50c {{(pid=93945) _http_log_response /usr/local/lib/python3.8/dist-packages/keystoneauth1/session.py:550}}
Jul 14 14:18:14.771547 n-d-800484-2 neutron-server[93945]: DEBUG novaclient.v2.client [-] RESP BODY: {"events": [{"name": "network-changed", "server_uuid": "1de949af-3489-48e6-aebc-207b84943268", "tag": "4701124f-e665-428c-9a01-a8dc041893ec", "status": "completed", "code": 200}]} {{(pid=93945) _http_log_response /usr/local/lib/python3.8/dist-packages/keystoneauth1/session.py:582}}
Jul 14 14:18:14.771837 n-d-800484-2 neutron-server[93945]: DEBUG novaclient.v2.client [-] POST call to compute for http://10.222.0.32/compute/v2.1/os-server-external-events used request id req-eb3c2da6-3209-435f-818a-6a04023cc50c {{(pid=93945) request /usr/local/lib/python3.8/dist-packages/keystoneauth1/session.py:954}}
Jul 14 14:18:14.772234 n-d-800484-2 neutron-server[93945]: INFO neutron.notifiers.nova [-] Nova event response: {'name': 'network-changed', 'server_uuid': '1de949af-3489-48e6-aebc-207b84943268', 'tag': '4701124f-e665-428c-9a01-a8dc041893ec', 'status': 'completed', 'code': 200}
Jul 14 14:18:14.812863 n-d-800484-2 neutron-server[93946]: INFO neutron.wsgi [None req-da2309b2-780b-450e-bc7d-0b8b3411b2cb admin admin] 10.222.0.32 "GET /v2.0/security-groups?tenant_id=2472980b00f642ad803de98d32c7819f&name=default HTTP/1.1" status: 200 len: 2979 time: 2.1029298
Jul 14 14:18:14.813813 n-d-800484-2 neutron-server[93946]: DEBUG neutron.wsgi [-] (93946) accepted ('10.222.0.32', 45180) {{(pid=93946) server /usr/local/lib/python3.8/dist-packages/eventlet/wsgi.py:982}}
Jul 14 14:18:14.823706 n-d-800484-2 neutron-server[93946]: DEBUG neutron.api.rpc.handlers.resources_rpc [None req-da2309b2-780b-450e-bc7d-0b8b3411b2cb admin admin] Pushing event updated for resources: {'SecurityGroup': ['ID=c3078a65-4f19-49d1-9e97-91f3d77890da,revision_number=1']} {{(pid=93946) push /opt/stack/neutron/neutron/api/rpc/handlers/resources_rpc.py:237}}
Jul 14 14:18:14.877651 n-d-800484-2 neutron-server[93946]: DEBUG neutron_lib.callbacks.manager [None req-148af36e-3137-42e9-afe8-9ea5cf92debd admin admin] Notify callbacks ['neutron.plugins.ml2.ovo_rpc._ObjectChangeHandler.handle_event-540651'] for security_group, after_delete {{(pid=93946) _notify_loop /usr/local/lib/python3.8/dist-packages/neutron_lib/callbacks/manager.py:192}}
Jul 14 14:18:14.882301 n-d-800484-2 neutron-server[93946]: DEBUG neutron_lib.callbacks.manager [None req-148af36e-3137-42e9-afe8-9ea5cf92debd admin admin] Notify callbacks [] for security_group, before_response {{(pid=93946) _notify_loop /usr/local/lib/python3.8/dist-packages/neutron_lib/callbacks/manager.py:192}}
Jul 14 14:18:14.882440 n-d-800484-2 neutron-server[93947]: DEBUG neutron.db.l3_hamode_db [None req-69e76d31-c99a-46f2-91e0-048ba1b17edb None None] neutron.services.l3_router.l3_router_plugin.L3RouterPlugin method _process_sync_ha_data called with arguments (, [{'id': 'ec605cda-e057-498f-9e44-2ca7dcdd8a6e', 'name': 'tempest-ServersWithSpecificFlavorTestJSON-575186164-router', 'tenant_id': '7e2aa2a9f37b4b66bd911cc2b12a8cb6', 'admin_state_up': True, 'status': 'ACTIVE', 'external_gateway_info': {'network_id': '17bedf3b-6ec7-491f-876b-fc10933aff31', 'external_fixed_ips': [{'subnet_id': 'e2031ffd-9f84-47e2-ac5b-70c02d4add44', 'ip_address': '172.25.7.62'}], 'enable_snat': True}, 'gw_port_id': '7a895faf-85ee-4850-a19a-58b0502991c3', 'description': '', 'availability_zones': ['nova'], 'distributed': False, 'ha': False, 'ha_vr_id': 0, 'availability_zone_hints': [], 'routes': [], 'flavor_id': None, 'tags': [], 'created_at': '2021-07-14T14:18:01Z', 'updated_at': '2021-07-14T14:18:09Z', 'revision_number': 4, 'project_id': '7e2aa2a9f37b4b66bd911cc2b12a8cb6', 'gw_port': {'id': '7a895faf-85ee-4850-a19a-58b0502991c3', 'name': '', 'network_id': '17bedf3b-6ec7-491f-876b-fc10933aff31', 'tenant_id': '', 'mac_address': 'fa:16:3e:96:c1:8d', 'admin_state_up': True, 'status': 'ACTIVE', 'device_id': 'ec605cda-e057-498f-9e44-2ca7dcdd8a6e', 'device_owner': 'network:router_gateway', 'standard_attr_id': 330, 'fixed_ips': [{'subnet_id': 'e2031ffd-9f84-47e2-ac5b-70c02d4add44', 'ip_address': '172.25.7.62', 'prefixlen': 24}], 'allowed_address_pairs': [], 'extra_dhcp_opts': [], 'security_groups': [], 'description': '', 'binding:vnic_type': 'normal', 'binding:profile': {}, 'binding:host_id': 'n-d-800484-2', 'binding:vif_type': 'ovs', 'binding:vif_details': {'connectivity': 'l2', 'port_filter': True, 'ovs_hybrid_plug': False, 'datapath_type': 'system', 'bridge_name': 'br-int'}, 'port_security_enabled': False, 'tags': [], 'created_at': '2021-07-14T14:18:03Z', 'updated_at': '2021-07-14T14:18:09Z', 'revision_number': 4, 'project_id': '', 'subnets': [{'id': 'e2031ffd-9f84-47e2-ac5b-70c02d4add44', 'cidr': '172.25.7.0/24', 'gateway_ip': '172.25.7.1', 'dns_nameservers': [], 'ipv6_ra_mode': None, 'subnetpool_id': None}], 'extra_subnets': [], 'address_scopes': {4: None, 6: None}, 'mtu': 1500}, 'enable_snat': True, 'gw_port_host': 'n-d-800484-2', '_interfaces': [{'id': '5e6061a0-3346-4a8a-a8cd-f8c6232f8a7b', 'name': '', 'network_id': '06616a55-4d61-4ce6-b35a-ca55836e0f66', 'tenant_id': '7e2aa2a9f37b4b66bd911cc2b12a8cb6', 'mac_address': 'fa:16:3e:d3:7e:83', 'admin_state_up': True, 'status': 'DOWN', 'device_id': 'ec605cda-e057-498f-9e44-2ca7dcdd8a6e', 'device_owner': 'network:router_interface', 'standard_attr_id': 336, 'fixed_ips': [{'subnet_id': '99e33bde-d63d-4467-8d24-55ebff9a8d54', 'ip_address': '172.20.0.1', 'prefixlen': 28}], 'allowed_address_pairs': [], 'extra_dhcp_opts': [], 'security_groups': [], 'description': '', 'binding:vnic_type': 'normal', 'binding:profile': {}, 'binding:host_id': 'n-d-800484-2', 'binding:vif_type': 'ovs', 'binding:vif_details': {'connectivity': 'l2', 'port_filter': True, 'ovs_hybrid_plug': False, 'datapath_type': 'system', 'bridge_name': 'br-int'}, 'port_security_enabled': False, 'tags': [], 'created_at': '2021-07-14T14:18:07Z', 'updated_at': '2021-07-14T14:18:13Z', 'revision_number': 4, 'project_id': '7e2aa2a9f37b4b66bd911cc2b12a8cb6', 'subnets': [{'id': '99e33bde-d63d-4467-8d24-55ebff9a8d54', 'cidr': '172.20.0.0/28', 'gateway_ip': '172.20.0.1', 'dns_nameservers': [], 'ipv6_ra_mode': None, 'subnetpool_id': None}], 'extra_subnets': [], 'address_scopes': {4: None, 6: None}, 'mtu': 1500}]}], 'n-d-800484-2', False) {} {{(pid=93947) wrapper /usr/local/lib/python3.8/dist-packages/oslo_log/helpers.py:65}}
Jul 14 14:18:14.886209 n-d-800484-2 neutron-server[93946]: INFO neutron.wsgi [None req-148af36e-3137-42e9-afe8-9ea5cf92debd admin admin] 10.222.0.32 "DELETE /v2.0/security-groups/581cf844-938f-4479-913b-ec46e48f9e40 HTTP/1.1" status: 204 len: 168 time: 0.6242814
Jul 14 14:18:14.909593 n-d-800484-2 neutron-server[93946]: DEBUG neutron.api.rpc.handlers.resources_rpc [None req-148af36e-3137-42e9-afe8-9ea5cf92debd admin admin] Pushing event deleted for resources: {'SecurityGroup': ['ID=581cf844-938f-4479-913b-ec46e48f9e40,revision_number=None']} {{(pid=93946) push /opt/stack/neutron/neutron/api/rpc/handlers/resources_rpc.py:237}}
Jul 14 14:18:14.924388 n-d-800484-2 neutron-server[93946]: DEBUG neutron_lib.callbacks.manager [None req-e2cdfef1-65e5-467c-99da-17150614831a admin admin] Notify callbacks [] for security_group, before_delete {{(pid=93946) _notify_loop /usr/local/lib/python3.8/dist-packages/neutron_lib/callbacks/manager.py:192}}
Jul 14 14:18:14.925617 n-d-800484-2 neutron-server[93945]: DEBUG neutron.pecan_wsgi.hooks.policy_enforcement [req-f05d4c9f-85f8-4fe8-a63b-1055303d9f6d req-b3ce88b3-f57b-45c0-9e27-1b428e322259 service neutron] Attributes excluded by policy engine: ['standard_attr_id'] {{(pid=93945) _exclude_attributes_by_policy /opt/stack/neutron/neutron/pecan_wsgi/hooks/policy_enforcement.py:255}}
Jul 14 14:18:14.931196 n-d-800484-2 neutron-server[93945]: INFO neutron.wsgi [req-f05d4c9f-85f8-4fe8-a63b-1055303d9f6d req-b3ce88b3-f57b-45c0-9e27-1b428e322259 service neutron] 10.222.0.25 "GET /v2.0/ports?tenant_id=eefdc4fce02b45339ea10d4c83d614ad&device_id=1de949af-3489-48e6-aebc-207b84943268 HTTP/1.1" status: 200 len: 1094 time: 0.2068250
Jul 14 14:18:14.940226 n-d-800484-2 neutron-server[93947]: DEBUG neutron.api.rpc.handlers.l3_rpc [None req-69e76d31-c99a-46f2-91e0-048ba1b17edb None None] The sync data for ids ['ec605cda-e057-498f-9e44-2ca7dcdd8a6e'] in n-d-800484-2 is: [{'id': 'ec605cda-e057-498f-9e44-2ca7dcdd8a6e', 'name': 'tempest-ServersWithSpecificFlavorTestJSON-575186164-router', 'tenant_id': '7e2aa2a9f37b4b66bd911cc2b12a8cb6', 'admin_state_up': True, 'status': 'ACTIVE', 'external_gateway_info': {'network_id': '17bedf3b-6ec7-491f-876b-fc10933aff31', 'external_fixed_ips': [{'subnet_id': 'e2031ffd-9f84-47e2-ac5b-70c02d4add44', 'ip_address': '172.25.7.62'}], 'enable_snat': True}, 'gw_port_id': '7a895faf-85ee-4850-a19a-58b0502991c3', 'description': '', 'availability_zones': ['nova'], 'distributed': False, 'ha': False, 'ha_vr_id': 0, 'availability_zone_hints': [], 'routes': [], 'flavor_id': None, 'tags': [], 'created_at': '2021-07-14T14:18:01Z', 'updated_at': '2021-07-14T14:18:09Z', 'revision_number': 4, 'project_id': '7e2aa2a9f37b4b66bd911cc2b12a8cb6', 'gw_port': {'id': '7a895faf-85ee-4850-a19a-58b0502991c3', 'name': '', 'network_id': '17bedf3b-6ec7-491f-876b-fc10933aff31', 'tenant_id': '', 'mac_address': 'fa:16:3e:96:c1:8d', 'admin_state_up': True, 'status': 'ACTIVE', 'device_id': 'ec605cda-e057-498f-9e44-2ca7dcdd8a6e', 'device_owner': 'network:router_gateway', 'standard_attr_id': 330, 'fixed_ips': [{'subnet_id': 'e2031ffd-9f84-47e2-ac5b-70c02d4add44', 'ip_address': '172.25.7.62', 'prefixlen': 24}], 'allowed_address_pairs': [], 'extra_dhcp_opts': [], 'security_groups': [], 'description': '', 'binding:vnic_type': 'normal', 'binding:profile': {}, 'binding:host_id': 'n-d-800484-2', 'binding:vif_type': 'ovs', 'binding:vif_details': {'connectivity': 'l2', 'port_filter': True, 'ovs_hybrid_plug': False, 'datapath_type': 'system', 'bridge_name': 'br-int'}, 'port_security_enabled': False, 'tags': [], 'created_at': '2021-07-14T14:18:03Z', 'updated_at': '2021-07-14T14:18:09Z', 'revision_number': 4, 'project_id': '', 'subnets': [{'id': 'e2031ffd-9f84-47e2-ac5b-70c02d4add44', 'cidr': '172.25.7.0/24', 'gateway_ip': '172.25.7.1', 'dns_nameservers': [], 'ipv6_ra_mode': None, 'subnetpool_id': None}], 'extra_subnets': [], 'address_scopes': {4: None, 6: None}, 'mtu': 1500}, 'enable_snat': True, 'gw_port_host': 'n-d-800484-2', '_interfaces': [{'id': '5e6061a0-3346-4a8a-a8cd-f8c6232f8a7b', 'name': '', 'network_id': '06616a55-4d61-4ce6-b35a-ca55836e0f66', 'tenant_id': '7e2aa2a9f37b4b66bd911cc2b12a8cb6', 'mac_address': 'fa:16:3e:d3:7e:83', 'admin_state_up': True, 'status': 'DOWN', 'device_id': 'ec605cda-e057-498f-9e44-2ca7dcdd8a6e', 'device_owner': 'network:router_interface', 'standard_attr_id': 336, 'fixed_ips': [{'subnet_id': '99e33bde-d63d-4467-8d24-55ebff9a8d54', 'ip_address': '172.20.0.1', 'prefixlen': 28}], 'allowed_address_pairs': [], 'extra_dhcp_opts': [], 'security_groups': [], 'description': '', 'binding:vnic_type': 'normal', 'binding:profile': {}, 'binding:host_id': 'n-d-800484-2', 'binding:vif_type': 'ovs', 'binding:vif_details': {'connectivity': 'l2', 'port_filter': True, 'ovs_hybrid_plug': False, 'datapath_type': 'system', 'bridge_name': 'br-int'}, 'port_security_enabled': False, 'tags': [], 'created_at': '2021-07-14T14:18:07Z', 'updated_at': '2021-07-14T14:18:13Z', 'revision_number': 4, 'project_id': '7e2aa2a9f37b4b66bd911cc2b12a8cb6', 'subnets': [{'id': '99e33bde-d63d-4467-8d24-55ebff9a8d54', 'cidr': '172.20.0.0/28', 'gateway_ip': '172.20.0.1', 'dns_nameservers': [], 'ipv6_ra_mode': None, 'subnetpool_id': None}], 'extra_subnets': [], 'address_scopes': {4: None, 6: None}, 'mtu': 1500}]}] {{(pid=93947) sync_routers /opt/stack/neutron/neutron/api/rpc/handlers/l3_rpc.py:137}}
Jul 14 14:18:14.974586 n-d-800484-2 neutron-server[93946]: DEBUG neutron_lib.callbacks.manager [None req-e2cdfef1-65e5-467c-99da-17150614831a admin admin] Notify callbacks [] for security_group, precommit_delete {{(pid=93946) _notify_loop /usr/local/lib/python3.8/dist-packages/neutron_lib/callbacks/manager.py:192}}
Jul 14 14:18:14.979855 n-d-800484-2 neutron-server[93946]: DEBUG neutron.wsgi [-] (93946) accepted ('10.222.0.32', 45184) {{(pid=93946) server /usr/local/lib/python3.8/dist-packages/eventlet/wsgi.py:982}}
Jul 14 14:18:15.003080 n-d-800484-2 neutron-server[93946]: DEBUG neutron.api.v2.base [None req-ab40e532-3895-48fe-9b85-c3dcc767c516 tempest-ServersWithSpecificFlavorTestJSON-744997989 tempest-ServersWithSpecificFlavorTestJSON-744997989-project] Request body: {'security_group': {'name': 'tempest-securitygroup--803596910', 'description': 'tempest-description--906289795'}} {{(pid=93946) prepare_request_body /opt/stack/neutron/neutron/api/v2/base.py:729}}
Jul 14 14:18:15.056002 n-d-800484-2 neutron-server[93945]: DEBUG neutron_lib.callbacks.manager [None req-77bcb9f5-8a17-4862-aaa0-d00d59211dbc admin admin] Notify callbacks [] for security_group, precommit_create {{(pid=93945) _notify_loop /usr/local/lib/python3.8/dist-packages/neutron_lib/callbacks/manager.py:192}}
Jul 14 14:18:15.063254 n-d-800484-2 neutron-server[93945]: DEBUG neutron_lib.callbacks.manager [None req-77bcb9f5-8a17-4862-aaa0-d00d59211dbc admin admin] Notify callbacks ['neutron.plugins.ml2.ovo_rpc._ObjectChangeHandler.handle_event-540651'] for security_group, after_create {{(pid=93945) _notify_loop /usr/local/lib/python3.8/dist-packages/neutron_lib/callbacks/manager.py:192}}
Jul 14 14:18:15.140455 n-d-800484-2 neutron-server[93946]: DEBUG neutron_lib.callbacks.manager [None req-ab40e532-3895-48fe-9b85-c3dcc767c516 tempest-ServersWithSpecificFlavorTestJSON-744997989 tempest-ServersWithSpecificFlavorTestJSON-744997989-project] Notify callbacks [] for security_group, before_create {{(pid=93946) _notify_loop /usr/local/lib/python3.8/dist-packages/neutron_lib/callbacks/manager.py:192}}
Jul 14 14:18:15.148417 n-d-800484-2 neutron-server[93946]: DEBUG neutron_lib.db.api [req-3078e3c9-f17d-4b56-bad9-8271f16553e6 req-aee4176d-f912-48c0-a763-49ac50800795 tempest-ServersAdminTestJSON-869755832 tempest-ServersAdminTestJSON-869755832-project] Retry wrapper got retriable exception: (pymysql.err.OperationalError) (1213, 'Deadlock found when trying to get lock; try restarting transaction')
Jul 14 14:18:15.148417 n-d-800484-2 neutron-server[93946]: [SQL: INSERT INTO reservations (project_id, id, expiration) VALUES (%(project_id)s, %(id)s, %(expiration)s)]
Jul 14 14:18:15.148417 n-d-800484-2 neutron-server[93946]: [parameters: {'project_id': 'd65fa1c2053b429fbbaccd635f82e97a', 'id': 'c11b3ca3-77b9-4c46-99c0-0dc062da9a8e', 'expiration': datetime.datetime(2021, 7, 14, 14, 20, 15, 96264)}]
Jul 14 14:18:15.148417 n-d-800484-2 neutron-server[93946]: (Background on this error at: http://sqlalche.me/e/14/e3q8) {{(pid=93946) wrapped /usr/local/lib/python3.8/dist-packages/neutron_lib/db/api.py:183}}
Jul 14 14:18:15.148887 n-d-800484-2 neutron-server[93946]: DEBUG oslo_db.api [req-3078e3c9-f17d-4b56-bad9-8271f16553e6 req-aee4176d-f912-48c0-a763-49ac50800795 tempest-ServersAdminTestJSON-869755832 tempest-ServersAdminTestJSON-869755832-project] Performing DB retry for function neutron.db.quota.driver_nolock.DbQuotaNoLockDriver.make_reservation {{(pid=93946) wrapper /usr/local/lib/python3.8/dist-packages/oslo_db/api.py:155}}
Jul 14 14:18:15.185471 n-d-800484-2 neutron-server[93945]: INFO neutron.wsgi [req-f05d4c9f-85f8-4fe8-a63b-1055303d9f6d req-24dde226-c191-4d6b-b37b-f4ade28ca288 service neutron] 10.222.0.25 "GET /v2.0/floatingips?fixed_ip_address=172.20.0.4&port_id=4701124f-e665-428c-9a01-a8dc041893ec HTTP/1.1" status: 200 len: 217 time: 0.2398152
Jul 14 14:18:15.256776 n-d-800484-2 neutron-server[93945]: DEBUG neutron.api.rpc.handlers.resources_rpc [None req-77bcb9f5-8a17-4862-aaa0-d00d59211dbc admin admin] Pushing event updated for resources: {'SecurityGroup': ['ID=b255b6b7-494e-48e9-95d8-a9d80fa8fe03,revision_number=1']} {{(pid=93945) push /opt/stack/neutron/neutron/api/rpc/handlers/resources_rpc.py:237}}
Jul 14 14:18:15.264383 n-d-800484-2 neutron-server[93947]: DEBUG neutron.plugins.ml2.rpc [None req-050be8bc-53b4-46ea-946b-5f1955b73a6d None None] Device 5e6061a0-3346-4a8a-a8cd-f8c6232f8a7b up at agent ovs-agent-n-d-800484-2 {{(pid=93947) update_device_up /opt/stack/neutron/neutron/plugins/ml2/rpc.py:296}}
Jul 14 14:18:15.314483 n-d-800484-2 neutron-server[93946]: DEBUG neutron.pecan_wsgi.hooks.quota_enforcement [req-3078e3c9-f17d-4b56-bad9-8271f16553e6 req-aee4176d-f912-48c0-a763-49ac50800795 tempest-ServersAdminTestJSON-869755832 tempest-ServersAdminTestJSON-869755832-project] Made reservation on behalf of d65fa1c2053b429fbbaccd635f82e97a for: {'port': 1} {{(pid=93946) before /opt/stack/neutron/neutron/pecan_wsgi/hooks/quota_enforcement.py:53}}
Jul 14 14:18:15.319337 n-d-800484-2 neutron-server[93946]: DEBUG neutron_lib.callbacks.manager [req-3078e3c9-f17d-4b56-bad9-8271f16553e6 req-aee4176d-f912-48c0-a763-49ac50800795 tempest-ServersAdminTestJSON-869755832 tempest-ServersAdminTestJSON-869755832-project] Notify callbacks ['neutron.plugins.ml2.plugin.SecurityGroupDbMixin._ensure_default_security_group_handler-1832908'] for port, before_create {{(pid=93946) _notify_loop /usr/local/lib/python3.8/dist-packages/neutron_lib/callbacks/manager.py:192}}
Jul 14 14:18:15.358415 n-d-800484-2 neutron-server[93945]: INFO neutron.wsgi [None req-77bcb9f5-8a17-4862-aaa0-d00d59211dbc admin admin] 10.222.0.32 "GET /v2.0/security-groups?tenant_id=98effad96622472e91c4ab2baeef9a0a&name=default HTTP/1.1" status: 200 len: 2979 time: 1.9414971
Jul 14 14:18:15.359489 n-d-800484-2 neutron-server[93945]: DEBUG neutron.wsgi [-] (93945) accepted ('10.222.0.32', 45202) {{(pid=93945) server /usr/local/lib/python3.8/dist-packages/eventlet/wsgi.py:982}}
Jul 14 14:18:15.384391 n-d-800484-2 neutron-server[93947]: DEBUG neutron.db.provisioning_blocks [None req-050be8bc-53b4-46ea-946b-5f1955b73a6d None None] Provisioning for port 5e6061a0-3346-4a8a-a8cd-f8c6232f8a7b completed by entity L2. {{(pid=93947) provisioning_complete /opt/stack/neutron/neutron/db/provisioning_blocks.py:133}}
Jul 14 14:18:15.397721 n-d-800484-2 neutron-server[93947]: DEBUG neutron.db.provisioning_blocks [None req-050be8bc-53b4-46ea-946b-5f1955b73a6d None None] Provisioning complete for port 5e6061a0-3346-4a8a-a8cd-f8c6232f8a7b triggered by entity L2. {{(pid=93947) provisioning_complete /opt/stack/neutron/neutron/db/provisioning_blocks.py:139}}
Jul 14 14:18:15.398203 n-d-800484-2 neutron-server[93947]: DEBUG neutron_lib.callbacks.manager [None req-050be8bc-53b4-46ea-946b-5f1955b73a6d None None] Notify callbacks ['neutron.plugins.ml2.plugin.Ml2Plugin._port_provisioned-1398297'] for port, provisioning_complete {{(pid=93947) _notify_loop /usr/local/lib/python3.8/dist-packages/neutron_lib/callbacks/manager.py:192}}
Jul 14 14:18:15.418129 n-d-800484-2 neutron-server[93946]: DEBUG neutron_lib.callbacks.manager [None req-e2cdfef1-65e5-467c-99da-17150614831a admin admin] Notify callbacks ['neutron.plugins.ml2.ovo_rpc._ObjectChangeHandler.handle_event-540651'] for security_group, after_delete {{(pid=93946) _notify_loop /usr/local/lib/python3.8/dist-packages/neutron_lib/callbacks/manager.py:192}}
Jul 14 14:18:15.418847 n-d-800484-2 neutron-server[93945]: DEBUG neutron.wsgi [-] (93945) accepted ('10.222.0.32', 45204) {{(pid=93945) server /usr/local/lib/python3.8/dist-packages/eventlet/wsgi.py:982}}
Jul 14 14:18:15.428497 n-d-800484-2 neutron-server[93946]: DEBUG neutron_lib.callbacks.manager [None req-e2cdfef1-65e5-467c-99da-17150614831a admin admin] Notify callbacks [] for security_group, before_response {{(pid=93946) _notify_loop /usr/local/lib/python3.8/dist-packages/neutron_lib/callbacks/manager.py:192}}
Jul 14 14:18:15.429815 n-d-800484-2 neutron-server[93946]: INFO neutron.wsgi [None req-e2cdfef1-65e5-467c-99da-17150614831a admin admin] 10.222.0.32 "DELETE /v2.0/security-groups/c3078a65-4f19-49d1-9e97-91f3d77890da HTTP/1.1" status: 204 len: 168 time: 0.6145329
Jul 14 14:18:15.485839 n-d-800484-2 neutron-server[93945]: DEBUG neutron.pecan_wsgi.hooks.policy_enforcement [req-f05d4c9f-85f8-4fe8-a63b-1055303d9f6d req-2535cd05-b253-4c2a-a749-6ca4d0b4076b service neutron] Attributes excluded by policy engine: ['standard_attr_id', 'shared'] {{(pid=93945) _exclude_attributes_by_policy /opt/stack/neutron/neutron/pecan_wsgi/hooks/policy_enforcement.py:255}}
Jul 14 14:18:15.487649 n-d-800484-2 neutron-server[93945]: INFO neutron.wsgi [req-f05d4c9f-85f8-4fe8-a63b-1055303d9f6d req-2535cd05-b253-4c2a-a749-6ca4d0b4076b service neutron] 10.222.0.25 "GET /v2.0/subnets?id=2ee56d76-d5f3-46b7-97bb-9d6027ab14d4 HTTP/1.1" status: 200 len: 848 time: 0.2842946
Jul 14 14:18:15.492097 n-d-800484-2 neutron-server[93946]: DEBUG neutron.api.rpc.handlers.resources_rpc [None req-e2cdfef1-65e5-467c-99da-17150614831a admin admin] Pushing event deleted for resources: {'SecurityGroup': ['ID=c3078a65-4f19-49d1-9e97-91f3d77890da,revision_number=None']} {{(pid=93946) push /opt/stack/neutron/neutron/api/rpc/handlers/resources_rpc.py:237}}
Jul 14 14:18:15.536175 n-d-800484-2 neutron-server[93945]: INFO neutron.wsgi [req-f05d4c9f-85f8-4fe8-a63b-1055303d9f6d req-c223f56a-3fc2-43d8-8995-e593802c6fc1 service neutron] 10.222.0.25 "GET /v2.0/ports?network_id=172aefd6-a4a1-4a0c-862b-00093832301a&device_owner=network%3Adhcp HTTP/1.1" status: 200 len: 210 time: 0.0401680
Jul 14 14:18:15.623310 n-d-800484-2 neutron-server[93947]: DEBUG neutron_lib.callbacks.manager [None req-050be8bc-53b4-46ea-946b-5f1955b73a6d None None] Notify callbacks ['neutron.plugins.ml2.plugin.SecurityGroupDbMixin._ensure_default_security_group_handler-1832908'] for port, before_update {{(pid=93947) _notify_loop /usr/local/lib/python3.8/dist-packages/neutron_lib/callbacks/manager.py:192}}
Jul 14 14:18:15.649707 n-d-800484-2 neutron-server[93946]: DEBUG neutron.pecan_wsgi.hooks.policy_enforcement [req-75a34be0-3900-47b6-9fdd-9f9c794d143b req-56eef0fe-fc7b-4b06-9dca-b6d01c830d92 tempest-AttachSCSIVolumeTestJSON-716837959 tempest-AttachSCSIVolumeTestJSON-716837959-project] Attributes excluded by policy engine: ['standard_attr_id', 'vlan_transparent', 'provider:network_type', 'provider:physical_network', 'provider:segmentation_id'] {{(pid=93946) _exclude_attributes_by_policy /opt/stack/neutron/neutron/pecan_wsgi/hooks/policy_enforcement.py:255}}
Jul 14 14:18:15.656916 n-d-800484-2 neutron-server[93946]: INFO neutron.wsgi [req-75a34be0-3900-47b6-9fdd-9f9c794d143b req-56eef0fe-fc7b-4b06-9dca-b6d01c830d92 tempest-AttachSCSIVolumeTestJSON-716837959 tempest-AttachSCSIVolumeTestJSON-716837959-project] 10.222.0.32 "GET /v2.0/networks?id=e3506d9f-19bc-49e2-bc0a-83184ed956e9 HTTP/1.1" status: 200 len: 815 time: 0.5566533
Jul 14 14:18:15.686007 n-d-800484-2 neutron-server[93946]: INFO neutron.wsgi [req-75a34be0-3900-47b6-9fdd-9f9c794d143b req-f630915a-f7f0-462b-a74f-f0cd0bab3842 tempest-AttachSCSIVolumeTestJSON-716837959 tempest-AttachSCSIVolumeTestJSON-716837959-project] 10.222.0.32 "GET /v2.0/quotas/cbbf208f9d6941ce97f8923e2f49775a HTTP/1.1" status: 200 len: 375 time: 0.0278187
Jul 14 14:18:15.686659 n-d-800484-2 neutron-server[93947]: DEBUG neutron.plugins.ml2.db [None req-050be8bc-53b4-46ea-946b-5f1955b73a6d None None] For port 5e6061a0-3346-4a8a-a8cd-f8c6232f8a7b, host n-d-800484-2, got binding levels [PortBindingLevel(driver='openvswitch',host='n-d-800484-2',level=0,port_id=5e6061a0-3346-4a8a-a8cd-f8c6232f8a7b,segment=NetworkSegment(847dcce8-4a8c-4280-a474-029b0bcb8149),segment_id=847dcce8-4a8c-4280-a474-029b0bcb8149)] {{(pid=93947) get_binding_level_objs /opt/stack/neutron/neutron/plugins/ml2/db.py:74}}
Jul 14 14:18:15.691762 n-d-800484-2 neutron-server[93947]: DEBUG neutron_lib.callbacks.manager [None req-050be8bc-53b4-46ea-946b-5f1955b73a6d None None] Notify callbacks ['neutron.plugins.ml2.plugin.SecurityGroupServerNotifierRpcMixin._notify_sg_on_port_change-1832845', 'neutron.plugins.ml2.ovo_rpc._ObjectChangeHandler.handle_event-149384', 'neutron.api.rpc.agentnotifiers.dhcp_rpc_agent_api.DhcpAgentNotifyAPI._native_event_send_dhcp_notification-730830', 'neutron.db.l3_db.L3RpcNotifierMixin._notify_gateway_port_ip_changed-8765848399095', 'neutron.db.l3_dvrscheduler_db._notify_l3_agent_port_update-8765848006566', 'neutron.db.l3_hascheduler_db._notify_l3_agent_ha_port_update-8765848006584'] for port, after_update {{(pid=93947) _notify_loop /usr/local/lib/python3.8/dist-packages/neutron_lib/callbacks/manager.py:192}}
Jul 14 14:18:15.711687 n-d-800484-2 neutron-server[93946]: DEBUG neutron.wsgi [-] (93946) accepted ('10.222.0.32', 45212) {{(pid=93946) server /usr/local/lib/python3.8/dist-packages/eventlet/wsgi.py:982}}
Jul 14 14:18:15.728078 n-d-800484-2 neutron-server[93945]: INFO neutron.wsgi [req-f05d4c9f-85f8-4fe8-a63b-1055303d9f6d req-7fa61e32-1cab-4fc0-b013-552087e1cc2c service neutron] 10.222.0.25 "GET /v2.0/networks/172aefd6-a4a1-4a0c-862b-00093832301a?fields=segments HTTP/1.1" status: 200 len: 212 time: 0.1745088
Jul 14 14:18:15.736997 n-d-800484-2 neutron-server[93945]: DEBUG neutron.pecan_wsgi.hooks.policy_enforcement [req-95777d0a-3281-48ce-b338-3aaca8eefbe7 req-edfaee89-f01b-4aea-b0dc-5fda10416ef7 tempest-LiveMigrationTest-446957004 tempest-LiveMigrationTest-446957004-project] Attributes excluded by policy engine: ['standard_attr_id', 'binding:profile', 'binding:host_id', 'binding:vif_type', 'binding:vif_details'] {{(pid=93945) _exclude_attributes_by_policy /opt/stack/neutron/neutron/pecan_wsgi/hooks/policy_enforcement.py:255}}
Jul 14 14:18:15.738476 n-d-800484-2 neutron-server[93946]: DEBUG neutron_lib.callbacks.manager [None req-b8c94e08-0d15-4bed-a685-1ec496a9c6da admin admin] Notify callbacks [] for security_group, before_create {{(pid=93946) _notify_loop /usr/local/lib/python3.8/dist-packages/neutron_lib/callbacks/manager.py:192}}
Jul 14 14:18:15.744523 n-d-800484-2 neutron-server[93945]: INFO neutron.wsgi [req-95777d0a-3281-48ce-b338-3aaca8eefbe7 req-edfaee89-f01b-4aea-b0dc-5fda10416ef7 tempest-LiveMigrationTest-446957004 tempest-LiveMigrationTest-446957004-project] 10.222.0.32 "GET /v2.0/ports?device_id=1de949af-3489-48e6-aebc-207b84943268 HTTP/1.1" status: 200 len: 943 time: 0.3942471
Jul 14 14:18:15.748856 n-d-800484-2 neutron-server[93945]: DEBUG neutron_lib.callbacks.manager [None req-754fc142-8771-41da-837e-9df8b5ee61d0 admin admin] Notify callbacks [] for security_group, before_delete {{(pid=93945) _notify_loop /usr/local/lib/python3.8/dist-packages/neutron_lib/callbacks/manager.py:192}}
Jul 14 14:18:15.776351 n-d-800484-2 neutron-server[93945]: DEBUG neutron_lib.callbacks.manager [None req-754fc142-8771-41da-837e-9df8b5ee61d0 admin admin] Notify callbacks [] for security_group, precommit_delete {{(pid=93945) _notify_loop /usr/local/lib/python3.8/dist-packages/neutron_lib/callbacks/manager.py:192}}
Jul 14 14:18:15.802195 n-d-800484-2 neutron-server[93947]: DEBUG neutron.api.rpc.handlers.resources_rpc [None req-050be8bc-53b4-46ea-946b-5f1955b73a6d None None] Pushing event updated for resources: {'Port': ['ID=5e6061a0-3346-4a8a-a8cd-f8c6232f8a7b,revision_number=5']} {{(pid=93947) push /opt/stack/neutron/neutron/api/rpc/handlers/resources_rpc.py:237}}
Jul 14 14:18:15.867266 n-d-800484-2 neutron-server[93945]: INFO neutron.wsgi [req-95777d0a-3281-48ce-b338-3aaca8eefbe7 req-b235cf63-5d8e-4f5c-b46f-78f2b6f4a3c0 tempest-LiveMigrationTest-446957004 tempest-LiveMigrationTest-446957004-project] 10.222.0.32 "GET /v2.0/security-groups?id=5c9ee627-f726-4ce5-89fc-58b82f768d75&fields=id&fields=name HTTP/1.1" status: 200 len: 286 time: 0.1212070
Jul 14 14:18:15.932664 n-d-800484-2 neutron-server[93945]: DEBUG neutron_lib.callbacks.manager [None req-754fc142-8771-41da-837e-9df8b5ee61d0 admin admin] Notify callbacks ['neutron.plugins.ml2.ovo_rpc._ObjectChangeHandler.handle_event-540651'] for security_group, after_delete {{(pid=93945) _notify_loop /usr/local/lib/python3.8/dist-packages/neutron_lib/callbacks/manager.py:192}}
Jul 14 14:18:15.935320 n-d-800484-2 neutron-server[93945]: DEBUG neutron_lib.callbacks.manager [None req-754fc142-8771-41da-837e-9df8b5ee61d0 admin admin] Notify callbacks [] for security_group, before_response {{(pid=93945) _notify_loop /usr/local/lib/python3.8/dist-packages/neutron_lib/callbacks/manager.py:192}}
Jul 14 14:18:15.936588 n-d-800484-2 neutron-server[93945]: INFO neutron.wsgi [None req-754fc142-8771-41da-837e-9df8b5ee61d0 admin admin] 10.222.0.32 "DELETE /v2.0/security-groups/b255b6b7-494e-48e9-95d8-a9d80fa8fe03 HTTP/1.1" status: 204 len: 168 time: 0.5332725
Jul 14 14:18:15.973730 n-d-800484-2 neutron-server[93945]: DEBUG neutron.api.rpc.handlers.resources_rpc [None req-754fc142-8771-41da-837e-9df8b5ee61d0 admin admin] Pushing event deleted for resources: {'SecurityGroup': ['ID=b255b6b7-494e-48e9-95d8-a9d80fa8fe03,revision_number=None']} {{(pid=93945) push /opt/stack/neutron/neutron/api/rpc/handlers/resources_rpc.py:237}}
Jul 14 14:18:15.985045 n-d-800484-2 neutron-server[93945]: DEBUG neutron_lib.callbacks.manager [None req-cc15a922-48dc-4263-bf7c-9630ca39f90f admin admin] Notify callbacks [] for security_group, before_create {{(pid=93945) _notify_loop /usr/local/lib/python3.8/dist-packages/neutron_lib/callbacks/manager.py:192}}
Jul 14 14:18:15.987170 n-d-800484-2 neutron-server[93946]: DEBUG neutron.db.db_base_plugin_common [req-3078e3c9-f17d-4b56-bad9-8271f16553e6 req-aee4176d-f912-48c0-a763-49ac50800795 tempest-ServersAdminTestJSON-869755832 tempest-ServersAdminTestJSON-869755832-project] Allocated IP 192.168.233.159 (866adf3f-fc94-43ba-91c2-bf579db1b9a6/bbe9cfea-3162-4f7e-a5b2-f9c1a3c305a8/67493fba-7e73-4c7b-a1de-6a9d80d2cee9) {{(pid=93946) _store_ip_allocation /opt/stack/neutron/neutron/db/db_base_plugin_common.py:131}}
Jul 14 14:18:16.033198 n-d-800484-2 neutron-server[93946]: DEBUG neutron_lib.callbacks.manager [None req-ab40e532-3895-48fe-9b85-c3dcc767c516 tempest-ServersWithSpecificFlavorTestJSON-744997989 tempest-ServersWithSpecificFlavorTestJSON-744997989-project] Notify callbacks [] for security_group, precommit_create {{(pid=93946) _notify_loop /usr/local/lib/python3.8/dist-packages/neutron_lib/callbacks/manager.py:192}}
Jul 14 14:18:16.036181 n-d-800484-2 neutron-server[93945]: INFO neutron.wsgi [req-f05d4c9f-85f8-4fe8-a63b-1055303d9f6d req-7fae7141-3af8-4660-a4c1-89dfcaf16c9a service neutron] 10.222.0.25 "GET /v2.0/networks/172aefd6-a4a1-4a0c-862b-00093832301a?fields=provider%3Aphysical_network&fields=provider%3Anetwork_type HTTP/1.1" status: 200 len: 281 time: 0.2886322
Jul 14 14:18:16.081829 n-d-800484-2 neutron-server[93946]: DEBUG neutron_lib.callbacks.manager [None req-ab40e532-3895-48fe-9b85-c3dcc767c516 tempest-ServersWithSpecificFlavorTestJSON-744997989 tempest-ServersWithSpecificFlavorTestJSON-744997989-project] Notify callbacks ['neutron.plugins.ml2.ovo_rpc._ObjectChangeHandler.handle_event-540651'] for security_group, after_create {{(pid=93946) _notify_loop /usr/local/lib/python3.8/dist-packages/neutron_lib/callbacks/manager.py:192}}
Jul 14 14:18:16.109306 n-d-800484-2 neutron-server[93947]: DEBUG neutron_lib.callbacks.manager [None req-a3549f9c-b1aa-4e5d-8cd1-369adb792759 None None] Notify callbacks ['neutron.services.segments.db._update_segment_host_mapping_for_agent-8765848497134', 'neutron.plugins.ml2.plugin.Ml2Plugin._retry_binding_revived_agents-1398220'] for agent, after_update {{(pid=93947) _notify_loop /usr/local/lib/python3.8/dist-packages/neutron_lib/callbacks/manager.py:192}}
Jul 14 14:18:16.138990 n-d-800484-2 neutron-server[93945]: INFO neutron.wsgi [req-486dea38-0d7d-4d72-b8fe-182358db68c1 req-9859eee9-37ee-4230-aa5c-0e25a802a330 tempest-ServersAdminTestJSON-869755832 tempest-ServersAdminTestJSON-869755832-project] 10.222.0.32 "GET /v2.0/ports?device_id=5e0827b5-c354-4c5e-8bfc-615f1b4829a2 HTTP/1.1" status: 200 len: 210 time: 0.0502849
Jul 14 14:18:16.140973 n-d-800484-2 neutron-server[93945]: DEBUG neutron.wsgi [-] (93945) accepted ('10.222.0.32', 45216) {{(pid=93945) server /usr/local/lib/python3.8/dist-packages/eventlet/wsgi.py:982}}
Jul 14 14:18:16.193376 n-d-800484-2 neutron-server[93945]: DEBUG neutron_lib.callbacks.manager [None req-c63fc7cf-c346-46d9-82cc-4692da5d94a0 admin admin] Notify callbacks [] for security_group, before_create {{(pid=93945) _notify_loop /usr/local/lib/python3.8/dist-packages/neutron_lib/callbacks/manager.py:192}}
Jul 14 14:18:16.199414 n-d-800484-2 neutron-server[93946]: INFO neutron.wsgi [req-75a34be0-3900-47b6-9fdd-9f9c794d143b req-e875791e-d55f-40ce-8334-594aa83fb584 tempest-AttachSCSIVolumeTestJSON-716837959 tempest-AttachSCSIVolumeTestJSON-716837959-project] 10.222.0.32 "GET /v2.0/ports?tenant_id=cbbf208f9d6941ce97f8923e2f49775a&fields=id HTTP/1.1" status: 200 len: 302 time: 0.5107636
Jul 14 14:18:16.225508 n-d-800484-2 neutron-server[93946]: DEBUG neutron.api.rpc.handlers.resources_rpc [None req-ab40e532-3895-48fe-9b85-c3dcc767c516 tempest-ServersWithSpecificFlavorTestJSON-744997989 tempest-ServersWithSpecificFlavorTestJSON-744997989-project] Pushing event updated for resources: {'SecurityGroup': ['ID=1654fa0c-ae34-444e-9cac-89027e1a5a60,revision_number=1']} {{(pid=93946) push /opt/stack/neutron/neutron/api/rpc/handlers/resources_rpc.py:237}}
Jul 14 14:18:16.244613 n-d-800484-2 neutron-server[93945]: DEBUG neutron.pecan_wsgi.hooks.policy_enforcement [req-fd94bbb0-85fe-4210-a6f6-822ff5b469e4 req-db103557-cb4a-4403-9c22-8880b2c541c5 service neutron] Attributes excluded by policy engine: ['standard_attr_id'] {{(pid=93945) _exclude_attributes_by_policy /opt/stack/neutron/neutron/pecan_wsgi/hooks/policy_enforcement.py:255}}
Jul 14 14:18:16.249499 n-d-800484-2 neutron-server[93945]: INFO neutron.wsgi [req-fd94bbb0-85fe-4210-a6f6-822ff5b469e4 req-db103557-cb4a-4403-9c22-8880b2c541c5 service neutron] 10.222.0.25 "GET /v2.0/ports?tenant_id=eefdc4fce02b45339ea10d4c83d614ad&device_id=1de949af-3489-48e6-aebc-207b84943268 HTTP/1.1" status: 200 len: 1094 time: 0.1065264
Jul 14 14:18:16.370434 n-d-800484-2 neutron-server[93945]: DEBUG neutron.pecan_wsgi.hooks.policy_enforcement [req-fd94bbb0-85fe-4210-a6f6-822ff5b469e4 req-b0182a4a-38da-4c06-9c2c-82e89bdbcc7a service neutron] Attributes excluded by policy engine: ['standard_attr_id', 'vlan_transparent'] {{(pid=93945) _exclude_attributes_by_policy /opt/stack/neutron/neutron/pecan_wsgi/hooks/policy_enforcement.py:255}}
Jul 14 14:18:16.373798 n-d-800484-2 neutron-server[93945]: INFO neutron.wsgi [req-fd94bbb0-85fe-4210-a6f6-822ff5b469e4 req-b0182a4a-38da-4c06-9c2c-82e89bdbcc7a service neutron] 10.222.0.25 "GET /v2.0/networks?id=172aefd6-a4a1-4a0c-862b-00093832301a HTTP/1.1" status: 200 len: 909 time: 0.1185651
Jul 14 14:18:16.429797 n-d-800484-2 neutron-server[93945]: INFO neutron.wsgi [req-fd94bbb0-85fe-4210-a6f6-822ff5b469e4 req-a47cc6f8-cbdc-4272-9268-294ac4b65e1f service neutron] 10.222.0.25 "GET /v2.0/floatingips?fixed_ip_address=172.20.0.4&port_id=4701124f-e665-428c-9a01-a8dc041893ec HTTP/1.1" status: 200 len: 217 time: 0.0477383
Jul 14 14:18:16.463585 n-d-800484-2 neutron-server[93946]: INFO neutron.wsgi [req-75a34be0-3900-47b6-9fdd-9f9c794d143b req-5791fd81-4177-4613-aee6-6b81f6f4f064 service neutron] 10.222.0.32 "GET /v2.0/networks/e3506d9f-19bc-49e2-bc0a-83184ed956e9?fields=segments HTTP/1.1" status: 200 len: 212 time: 0.2632675
Jul 14 14:18:16.471360 n-d-800484-2 neutron-server[93946]: DEBUG neutron_lib.callbacks.manager [None req-b8c94e08-0d15-4bed-a685-1ec496a9c6da admin admin] Notify callbacks [] for security_group, precommit_create {{(pid=93946) _notify_loop /usr/local/lib/python3.8/dist-packages/neutron_lib/callbacks/manager.py:192}}
Jul 14 14:18:16.495645 n-d-800484-2 neutron-server[93946]: DEBUG neutron_lib.callbacks.manager [None req-b8c94e08-0d15-4bed-a685-1ec496a9c6da admin admin] Notify callbacks ['neutron.plugins.ml2.ovo_rpc._ObjectChangeHandler.handle_event-540651'] for security_group, after_create {{(pid=93946) _notify_loop /usr/local/lib/python3.8/dist-packages/neutron_lib/callbacks/manager.py:192}}
Jul 14 14:18:16.530166 n-d-800484-2 neutron-server[93946]: DEBUG neutron_lib.callbacks.manager [None req-ab40e532-3895-48fe-9b85-c3dcc767c516 tempest-ServersWithSpecificFlavorTestJSON-744997989 tempest-ServersWithSpecificFlavorTestJSON-744997989-project] Notify callbacks [] for security_group, before_response {{(pid=93946) _notify_loop /usr/local/lib/python3.8/dist-packages/neutron_lib/callbacks/manager.py:192}}
Jul 14 14:18:16.531776 n-d-800484-2 neutron-server[93946]: INFO neutron.wsgi [None req-ab40e532-3895-48fe-9b85-c3dcc767c516 tempest-ServersWithSpecificFlavorTestJSON-744997989 tempest-ServersWithSpecificFlavorTestJSON-744997989-project] 10.222.0.32 "POST /v2.0/security-groups HTTP/1.1" status: 201 len: 1778 time: 1.5491076
Jul 14 14:18:16.539844 n-d-800484-2 neutron-server[93946]: DEBUG neutron_lib.callbacks.manager [req-3078e3c9-f17d-4b56-bad9-8271f16553e6 req-aee4176d-f912-48c0-a763-49ac50800795 tempest-ServersAdminTestJSON-869755832 tempest-ServersAdminTestJSON-869755832-project] Notify callbacks [] for port, precommit_create {{(pid=93946) _notify_loop /usr/local/lib/python3.8/dist-packages/neutron_lib/callbacks/manager.py:192}}
Jul 14 14:18:16.542224 n-d-800484-2 neutron-server[93945]: DEBUG neutron.pecan_wsgi.hooks.policy_enforcement [req-fd94bbb0-85fe-4210-a6f6-822ff5b469e4 req-e7a0f1f4-9d24-4547-8bf0-e33674036194 service neutron] Attributes excluded by policy engine: ['standard_attr_id', 'shared'] {{(pid=93945) _exclude_attributes_by_policy /opt/stack/neutron/neutron/pecan_wsgi/hooks/policy_enforcement.py:255}}
Jul 14 14:18:16.544066 n-d-800484-2 neutron-server[93945]: INFO neutron.wsgi [req-fd94bbb0-85fe-4210-a6f6-822ff5b469e4 req-e7a0f1f4-9d24-4547-8bf0-e33674036194 service neutron] 10.222.0.25 "GET /v2.0/subnets?id=2ee56d76-d5f3-46b7-97bb-9d6027ab14d4 HTTP/1.1" status: 200 len: 848 time: 0.1081042
Jul 14 14:18:16.545007 n-d-800484-2 neutron-server[93945]: DEBUG neutron.wsgi [-] (93945) accepted ('10.222.0.32', 45228) {{(pid=93945) server /usr/local/lib/python3.8/dist-packages/eventlet/wsgi.py:982}}
Jul 14 14:18:16.552029 n-d-800484-2 neutron-server[93945]: DEBUG neutron.api.v2.base [None req-78bf56a5-1519-4f7d-b8f9-29ab00fe7775 tempest-ServersWithSpecificFlavorTestJSON-744997989 tempest-ServersWithSpecificFlavorTestJSON-744997989-project] Request body: {'security_group_rule': {'security_group_id': '1654fa0c-ae34-444e-9cac-89027e1a5a60', 'protocol': 'tcp', 'ethertype': 'IPv4', 'port_range_min': 22, 'port_range_max': 22, 'direction': 'ingress'}} {{(pid=93945) prepare_request_body /opt/stack/neutron/neutron/api/v2/base.py:729}}
Jul 14 14:18:16.595054 n-d-800484-2 neutron-server[93945]: INFO neutron.wsgi [req-fd94bbb0-85fe-4210-a6f6-822ff5b469e4 req-149b41ba-090e-4021-9592-4b77f392b86a service neutron] 10.222.0.25 "GET /v2.0/ports?network_id=172aefd6-a4a1-4a0c-862b-00093832301a&device_owner=network%3Adhcp HTTP/1.1" status: 200 len: 210 time: 0.0367961
Jul 14 14:18:16.597728 n-d-800484-2 neutron-server[93946]: DEBUG neutron.db.provisioning_blocks [req-3078e3c9-f17d-4b56-bad9-8271f16553e6 req-aee4176d-f912-48c0-a763-49ac50800795 tempest-ServersAdminTestJSON-869755832 tempest-ServersAdminTestJSON-869755832-project] Transition to ACTIVE for port object 67493fba-7e73-4c7b-a1de-6a9d80d2cee9 will not be triggered until provisioned by entity DHCP. {{(pid=93946) add_provisioning_component /opt/stack/neutron/neutron/db/provisioning_blocks.py:73}}
Jul 14 14:18:16.603207 n-d-800484-2 neutron-server[93946]: INFO neutron.wsgi [None req-b8c94e08-0d15-4bed-a685-1ec496a9c6da admin admin] 10.222.0.32 "GET /v2.0/security-groups?tenant_id=2030bc74a52b424d93854487331dd3c5&name=default HTTP/1.1" status: 200 len: 2979 time: 0.8890145
Jul 14 14:18:16.612031 n-d-800484-2 neutron-server[93945]: DEBUG neutron.wsgi [-] (93945) accepted ('10.222.0.32', 45230) {{(pid=93945) server /usr/local/lib/python3.8/dist-packages/eventlet/wsgi.py:982}}
Jul 14 14:18:16.612956 n-d-800484-2 neutron-server[93946]: DEBUG neutron.api.rpc.handlers.resources_rpc [None req-b8c94e08-0d15-4bed-a685-1ec496a9c6da admin admin] Pushing event updated for resources: {'SecurityGroup': ['ID=c7fedb63-2f3a-4848-9dde-4aabeea21266,revision_number=1']} {{(pid=93946) push /opt/stack/neutron/neutron/api/rpc/handlers/resources_rpc.py:237}}
Jul 14 14:18:16.675968 n-d-800484-2 neutron-server[93946]: INFO neutron.wsgi [req-75a34be0-3900-47b6-9fdd-9f9c794d143b req-5840a755-bdd2-4039-a4ac-ff00ec2e1cab service neutron] 10.222.0.32 "GET /v2.0/networks/e3506d9f-19bc-49e2-bc0a-83184ed956e9?fields=provider%3Aphysical_network&fields=provider%3Anetwork_type HTTP/1.1" status: 200 len: 281 time: 0.2018898
Jul 14 14:18:16.695338 n-d-800484-2 neutron-server[93946]: DEBUG neutron_lib.callbacks.manager [req-3078e3c9-f17d-4b56-bad9-8271f16553e6 req-aee4176d-f912-48c0-a763-49ac50800795 tempest-ServersAdminTestJSON-869755832 tempest-ServersAdminTestJSON-869755832-project] Notify callbacks ['neutron.plugins.ml2.plugin.SecurityGroupServerNotifierRpcMixin._notify_sg_on_port_change-1832845', 'neutron.plugins.ml2.ovo_rpc._ObjectChangeHandler.handle_event-149384', 'neutron.api.rpc.agentnotifiers.dhcp_rpc_agent_api.DhcpAgentNotifyAPI._native_event_send_dhcp_notification-730830', 'neutron.db.l3_dvrscheduler_db._notify_l3_agent_new_port-8765848006548'] for port, after_create {{(pid=93946) _notify_loop /usr/local/lib/python3.8/dist-packages/neutron_lib/callbacks/manager.py:192}}
Jul 14 14:18:16.708560 n-d-800484-2 neutron-server[93947]: DEBUG neutron.plugins.ml2.db [None req-79a33c71-9225-498c-959f-6a86ca4b7920 None None] get_ports_and_sgs() called for port_ids ['30e0bd6b-16e1-4ebb-ba86-22c03a2fc43c'] {{(pid=93947) get_ports_and_sgs /opt/stack/neutron/neutron/plugins/ml2/db.py:156}}
Jul 14 14:18:16.719767 n-d-800484-2 neutron-server[93947]: DEBUG neutron.plugins.ml2.db [None req-78202799-d8ac-4062-8f96-7b80593d9b73 None None] get_ports_and_sgs() called for port_ids ['0ce27221-63da-43d2-b7c1-886940e512c5'] {{(pid=93947) get_ports_and_sgs /opt/stack/neutron/neutron/plugins/ml2/db.py:156}}
Jul 14 14:18:16.750053 n-d-800484-2 neutron-server[93945]: DEBUG neutron_lib.callbacks.manager [None req-79fc87ea-e58c-4b07-a8f3-94fa0bf206fc admin admin] Notify callbacks [] for security_group, before_delete {{(pid=93945) _notify_loop /usr/local/lib/python3.8/dist-packages/neutron_lib/callbacks/manager.py:192}}
Jul 14 14:18:16.766007 n-d-800484-2 neutron-server[93946]: DEBUG neutron.scheduler.dhcp_agent_scheduler [req-3078e3c9-f17d-4b56-bad9-8271f16553e6 req-aee4176d-f912-48c0-a763-49ac50800795 tempest-ServersAdminTestJSON-869755832 tempest-ServersAdminTestJSON-869755832-project] Network 866adf3f-fc94-43ba-91c2-bf579db1b9a6 is already hosted by enough agents. {{(pid=93946) _get_dhcp_agents_hosting_network /opt/stack/neutron/neutron/scheduler/dhcp_agent_scheduler.py:275}}
Jul 14 14:18:16.770343 n-d-800484-2 neutron-server[93946]: DEBUG neutron.scheduler.base_scheduler [req-3078e3c9-f17d-4b56-bad9-8271f16553e6 req-aee4176d-f912-48c0-a763-49ac50800795 tempest-ServersAdminTestJSON-869755832 tempest-ServersAdminTestJSON-869755832-project] Resources bound (agent type, host, resource id): {{(pid=93946) schedule /opt/stack/neutron/neutron/scheduler/base_scheduler.py:57}}
Jul 14 14:18:16.779295 n-d-800484-2 neutron-server[93945]: DEBUG neutron_lib.callbacks.manager [None req-79fc87ea-e58c-4b07-a8f3-94fa0bf206fc admin admin] Notify callbacks [] for security_group, precommit_delete {{(pid=93945) _notify_loop /usr/local/lib/python3.8/dist-packages/neutron_lib/callbacks/manager.py:192}}
Jul 14 14:18:16.795491 n-d-800484-2 neutron-server[93946]: DEBUG neutron.db.l3_dvrscheduler_db [req-3078e3c9-f17d-4b56-bad9-8271f16553e6 req-aee4176d-f912-48c0-a763-49ac50800795 tempest-ServersAdminTestJSON-869755832 tempest-ServersAdminTestJSON-869755832-project] Received port after_create {{(pid=93946) _notify_l3_agent_new_port /opt/stack/neutron/neutron/db/l3_dvrscheduler_db.py:535}}
Jul 14 14:18:16.807107 n-d-800484-2 neutron-server[93946]: DEBUG neutron.pecan_wsgi.hooks.policy_enforcement [req-3078e3c9-f17d-4b56-bad9-8271f16553e6 req-aee4176d-f912-48c0-a763-49ac50800795 tempest-ServersAdminTestJSON-869755832 tempest-ServersAdminTestJSON-869755832-project] Attributes excluded by policy engine: ['standard_attr_id', 'binding:profile', 'binding:host_id', 'binding:vif_type', 'binding:vif_details', 'network'] {{(pid=93946) _exclude_attributes_by_policy /opt/stack/neutron/neutron/pecan_wsgi/hooks/policy_enforcement.py:255}}
Jul 14 14:18:16.807927 n-d-800484-2 neutron-server[93946]: DEBUG neutron_lib.callbacks.manager [req-3078e3c9-f17d-4b56-bad9-8271f16553e6 req-aee4176d-f912-48c0-a763-49ac50800795 tempest-ServersAdminTestJSON-869755832 tempest-ServersAdminTestJSON-869755832-project] Notify callbacks ['neutron.notifiers.nova.Notifier._send_nova_notification-40189'] for port, before_response {{(pid=93946) _notify_loop /usr/local/lib/python3.8/dist-packages/neutron_lib/callbacks/manager.py:192}}
Jul 14 14:18:16.828222 n-d-800484-2 neutron-server[93946]: DEBUG neutron.api.rpc.handlers.resources_rpc [None req-aee4176d-f912-48c0-a763-49ac50800795 tempest-ServersAdminTestJSON-869755832 tempest-ServersAdminTestJSON-869755832-project] Pushing event updated for resources: {'Port': ['ID=67493fba-7e73-4c7b-a1de-6a9d80d2cee9,revision_number=1']} {{(pid=93946) push /opt/stack/neutron/neutron/api/rpc/handlers/resources_rpc.py:237}}
Jul 14 14:18:16.885657 n-d-800484-2 neutron-server[93945]: DEBUG neutron_lib.callbacks.manager [None req-cc15a922-48dc-4263-bf7c-9630ca39f90f admin admin] Notify callbacks [] for security_group, precommit_create {{(pid=93945) _notify_loop /usr/local/lib/python3.8/dist-packages/neutron_lib/callbacks/manager.py:192}}
Jul 14 14:18:16.893455 n-d-800484-2 neutron-server[93945]: INFO neutron.wsgi [req-fd94bbb0-85fe-4210-a6f6-822ff5b469e4 req-f2764c32-912e-41d7-af77-0046ce855b5c service neutron] 10.222.0.25 "GET /v2.0/networks/172aefd6-a4a1-4a0c-862b-00093832301a?fields=segments HTTP/1.1" status: 200 len: 212 time: 0.2901382
Jul 14 14:18:16.909952 n-d-800484-2 neutron-server[93947]: DEBUG neutron_lib.callbacks.manager [None req-050be8bc-53b4-46ea-946b-5f1955b73a6d None None] Notify callbacks ['neutron.services.segments.db._update_segment_host_mapping_for_agent-8765848497134', 'neutron.plugins.ml2.plugin.Ml2Plugin._retry_binding_revived_agents-1398220'] for agent, after_update {{(pid=93947) _notify_loop /usr/local/lib/python3.8/dist-packages/neutron_lib/callbacks/manager.py:192}}
Jul 14 14:18:16.916280 n-d-800484-2 neutron-server[93945]: DEBUG neutron_lib.callbacks.manager [None req-cc15a922-48dc-4263-bf7c-9630ca39f90f admin admin] Notify callbacks ['neutron.plugins.ml2.ovo_rpc._ObjectChangeHandler.handle_event-540651'] for security_group, after_create {{(pid=93945) _notify_loop /usr/local/lib/python3.8/dist-packages/neutron_lib/callbacks/manager.py:192}}
Jul 14 14:18:17.127845 n-d-800484-2 neutron-server[93945]: DEBUG neutron.api.rpc.handlers.resources_rpc [None req-cc15a922-48dc-4263-bf7c-9630ca39f90f admin admin] Pushing event updated for resources: {'SecurityGroup': ['ID=e71d0e47-25e6-4fe5-8a1f-fc32040b835a,revision_number=1']} {{(pid=93945) push /opt/stack/neutron/neutron/api/rpc/handlers/resources_rpc.py:237}}
Jul 14 14:18:17.163636 n-d-800484-2 neutron-server[93946]: INFO neutron.wsgi [req-510dbab0-0f01-4787-aea7-09c8fd892ea0 req-1f4be2e1-529f-4669-8a85-fbb6014e62cb tempest-AttachSCSIVolumeTestJSON-716837959 tempest-AttachSCSIVolumeTestJSON-716837959-project] 10.222.0.32 "GET /v2.0/ports?device_id=6ed70e9d-f696-4672-b6ba-1bbacb66a07c HTTP/1.1" status: 200 len: 210 time: 0.1063633
Jul 14 14:18:17.166864 n-d-800484-2 neutron-server[93945]: INFO neutron.wsgi [None req-cc15a922-48dc-4263-bf7c-9630ca39f90f admin admin] 10.222.0.32 "GET /v2.0/security-groups?tenant_id=86d8fc08a29f4d7d8f2ed7ae49b80166&name=default HTTP/1.1" status: 200 len: 2979 time: 1.7445772
Jul 14 14:18:17.168035 n-d-800484-2 neutron-server[93945]: DEBUG neutron_lib.callbacks.manager [None req-79fc87ea-e58c-4b07-a8f3-94fa0bf206fc admin admin] Notify callbacks ['neutron.plugins.ml2.ovo_rpc._ObjectChangeHandler.handle_event-540651'] for security_group, after_delete {{(pid=93945) _notify_loop /usr/local/lib/python3.8/dist-packages/neutron_lib/callbacks/manager.py:192}}
Jul 14 14:18:17.169639 n-d-800484-2 neutron-server[93946]: DEBUG neutron.wsgi [-] (93946) accepted ('10.222.0.32', 45250) {{(pid=93946) server /usr/local/lib/python3.8/dist-packages/eventlet/wsgi.py:982}}
Jul 14 14:18:17.178892 n-d-800484-2 neutron-server[93945]: DEBUG neutron_lib.callbacks.manager [None req-79fc87ea-e58c-4b07-a8f3-94fa0bf206fc admin admin] Notify callbacks [] for security_group, before_response {{(pid=93945) _notify_loop /usr/local/lib/python3.8/dist-packages/neutron_lib/callbacks/manager.py:192}}
Jul 14 14:18:17.180024 n-d-800484-2 neutron-server[93945]: INFO neutron.wsgi [None req-79fc87ea-e58c-4b07-a8f3-94fa0bf206fc admin admin] 10.222.0.32 "DELETE /v2.0/security-groups/c7fedb63-2f3a-4848-9dde-4aabeea21266 HTTP/1.1" status: 204 len: 168 time: 0.5660844
