Sep 01 14:40:48.615401 n-d-800089-28 neutron-server[94817]: DEBUG neutron.db.provisioning_blocks [None req-5fed0787-1a0f-418d-8065-b0f065775b97 None None] Provisioning for port bddf40e7-5632-4560-a74c-37e7a79f26e2 completed by entity L2. {{(pid=94817) provisioning_complete /opt/stack/neutron/neutron/db/provisioning_blocks.py:133}}
Sep 01 14:40:48.621759 n-d-800089-28 neutron-server[94817]: DEBUG neutron.db.provisioning_blocks [None req-5fed0787-1a0f-418d-8065-b0f065775b97 None None] Provisioning complete for port bddf40e7-5632-4560-a74c-37e7a79f26e2 triggered by entity L2. {{(pid=94817) provisioning_complete /opt/stack/neutron/neutron/db/provisioning_blocks.py:139}}
Sep 01 14:40:48.622638 n-d-800089-28 neutron-server[94817]: DEBUG neutron_lib.callbacks.manager [None req-5fed0787-1a0f-418d-8065-b0f065775b97 None None] Notify callbacks ['neutron.plugins.ml2.plugin.Ml2Plugin._port_provisioned-2095640'] for port, provisioning_complete {{(pid=94817) _notify_loop /usr/local/lib/python3.8/dist-packages/neutron_lib/callbacks/manager.py:192}}
Sep 01 14:40:48.631379 n-d-800089-28 neutron-server[94815]: DEBUG neutron.wsgi [-] (94815) accepted ('10.222.0.46', 41576) {{(pid=94815) server /usr/local/lib/python3.8/dist-packages/eventlet/wsgi.py:982}}
Sep 01 14:40:48.654703 n-d-800089-28 neutron-server[94816]: DEBUG neutron.pecan_wsgi.hooks.policy_enforcement [req-50c6958a-68ce-4c20-9e48-a5c564b1dd50 req-301e7115-04df-4f71-aa19-205491791a02 tempest-DeleteServersAdminTestJSON-440776752 tempest-DeleteServersAdminTestJSON-440776752-project] Attributes excluded by policy engine: ['standard_attr_id', 'binding:profile', 'binding:host_id', 'binding:vif_type', 'binding:vif_details'] {{(pid=94816) _exclude_attributes_by_policy /opt/stack/neutron/neutron/pecan_wsgi/hooks/policy_enforcement.py:255}}
Sep 01 14:40:48.657552 n-d-800089-28 neutron-server[94816]: INFO neutron.wsgi [req-50c6958a-68ce-4c20-9e48-a5c564b1dd50 req-301e7115-04df-4f71-aa19-205491791a02 tempest-DeleteServersAdminTestJSON-440776752 tempest-DeleteServersAdminTestJSON-440776752-project] 10.222.0.46 "GET /v2.0/ports?device_id=2f06045f-848e-4269-97d6-a1c80987b468 HTTP/1.1" status: 200 len: 949 time: 0.0834734
Sep 01 14:40:48.701297 n-d-800089-28 neutron-server[94817]: DEBUG neutron_lib.callbacks.manager [None req-817714a8-06c0-4759-af18-0f14cacacbc3 None None] Notify callbacks ['neutron.services.segments.db._update_segment_host_mapping_for_agent-8785045966812', 'neutron.plugins.ml2.plugin.Ml2Plugin._retry_binding_revived_agents-2095823'] for agent, after_update {{(pid=94817) _notify_loop /usr/local/lib/python3.8/dist-packages/neutron_lib/callbacks/manager.py:192}}
Sep 01 14:40:48.712268 n-d-800089-28 neutron-server[94816]: INFO neutron.wsgi [req-50c6958a-68ce-4c20-9e48-a5c564b1dd50 req-5600109a-3ed2-482e-a1a7-2700667ce995 tempest-DeleteServersAdminTestJSON-440776752 tempest-DeleteServersAdminTestJSON-440776752-project] 10.222.0.46 "GET /v2.0/security-groups?id=836286f5-6d5b-47b3-a65b-e2210309db27&fields=id&fields=name HTTP/1.1" status: 200 len: 286 time: 0.0455914
Sep 01 14:40:48.756878 n-d-800089-28 neutron-server[94817]: DEBUG neutron_lib.callbacks.manager [None req-5fed0787-1a0f-418d-8065-b0f065775b97 None None] Notify callbacks ['neutron.plugins.ml2.plugin.SecurityGroupDbMixin._ensure_default_security_group_handler-1629647'] for port, before_update {{(pid=94817) _notify_loop /usr/local/lib/python3.8/dist-packages/neutron_lib/callbacks/manager.py:192}}
Sep 01 14:40:48.781921 n-d-800089-28 neutron-server[94817]: DEBUG neutron.notifiers.nova [-] Sending events: [{'server_uuid': '2f06045f-848e-4269-97d6-a1c80987b468', 'name': 'network-vif-plugged', 'status': 'completed', 'tag': 'bddf40e7-5632-4560-a74c-37e7a79f26e2'}] {{(pid=94817) send_events /opt/stack/neutron/neutron/notifiers/nova.py:262}}
Sep 01 14:40:48.784367 n-d-800089-28 neutron-server[94817]: DEBUG novaclient.v2.client [-] REQ: curl -g -i --cacert "/opt/stack/data/ca-bundle.pem" -X POST http://10.222.0.46/compute/v2.1/os-server-external-events -H "Accept: application/json" -H "Content-Type: application/json" -H "User-Agent: python-novaclient" -H "X-Auth-Token: {SHA256}6dc5430190f36f3997bf5f40e2df9eb44ec6591c8e16c2e9f52cdaa774d45763" -H "X-OpenStack-Nova-API-Version: 2.1" -H "X-OpenStack-Request-ID: req-d50bd774-31b2-410f-a975-d74e6dced819" -d '{"events": [{"server_uuid": "2f06045f-848e-4269-97d6-a1c80987b468", "name": "network-vif-plugged", "status": "completed", "tag": "bddf40e7-5632-4560-a74c-37e7a79f26e2"}]}' {{(pid=94817) _http_log_request /usr/local/lib/python3.8/dist-packages/keystoneauth1/session.py:519}}
Sep 01 14:40:48.799305 n-d-800089-28 neutron-server[94817]: DEBUG neutron.plugins.ml2.db [None req-5fed0787-1a0f-418d-8065-b0f065775b97 None None] For port bddf40e7-5632-4560-a74c-37e7a79f26e2, host n-h2-800089-28, got binding levels [PortBindingLevel(driver='hyperv',host='n-h2-800089-28',level=0,port_id=bddf40e7-5632-4560-a74c-37e7a79f26e2,segment=NetworkSegment(fa4a39e2-8113-4847-ba1f-91d10a6f9b36),segment_id=fa4a39e2-8113-4847-ba1f-91d10a6f9b36)] {{(pid=94817) get_binding_level_objs /opt/stack/neutron/neutron/plugins/ml2/db.py:74}}
Sep 01 14:40:48.807215 n-d-800089-28 neutron-server[94817]: DEBUG neutron_lib.callbacks.manager [None req-5fed0787-1a0f-418d-8065-b0f065775b97 None None] Notify callbacks ['neutron.plugins.ml2.plugin.SecurityGroupServerNotifierRpcMixin._notify_sg_on_port_change-1629576', 'neutron.plugins.ml2.ovo_rpc._ObjectChangeHandler.handle_event-453590', 'neutron.api.rpc.agentnotifiers.dhcp_rpc_agent_api.DhcpAgentNotifyAPI._native_event_send_dhcp_notification-559468', 'neutron.db.l3_db.L3RpcNotifierMixin._notify_gateway_port_ip_changed-8785046049747', 'neutron.db.l3_dvrscheduler_db._notify_l3_agent_port_update-8785045522216', 'neutron.db.l3_hascheduler_db._notify_l3_agent_ha_port_update-8785045522234'] for port, after_update {{(pid=94817) _notify_loop /usr/local/lib/python3.8/dist-packages/neutron_lib/callbacks/manager.py:192}}
Sep 01 14:40:48.839471 n-d-800089-28 neutron-server[94816]: DEBUG neutron.pecan_wsgi.hooks.policy_enforcement [req-6452f1a5-0985-495b-aca0-6a1b04e88aff req-09b7d91f-d0df-4c1e-936f-1b072184a687 tempest-ServersWithSpecificFlavorTestJSON-947596851 tempest-ServersWithSpecificFlavorTestJSON-947596851-project] Attributes excluded by policy engine: ['standard_attr_id', 'binding:profile', 'binding:host_id', 'binding:vif_type', 'binding:vif_details'] {{(pid=94816) _exclude_attributes_by_policy /opt/stack/neutron/neutron/pecan_wsgi/hooks/policy_enforcement.py:255}}
Sep 01 14:40:48.846870 n-d-800089-28 neutron-server[94816]: INFO neutron.wsgi [req-6452f1a5-0985-495b-aca0-6a1b04e88aff req-09b7d91f-d0df-4c1e-936f-1b072184a687 tempest-ServersWithSpecificFlavorTestJSON-947596851 tempest-ServersWithSpecificFlavorTestJSON-947596851-project] 10.222.0.46 "GET /v2.0/ports?device_id=6b6e4418-2d0e-4330-b592-79df36b6d139 HTTP/1.1" status: 200 len: 944 time: 0.0596282
Sep 01 14:40:48.869930 n-d-800089-28 neutron-server[94817]: DEBUG neutron.api.rpc.handlers.resources_rpc [None req-5fed0787-1a0f-418d-8065-b0f065775b97 None None] Pushing event updated for resources: {'Port': ['ID=bddf40e7-5632-4560-a74c-37e7a79f26e2,revision_number=5']} {{(pid=94817) push /opt/stack/neutron/neutron/api/rpc/handlers/resources_rpc.py:237}}
Sep 01 14:40:48.901396 n-d-800089-28 neutron-server[94816]: INFO neutron.wsgi [req-6452f1a5-0985-495b-aca0-6a1b04e88aff req-0816b8e1-0427-4d53-b040-d8a00f0b33ee tempest-ServersWithSpecificFlavorTestJSON-947596851 tempest-ServersWithSpecificFlavorTestJSON-947596851-project] 10.222.0.46 "GET /v2.0/security-groups?id=1a36188c-eb45-4672-91b1-31a8c53a395f&fields=id&fields=name HTTP/1.1" status: 200 len: 312 time: 0.0535276
Sep 01 14:40:48.940930 n-d-800089-28 neutron-server[94817]: DEBUG novaclient.v2.client [-] RESP: [200] Connection: close Content-Length: 183 Content-Type: application/json Date: Wed, 01 Sep 2021 14:40:48 GMT OpenStack-API-Version: compute 2.1 Server: Apache/2.4.41 (Ubuntu) Vary: OpenStack-API-Version,X-OpenStack-Nova-API-Version X-OpenStack-Nova-API-Version: 2.1 x-compute-request-id: req-b9984a03-0203-443c-8bd4-641b57ff0b2d x-openstack-request-id: req-b9984a03-0203-443c-8bd4-641b57ff0b2d {{(pid=94817) _http_log_response /usr/local/lib/python3.8/dist-packages/keystoneauth1/session.py:550}}
Sep 01 14:40:48.941306 n-d-800089-28 neutron-server[94817]: DEBUG novaclient.v2.client [-] RESP BODY: {"events": [{"server_uuid": "2f06045f-848e-4269-97d6-a1c80987b468", "name": "network-vif-plugged", "status": "completed", "tag": "bddf40e7-5632-4560-a74c-37e7a79f26e2", "code": 200}]} {{(pid=94817) _http_log_response /usr/local/lib/python3.8/dist-packages/keystoneauth1/session.py:582}}
Sep 01 14:40:48.941604 n-d-800089-28 neutron-server[94817]: DEBUG novaclient.v2.client [-] POST call to compute for http://10.222.0.46/compute/v2.1/os-server-external-events used request id req-b9984a03-0203-443c-8bd4-641b57ff0b2d {{(pid=94817) request /usr/local/lib/python3.8/dist-packages/keystoneauth1/session.py:954}}
Sep 01 14:40:48.941871 n-d-800089-28 neutron-server[94817]: INFO neutron.notifiers.nova [-] Nova event response: {'server_uuid': '2f06045f-848e-4269-97d6-a1c80987b468', 'name': 'network-vif-plugged', 'status': 'completed', 'tag': 'bddf40e7-5632-4560-a74c-37e7a79f26e2', 'code': 200}
Sep 01 14:40:49.029881 n-d-800089-28 neutron-server[94816]: DEBUG neutron_lib.callbacks.manager [None req-22097da2-d25f-4c9b-9e8c-4b19b062a87a admin admin] Notify callbacks [] for security_group, before_create {{(pid=94816) _notify_loop /usr/local/lib/python3.8/dist-packages/neutron_lib/callbacks/manager.py:192}}
Sep 01 14:40:49.061641 n-d-800089-28 neutron-server[94815]: DEBUG neutron.pecan_wsgi.hooks.policy_enforcement [req-475adf26-87c0-48e4-9ddc-173ee81c68af req-7e968aef-209a-4dcd-a35d-e8320939b918 service neutron] Attributes excluded by policy engine: ['standard_attr_id'] {{(pid=94815) _exclude_attributes_by_policy /opt/stack/neutron/neutron/pecan_wsgi/hooks/policy_enforcement.py:255}}
Sep 01 14:40:49.063259 n-d-800089-28 neutron-server[94815]: INFO neutron.wsgi [req-475adf26-87c0-48e4-9ddc-173ee81c68af req-7e968aef-209a-4dcd-a35d-e8320939b918 service neutron] 10.222.0.38 "GET /v2.0/ports?device_id=2f06045f-848e-4269-97d6-a1c80987b468 HTTP/1.1" status: 200 len: 1102 time: 0.0590692
Sep 01 14:40:49.115258 n-d-800089-28 neutron-server[94815]: INFO neutron.wsgi [req-475adf26-87c0-48e4-9ddc-173ee81c68af req-5359e9c6-f1a5-420b-b211-73e3cfe4519c service neutron] 10.222.0.38 "GET /v2.0/security-groups?id=836286f5-6d5b-47b3-a65b-e2210309db27&fields=id&fields=name HTTP/1.1" status: 200 len: 286 time: 0.0445735
Sep 01 14:40:49.143711 n-d-800089-28 neutron-server[94816]: DEBUG neutron_lib.callbacks.manager [None req-22097da2-d25f-4c9b-9e8c-4b19b062a87a admin admin] Notify callbacks [] for security_group, precommit_create {{(pid=94816) _notify_loop /usr/local/lib/python3.8/dist-packages/neutron_lib/callbacks/manager.py:192}}
Sep 01 14:40:49.148671 n-d-800089-28 neutron-server[94816]: DEBUG neutron_lib.callbacks.manager [None req-22097da2-d25f-4c9b-9e8c-4b19b062a87a admin admin] Notify callbacks ['neutron.plugins.ml2.ovo_rpc._ObjectChangeHandler.handle_event-634563'] for security_group, after_create {{(pid=94816) _notify_loop /usr/local/lib/python3.8/dist-packages/neutron_lib/callbacks/manager.py:192}}
Sep 01 14:40:49.199399 n-d-800089-28 neutron-server[94816]: INFO neutron.wsgi [None req-22097da2-d25f-4c9b-9e8c-4b19b062a87a admin admin] 10.222.0.46 "GET /v2.0/security-groups?tenant_id=cb465eea99374922bf9e9addee05bed5&name=default HTTP/1.1" status: 200 len: 2979 time: 0.7363820
Sep 01 14:40:49.202119 n-d-800089-28 neutron-server[94815]: DEBUG neutron.wsgi [-] (94815) accepted ('10.222.0.46', 41596) {{(pid=94815) server /usr/local/lib/python3.8/dist-packages/eventlet/wsgi.py:982}}
Sep 01 14:40:49.202259 n-d-800089-28 neutron-server[94816]: DEBUG neutron.api.rpc.handlers.resources_rpc [None req-22097da2-d25f-4c9b-9e8c-4b19b062a87a admin admin] Pushing event updated for resources: {'SecurityGroup': ['ID=879f5284-8165-43f9-84df-40371e024af4,revision_number=1']} {{(pid=94816) push /opt/stack/neutron/neutron/api/rpc/handlers/resources_rpc.py:237}}
Sep 01 14:40:49.227750 n-d-800089-28 neutron-server[94815]: DEBUG neutron_lib.callbacks.manager [None req-b7426460-89fd-44f4-9363-735372e562f7 admin admin] Notify callbacks [] for security_group, before_create {{(pid=94815) _notify_loop /usr/local/lib/python3.8/dist-packages/neutron_lib/callbacks/manager.py:192}}
Sep 01 14:40:49.287930 n-d-800089-28 neutron-server[94815]: DEBUG neutron.wsgi [-] (94815) accepted ('10.222.0.46', 41600) {{(pid=94815) server /usr/local/lib/python3.8/dist-packages/eventlet/wsgi.py:982}}
Sep 01 14:40:49.347079 n-d-800089-28 neutron-server[94815]: DEBUG neutron_lib.callbacks.manager [None req-6005113a-e2e3-436d-9ec3-65adf1c1e38d admin admin] Notify callbacks [] for security_group, before_delete {{(pid=94815) _notify_loop /usr/local/lib/python3.8/dist-packages/neutron_lib/callbacks/manager.py:192}}
Sep 01 14:40:49.389090 n-d-800089-28 neutron-server[94815]: INFO neutron.wsgi [None req-8248ac2d-5f11-4b8c-a2ce-ad11c893835f admin admin] 10.222.0.46 "GET /v2.0/security-groups?tenant_id=63061d1a14c94c618fa61020f40f5b6f&name=default HTTP/1.1" status: 200 len: 2979 time: 0.0974987
Sep 01 14:40:49.390219 n-d-800089-28 neutron-server[94816]: DEBUG neutron.wsgi [-] (94816) accepted ('10.222.0.46', 41606) {{(pid=94816) server /usr/local/lib/python3.8/dist-packages/eventlet/wsgi.py:982}}
Sep 01 14:40:49.402782 n-d-800089-28 neutron-server[94815]: DEBUG neutron_lib.callbacks.manager [None req-6005113a-e2e3-436d-9ec3-65adf1c1e38d admin admin] Notify callbacks [] for security_group, precommit_delete {{(pid=94815) _notify_loop /usr/local/lib/python3.8/dist-packages/neutron_lib/callbacks/manager.py:192}}
Sep 01 14:40:49.437487 n-d-800089-28 neutron-server[94817]: DEBUG neutron.plugins.ml2.rpc [None req-958d2ca7-e067-4c3a-ae9a-6baaba904cf1 None None] Device 967aaffd-7a13-4815-acbc-35cf34789c8a up at agent hyperv_n-h1-800089-28 {{(pid=94817) update_device_up /opt/stack/neutron/neutron/plugins/ml2/rpc.py:296}}
Sep 01 14:40:49.474724 n-d-800089-28 neutron-server[94815]: DEBUG neutron_lib.callbacks.manager [None req-b7426460-89fd-44f4-9363-735372e562f7 admin admin] Notify callbacks [] for security_group, precommit_create {{(pid=94815) _notify_loop /usr/local/lib/python3.8/dist-packages/neutron_lib/callbacks/manager.py:192}}
Sep 01 14:40:49.481882 n-d-800089-28 neutron-server[94815]: DEBUG neutron_lib.callbacks.manager [None req-b7426460-89fd-44f4-9363-735372e562f7 admin admin] Notify callbacks ['neutron.plugins.ml2.ovo_rpc._ObjectChangeHandler.handle_event-634563'] for security_group, after_create {{(pid=94815) _notify_loop /usr/local/lib/python3.8/dist-packages/neutron_lib/callbacks/manager.py:192}}
Sep 01 14:40:49.488205 n-d-800089-28 neutron-server[94816]: DEBUG neutron_lib.callbacks.manager [None req-eb6286fd-a0ae-4220-a00e-6c9cdc1fbd51 admin admin] Notify callbacks [] for security_group, before_delete {{(pid=94816) _notify_loop /usr/local/lib/python3.8/dist-packages/neutron_lib/callbacks/manager.py:192}}
Sep 01 14:40:49.531660 n-d-800089-28 neutron-server[94815]: DEBUG neutron_lib.callbacks.manager [None req-6005113a-e2e3-436d-9ec3-65adf1c1e38d admin admin] Notify callbacks ['neutron.plugins.ml2.ovo_rpc._ObjectChangeHandler.handle_event-634563'] for security_group, after_delete {{(pid=94815) _notify_loop /usr/local/lib/python3.8/dist-packages/neutron_lib/callbacks/manager.py:192}}
Sep 01 14:40:49.533325 n-d-800089-28 neutron-server[94816]: DEBUG neutron_lib.callbacks.manager [None req-eb6286fd-a0ae-4220-a00e-6c9cdc1fbd51 admin admin] Notify callbacks [] for security_group, precommit_delete {{(pid=94816) _notify_loop /usr/local/lib/python3.8/dist-packages/neutron_lib/callbacks/manager.py:192}}
Sep 01 14:40:49.535527 n-d-800089-28 neutron-server[94815]: DEBUG neutron_lib.callbacks.manager [None req-6005113a-e2e3-436d-9ec3-65adf1c1e38d admin admin] Notify callbacks [] for security_group, before_response {{(pid=94815) _notify_loop /usr/local/lib/python3.8/dist-packages/neutron_lib/callbacks/manager.py:192}}
Sep 01 14:40:49.538079 n-d-800089-28 neutron-server[94815]: INFO neutron.wsgi [None req-6005113a-e2e3-436d-9ec3-65adf1c1e38d admin admin] 10.222.0.46 "DELETE /v2.0/security-groups/879f5284-8165-43f9-84df-40371e024af4 HTTP/1.1" status: 204 len: 168 time: 0.3339958
Sep 01 14:40:49.551846 n-d-800089-28 neutron-server[94815]: INFO neutron.wsgi [None req-b7426460-89fd-44f4-9363-735372e562f7 admin admin] 10.222.0.46 "GET /v2.0/security-groups?tenant_id=9335e1ea7b9b40bbb30ada56a6fec61c&name=default HTTP/1.1" status: 200 len: 2979 time: 0.9186203
Sep 01 14:40:49.553080 n-d-800089-28 neutron-server[94815]: DEBUG neutron.wsgi [-] (94815) accepted ('10.222.0.46', 41610) {{(pid=94815) server /usr/local/lib/python3.8/dist-packages/eventlet/wsgi.py:982}}
Sep 01 14:40:49.580692 n-d-800089-28 neutron-server[94815]: DEBUG neutron.api.rpc.handlers.resources_rpc [None req-b7426460-89fd-44f4-9363-735372e562f7 admin admin] Pushing event updated for resources: {'SecurityGroup': ['ID=fdf17b61-e468-49c4-9330-9ffea83073e8,revision_number=1']} {{(pid=94815) push /opt/stack/neutron/neutron/api/rpc/handlers/resources_rpc.py:237}}
Sep 01 14:40:49.627296 n-d-800089-28 neutron-server[94816]: DEBUG neutron_lib.callbacks.manager [None req-eb6286fd-a0ae-4220-a00e-6c9cdc1fbd51 admin admin] Notify callbacks ['neutron.plugins.ml2.ovo_rpc._ObjectChangeHandler.handle_event-634563'] for security_group, after_delete {{(pid=94816) _notify_loop /usr/local/lib/python3.8/dist-packages/neutron_lib/callbacks/manager.py:192}}
Sep 01 14:40:49.637402 n-d-800089-28 neutron-server[94817]: DEBUG neutron.db.provisioning_blocks [None req-958d2ca7-e067-4c3a-ae9a-6baaba904cf1 None None] Provisioning for port 967aaffd-7a13-4815-acbc-35cf34789c8a completed by entity L2. {{(pid=94817) provisioning_complete /opt/stack/neutron/neutron/db/provisioning_blocks.py:133}}
Sep 01 14:40:49.637678 n-d-800089-28 neutron-server[94816]: DEBUG neutron_lib.callbacks.manager [None req-eb6286fd-a0ae-4220-a00e-6c9cdc1fbd51 admin admin] Notify callbacks [] for security_group, before_response {{(pid=94816) _notify_loop /usr/local/lib/python3.8/dist-packages/neutron_lib/callbacks/manager.py:192}}
Sep 01 14:40:49.644759 n-d-800089-28 neutron-server[94816]: INFO neutron.wsgi [None req-eb6286fd-a0ae-4220-a00e-6c9cdc1fbd51 admin admin] 10.222.0.46 "DELETE /v2.0/security-groups/12ad3dbf-22e9-4336-b201-bef700ee2572 HTTP/1.1" status: 204 len: 168 time: 0.2525151
Sep 01 14:40:49.648131 n-d-800089-28 neutron-server[94815]: DEBUG neutron.api.rpc.handlers.resources_rpc [None req-6005113a-e2e3-436d-9ec3-65adf1c1e38d admin admin] Pushing event deleted for resources: {'SecurityGroup': ['ID=879f5284-8165-43f9-84df-40371e024af4,revision_number=None']} {{(pid=94815) push /opt/stack/neutron/neutron/api/rpc/handlers/resources_rpc.py:237}}
Sep 01 14:40:49.659879 n-d-800089-28 neutron-server[94815]: DEBUG neutron_lib.callbacks.manager [None req-725f82dc-5a3b-42df-9def-e6bd67ec4de3 admin admin] Notify callbacks [] for security_group, before_delete {{(pid=94815) _notify_loop /usr/local/lib/python3.8/dist-packages/neutron_lib/callbacks/manager.py:192}}
Sep 01 14:40:49.660145 n-d-800089-28 neutron-server[94817]: DEBUG neutron.db.provisioning_blocks [None req-958d2ca7-e067-4c3a-ae9a-6baaba904cf1 None None] Provisioning complete for port 967aaffd-7a13-4815-acbc-35cf34789c8a triggered by entity L2. {{(pid=94817) provisioning_complete /opt/stack/neutron/neutron/db/provisioning_blocks.py:139}}
Sep 01 14:40:49.662873 n-d-800089-28 neutron-server[94817]: DEBUG neutron_lib.callbacks.manager [None req-958d2ca7-e067-4c3a-ae9a-6baaba904cf1 None None] Notify callbacks ['neutron.plugins.ml2.plugin.Ml2Plugin._port_provisioned-2095640'] for port, provisioning_complete {{(pid=94817) _notify_loop /usr/local/lib/python3.8/dist-packages/neutron_lib/callbacks/manager.py:192}}
Sep 01 14:40:49.674223 n-d-800089-28 neutron-server[94816]: DEBUG neutron.api.rpc.handlers.resources_rpc [None req-eb6286fd-a0ae-4220-a00e-6c9cdc1fbd51 admin admin] Pushing event deleted for resources: {'SecurityGroup': ['ID=12ad3dbf-22e9-4336-b201-bef700ee2572,revision_number=None']} {{(pid=94816) push /opt/stack/neutron/neutron/api/rpc/handlers/resources_rpc.py:237}}
Sep 01 14:40:49.687042 n-d-800089-28 neutron-server[94815]: DEBUG neutron_lib.callbacks.manager [None req-725f82dc-5a3b-42df-9def-e6bd67ec4de3 admin admin] Notify callbacks [] for security_group, precommit_delete {{(pid=94815) _notify_loop /usr/local/lib/python3.8/dist-packages/neutron_lib/callbacks/manager.py:192}}
Sep 01 14:40:49.749959 n-d-800089-28 neutron-server[94815]: DEBUG neutron_lib.callbacks.manager [None req-725f82dc-5a3b-42df-9def-e6bd67ec4de3 admin admin] Notify callbacks ['neutron.plugins.ml2.ovo_rpc._ObjectChangeHandler.handle_event-634563'] for security_group, after_delete {{(pid=94815) _notify_loop /usr/local/lib/python3.8/dist-packages/neutron_lib/callbacks/manager.py:192}}
Sep 01 14:40:49.756399 n-d-800089-28 neutron-server[94815]: DEBUG neutron_lib.callbacks.manager [None req-725f82dc-5a3b-42df-9def-e6bd67ec4de3 admin admin] Notify callbacks [] for security_group, before_response {{(pid=94815) _notify_loop /usr/local/lib/python3.8/dist-packages/neutron_lib/callbacks/manager.py:192}}
Sep 01 14:40:49.757643 n-d-800089-28 neutron-server[94815]: INFO neutron.wsgi [None req-725f82dc-5a3b-42df-9def-e6bd67ec4de3 admin admin] 10.222.0.46 "DELETE /v2.0/security-groups/fdf17b61-e468-49c4-9330-9ffea83073e8 HTTP/1.1" status: 204 len: 168 time: 0.2035525
Sep 01 14:40:49.766259 n-d-800089-28 neutron-server[94815]: DEBUG neutron.api.rpc.handlers.resources_rpc [None req-725f82dc-5a3b-42df-9def-e6bd67ec4de3 admin admin] Pushing event deleted for resources: {'SecurityGroup': ['ID=fdf17b61-e468-49c4-9330-9ffea83073e8,revision_number=None']} {{(pid=94815) push /opt/stack/neutron/neutron/api/rpc/handlers/resources_rpc.py:237}}
Sep 01 14:40:49.829952 n-d-800089-28 neutron-server[94817]: DEBUG neutron_lib.callbacks.manager [None req-958d2ca7-e067-4c3a-ae9a-6baaba904cf1 None None] Notify callbacks ['neutron.plugins.ml2.plugin.SecurityGroupDbMixin._ensure_default_security_group_handler-1629647'] for port, before_update {{(pid=94817) _notify_loop /usr/local/lib/python3.8/dist-packages/neutron_lib/callbacks/manager.py:192}}
Sep 01 14:40:49.872636 n-d-800089-28 neutron-server[94817]: DEBUG neutron.plugins.ml2.db [None req-958d2ca7-e067-4c3a-ae9a-6baaba904cf1 None None] For port 967aaffd-7a13-4815-acbc-35cf34789c8a, host n-h1-800089-28, got binding levels [PortBindingLevel(driver='hyperv',host='n-h1-800089-28',level=0,port_id=967aaffd-7a13-4815-acbc-35cf34789c8a,segment=NetworkSegment(934f30be-cc4f-48c8-9e32-70b04de3a5c9),segment_id=934f30be-cc4f-48c8-9e32-70b04de3a5c9)] {{(pid=94817) get_binding_level_objs /opt/stack/neutron/neutron/plugins/ml2/db.py:74}}
Sep 01 14:40:49.882945 n-d-800089-28 neutron-server[94817]: DEBUG neutron_lib.callbacks.manager [None req-958d2ca7-e067-4c3a-ae9a-6baaba904cf1 None None] Notify callbacks ['neutron.plugins.ml2.plugin.SecurityGroupServerNotifierRpcMixin._notify_sg_on_port_change-1629576', 'neutron.plugins.ml2.ovo_rpc._ObjectChangeHandler.handle_event-453590', 'neutron.api.rpc.agentnotifiers.dhcp_rpc_agent_api.DhcpAgentNotifyAPI._native_event_send_dhcp_notification-559468', 'neutron.db.l3_db.L3RpcNotifierMixin._notify_gateway_port_ip_changed-8785046049747', 'neutron.db.l3_dvrscheduler_db._notify_l3_agent_port_update-8785045522216', 'neutron.db.l3_hascheduler_db._notify_l3_agent_ha_port_update-8785045522234'] for port, after_update {{(pid=94817) _notify_loop /usr/local/lib/python3.8/dist-packages/neutron_lib/callbacks/manager.py:192}}
Sep 01 14:40:49.883797 n-d-800089-28 neutron-server[94815]: DEBUG neutron.pecan_wsgi.hooks.policy_enforcement [req-376d75bc-70e4-4e34-b7d2-9d22178889dc req-6cc4a8ae-6b7b-4415-a2c8-4b5d98d6c03b tempest-DeleteServersAdminTestJSON-440776752 tempest-DeleteServersAdminTestJSON-440776752-project] Attributes excluded by policy engine: ['standard_attr_id', 'binding:profile', 'binding:host_id', 'binding:vif_type', 'binding:vif_details'] {{(pid=94815) _exclude_attributes_by_policy /opt/stack/neutron/neutron/pecan_wsgi/hooks/policy_enforcement.py:255}}
Sep 01 14:40:49.885849 n-d-800089-28 neutron-server[94815]: INFO neutron.wsgi [req-376d75bc-70e4-4e34-b7d2-9d22178889dc req-6cc4a8ae-6b7b-4415-a2c8-4b5d98d6c03b tempest-DeleteServersAdminTestJSON-440776752 tempest-DeleteServersAdminTestJSON-440776752-project] 10.222.0.46 "GET /v2.0/ports?device_id=2f06045f-848e-4269-97d6-a1c80987b468 HTTP/1.1" status: 200 len: 950 time: 0.0819850
Sep 01 14:40:49.937897 n-d-800089-28 neutron-server[94815]: INFO neutron.wsgi [req-376d75bc-70e4-4e34-b7d2-9d22178889dc req-8f6aa8ac-6d65-4a7b-86db-eb8bba2afe8c tempest-DeleteServersAdminTestJSON-440776752 tempest-DeleteServersAdminTestJSON-440776752-project] 10.222.0.46 "GET /v2.0/security-groups?id=836286f5-6d5b-47b3-a65b-e2210309db27&fields=id&fields=name HTTP/1.1" status: 200 len: 286 time: 0.0454350
Sep 01 14:40:49.948415 n-d-800089-28 neutron-server[94817]: DEBUG neutron.api.rpc.handlers.resources_rpc [None req-958d2ca7-e067-4c3a-ae9a-6baaba904cf1 None None] Pushing event updated for resources: {'Port': ['ID=967aaffd-7a13-4815-acbc-35cf34789c8a,revision_number=5']} {{(pid=94817) push /opt/stack/neutron/neutron/api/rpc/handlers/resources_rpc.py:237}}
Sep 01 14:40:50.091827 n-d-800089-28 neutron-server[94815]: DEBUG neutron.pecan_wsgi.hooks.policy_enforcement [req-79e89b17-8fb6-46a9-ac63-1571fa2634c8 req-cb17093d-e085-4a45-a485-a3b2d80463d2 tempest-ServersWithSpecificFlavorTestJSON-947596851 tempest-ServersWithSpecificFlavorTestJSON-947596851-project] Attributes excluded by policy engine: ['standard_attr_id', 'binding:profile', 'binding:host_id', 'binding:vif_type', 'binding:vif_details'] {{(pid=94815) _exclude_attributes_by_policy /opt/stack/neutron/neutron/pecan_wsgi/hooks/policy_enforcement.py:255}}
Sep 01 14:40:50.093851 n-d-800089-28 neutron-server[94815]: INFO neutron.wsgi [req-79e89b17-8fb6-46a9-ac63-1571fa2634c8 req-cb17093d-e085-4a45-a485-a3b2d80463d2 tempest-ServersWithSpecificFlavorTestJSON-947596851 tempest-ServersWithSpecificFlavorTestJSON-947596851-project] 10.222.0.46 "GET /v2.0/ports?device_id=6b6e4418-2d0e-4330-b592-79df36b6d139 HTTP/1.1" status: 200 len: 945 time: 0.0893171
Sep 01 14:40:50.183911 n-d-800089-28 neutron-server[94815]: INFO neutron.wsgi [req-79e89b17-8fb6-46a9-ac63-1571fa2634c8 req-39aeb743-440c-4101-871a-e8c37a6ec972 tempest-ServersWithSpecificFlavorTestJSON-947596851 tempest-ServersWithSpecificFlavorTestJSON-947596851-project] 10.222.0.46 "GET /v2.0/security-groups?id=1a36188c-eb45-4672-91b1-31a8c53a395f&fields=id&fields=name HTTP/1.1" status: 200 len: 312 time: 0.0821717
Sep 01 14:40:50.309012 n-d-800089-28 neutron-server[94815]: INFO neutron.wsgi [req-92f81bf5-77f1-41b2-93cf-1370f5b38341 req-20f7ea2c-7021-4cf4-bb52-483dfc4e092d tempest-QuotasAdminNegativeTest-1626506716 tempest-QuotasAdminNegativeTest-1626506716-project] 10.222.0.46 "GET /v2.0/networks?tenant_id=5bba47469bbd422eb7a595e290c4abe0&shared=False HTTP/1.1" status: 200 len: 213 time: 0.0314019
Sep 01 14:40:50.454720 n-d-800089-28 neutron-server[94815]: DEBUG neutron.pecan_wsgi.hooks.policy_enforcement [req-92f81bf5-77f1-41b2-93cf-1370f5b38341 req-ea616d4b-58aa-4469-b95e-a96ef39e6d2b tempest-QuotasAdminNegativeTest-1626506716 tempest-QuotasAdminNegativeTest-1626506716-project] Attributes excluded by policy engine: ['standard_attr_id', 'vlan_transparent', 'provider:network_type', 'provider:physical_network', 'provider:segmentation_id'] {{(pid=94815) _exclude_attributes_by_policy /opt/stack/neutron/neutron/pecan_wsgi/hooks/policy_enforcement.py:255}}
Sep 01 14:40:50.456294 n-d-800089-28 neutron-server[94815]: INFO neutron.wsgi [req-92f81bf5-77f1-41b2-93cf-1370f5b38341 req-ea616d4b-58aa-4469-b95e-a96ef39e6d2b tempest-QuotasAdminNegativeTest-1626506716 tempest-QuotasAdminNegativeTest-1626506716-project] 10.222.0.46 "GET /v2.0/networks?shared=True HTTP/1.1" status: 200 len: 769 time: 0.1465216
Sep 01 14:40:50.480770 n-d-800089-28 neutron-server[94815]: INFO neutron.wsgi [req-92f81bf5-77f1-41b2-93cf-1370f5b38341 req-308fa110-e359-4b3e-bb23-8400f51848a3 tempest-QuotasAdminNegativeTest-1626506716 tempest-QuotasAdminNegativeTest-1626506716-project] 10.222.0.46 "GET /v2.0/quotas/5bba47469bbd422eb7a595e290c4abe0 HTTP/1.1" status: 200 len: 375 time: 0.0095632
Sep 01 14:40:50.511185 n-d-800089-28 neutron-server[94815]: INFO neutron.wsgi [req-92f81bf5-77f1-41b2-93cf-1370f5b38341 req-03a740c4-89ca-46f7-8e3c-60370ca183e0 tempest-QuotasAdminNegativeTest-1626506716 tempest-QuotasAdminNegativeTest-1626506716-project] 10.222.0.46 "GET /v2.0/ports?tenant_id=5bba47469bbd422eb7a595e290c4abe0&fields=id HTTP/1.1" status: 200 len: 210 time: 0.0295484
Sep 01 14:40:50.683740 n-d-800089-28 neutron-server[94815]: DEBUG neutron.wsgi [-] (94815) accepted ('10.222.0.46', 41666) {{(pid=94815) server /usr/local/lib/python3.8/dist-packages/eventlet/wsgi.py:982}}
Sep 01 14:40:50.700751 n-d-800089-28 neutron-server[94815]: DEBUG neutron_lib.callbacks.manager [None req-fd914f3b-fa8e-405c-98d7-9d081c5a390b admin admin] Notify callbacks [] for security_group, before_create {{(pid=94815) _notify_loop /usr/local/lib/python3.8/dist-packages/neutron_lib/callbacks/manager.py:192}}
Sep 01 14:40:50.707221 n-d-800089-28 neutron-server[94817]: DEBUG neutron_lib.callbacks.manager [None req-5728aaee-ba9a-44c2-9dba-e81f7c93951c None None] Notify callbacks ['neutron.services.segments.db._update_segment_host_mapping_for_agent-8785045966812', 'neutron.plugins.ml2.plugin.Ml2Plugin._retry_binding_revived_agents-2095823'] for agent, after_update {{(pid=94817) _notify_loop /usr/local/lib/python3.8/dist-packages/neutron_lib/callbacks/manager.py:192}}
Sep 01 14:40:50.816928 n-d-800089-28 neutron-server[94815]: DEBUG neutron_lib.callbacks.manager [None req-fd914f3b-fa8e-405c-98d7-9d081c5a390b admin admin] Notify callbacks [] for security_group, precommit_create {{(pid=94815) _notify_loop /usr/local/lib/python3.8/dist-packages/neutron_lib/callbacks/manager.py:192}}
Sep 01 14:40:50.824111 n-d-800089-28 neutron-server[94815]: DEBUG neutron_lib.callbacks.manager [None req-fd914f3b-fa8e-405c-98d7-9d081c5a390b admin admin] Notify callbacks ['neutron.plugins.ml2.ovo_rpc._ObjectChangeHandler.handle_event-634563'] for security_group, after_create {{(pid=94815) _notify_loop /usr/local/lib/python3.8/dist-packages/neutron_lib/callbacks/manager.py:192}}
Sep 01 14:40:50.878633 n-d-800089-28 neutron-server[94815]: DEBUG neutron.api.rpc.handlers.resources_rpc [None req-fd914f3b-fa8e-405c-98d7-9d081c5a390b admin admin] Pushing event updated for resources: {'SecurityGroup': ['ID=15650983-21fc-4191-98d0-72e5f035e4cf,revision_number=1']} {{(pid=94815) push /opt/stack/neutron/neutron/api/rpc/handlers/resources_rpc.py:237}}
Sep 01 14:40:50.891339 n-d-800089-28 neutron-server[94815]: INFO neutron.wsgi [None req-fd914f3b-fa8e-405c-98d7-9d081c5a390b admin admin] 10.222.0.46 "GET /v2.0/security-groups?tenant_id=928274e628a04abd90445264a2ede70c&name=default HTTP/1.1" status: 200 len: 2979 time: 0.2037036
Sep 01 14:40:50.891470 n-d-800089-28 neutron-server[94815]: DEBUG neutron.wsgi [-] (94815) accepted ('10.222.0.46', 41672) {{(pid=94815) server /usr/local/lib/python3.8/dist-packages/eventlet/wsgi.py:982}}
Sep 01 14:40:50.944241 n-d-800089-28 neutron-server[94817]: DEBUG neutron.notifiers.nova [-] Sending events: [{'server_uuid': '6b6e4418-2d0e-4330-b592-79df36b6d139', 'name': 'network-vif-plugged', 'status': 'completed', 'tag': '967aaffd-7a13-4815-acbc-35cf34789c8a'}] {{(pid=94817) send_events /opt/stack/neutron/neutron/notifiers/nova.py:262}}
Sep 01 14:40:50.947504 n-d-800089-28 neutron-server[94817]: DEBUG novaclient.v2.client [-] REQ: curl -g -i --cacert "/opt/stack/data/ca-bundle.pem" -X POST http://10.222.0.46/compute/v2.1/os-server-external-events -H "Accept: application/json" -H "Content-Type: application/json" -H "User-Agent: python-novaclient" -H "X-Auth-Token: {SHA256}6dc5430190f36f3997bf5f40e2df9eb44ec6591c8e16c2e9f52cdaa774d45763" -H "X-OpenStack-Nova-API-Version: 2.1" -H "X-OpenStack-Request-ID: req-cf18c86a-7360-4654-aaaf-667ec13b3ad8" -d '{"events": [{"server_uuid": "6b6e4418-2d0e-4330-b592-79df36b6d139", "name": "network-vif-plugged", "status": "completed", "tag": "967aaffd-7a13-4815-acbc-35cf34789c8a"}]}' {{(pid=94817) _http_log_request /usr/local/lib/python3.8/dist-packages/keystoneauth1/session.py:519}}
Sep 01 14:40:50.957565 n-d-800089-28 neutron-server[94815]: DEBUG neutron.wsgi [-] (94815) accepted ('10.222.0.46', 41682) {{(pid=94815) server /usr/local/lib/python3.8/dist-packages/eventlet/wsgi.py:982}}
Sep 01 14:40:50.960359 n-d-800089-28 neutron-server[94815]: DEBUG neutron_lib.callbacks.manager [None req-a77d34d9-069a-4f43-ac7f-8962c81d087b admin admin] Notify callbacks [] for security_group, before_delete {{(pid=94815) _notify_loop /usr/local/lib/python3.8/dist-packages/neutron_lib/callbacks/manager.py:192}}
Sep 01 14:40:50.991020 n-d-800089-28 neutron-server[94815]: DEBUG neutron_lib.callbacks.manager [None req-a77d34d9-069a-4f43-ac7f-8962c81d087b admin admin] Notify callbacks [] for security_group, precommit_delete {{(pid=94815) _notify_loop /usr/local/lib/python3.8/dist-packages/neutron_lib/callbacks/manager.py:192}}
Sep 01 14:40:50.998629 n-d-800089-28 neutron-server[94817]: DEBUG novaclient.v2.client [-] RESP: [200] Connection: close Content-Length: 183 Content-Type: application/json Date: Wed, 01 Sep 2021 14:40:50 GMT OpenStack-API-Version: compute 2.1 Server: Apache/2.4.41 (Ubuntu) Vary: OpenStack-API-Version,X-OpenStack-Nova-API-Version X-OpenStack-Nova-API-Version: 2.1 x-compute-request-id: req-2a89985b-314a-4df4-9d8a-c3135d654913 x-openstack-request-id: req-2a89985b-314a-4df4-9d8a-c3135d654913 {{(pid=94817) _http_log_response /usr/local/lib/python3.8/dist-packages/keystoneauth1/session.py:550}}
Sep 01 14:40:50.998973 n-d-800089-28 neutron-server[94817]: DEBUG novaclient.v2.client [-] RESP BODY: {"events": [{"server_uuid": "6b6e4418-2d0e-4330-b592-79df36b6d139", "name": "network-vif-plugged", "status": "completed", "tag": "967aaffd-7a13-4815-acbc-35cf34789c8a", "code": 200}]} {{(pid=94817) _http_log_response /usr/local/lib/python3.8/dist-packages/keystoneauth1/session.py:582}}
Sep 01 14:40:50.999282 n-d-800089-28 neutron-server[94817]: DEBUG novaclient.v2.client [-] POST call to compute for http://10.222.0.46/compute/v2.1/os-server-external-events used request id req-2a89985b-314a-4df4-9d8a-c3135d654913 {{(pid=94817) request /usr/local/lib/python3.8/dist-packages/keystoneauth1/session.py:954}}
Sep 01 14:40:50.999950 n-d-800089-28 neutron-server[94817]: INFO neutron.notifiers.nova [-] Nova event response: {'server_uuid': '6b6e4418-2d0e-4330-b592-79df36b6d139', 'name': 'network-vif-plugged', 'status': 'completed', 'tag': '967aaffd-7a13-4815-acbc-35cf34789c8a', 'code': 200}
Sep 01 14:40:51.186526 n-d-800089-28 neutron-server[94815]: DEBUG neutron.pecan_wsgi.hooks.policy_enforcement [req-6c906d71-8e9e-4101-a0b9-746831c4b6af req-996e1e8b-eafb-4d34-8126-3d336966bc7c tempest-DeleteServersAdminTestJSON-440776752 tempest-DeleteServersAdminTestJSON-440776752-project] Attributes excluded by policy engine: ['standard_attr_id', 'binding:profile', 'binding:host_id', 'binding:vif_type', 'binding:vif_details'] {{(pid=94815) _exclude_attributes_by_policy /opt/stack/neutron/neutron/pecan_wsgi/hooks/policy_enforcement.py:255}}
Sep 01 14:40:51.188167 n-d-800089-28 neutron-server[94815]: INFO neutron.wsgi [req-6c906d71-8e9e-4101-a0b9-746831c4b6af req-996e1e8b-eafb-4d34-8126-3d336966bc7c tempest-DeleteServersAdminTestJSON-440776752 tempest-DeleteServersAdminTestJSON-440776752-project] 10.222.0.46 "GET /v2.0/ports?device_id=2f06045f-848e-4269-97d6-a1c80987b468 HTTP/1.1" status: 200 len: 950 time: 0.1111574
Sep 01 14:40:51.188821 n-d-800089-28 neutron-server[94815]: DEBUG neutron_lib.callbacks.manager [None req-a77d34d9-069a-4f43-ac7f-8962c81d087b admin admin] Notify callbacks ['neutron.plugins.ml2.ovo_rpc._ObjectChangeHandler.handle_event-634563'] for security_group, after_delete {{(pid=94815) _notify_loop /usr/local/lib/python3.8/dist-packages/neutron_lib/callbacks/manager.py:192}}
Sep 01 14:40:51.191524 n-d-800089-28 neutron-server[94815]: DEBUG neutron_lib.callbacks.manager [None req-a77d34d9-069a-4f43-ac7f-8962c81d087b admin admin] Notify callbacks [] for security_group, before_response {{(pid=94815) _notify_loop /usr/local/lib/python3.8/dist-packages/neutron_lib/callbacks/manager.py:192}}
Sep 01 14:40:51.193549 n-d-800089-28 neutron-server[94815]: INFO neutron.wsgi [None req-a77d34d9-069a-4f43-ac7f-8962c81d087b admin admin] 10.222.0.46 "DELETE /v2.0/security-groups/15650983-21fc-4191-98d0-72e5f035e4cf HTTP/1.1" status: 204 len: 168 time: 0.3003454
Sep 01 14:40:51.219679 n-d-800089-28 neutron-server[94815]: DEBUG neutron.api.rpc.handlers.resources_rpc [None req-a77d34d9-069a-4f43-ac7f-8962c81d087b admin admin] Pushing event deleted for resources: {'SecurityGroup': ['ID=15650983-21fc-4191-98d0-72e5f035e4cf,revision_number=None']} {{(pid=94815) push /opt/stack/neutron/neutron/api/rpc/handlers/resources_rpc.py:237}}
Sep 01 14:40:51.230335 n-d-800089-28 neutron-server[94815]: DEBUG neutron.pecan_wsgi.hooks.policy_enforcement [req-745bdd3c-6fcd-4c81-b2ef-d194ceb624ad req-0c8e381c-b54f-438c-a79a-cf512661928a service neutron] Attributes excluded by policy engine: ['standard_attr_id'] {{(pid=94815) _exclude_attributes_by_policy /opt/stack/neutron/neutron/pecan_wsgi/hooks/policy_enforcement.py:255}}
Sep 01 14:40:51.233592 n-d-800089-28 neutron-server[94815]: INFO neutron.wsgi [req-745bdd3c-6fcd-4c81-b2ef-d194ceb624ad req-0c8e381c-b54f-438c-a79a-cf512661928a service neutron] 10.222.0.48 "GET /v2.0/ports?device_id=6b6e4418-2d0e-4330-b592-79df36b6d139 HTTP/1.1" status: 200 len: 1097 time: 0.1189814
Sep 01 14:40:51.280971 n-d-800089-28 neutron-server[94815]: INFO neutron.wsgi [req-6c906d71-8e9e-4101-a0b9-746831c4b6af req-04a830e6-0fb4-4e68-9034-8d74867f8b29 tempest-DeleteServersAdminTestJSON-440776752 tempest-DeleteServersAdminTestJSON-440776752-project] 10.222.0.46 "GET /v2.0/security-groups?id=836286f5-6d5b-47b3-a65b-e2210309db27&fields=id&fields=name HTTP/1.1" status: 200 len: 286 time: 0.0837815
Sep 01 14:40:51.284499 n-d-800089-28 neutron-server[94815]: DEBUG neutron_lib.callbacks.manager [None req-2610d020-a4d7-4b3a-81e4-2dfb41bb4cff admin admin] Notify callbacks [] for security_group, before_create {{(pid=94815) _notify_loop /usr/local/lib/python3.8/dist-packages/neutron_lib/callbacks/manager.py:192}}
Sep 01 14:40:51.329934 n-d-800089-28 neutron-server[94815]: INFO neutron.wsgi [req-745bdd3c-6fcd-4c81-b2ef-d194ceb624ad req-c618a5d2-721c-4f44-ae40-d7c53c1afaeb service neutron] 10.222.0.48 "GET /v2.0/security-groups?id=1a36188c-eb45-4672-91b1-31a8c53a395f&fields=id&fields=name HTTP/1.1" status: 200 len: 312 time: 0.0868657
Sep 01 14:40:51.436302 n-d-800089-28 neutron-server[94815]: DEBUG neutron.pecan_wsgi.hooks.policy_enforcement [req-fd7f94bd-3e9a-4c97-8bb3-9af066ac3463 req-1fd69088-8db1-4f5c-913b-27c5d43d98fb tempest-ServersWithSpecificFlavorTestJSON-947596851 tempest-ServersWithSpecificFlavorTestJSON-947596851-project] Attributes excluded by policy engine: ['standard_attr_id', 'binding:profile', 'binding:host_id', 'binding:vif_type', 'binding:vif_details'] {{(pid=94815) _exclude_attributes_by_policy /opt/stack/neutron/neutron/pecan_wsgi/hooks/policy_enforcement.py:255}}
Sep 01 14:40:51.437891 n-d-800089-28 neutron-server[94815]: INFO neutron.wsgi [req-fd7f94bd-3e9a-4c97-8bb3-9af066ac3463 req-1fd69088-8db1-4f5c-913b-27c5d43d98fb tempest-ServersWithSpecificFlavorTestJSON-947596851 tempest-ServersWithSpecificFlavorTestJSON-947596851-project] 10.222.0.46 "GET /v2.0/ports?device_id=6b6e4418-2d0e-4330-b592-79df36b6d139 HTTP/1.1" status: 200 len: 945 time: 0.0793061
Sep 01 14:40:51.475510 n-d-800089-28 neutron-server[94815]: DEBUG neutron_lib.callbacks.manager [None req-2610d020-a4d7-4b3a-81e4-2dfb41bb4cff admin admin] Notify callbacks [] for security_group, precommit_create {{(pid=94815) _notify_loop /usr/local/lib/python3.8/dist-packages/neutron_lib/callbacks/manager.py:192}}
Sep 01 14:40:51.488911 n-d-800089-28 neutron-server[94815]: DEBUG neutron_lib.callbacks.manager [None req-2610d020-a4d7-4b3a-81e4-2dfb41bb4cff admin admin] Notify callbacks ['neutron.plugins.ml2.ovo_rpc._ObjectChangeHandler.handle_event-634563'] for security_group, after_create {{(pid=94815) _notify_loop /usr/local/lib/python3.8/dist-packages/neutron_lib/callbacks/manager.py:192}}
Sep 01 14:40:51.517503 n-d-800089-28 neutron-server[94815]: INFO neutron.wsgi [req-fd7f94bd-3e9a-4c97-8bb3-9af066ac3463 req-5f990cd6-af80-4e59-81fd-ad2f9d15b31d tempest-ServersWithSpecificFlavorTestJSON-947596851 tempest-ServersWithSpecificFlavorTestJSON-947596851-project] 10.222.0.46 "GET /v2.0/security-groups?id=1a36188c-eb45-4672-91b1-31a8c53a395f&fields=id&fields=name HTTP/1.1" status: 200 len: 312 time: 0.0700700
Sep 01 14:40:51.542393 n-d-800089-28 neutron-server[94815]: INFO neutron.wsgi [None req-2610d020-a4d7-4b3a-81e4-2dfb41bb4cff admin admin] 10.222.0.46 "GET /v2.0/security-groups?tenant_id=052d08057dfe42be90d9eb4556ef7f31&name=default HTTP/1.1" status: 200 len: 2979 time: 0.5835304
Sep 01 14:40:51.543531 n-d-800089-28 neutron-server[94815]: DEBUG neutron.api.rpc.handlers.resources_rpc [None req-2610d020-a4d7-4b3a-81e4-2dfb41bb4cff admin admin] Pushing event updated for resources: {'SecurityGroup': ['ID=5c6d6055-b165-406c-8797-07edb0969d4a,revision_number=1']} {{(pid=94815) push /opt/stack/neutron/neutron/api/rpc/handlers/resources_rpc.py:237}}
Sep 01 14:40:51.545271 n-d-800089-28 neutron-server[94816]: DEBUG neutron.wsgi [-] (94816) accepted ('10.222.0.46', 41708) {{(pid=94816) server /usr/local/lib/python3.8/dist-packages/eventlet/wsgi.py:982}}
Sep 01 14:40:51.610448 n-d-800089-28 neutron-server[94816]: DEBUG neutron_lib.callbacks.manager [None req-427d1455-42ae-4da8-bb04-205e8237e3b4 admin admin] Notify callbacks [] for security_group, before_delete {{(pid=94816) _notify_loop /usr/local/lib/python3.8/dist-packages/neutron_lib/callbacks/manager.py:192}}
Sep 01 14:40:51.634614 n-d-800089-28 neutron-server[94816]: DEBUG neutron_lib.callbacks.manager [None req-427d1455-42ae-4da8-bb04-205e8237e3b4 admin admin] Notify callbacks [] for security_group, precommit_delete {{(pid=94816) _notify_loop /usr/local/lib/python3.8/dist-packages/neutron_lib/callbacks/manager.py:192}}
Sep 01 14:40:51.714517 n-d-800089-28 neutron-server[94816]: DEBUG neutron_lib.callbacks.manager [None req-427d1455-42ae-4da8-bb04-205e8237e3b4 admin admin] Notify callbacks ['neutron.plugins.ml2.ovo_rpc._ObjectChangeHandler.handle_event-634563'] for security_group, after_delete {{(pid=94816) _notify_loop /usr/local/lib/python3.8/dist-packages/neutron_lib/callbacks/manager.py:192}}
Sep 01 14:40:51.717382 n-d-800089-28 neutron-server[94816]: DEBUG neutron_lib.callbacks.manager [None req-427d1455-42ae-4da8-bb04-205e8237e3b4 admin admin] Notify callbacks [] for security_group, before_response {{(pid=94816) _notify_loop /usr/local/lib/python3.8/dist-packages/neutron_lib/callbacks/manager.py:192}}
Sep 01 14:40:51.721397 n-d-800089-28 neutron-server[94816]: INFO neutron.wsgi [None req-427d1455-42ae-4da8-bb04-205e8237e3b4 admin admin] 10.222.0.46 "DELETE /v2.0/security-groups/5c6d6055-b165-406c-8797-07edb0969d4a HTTP/1.1" status: 204 len: 168 time: 0.1715426
Sep 01 14:40:51.746022 n-d-800089-28 neutron-server[94816]: DEBUG neutron.pecan_wsgi.hooks.policy_enforcement [req-b06ad927-ac09-492e-ad6e-2d46e8f354e7 req-dea93ae6-370f-43bc-a25d-32fb629ee050 tempest-DeleteServersAdminTestJSON-440776752 tempest-DeleteServersAdminTestJSON-440776752-project] Attributes excluded by policy engine: ['standard_attr_id', 'binding:profile', 'binding:host_id', 'binding:vif_type', 'binding:vif_details'] {{(pid=94816) _exclude_attributes_by_policy /opt/stack/neutron/neutron/pecan_wsgi/hooks/policy_enforcement.py:255}}
Sep 01 14:40:51.747505 n-d-800089-28 neutron-server[94816]: INFO neutron.wsgi [req-b06ad927-ac09-492e-ad6e-2d46e8f354e7 req-dea93ae6-370f-43bc-a25d-32fb629ee050 tempest-DeleteServersAdminTestJSON-440776752 tempest-DeleteServersAdminTestJSON-440776752-project] 10.222.0.46 "GET /v2.0/ports?device_id=2f06045f-848e-4269-97d6-a1c80987b468 HTTP/1.1" status: 200 len: 950 time: 0.0723505
Sep 01 14:40:51.748410 n-d-800089-28 neutron-server[94816]: DEBUG neutron.api.rpc.handlers.resources_rpc [None req-427d1455-42ae-4da8-bb04-205e8237e3b4 admin admin] Pushing event deleted for resources: {'SecurityGroup': ['ID=5c6d6055-b165-406c-8797-07edb0969d4a,revision_number=None']} {{(pid=94816) push /opt/stack/neutron/neutron/api/rpc/handlers/resources_rpc.py:237}}
Sep 01 14:40:51.810713 n-d-800089-28 neutron-server[94816]: INFO neutron.wsgi [req-b06ad927-ac09-492e-ad6e-2d46e8f354e7 req-5eebe0eb-4fd8-424c-a800-3e26e7243b36 tempest-DeleteServersAdminTestJSON-440776752 tempest-DeleteServersAdminTestJSON-440776752-project] 10.222.0.46 "GET /v2.0/security-groups?id=836286f5-6d5b-47b3-a65b-e2210309db27&fields=id&fields=name HTTP/1.1" status: 200 len: 286 time: 0.0367737
Sep 01 14:40:52.160249 n-d-800089-28 neutron-server[94816]: DEBUG neutron.pecan_wsgi.hooks.policy_enforcement [req-60985a53-f739-449a-a0b4-737e2b3c3a37 req-825839f9-296f-4a10-be08-a303c940508c tempest-DeleteServersAdminTestJSON-440776752 tempest-DeleteServersAdminTestJSON-440776752-project] Attributes excluded by policy engine: ['standard_attr_id', 'binding:profile', 'binding:host_id', 'binding:vif_type', 'binding:vif_details'] {{(pid=94816) _exclude_attributes_by_policy /opt/stack/neutron/neutron/pecan_wsgi/hooks/policy_enforcement.py:255}}
Sep 01 14:40:52.163236 n-d-800089-28 neutron-server[94816]: INFO neutron.wsgi [req-60985a53-f739-449a-a0b4-737e2b3c3a37 req-825839f9-296f-4a10-be08-a303c940508c tempest-DeleteServersAdminTestJSON-440776752 tempest-DeleteServersAdminTestJSON-440776752-project] 10.222.0.46 "GET /v2.0/ports?device_id=2f06045f-848e-4269-97d6-a1c80987b468 HTTP/1.1" status: 200 len: 950 time: 0.0658698
Sep 01 14:40:52.224747 n-d-800089-28 neutron-server[94816]: INFO neutron.wsgi [req-60985a53-f739-449a-a0b4-737e2b3c3a37 req-74f57a9b-3b65-49f6-9069-427a3d1cbf63 tempest-DeleteServersAdminTestJSON-440776752 tempest-DeleteServersAdminTestJSON-440776752-project] 10.222.0.46 "GET /v2.0/security-groups?id=836286f5-6d5b-47b3-a65b-e2210309db27&fields=id&fields=name HTTP/1.1" status: 200 len: 286 time: 0.0430787
Sep 01 14:40:52.316816 n-d-800089-28 neutron-server[94816]: DEBUG neutron.wsgi [-] (94816) accepted ('10.222.0.46', 41750) {{(pid=94816) server /usr/local/lib/python3.8/dist-packages/eventlet/wsgi.py:982}}
Sep 01 14:40:52.332550 n-d-800089-28 neutron-server[94816]: DEBUG neutron_lib.callbacks.manager [None req-71d86b12-ab75-4d8a-9a5d-363fcc9c13d9 admin admin] Notify callbacks [] for security_group, before_create {{(pid=94816) _notify_loop /usr/local/lib/python3.8/dist-packages/neutron_lib/callbacks/manager.py:192}}
Sep 01 14:40:52.441622 n-d-800089-28 neutron-server[94816]: DEBUG neutron_lib.callbacks.manager [None req-71d86b12-ab75-4d8a-9a5d-363fcc9c13d9 admin admin] Notify callbacks [] for security_group, precommit_create {{(pid=94816) _notify_loop /usr/local/lib/python3.8/dist-packages/neutron_lib/callbacks/manager.py:192}}
Sep 01 14:40:52.450405 n-d-800089-28 neutron-server[94816]: DEBUG neutron_lib.callbacks.manager [None req-71d86b12-ab75-4d8a-9a5d-363fcc9c13d9 admin admin] Notify callbacks ['neutron.plugins.ml2.ovo_rpc._ObjectChangeHandler.handle_event-634563'] for security_group, after_create {{(pid=94816) _notify_loop /usr/local/lib/python3.8/dist-packages/neutron_lib/callbacks/manager.py:192}}
Sep 01 14:40:52.491171 n-d-800089-28 neutron-server[94816]: INFO neutron.wsgi [None req-71d86b12-ab75-4d8a-9a5d-363fcc9c13d9 admin admin] 10.222.0.46 "GET /v2.0/security-groups?tenant_id=1195d7a49f504caaa90aa1726d2b40ca&name=default HTTP/1.1" status: 200 len: 2979 time: 0.1726494
Sep 01 14:40:52.493679 n-d-800089-28 neutron-server[94815]: DEBUG neutron.wsgi [-] (94815) accepted ('10.222.0.46', 41760) {{(pid=94815) server /usr/local/lib/python3.8/dist-packages/eventlet/wsgi.py:982}}
Sep 01 14:40:52.496702 n-d-800089-28 neutron-server[94816]: DEBUG neutron.api.rpc.handlers.resources_rpc [None req-71d86b12-ab75-4d8a-9a5d-363fcc9c13d9 admin admin] Pushing event updated for resources: {'SecurityGroup': ['ID=cdb58e1b-c3e7-49bd-a7d2-d49cb5487ed7,revision_number=1']} {{(pid=94816) push /opt/stack/neutron/neutron/api/rpc/handlers/resources_rpc.py:237}}
Sep 01 14:40:52.550646 n-d-800089-28 neutron-server[94815]: DEBUG neutron_lib.callbacks.manager [None req-afcaba11-136a-4c5d-88da-8d34102f5c34 admin admin] Notify callbacks [] for security_group, before_delete {{(pid=94815) _notify_loop /usr/local/lib/python3.8/dist-packages/neutron_lib/callbacks/manager.py:192}}
Sep 01 14:40:52.580286 n-d-800089-28 neutron-server[94815]: DEBUG neutron_lib.callbacks.manager [None req-afcaba11-136a-4c5d-88da-8d34102f5c34 admin admin] Notify callbacks [] for security_group, precommit_delete {{(pid=94815) _notify_loop /usr/local/lib/python3.8/dist-packages/neutron_lib/callbacks/manager.py:192}}
Sep 01 14:40:52.643021 n-d-800089-28 neutron-server[94815]: DEBUG neutron_lib.callbacks.manager [None req-afcaba11-136a-4c5d-88da-8d34102f5c34 admin admin] Notify callbacks ['neutron.plugins.ml2.ovo_rpc._ObjectChangeHandler.handle_event-634563'] for security_group, after_delete {{(pid=94815) _notify_loop /usr/local/lib/python3.8/dist-packages/neutron_lib/callbacks/manager.py:192}}
