Aug 31 00:21:28.784106 n-d-800089-25 devstack@placement-api.service[95779]: [pid: 95779|app: 0|req: 189/373] 10.222.0.37 () {60 vars in 1479 bytes} [Tue Aug 31 00:21:28 2021] GET /placement/allocation_candidates?limit=1000&resources=MEMORY_MB%3A1024%2CVCPU%3A1&root_required=%21COMPUTE_STATUS_DISABLED => generated 1281 bytes in 173 msecs (HTTP/1.1 200) 8 headers in 297 bytes (1 switches on core 0)
Aug 31 00:21:28.851961 n-d-800089-25 devstack@placement-api.service[95779]: DEBUG placement.requestlog [req-ffb63e4c-4053-4096-a4c1-15fc3c600b49 req-a1bc8b18-dd37-402b-a359-a6572678ffd5 None None] Starting request: 10.222.0.37 "GET /placement/allocations/e3107d1b-e3a3-4e2e-a97b-7a65424fc382" {{(pid=95779) __call__ /opt/stack/placement/placement/requestlog.py:55}}
Aug 31 00:21:28.877188 n-d-800089-25 devstack@placement-api.service[95779]: INFO placement.requestlog [req-ffb63e4c-4053-4096-a4c1-15fc3c600b49 req-a1bc8b18-dd37-402b-a359-a6572678ffd5 service placement] 10.222.0.37 "GET /placement/allocations/e3107d1b-e3a3-4e2e-a97b-7a65424fc382" status: 200 len: 19 microversion: 1.28
Aug 31 00:21:28.879597 n-d-800089-25 devstack@placement-api.service[95779]: [pid: 95779|app: 0|req: 190/374] 10.222.0.37 () {60 vars in 1381 bytes} [Tue Aug 31 00:21:28 2021] GET /placement/allocations/e3107d1b-e3a3-4e2e-a97b-7a65424fc382 => generated 19 bytes in 28 msecs (HTTP/1.1 200) 8 headers in 295 bytes (1 switches on core 0)
Aug 31 00:21:28.888353 n-d-800089-25 devstack@placement-api.service[95779]: DEBUG placement.requestlog [req-ffb63e4c-4053-4096-a4c1-15fc3c600b49 req-61147bbc-06b6-4823-8c5f-53555b412d50 None None] Starting request: 10.222.0.37 "PUT /placement/allocations/e3107d1b-e3a3-4e2e-a97b-7a65424fc382" {{(pid=95779) __call__ /opt/stack/placement/placement/requestlog.py:55}}
Aug 31 00:21:29.069224 n-d-800089-25 devstack@placement-api.service[95778]: DEBUG placement.handlers.allocation [req-955b1df7-b86a-46da-b973-596964d5765e req-5fee7b5e-20d1-485d-b9bf-2998813dabf6 service placement] Successfully wrote allocations [, , , , , ] {{(pid=95778) _create_allocations /opt/stack/placement/placement/handlers/allocation.py:555}}
Aug 31 00:21:29.070481 n-d-800089-25 devstack@placement-api.service[95778]: INFO placement.requestlog [req-955b1df7-b86a-46da-b973-596964d5765e req-5fee7b5e-20d1-485d-b9bf-2998813dabf6 service placement] 10.222.0.37 "POST /placement/allocations" status: 204 len: 0 microversion: 1.28
Aug 31 00:21:29.071119 n-d-800089-25 devstack@placement-api.service[95778]: [pid: 95778|app: 0|req: 185/375] 10.222.0.37 () {64 vars in 1324 bytes} [Tue Aug 31 00:21:28 2021] POST /placement/allocations => generated 0 bytes in 398 msecs (HTTP/1.1 204) 5 headers in 199 bytes (2 switches on core 0)
Aug 31 00:21:29.077784 n-d-800089-25 devstack@placement-api.service[95779]: DEBUG placement.objects.allocation [req-ffb63e4c-4053-4096-a4c1-15fc3c600b49 req-61147bbc-06b6-4823-8c5f-53555b412d50 service placement] Retrying allocations write on resource provider generation conflict {{(pid=95779) replace_all /opt/stack/placement/placement/objects/allocation.py:507}}
Aug 31 00:21:29.092003 n-d-800089-25 devstack@placement-api.service[95779]: DEBUG placement.objects.allocation [req-ffb63e4c-4053-4096-a4c1-15fc3c600b49 req-61147bbc-06b6-4823-8c5f-53555b412d50 service placement] Retrying allocations write on resource provider generation conflict {{(pid=95779) replace_all /opt/stack/placement/placement/objects/allocation.py:507}}
Aug 31 00:21:29.121287 n-d-800089-25 devstack@placement-api.service[95779]: DEBUG placement.objects.allocation [req-ffb63e4c-4053-4096-a4c1-15fc3c600b49 req-61147bbc-06b6-4823-8c5f-53555b412d50 service placement] Retrying allocations write on resource provider generation conflict {{(pid=95779) replace_all /opt/stack/placement/placement/objects/allocation.py:507}}
Aug 31 00:21:29.129607 n-d-800089-25 devstack@placement-api.service[95778]: DEBUG placement.requestlog [req-955b1df7-b86a-46da-b973-596964d5765e req-503bfe25-4b75-47b6-9bb8-7dcdb0d56e6b None None] Starting request: 10.222.0.37 "GET /placement/allocation_candidates?limit=1000&resources=DISK_GB%3A1%2CMEMORY_MB%3A1024%2CVCPU%3A1&root_required=%21COMPUTE_STATUS_DISABLED" {{(pid=95778) __call__ /opt/stack/placement/placement/requestlog.py:55}}
Aug 31 00:21:29.147649 n-d-800089-25 devstack@placement-api.service[95779]: DEBUG placement.objects.allocation [req-ffb63e4c-4053-4096-a4c1-15fc3c600b49 req-61147bbc-06b6-4823-8c5f-53555b412d50 service placement] Retrying allocations write on resource provider generation conflict {{(pid=95779) replace_all /opt/stack/placement/placement/objects/allocation.py:507}}
Aug 31 00:21:29.190284 n-d-800089-25 devstack@placement-api.service[95779]: DEBUG placement.objects.allocation [req-ffb63e4c-4053-4096-a4c1-15fc3c600b49 req-61147bbc-06b6-4823-8c5f-53555b412d50 service placement] Retrying allocations write on resource provider generation conflict {{(pid=95779) replace_all /opt/stack/placement/placement/objects/allocation.py:507}}
Aug 31 00:21:29.224468 n-d-800089-25 devstack@placement-api.service[95778]: DEBUG placement.objects.research_context [req-955b1df7-b86a-46da-b973-596964d5765e req-503bfe25-4b75-47b6-9bb8-7dcdb0d56e6b service placement] getting providers with 1 DISK_GB {{(pid=95778) __init__ /opt/stack/placement/placement/objects/research_context.py:126}}
Aug 31 00:21:29.234798 n-d-800089-25 devstack@placement-api.service[95779]: DEBUG placement.objects.allocation [req-ffb63e4c-4053-4096-a4c1-15fc3c600b49 req-61147bbc-06b6-4823-8c5f-53555b412d50 service placement] Retrying allocations write on resource provider generation conflict {{(pid=95779) replace_all /opt/stack/placement/placement/objects/allocation.py:507}}
Aug 31 00:21:29.250979 n-d-800089-25 devstack@placement-api.service[95778]: DEBUG placement.objects.research_context [req-955b1df7-b86a-46da-b973-596964d5765e req-503bfe25-4b75-47b6-9bb8-7dcdb0d56e6b service placement] getting providers with 1024 MEMORY_MB {{(pid=95778) __init__ /opt/stack/placement/placement/objects/research_context.py:126}}
Aug 31 00:21:29.251352 n-d-800089-25 devstack@placement-api.service[95779]: DEBUG placement.objects.allocation [req-ffb63e4c-4053-4096-a4c1-15fc3c600b49 req-61147bbc-06b6-4823-8c5f-53555b412d50 service placement] Retrying allocations write on resource provider generation conflict {{(pid=95779) replace_all /opt/stack/placement/placement/objects/allocation.py:507}}
Aug 31 00:21:29.271238 n-d-800089-25 devstack@placement-api.service[95778]: DEBUG placement.objects.research_context [req-955b1df7-b86a-46da-b973-596964d5765e req-503bfe25-4b75-47b6-9bb8-7dcdb0d56e6b service placement] getting providers with 1 VCPU {{(pid=95778) __init__ /opt/stack/placement/placement/objects/research_context.py:126}}
Aug 31 00:21:29.280597 n-d-800089-25 devstack@placement-api.service[95779]: DEBUG placement.objects.allocation [req-ffb63e4c-4053-4096-a4c1-15fc3c600b49 req-61147bbc-06b6-4823-8c5f-53555b412d50 service placement] Retrying allocations write on resource provider generation conflict {{(pid=95779) replace_all /opt/stack/placement/placement/objects/allocation.py:507}}
Aug 31 00:21:29.283995 n-d-800089-25 devstack@placement-api.service[95778]: DEBUG placement.objects.research_context [req-955b1df7-b86a-46da-b973-596964d5765e req-503bfe25-4b75-47b6-9bb8-7dcdb0d56e6b service placement] found 2 providers with available 1 DISK_GB {{(pid=95778) get_provider_ids_matching /opt/stack/placement/placement/objects/research_context.py:549}}
Aug 31 00:21:29.284781 n-d-800089-25 devstack@placement-api.service[95778]: DEBUG placement.objects.research_context [req-955b1df7-b86a-46da-b973-596964d5765e req-503bfe25-4b75-47b6-9bb8-7dcdb0d56e6b service placement] found 2 providers with available 1024 MEMORY_MB {{(pid=95778) get_provider_ids_matching /opt/stack/placement/placement/objects/research_context.py:549}}
Aug 31 00:21:29.285465 n-d-800089-25 devstack@placement-api.service[95778]: DEBUG placement.objects.research_context [req-955b1df7-b86a-46da-b973-596964d5765e req-503bfe25-4b75-47b6-9bb8-7dcdb0d56e6b service placement] found 2 providers after filtering by previous result {{(pid=95778) get_provider_ids_matching /opt/stack/placement/placement/objects/research_context.py:580}}
Aug 31 00:21:29.286115 n-d-800089-25 devstack@placement-api.service[95778]: DEBUG placement.objects.research_context [req-955b1df7-b86a-46da-b973-596964d5765e req-503bfe25-4b75-47b6-9bb8-7dcdb0d56e6b service placement] found 2 providers with available 1 VCPU {{(pid=95778) get_provider_ids_matching /opt/stack/placement/placement/objects/research_context.py:549}}
Aug 31 00:21:29.286797 n-d-800089-25 devstack@placement-api.service[95778]: DEBUG placement.objects.research_context [req-955b1df7-b86a-46da-b973-596964d5765e req-503bfe25-4b75-47b6-9bb8-7dcdb0d56e6b service placement] found 2 providers after filtering by previous result {{(pid=95778) get_provider_ids_matching /opt/stack/placement/placement/objects/research_context.py:580}}
Aug 31 00:21:29.310953 n-d-800089-25 devstack@placement-api.service[95779]: DEBUG placement.objects.allocation [req-ffb63e4c-4053-4096-a4c1-15fc3c600b49 req-61147bbc-06b6-4823-8c5f-53555b412d50 service placement] Retrying allocations write on resource provider generation conflict {{(pid=95779) replace_all /opt/stack/placement/placement/objects/allocation.py:507}}
Aug 31 00:21:29.311056 n-d-800089-25 devstack@placement-api.service[95778]: DEBUG placement.objects.allocation_candidate [req-955b1df7-b86a-46da-b973-596964d5765e req-503bfe25-4b75-47b6-9bb8-7dcdb0d56e6b service placement] RequestGroup(use_same_provider=False, resources={DISK_GB:1, MEMORY_MB:1024, VCPU:1}, traits=[], aggregates=[]) (suffix '') returned 2 matches {{(pid=95778) _get_by_requests /opt/stack/placement/placement/objects/allocation_candidate.py:145}}
Aug 31 00:21:29.311056 n-d-800089-25 devstack@placement-api.service[95778]: DEBUG placement.objects.allocation_candidate [req-955b1df7-b86a-46da-b973-596964d5765e req-503bfe25-4b75-47b6-9bb8-7dcdb0d56e6b service placement] Merging candidates yields 2 allocation requests and 2 provider summaries {{(pid=95778) _merge_candidates /opt/stack/placement/placement/objects/allocation_candidate.py:783}}
Aug 31 00:21:29.312739 n-d-800089-25 devstack@placement-api.service[95778]: INFO placement.requestlog [req-955b1df7-b86a-46da-b973-596964d5765e req-503bfe25-4b75-47b6-9bb8-7dcdb0d56e6b service placement] 10.222.0.37 "GET /placement/allocation_candidates?limit=1000&resources=DISK_GB%3A1%2CMEMORY_MB%3A1024%2CVCPU%3A1&root_required=%21COMPUTE_STATUS_DISABLED" status: 200 len: 1309 microversion: 1.36
Aug 31 00:21:29.313365 n-d-800089-25 devstack@placement-api.service[95778]: [pid: 95778|app: 0|req: 186/376] 10.222.0.37 () {60 vars in 1507 bytes} [Tue Aug 31 00:21:29 2021] GET /placement/allocation_candidates?limit=1000&resources=DISK_GB%3A1%2CMEMORY_MB%3A1024%2CVCPU%3A1&root_required=%21COMPUTE_STATUS_DISABLED => generated 1309 bytes in 185 msecs (HTTP/1.1 200) 8 headers in 297 bytes (2 switches on core 0)
Aug 31 00:21:29.334500 n-d-800089-25 devstack@placement-api.service[95779]: DEBUG placement.objects.allocation [req-ffb63e4c-4053-4096-a4c1-15fc3c600b49 req-61147bbc-06b6-4823-8c5f-53555b412d50 service placement] Retrying allocations write on resource provider generation conflict {{(pid=95779) replace_all /opt/stack/placement/placement/objects/allocation.py:507}}
Aug 31 00:21:29.344475 n-d-800089-25 devstack@placement-api.service[95779]: WARNING placement.objects.allocation [req-ffb63e4c-4053-4096-a4c1-15fc3c600b49 req-61147bbc-06b6-4823-8c5f-53555b412d50 service placement] Exceeded retry limit of 10 on allocations write
Aug 31 00:21:29.350399 n-d-800089-25 devstack@placement-api.service[95779]: DEBUG placement.handlers.allocation [req-ffb63e4c-4053-4096-a4c1-15fc3c600b49 req-61147bbc-06b6-4823-8c5f-53555b412d50 service placement] Deleted auto-created consumer with consumer UUID e3107d1b-e3a3-4e2e-a97b-7a65424fc382 after failed allocation {{(pid=95779) delete_consumers /opt/stack/placement/placement/handlers/allocation.py:374}}
Aug 31 00:21:29.392993 n-d-800089-25 devstack@placement-api.service[95778]: DEBUG placement.requestlog [req-955b1df7-b86a-46da-b973-596964d5765e req-cd235bff-4e18-4675-a345-c0cd04800170 None None] Starting request: 10.222.0.37 "GET /placement/allocations/f0a84941-dbd5-47f9-801b-839179adf3e5" {{(pid=95778) __call__ /opt/stack/placement/placement/requestlog.py:55}}
Aug 31 00:21:29.409096 n-d-800089-25 devstack@placement-api.service[95778]: INFO placement.requestlog [req-955b1df7-b86a-46da-b973-596964d5765e req-cd235bff-4e18-4675-a345-c0cd04800170 service placement] 10.222.0.37 "GET /placement/allocations/f0a84941-dbd5-47f9-801b-839179adf3e5" status: 200 len: 19 microversion: 1.28
Aug 31 00:21:29.409971 n-d-800089-25 devstack@placement-api.service[95778]: [pid: 95778|app: 0|req: 187/377] 10.222.0.37 () {60 vars in 1381 bytes} [Tue Aug 31 00:21:29 2021] GET /placement/allocations/f0a84941-dbd5-47f9-801b-839179adf3e5 => generated 19 bytes in 18 msecs (HTTP/1.1 200) 8 headers in 295 bytes (2 switches on core 0)
Aug 31 00:21:29.411314 n-d-800089-25 devstack@placement-api.service[95779]: DEBUG placement.wsgi_wrapper [req-ffb63e4c-4053-4096-a4c1-15fc3c600b49 req-61147bbc-06b6-4823-8c5f-53555b412d50 service placement] Placement API returning an error response: Inventory and/or allocations changed while attempting to allocate: Another thread concurrently updated the resource provider data. Please retry your update {{(pid=95779) call_func /opt/stack/placement/placement/wsgi_wrapper.py:31}}
Aug 31 00:21:29.412701 n-d-800089-25 devstack@placement-api.service[95779]: INFO placement.requestlog [req-ffb63e4c-4053-4096-a4c1-15fc3c600b49 req-61147bbc-06b6-4823-8c5f-53555b412d50 service placement] 10.222.0.37 "PUT /placement/allocations/e3107d1b-e3a3-4e2e-a97b-7a65424fc382" status: 409 len: 381 microversion: 1.36
Aug 31 00:21:29.413258 n-d-800089-25 devstack@placement-api.service[95779]: [pid: 95779|app: 0|req: 191/378] 10.222.0.37 () {64 vars in 1434 bytes} [Tue Aug 31 00:21:28 2021] PUT /placement/allocations/e3107d1b-e3a3-4e2e-a97b-7a65424fc382 => generated 381 bytes in 528 msecs (HTTP/1.1 409) 6 headers in 231 bytes (1 switches on core 0)
Aug 31 00:21:29.421335 n-d-800089-25 devstack@placement-api.service[95778]: DEBUG placement.requestlog [req-955b1df7-b86a-46da-b973-596964d5765e req-b1f50dd4-e7d1-4292-b914-483ef44cf7e0 None None] Starting request: 10.222.0.37 "PUT /placement/allocations/f0a84941-dbd5-47f9-801b-839179adf3e5" {{(pid=95778) __call__ /opt/stack/placement/placement/requestlog.py:55}}
Aug 31 00:21:29.483936 n-d-800089-25 devstack@placement-api.service[95778]: DEBUG placement.handlers.allocation [req-955b1df7-b86a-46da-b973-596964d5765e req-b1f50dd4-e7d1-4292-b914-483ef44cf7e0 service placement] Successfully wrote allocations [, , ] {{(pid=95778) _create_allocations /opt/stack/placement/placement/handlers/allocation.py:461}}
Aug 31 00:21:29.560103 n-d-800089-25 devstack@placement-api.service[95779]: DEBUG placement.requestlog [req-ffb63e4c-4053-4096-a4c1-15fc3c600b49 req-e2a63e4e-26c1-4b8d-8bf8-f4111b9dd4e2 None None] Starting request: 10.222.0.37 "GET /placement/allocations/e3107d1b-e3a3-4e2e-a97b-7a65424fc382" {{(pid=95779) __call__ /opt/stack/placement/placement/requestlog.py:55}}
Aug 31 00:21:29.571351 n-d-800089-25 devstack@placement-api.service[95778]: INFO placement.requestlog [req-955b1df7-b86a-46da-b973-596964d5765e req-b1f50dd4-e7d1-4292-b914-483ef44cf7e0 service placement] 10.222.0.37 "PUT /placement/allocations/f0a84941-dbd5-47f9-801b-839179adf3e5" status: 204 len: 0 microversion: 1.36
Aug 31 00:21:29.571803 n-d-800089-25 devstack@placement-api.service[95778]: [pid: 95778|app: 0|req: 188/379] 10.222.0.37 () {64 vars in 1434 bytes} [Tue Aug 31 00:21:29 2021] PUT /placement/allocations/f0a84941-dbd5-47f9-801b-839179adf3e5 => generated 0 bytes in 151 msecs (HTTP/1.1 204) 5 headers in 199 bytes (1 switches on core 0)
Aug 31 00:21:29.585344 n-d-800089-25 devstack@placement-api.service[95779]: INFO placement.requestlog [req-ffb63e4c-4053-4096-a4c1-15fc3c600b49 req-e2a63e4e-26c1-4b8d-8bf8-f4111b9dd4e2 service placement] 10.222.0.37 "GET /placement/allocations/e3107d1b-e3a3-4e2e-a97b-7a65424fc382" status: 200 len: 19 microversion: 1.28
Aug 31 00:21:29.585910 n-d-800089-25 devstack@placement-api.service[95779]: [pid: 95779|app: 0|req: 192/380] 10.222.0.37 () {60 vars in 1381 bytes} [Tue Aug 31 00:21:29 2021] GET /placement/allocations/e3107d1b-e3a3-4e2e-a97b-7a65424fc382 => generated 19 bytes in 26 msecs (HTTP/1.1 200) 8 headers in 295 bytes (2 switches on core 0)
Aug 31 00:21:29.592926 n-d-800089-25 devstack@placement-api.service[95778]: DEBUG placement.requestlog [req-ffb63e4c-4053-4096-a4c1-15fc3c600b49 req-e5a746d4-c240-4088-bdeb-971c6b31823c None None] Starting request: 10.222.0.37 "PUT /placement/allocations/e3107d1b-e3a3-4e2e-a97b-7a65424fc382" {{(pid=95778) __call__ /opt/stack/placement/placement/requestlog.py:55}}
Aug 31 00:21:29.702055 n-d-800089-25 devstack@placement-api.service[95778]: DEBUG placement.handlers.allocation [req-ffb63e4c-4053-4096-a4c1-15fc3c600b49 req-e5a746d4-c240-4088-bdeb-971c6b31823c service placement] Successfully wrote allocations [, ] {{(pid=95778) _create_allocations /opt/stack/placement/placement/handlers/allocation.py:461}}
Aug 31 00:21:29.805382 n-d-800089-25 devstack@placement-api.service[95778]: INFO placement.requestlog [req-ffb63e4c-4053-4096-a4c1-15fc3c600b49 req-e5a746d4-c240-4088-bdeb-971c6b31823c service placement] 10.222.0.37 "PUT /placement/allocations/e3107d1b-e3a3-4e2e-a97b-7a65424fc382" status: 204 len: 0 microversion: 1.36
Aug 31 00:21:29.806146 n-d-800089-25 devstack@placement-api.service[95778]: [pid: 95778|app: 0|req: 189/381] 10.222.0.37 () {64 vars in 1434 bytes} [Tue Aug 31 00:21:29 2021] PUT /placement/allocations/e3107d1b-e3a3-4e2e-a97b-7a65424fc382 => generated 0 bytes in 213 msecs (HTTP/1.1 204) 5 headers in 199 bytes (1 switches on core 0)
Aug 31 00:21:30.399134 n-d-800089-25 devstack@placement-api.service[95779]: DEBUG placement.requestlog [req-955b1df7-b86a-46da-b973-596964d5765e req-285380b7-3833-448e-a3f2-61f01d8621ae None None] Starting request: 10.222.0.26 "GET /placement/allocations/f0a84941-dbd5-47f9-801b-839179adf3e5" {{(pid=95779) __call__ /opt/stack/placement/placement/requestlog.py:55}}
Aug 31 00:21:30.435714 n-d-800089-25 devstack@placement-api.service[95779]: INFO placement.requestlog [req-955b1df7-b86a-46da-b973-596964d5765e req-285380b7-3833-448e-a3f2-61f01d8621ae service placement] 10.222.0.26 "GET /placement/allocations/f0a84941-dbd5-47f9-801b-839179adf3e5" status: 200 len: 259 microversion: 1.28
Aug 31 00:21:30.436472 n-d-800089-25 devstack@placement-api.service[95779]: [pid: 95779|app: 0|req: 193/382] 10.222.0.26 () {60 vars in 1378 bytes} [Tue Aug 31 00:21:30 2021] GET /placement/allocations/f0a84941-dbd5-47f9-801b-839179adf3e5 => generated 259 bytes in 38 msecs (HTTP/1.1 200) 8 headers in 296 bytes (1 switches on core 0)
Aug 31 00:21:30.786880 n-d-800089-25 devstack@placement-api.service[95778]: DEBUG placement.requestlog [None req-f0507890-9674-4d08-b153-c96627a99f40 None None] Starting request: 10.222.0.37 "GET /placement/" {{(pid=95778) __call__ /opt/stack/placement/placement/requestlog.py:55}}
Aug 31 00:21:30.788733 n-d-800089-25 devstack@placement-api.service[95778]: INFO placement.requestlog [None req-f0507890-9674-4d08-b153-c96627a99f40 None None] 10.222.0.37 "GET /placement/" status: 200 len: 136 microversion: 1.0
Aug 31 00:21:30.789034 n-d-800089-25 devstack@placement-api.service[95778]: [pid: 95778|app: 0|req: 190/383] 10.222.0.37 () {54 vars in 916 bytes} [Tue Aug 31 00:21:30 2021] GET /placement => generated 136 bytes in 3 msecs (HTTP/1.1 200) 6 headers in 224 bytes (1 switches on core 0)
Aug 31 00:21:30.806003 n-d-800089-25 devstack@placement-api.service[95779]: DEBUG placement.requestlog [req-7eaf5ddf-4420-4901-bc89-3e126c5fb746 req-69ad52a4-57d1-4d66-9fe7-3388337dc3ba None None] Starting request: 10.222.0.37 "GET /placement/allocations/8a103f6f-a57b-4bf1-a6a5-5038b348d6a8" {{(pid=95779) __call__ /opt/stack/placement/placement/requestlog.py:55}}
Aug 31 00:21:30.904156 n-d-800089-25 devstack@placement-api.service[95779]: INFO placement.requestlog [req-7eaf5ddf-4420-4901-bc89-3e126c5fb746 req-69ad52a4-57d1-4d66-9fe7-3388337dc3ba service placement] 10.222.0.37 "GET /placement/allocations/8a103f6f-a57b-4bf1-a6a5-5038b348d6a8" status: 200 len: 245 microversion: 1.28
Aug 31 00:21:30.904404 n-d-800089-25 devstack@placement-api.service[95779]: [pid: 95779|app: 0|req: 194/384] 10.222.0.37 () {60 vars in 1381 bytes} [Tue Aug 31 00:21:30 2021] GET /placement/allocations/8a103f6f-a57b-4bf1-a6a5-5038b348d6a8 => generated 245 bytes in 99 msecs (HTTP/1.1 200) 8 headers in 296 bytes (2 switches on core 0)
Aug 31 00:21:30.911171 n-d-800089-25 devstack@placement-api.service[95778]: DEBUG placement.requestlog [req-7eaf5ddf-4420-4901-bc89-3e126c5fb746 req-d4eb7375-e645-4331-991f-2f847f2c99a2 None None] Starting request: 10.222.0.37 "GET /placement/allocations/8a103f6f-a57b-4bf1-a6a5-5038b348d6a8" {{(pid=95778) __call__ /opt/stack/placement/placement/requestlog.py:55}}
Aug 31 00:21:30.934930 n-d-800089-25 devstack@placement-api.service[95778]: INFO placement.requestlog [req-7eaf5ddf-4420-4901-bc89-3e126c5fb746 req-d4eb7375-e645-4331-991f-2f847f2c99a2 service placement] 10.222.0.37 "GET /placement/allocations/8a103f6f-a57b-4bf1-a6a5-5038b348d6a8" status: 200 len: 245 microversion: 1.28
Aug 31 00:21:30.935855 n-d-800089-25 devstack@placement-api.service[95778]: [pid: 95778|app: 0|req: 191/385] 10.222.0.37 () {60 vars in 1381 bytes} [Tue Aug 31 00:21:30 2021] GET /placement/allocations/8a103f6f-a57b-4bf1-a6a5-5038b348d6a8 => generated 245 bytes in 24 msecs (HTTP/1.1 200) 8 headers in 296 bytes (1 switches on core 0)
Aug 31 00:21:30.941920 n-d-800089-25 devstack@placement-api.service[95779]: DEBUG placement.requestlog [req-7eaf5ddf-4420-4901-bc89-3e126c5fb746 req-d723b496-a8a9-4778-98a2-ef21447f17f4 None None] Starting request: 10.222.0.37 "GET /placement/allocations/fc326baf-4054-46fb-9d86-613e1cbdd94c" {{(pid=95779) __call__ /opt/stack/placement/placement/requestlog.py:55}}
Aug 31 00:21:30.961175 n-d-800089-25 devstack@placement-api.service[95779]: INFO placement.requestlog [req-7eaf5ddf-4420-4901-bc89-3e126c5fb746 req-d723b496-a8a9-4778-98a2-ef21447f17f4 service placement] 10.222.0.37 "GET /placement/allocations/fc326baf-4054-46fb-9d86-613e1cbdd94c" status: 200 len: 19 microversion: 1.28
Aug 31 00:21:30.971804 n-d-800089-25 devstack@placement-api.service[95779]: [pid: 95779|app: 0|req: 195/386] 10.222.0.37 () {60 vars in 1381 bytes} [Tue Aug 31 00:21:30 2021] GET /placement/allocations/fc326baf-4054-46fb-9d86-613e1cbdd94c => generated 19 bytes in 20 msecs (HTTP/1.1 200) 8 headers in 295 bytes (1 switches on core 0)
Aug 31 00:21:30.974771 n-d-800089-25 devstack@placement-api.service[95778]: DEBUG placement.requestlog [req-7eaf5ddf-4420-4901-bc89-3e126c5fb746 req-a891cd49-28d3-4939-92f8-e99c5095961b None None] Starting request: 10.222.0.37 "POST /placement/allocations" {{(pid=95778) __call__ /opt/stack/placement/placement/requestlog.py:55}}
Aug 31 00:21:31.423427 n-d-800089-25 devstack@placement-api.service[95778]: DEBUG placement.handlers.allocation [req-7eaf5ddf-4420-4901-bc89-3e126c5fb746 req-a891cd49-28d3-4939-92f8-e99c5095961b service placement] Successfully wrote allocations [, , , ] {{(pid=95778) _create_allocations /opt/stack/placement/placement/handlers/allocation.py:555}}
Aug 31 00:21:31.424150 n-d-800089-25 devstack@placement-api.service[95778]: INFO placement.requestlog [req-7eaf5ddf-4420-4901-bc89-3e126c5fb746 req-a891cd49-28d3-4939-92f8-e99c5095961b service placement] 10.222.0.37 "POST /placement/allocations" status: 204 len: 0 microversion: 1.28
Aug 31 00:21:31.430075 n-d-800089-25 devstack@placement-api.service[95778]: [pid: 95778|app: 0|req: 192/387] 10.222.0.37 () {64 vars in 1324 bytes} [Tue Aug 31 00:21:30 2021] POST /placement/allocations => generated 0 bytes in 452 msecs (HTTP/1.1 204) 5 headers in 199 bytes (2 switches on core 0)
Aug 31 00:21:31.464308 n-d-800089-25 devstack@placement-api.service[95779]: DEBUG placement.requestlog [req-7eaf5ddf-4420-4901-bc89-3e126c5fb746 req-0d70e212-d13d-4273-bf46-b2d6067c4286 None None] Starting request: 10.222.0.37 "GET /placement/allocations/8a103f6f-a57b-4bf1-a6a5-5038b348d6a8" {{(pid=95779) __call__ /opt/stack/placement/placement/requestlog.py:55}}
Aug 31 00:21:31.564344 n-d-800089-25 devstack@placement-api.service[95778]: DEBUG placement.requestlog [req-ffb63e4c-4053-4096-a4c1-15fc3c600b49 req-fc3463dc-f80a-4621-a1e0-c6b4366ee44a None None] Starting request: 10.222.0.22 "GET /placement/allocations/e3107d1b-e3a3-4e2e-a97b-7a65424fc382" {{(pid=95778) __call__ /opt/stack/placement/placement/requestlog.py:55}}
Aug 31 00:21:31.608415 n-d-800089-25 devstack@placement-api.service[95778]: INFO placement.requestlog [req-ffb63e4c-4053-4096-a4c1-15fc3c600b49 req-fc3463dc-f80a-4621-a1e0-c6b4366ee44a service placement] 10.222.0.22 "GET /placement/allocations/e3107d1b-e3a3-4e2e-a97b-7a65424fc382" status: 200 len: 245 microversion: 1.28
Aug 31 00:21:31.609807 n-d-800089-25 devstack@placement-api.service[95778]: [pid: 95778|app: 0|req: 193/388] 10.222.0.22 () {60 vars in 1378 bytes} [Tue Aug 31 00:21:31 2021] GET /placement/allocations/e3107d1b-e3a3-4e2e-a97b-7a65424fc382 => generated 245 bytes in 46 msecs (HTTP/1.1 200) 8 headers in 296 bytes (1 switches on core 0)
Aug 31 00:21:31.617241 n-d-800089-25 devstack@placement-api.service[95779]: INFO placement.requestlog [req-7eaf5ddf-4420-4901-bc89-3e126c5fb746 req-0d70e212-d13d-4273-bf46-b2d6067c4286 service placement] 10.222.0.37 "GET /placement/allocations/8a103f6f-a57b-4bf1-a6a5-5038b348d6a8" status: 200 len: 19 microversion: 1.28
Aug 31 00:21:31.617241 n-d-800089-25 devstack@placement-api.service[95779]: [pid: 95779|app: 0|req: 196/389] 10.222.0.37 () {60 vars in 1381 bytes} [Tue Aug 31 00:21:31 2021] GET /placement/allocations/8a103f6f-a57b-4bf1-a6a5-5038b348d6a8 => generated 19 bytes in 150 msecs (HTTP/1.1 200) 8 headers in 295 bytes (1 switches on core 0)
Aug 31 00:21:31.622272 n-d-800089-25 devstack@placement-api.service[95778]: DEBUG placement.requestlog [req-7eaf5ddf-4420-4901-bc89-3e126c5fb746 req-899ca11e-b44a-4b3f-be29-fce3ec05daab None None] Starting request: 10.222.0.37 "PUT /placement/allocations/8a103f6f-a57b-4bf1-a6a5-5038b348d6a8" {{(pid=95778) __call__ /opt/stack/placement/placement/requestlog.py:55}}
Aug 31 00:21:31.693611 n-d-800089-25 devstack@placement-api.service[95778]: DEBUG placement.handlers.allocation [req-7eaf5ddf-4420-4901-bc89-3e126c5fb746 req-899ca11e-b44a-4b3f-be29-fce3ec05daab service placement] Successfully wrote allocations [, ] {{(pid=95778) _create_allocations /opt/stack/placement/placement/handlers/allocation.py:461}}
Aug 31 00:21:31.793942 n-d-800089-25 devstack@placement-api.service[95778]: INFO placement.requestlog [req-7eaf5ddf-4420-4901-bc89-3e126c5fb746 req-899ca11e-b44a-4b3f-be29-fce3ec05daab service placement] 10.222.0.37 "PUT /placement/allocations/8a103f6f-a57b-4bf1-a6a5-5038b348d6a8" status: 204 len: 0 microversion: 1.28
Aug 31 00:21:31.801211 n-d-800089-25 devstack@placement-api.service[95778]: [pid: 95778|app: 0|req: 194/390] 10.222.0.37 () {64 vars in 1434 bytes} [Tue Aug 31 00:21:31 2021] PUT /placement/allocations/8a103f6f-a57b-4bf1-a6a5-5038b348d6a8 => generated 0 bytes in 180 msecs (HTTP/1.1 204) 5 headers in 199 bytes (2 switches on core 0)
Aug 31 00:21:32.081035 n-d-800089-25 devstack@placement-api.service[95779]: DEBUG placement.requestlog [req-a298b73f-4a55-42c6-883d-2aa9f56c4e9c req-d7524572-605a-4a81-bdcb-a5c1d20c971b None None] Starting request: 10.222.0.26 "DELETE /placement/allocations/efa26670-c1da-4aaf-8c06-914fd4ecace6" {{(pid=95779) __call__ /opt/stack/placement/placement/requestlog.py:55}}
Aug 31 00:21:32.142510 n-d-800089-25 devstack@placement-api.service[95778]: DEBUG placement.requestlog [req-7eaf5ddf-4420-4901-bc89-3e126c5fb746 req-7bf2fc6c-1980-4cd5-a1e6-88a0c9e8b972 None None] Starting request: 10.222.0.22 "GET /placement/allocations/8a103f6f-a57b-4bf1-a6a5-5038b348d6a8" {{(pid=95778) __call__ /opt/stack/placement/placement/requestlog.py:55}}
Aug 31 00:21:32.176869 n-d-800089-25 devstack@placement-api.service[95778]: INFO placement.requestlog [req-7eaf5ddf-4420-4901-bc89-3e126c5fb746 req-7bf2fc6c-1980-4cd5-a1e6-88a0c9e8b972 service placement] 10.222.0.22 "GET /placement/allocations/8a103f6f-a57b-4bf1-a6a5-5038b348d6a8" status: 200 len: 245 microversion: 1.28
Aug 31 00:21:32.176869 n-d-800089-25 devstack@placement-api.service[95778]: [pid: 95778|app: 0|req: 195/391] 10.222.0.22 () {60 vars in 1378 bytes} [Tue Aug 31 00:21:32 2021] GET /placement/allocations/8a103f6f-a57b-4bf1-a6a5-5038b348d6a8 => generated 245 bytes in 34 msecs (HTTP/1.1 200) 8 headers in 296 bytes (2 switches on core 0)
Aug 31 00:21:32.375981 n-d-800089-25 devstack@placement-api.service[95779]: DEBUG placement.handlers.allocation [req-a298b73f-4a55-42c6-883d-2aa9f56c4e9c req-d7524572-605a-4a81-bdcb-a5c1d20c971b service placement] Successfully deleted allocations [, , ] {{(pid=95779) delete_allocations /opt/stack/placement/placement/handlers/allocation.py:603}}
Aug 31 00:21:32.379550 n-d-800089-25 devstack@placement-api.service[95779]: INFO placement.requestlog [req-a298b73f-4a55-42c6-883d-2aa9f56c4e9c req-d7524572-605a-4a81-bdcb-a5c1d20c971b service placement] 10.222.0.26 "DELETE /placement/allocations/efa26670-c1da-4aaf-8c06-914fd4ecace6" status: 204 len: 0 microversion: 1.0
Aug 31 00:21:32.379550 n-d-800089-25 devstack@placement-api.service[95779]: [pid: 95779|app: 0|req: 197/392] 10.222.0.26 () {60 vars in 1356 bytes} [Tue Aug 31 00:21:32 2021] DELETE /placement/allocations/efa26670-c1da-4aaf-8c06-914fd4ecace6 => generated 0 bytes in 299 msecs (HTTP/1.1 204) 5 headers in 198 bytes (2 switches on core 0)
Aug 31 00:21:35.087606 n-d-800089-25 devstack@placement-api.service[95778]: DEBUG placement.requestlog [req-c3f323f8-66f8-4736-adfa-db9270b162a8 req-63e1011a-8dfd-42e7-a507-86099c47ce4f None None] Starting request: 10.222.0.37 "GET /placement/allocation_candidates?limit=1000&resources=DISK_GB%3A1%2CMEMORY_MB%3A1024%2CVCPU%3A1&root_required=%21COMPUTE_STATUS_DISABLED" {{(pid=95778) __call__ /opt/stack/placement/placement/requestlog.py:55}}
Aug 31 00:21:35.207350 n-d-800089-25 devstack@placement-api.service[95778]: DEBUG placement.objects.research_context [req-c3f323f8-66f8-4736-adfa-db9270b162a8 req-63e1011a-8dfd-42e7-a507-86099c47ce4f service placement] getting providers with 1 DISK_GB {{(pid=95778) __init__ /opt/stack/placement/placement/objects/research_context.py:126}}
Aug 31 00:21:35.246617 n-d-800089-25 devstack@placement-api.service[95778]: DEBUG placement.objects.research_context [req-c3f323f8-66f8-4736-adfa-db9270b162a8 req-63e1011a-8dfd-42e7-a507-86099c47ce4f service placement] getting providers with 1024 MEMORY_MB {{(pid=95778) __init__ /opt/stack/placement/placement/objects/research_context.py:126}}
Aug 31 00:21:35.269406 n-d-800089-25 devstack@placement-api.service[95778]: DEBUG placement.objects.research_context [req-c3f323f8-66f8-4736-adfa-db9270b162a8 req-63e1011a-8dfd-42e7-a507-86099c47ce4f service placement] getting providers with 1 VCPU {{(pid=95778) __init__ /opt/stack/placement/placement/objects/research_context.py:126}}
Aug 31 00:21:35.286208 n-d-800089-25 devstack@placement-api.service[95778]: DEBUG placement.objects.research_context [req-c3f323f8-66f8-4736-adfa-db9270b162a8 req-63e1011a-8dfd-42e7-a507-86099c47ce4f service placement] found 2 providers with available 1 DISK_GB {{(pid=95778) get_provider_ids_matching /opt/stack/placement/placement/objects/research_context.py:549}}
Aug 31 00:21:35.286208 n-d-800089-25 devstack@placement-api.service[95778]: DEBUG placement.objects.research_context [req-c3f323f8-66f8-4736-adfa-db9270b162a8 req-63e1011a-8dfd-42e7-a507-86099c47ce4f service placement] found 2 providers with available 1024 MEMORY_MB {{(pid=95778) get_provider_ids_matching /opt/stack/placement/placement/objects/research_context.py:549}}
Aug 31 00:21:35.286208 n-d-800089-25 devstack@placement-api.service[95778]: DEBUG placement.objects.research_context [req-c3f323f8-66f8-4736-adfa-db9270b162a8 req-63e1011a-8dfd-42e7-a507-86099c47ce4f service placement] found 2 providers after filtering by previous result {{(pid=95778) get_provider_ids_matching /opt/stack/placement/placement/objects/research_context.py:580}}
Aug 31 00:21:35.286208 n-d-800089-25 devstack@placement-api.service[95778]: DEBUG placement.objects.research_context [req-c3f323f8-66f8-4736-adfa-db9270b162a8 req-63e1011a-8dfd-42e7-a507-86099c47ce4f service placement] found 2 providers with available 1 VCPU {{(pid=95778) get_provider_ids_matching /opt/stack/placement/placement/objects/research_context.py:549}}
Aug 31 00:21:35.286208 n-d-800089-25 devstack@placement-api.service[95778]: DEBUG placement.objects.research_context [req-c3f323f8-66f8-4736-adfa-db9270b162a8 req-63e1011a-8dfd-42e7-a507-86099c47ce4f service placement] found 2 providers after filtering by previous result {{(pid=95778) get_provider_ids_matching /opt/stack/placement/placement/objects/research_context.py:580}}
Aug 31 00:21:35.297555 n-d-800089-25 devstack@placement-api.service[95778]: DEBUG placement.objects.allocation_candidate [req-c3f323f8-66f8-4736-adfa-db9270b162a8 req-63e1011a-8dfd-42e7-a507-86099c47ce4f service placement] RequestGroup(use_same_provider=False, resources={DISK_GB:1, MEMORY_MB:1024, VCPU:1}, traits=[], aggregates=[]) (suffix '') returned 2 matches {{(pid=95778) _get_by_requests /opt/stack/placement/placement/objects/allocation_candidate.py:145}}
Aug 31 00:21:35.298876 n-d-800089-25 devstack@placement-api.service[95778]: DEBUG placement.objects.allocation_candidate [req-c3f323f8-66f8-4736-adfa-db9270b162a8 req-63e1011a-8dfd-42e7-a507-86099c47ce4f service placement] Merging candidates yields 2 allocation requests and 2 provider summaries {{(pid=95778) _merge_candidates /opt/stack/placement/placement/objects/allocation_candidate.py:783}}
Aug 31 00:21:35.300784 n-d-800089-25 devstack@placement-api.service[95778]: INFO placement.requestlog [req-c3f323f8-66f8-4736-adfa-db9270b162a8 req-63e1011a-8dfd-42e7-a507-86099c47ce4f service placement] 10.222.0.37 "GET /placement/allocation_candidates?limit=1000&resources=DISK_GB%3A1%2CMEMORY_MB%3A1024%2CVCPU%3A1&root_required=%21COMPUTE_STATUS_DISABLED" status: 200 len: 1309 microversion: 1.36
Aug 31 00:21:35.315587 n-d-800089-25 devstack@placement-api.service[95778]: [pid: 95778|app: 0|req: 196/393] 10.222.0.37 () {60 vars in 1507 bytes} [Tue Aug 31 00:21:35 2021] GET /placement/allocation_candidates?limit=1000&resources=DISK_GB%3A1%2CMEMORY_MB%3A1024%2CVCPU%3A1&root_required=%21COMPUTE_STATUS_DISABLED => generated 1309 bytes in 228 msecs (HTTP/1.1 200) 8 headers in 297 bytes (1 switches on core 0)
Aug 31 00:21:35.499858 n-d-800089-25 devstack@placement-api.service[95779]: DEBUG placement.requestlog [req-c3f323f8-66f8-4736-adfa-db9270b162a8 req-8d080ac5-b587-4e82-985c-6930faa3beec None None] Starting request: 10.222.0.37 "GET /placement/allocations/3984c337-2b5f-4a20-8ddd-7a230d7745bf" {{(pid=95779) __call__ /opt/stack/placement/placement/requestlog.py:55}}
Aug 31 00:21:35.518644 n-d-800089-25 devstack@placement-api.service[95779]: INFO placement.requestlog [req-c3f323f8-66f8-4736-adfa-db9270b162a8 req-8d080ac5-b587-4e82-985c-6930faa3beec service placement] 10.222.0.37 "GET /placement/allocations/3984c337-2b5f-4a20-8ddd-7a230d7745bf" status: 200 len: 19 microversion: 1.28
Aug 31 00:21:35.521140 n-d-800089-25 devstack@placement-api.service[95779]: [pid: 95779|app: 0|req: 198/394] 10.222.0.37 () {60 vars in 1381 bytes} [Tue Aug 31 00:21:35 2021] GET /placement/allocations/3984c337-2b5f-4a20-8ddd-7a230d7745bf => generated 19 bytes in 21 msecs (HTTP/1.1 200) 8 headers in 295 bytes (2 switches on core 0)
Aug 31 00:21:35.559284 n-d-800089-25 devstack@placement-api.service[95778]: DEBUG placement.requestlog [req-c3f323f8-66f8-4736-adfa-db9270b162a8 req-2f53b84e-9f1d-4319-ac22-a096035a878a None None] Starting request: 10.222.0.37 "PUT /placement/allocations/3984c337-2b5f-4a20-8ddd-7a230d7745bf" {{(pid=95778) __call__ /opt/stack/placement/placement/requestlog.py:55}}
Aug 31 00:21:35.611618 n-d-800089-25 devstack@placement-api.service[95778]: DEBUG placement.handlers.allocation [req-c3f323f8-66f8-4736-adfa-db9270b162a8 req-2f53b84e-9f1d-4319-ac22-a096035a878a service placement] Successfully wrote allocations [, , ] {{(pid=95778) _create_allocations /opt/stack/placement/placement/handlers/allocation.py:461}}
Aug 31 00:21:35.722915 n-d-800089-25 devstack@placement-api.service[95778]: INFO placement.requestlog [req-c3f323f8-66f8-4736-adfa-db9270b162a8 req-2f53b84e-9f1d-4319-ac22-a096035a878a service placement] 10.222.0.37 "PUT /placement/allocations/3984c337-2b5f-4a20-8ddd-7a230d7745bf" status: 204 len: 0 microversion: 1.36
Aug 31 00:21:35.723697 n-d-800089-25 devstack@placement-api.service[95778]: [pid: 95778|app: 0|req: 197/395] 10.222.0.37 () {64 vars in 1434 bytes} [Tue Aug 31 00:21:35 2021] PUT /placement/allocations/3984c337-2b5f-4a20-8ddd-7a230d7745bf => generated 0 bytes in 164 msecs (HTTP/1.1 204) 5 headers in 199 bytes (1 switches on core 0)
Aug 31 00:21:37.363644 n-d-800089-25 devstack@placement-api.service[95779]: DEBUG placement.requestlog [req-c3f323f8-66f8-4736-adfa-db9270b162a8 req-11af3aeb-4b2e-4427-84d0-1324d41970f7 None None] Starting request: 10.222.0.26 "GET /placement/allocations/3984c337-2b5f-4a20-8ddd-7a230d7745bf" {{(pid=95779) __call__ /opt/stack/placement/placement/requestlog.py:55}}
Aug 31 00:21:37.404944 n-d-800089-25 devstack@placement-api.service[95779]: INFO placement.requestlog [req-c3f323f8-66f8-4736-adfa-db9270b162a8 req-11af3aeb-4b2e-4427-84d0-1324d41970f7 service placement] 10.222.0.26 "GET /placement/allocations/3984c337-2b5f-4a20-8ddd-7a230d7745bf" status: 200 len: 259 microversion: 1.28
Aug 31 00:21:37.407248 n-d-800089-25 devstack@placement-api.service[95779]: [pid: 95779|app: 0|req: 199/396] 10.222.0.26 () {60 vars in 1378 bytes} [Tue Aug 31 00:21:37 2021] GET /placement/allocations/3984c337-2b5f-4a20-8ddd-7a230d7745bf => generated 259 bytes in 44 msecs (HTTP/1.1 200) 8 headers in 296 bytes (2 switches on core 0)
Aug 31 00:21:40.805125 n-d-800089-25 devstack@placement-api.service[95778]: DEBUG placement.requestlog [req-3e034e8d-488a-41d6-a782-903fc02da3e1 req-c16d299c-7beb-454d-8dbb-e2e2e398c8fb None None] Starting request: 10.222.0.26 "DELETE /placement/allocations/9d935a63-0ae9-4395-9e94-a3a90f837816" {{(pid=95778) __call__ /opt/stack/placement/placement/requestlog.py:55}}
Aug 31 00:21:41.048200 n-d-800089-25 devstack@placement-api.service[95778]: DEBUG placement.handlers.allocation [req-3e034e8d-488a-41d6-a782-903fc02da3e1 req-c16d299c-7beb-454d-8dbb-e2e2e398c8fb service placement] Successfully deleted allocations [, , ] {{(pid=95778) delete_allocations /opt/stack/placement/placement/handlers/allocation.py:603}}
Aug 31 00:21:41.049326 n-d-800089-25 devstack@placement-api.service[95778]: INFO placement.requestlog [req-3e034e8d-488a-41d6-a782-903fc02da3e1 req-c16d299c-7beb-454d-8dbb-e2e2e398c8fb service placement] 10.222.0.26 "DELETE /placement/allocations/9d935a63-0ae9-4395-9e94-a3a90f837816" status: 204 len: 0 microversion: 1.0
Aug 31 00:21:41.050667 n-d-800089-25 devstack@placement-api.service[95778]: [pid: 95778|app: 0|req: 198/397] 10.222.0.26 () {60 vars in 1356 bytes} [Tue Aug 31 00:21:40 2021] DELETE /placement/allocations/9d935a63-0ae9-4395-9e94-a3a90f837816 => generated 0 bytes in 245 msecs (HTTP/1.1 204) 5 headers in 198 bytes (2 switches on core 0)
Aug 31 00:21:43.922297 n-d-800089-25 devstack@placement-api.service[95779]: DEBUG placement.requestlog [req-b24fa95d-b759-4b5c-a83a-91e4c785c7ec req-3fc8bcde-0ed9-47ca-ad59-52e1bf757e3d None None] Starting request: 10.222.0.37 "GET /placement/allocation_candidates?limit=1000&resources=DISK_GB%3A1%2CMEMORY_MB%3A1024%2CVCPU%3A1&root_required=%21COMPUTE_STATUS_DISABLED" {{(pid=95779) __call__ /opt/stack/placement/placement/requestlog.py:55}}
Aug 31 00:21:43.984824 n-d-800089-25 devstack@placement-api.service[95779]: DEBUG placement.objects.research_context [req-b24fa95d-b759-4b5c-a83a-91e4c785c7ec req-3fc8bcde-0ed9-47ca-ad59-52e1bf757e3d service placement] getting providers with 1 DISK_GB {{(pid=95779) __init__ /opt/stack/placement/placement/objects/research_context.py:126}}
Aug 31 00:21:43.993143 n-d-800089-25 devstack@placement-api.service[95779]: DEBUG placement.objects.research_context [req-b24fa95d-b759-4b5c-a83a-91e4c785c7ec req-3fc8bcde-0ed9-47ca-ad59-52e1bf757e3d service placement] getting providers with 1024 MEMORY_MB {{(pid=95779) __init__ /opt/stack/placement/placement/objects/research_context.py:126}}
Aug 31 00:21:44.000772 n-d-800089-25 devstack@placement-api.service[95779]: DEBUG placement.objects.research_context [req-b24fa95d-b759-4b5c-a83a-91e4c785c7ec req-3fc8bcde-0ed9-47ca-ad59-52e1bf757e3d service placement] getting providers with 1 VCPU {{(pid=95779) __init__ /opt/stack/placement/placement/objects/research_context.py:126}}
Aug 31 00:21:44.007747 n-d-800089-25 devstack@placement-api.service[95779]: DEBUG placement.objects.research_context [req-b24fa95d-b759-4b5c-a83a-91e4c785c7ec req-3fc8bcde-0ed9-47ca-ad59-52e1bf757e3d service placement] found 2 providers with available 1 DISK_GB {{(pid=95779) get_provider_ids_matching /opt/stack/placement/placement/objects/research_context.py:549}}
Aug 31 00:21:44.008580 n-d-800089-25 devstack@placement-api.service[95779]: DEBUG placement.objects.research_context [req-b24fa95d-b759-4b5c-a83a-91e4c785c7ec req-3fc8bcde-0ed9-47ca-ad59-52e1bf757e3d service placement] found 2 providers with available 1024 MEMORY_MB {{(pid=95779) get_provider_ids_matching /opt/stack/placement/placement/objects/research_context.py:549}}
Aug 31 00:21:44.009120 n-d-800089-25 devstack@placement-api.service[95779]: DEBUG placement.objects.research_context [req-b24fa95d-b759-4b5c-a83a-91e4c785c7ec req-3fc8bcde-0ed9-47ca-ad59-52e1bf757e3d service placement] found 2 providers after filtering by previous result {{(pid=95779) get_provider_ids_matching /opt/stack/placement/placement/objects/research_context.py:580}}
Aug 31 00:21:44.009621 n-d-800089-25 devstack@placement-api.service[95779]: DEBUG placement.objects.research_context [req-b24fa95d-b759-4b5c-a83a-91e4c785c7ec req-3fc8bcde-0ed9-47ca-ad59-52e1bf757e3d service placement] found 2 providers with available 1 VCPU {{(pid=95779) get_provider_ids_matching /opt/stack/placement/placement/objects/research_context.py:549}}
Aug 31 00:21:44.010118 n-d-800089-25 devstack@placement-api.service[95779]: DEBUG placement.objects.research_context [req-b24fa95d-b759-4b5c-a83a-91e4c785c7ec req-3fc8bcde-0ed9-47ca-ad59-52e1bf757e3d service placement] found 2 providers after filtering by previous result {{(pid=95779) get_provider_ids_matching /opt/stack/placement/placement/objects/research_context.py:580}}
Aug 31 00:21:44.030616 n-d-800089-25 devstack@placement-api.service[95779]: DEBUG placement.objects.allocation_candidate [req-b24fa95d-b759-4b5c-a83a-91e4c785c7ec req-3fc8bcde-0ed9-47ca-ad59-52e1bf757e3d service placement] RequestGroup(use_same_provider=False, resources={DISK_GB:1, MEMORY_MB:1024, VCPU:1}, traits=[], aggregates=[]) (suffix '') returned 2 matches {{(pid=95779) _get_by_requests /opt/stack/placement/placement/objects/allocation_candidate.py:145}}
Aug 31 00:21:44.031854 n-d-800089-25 devstack@placement-api.service[95779]: DEBUG placement.objects.allocation_candidate [req-b24fa95d-b759-4b5c-a83a-91e4c785c7ec req-3fc8bcde-0ed9-47ca-ad59-52e1bf757e3d service placement] Merging candidates yields 2 allocation requests and 2 provider summaries {{(pid=95779) _merge_candidates /opt/stack/placement/placement/objects/allocation_candidate.py:783}}
Aug 31 00:21:44.034543 n-d-800089-25 devstack@placement-api.service[95779]: INFO placement.requestlog [req-b24fa95d-b759-4b5c-a83a-91e4c785c7ec req-3fc8bcde-0ed9-47ca-ad59-52e1bf757e3d service placement] 10.222.0.37 "GET /placement/allocation_candidates?limit=1000&resources=DISK_GB%3A1%2CMEMORY_MB%3A1024%2CVCPU%3A1&root_required=%21COMPUTE_STATUS_DISABLED" status: 200 len: 1309 microversion: 1.36
Aug 31 00:21:44.047655 n-d-800089-25 devstack@placement-api.service[95779]: [pid: 95779|app: 0|req: 200/398] 10.222.0.37 () {60 vars in 1507 bytes} [Tue Aug 31 00:21:43 2021] GET /placement/allocation_candidates?limit=1000&resources=DISK_GB%3A1%2CMEMORY_MB%3A1024%2CVCPU%3A1&root_required=%21COMPUTE_STATUS_DISABLED => generated 1309 bytes in 119 msecs (HTTP/1.1 200) 8 headers in 297 bytes (2 switches on core 0)
Aug 31 00:21:44.112736 n-d-800089-25 devstack@placement-api.service[95778]: DEBUG placement.requestlog [req-b24fa95d-b759-4b5c-a83a-91e4c785c7ec req-571fb906-63f6-4cad-85bb-d1a39ddd8175 None None] Starting request: 10.222.0.37 "GET /placement/allocations/5b6238b5-fee6-48b8-baeb-3dd4ad15c18b" {{(pid=95778) __call__ /opt/stack/placement/placement/requestlog.py:55}}
Aug 31 00:21:44.136142 n-d-800089-25 devstack@placement-api.service[95778]: INFO placement.requestlog [req-b24fa95d-b759-4b5c-a83a-91e4c785c7ec req-571fb906-63f6-4cad-85bb-d1a39ddd8175 service placement] 10.222.0.37 "GET /placement/allocations/5b6238b5-fee6-48b8-baeb-3dd4ad15c18b" status: 200 len: 19 microversion: 1.28
Aug 31 00:21:44.138256 n-d-800089-25 devstack@placement-api.service[95778]: [pid: 95778|app: 0|req: 199/399] 10.222.0.37 () {60 vars in 1381 bytes} [Tue Aug 31 00:21:44 2021] GET /placement/allocations/5b6238b5-fee6-48b8-baeb-3dd4ad15c18b => generated 19 bytes in 25 msecs (HTTP/1.1 200) 8 headers in 295 bytes (1 switches on core 0)
Aug 31 00:21:44.149110 n-d-800089-25 devstack@placement-api.service[95779]: DEBUG placement.requestlog [req-b24fa95d-b759-4b5c-a83a-91e4c785c7ec req-55c27d3a-73fc-4a3d-80ac-af12aad9af1c None None] Starting request: 10.222.0.37 "PUT /placement/allocations/5b6238b5-fee6-48b8-baeb-3dd4ad15c18b" {{(pid=95779) __call__ /opt/stack/placement/placement/requestlog.py:55}}
Aug 31 00:21:44.209850 n-d-800089-25 devstack@placement-api.service[95779]: DEBUG placement.handlers.allocation [req-b24fa95d-b759-4b5c-a83a-91e4c785c7ec req-55c27d3a-73fc-4a3d-80ac-af12aad9af1c service placement] Successfully wrote allocations [, , ] {{(pid=95779) _create_allocations /opt/stack/placement/placement/handlers/allocation.py:461}}
Aug 31 00:21:44.305868 n-d-800089-25 devstack@placement-api.service[95779]: INFO placement.requestlog [req-b24fa95d-b759-4b5c-a83a-91e4c785c7ec req-55c27d3a-73fc-4a3d-80ac-af12aad9af1c service placement] 10.222.0.37 "PUT /placement/allocations/5b6238b5-fee6-48b8-baeb-3dd4ad15c18b" status: 204 len: 0 microversion: 1.36
Aug 31 00:21:44.310037 n-d-800089-25 devstack@placement-api.service[95779]: [pid: 95779|app: 0|req: 201/400] 10.222.0.37 () {64 vars in 1434 bytes} [Tue Aug 31 00:21:44 2021] PUT /placement/allocations/5b6238b5-fee6-48b8-baeb-3dd4ad15c18b => generated 0 bytes in 158 msecs (HTTP/1.1 204) 5 headers in 199 bytes (1 switches on core 0)
Aug 31 00:21:45.608469 n-d-800089-25 devstack@placement-api.service[95778]: DEBUG placement.requestlog [req-b24fa95d-b759-4b5c-a83a-91e4c785c7ec req-2968e6ca-0bc8-4d62-bc06-aa63b3ecdbea None None] Starting request: 10.222.0.26 "GET /placement/allocations/5b6238b5-fee6-48b8-baeb-3dd4ad15c18b" {{(pid=95778) __call__ /opt/stack/placement/placement/requestlog.py:55}}
Aug 31 00:21:45.638445 n-d-800089-25 devstack@placement-api.service[95778]: INFO placement.requestlog [req-b24fa95d-b759-4b5c-a83a-91e4c785c7ec req-2968e6ca-0bc8-4d62-bc06-aa63b3ecdbea service placement] 10.222.0.26 "GET /placement/allocations/5b6238b5-fee6-48b8-baeb-3dd4ad15c18b" status: 200 len: 259 microversion: 1.28
Aug 31 00:21:45.638445 n-d-800089-25 devstack@placement-api.service[95778]: [pid: 95778|app: 0|req: 200/401] 10.222.0.26 () {60 vars in 1378 bytes} [Tue Aug 31 00:21:45 2021] GET /placement/allocations/5b6238b5-fee6-48b8-baeb-3dd4ad15c18b => generated 259 bytes in 27 msecs (HTTP/1.1 200) 8 headers in 296 bytes (1 switches on core 0)
Aug 31 00:22:01.711639 n-d-800089-25 devstack@placement-api.service[95779]: DEBUG placement.requestlog [req-2f00615c-2cb1-489c-ad67-93bddaeddb9a req-22dca66d-edff-4072-b6ff-60f57a6d660a None None] Starting request: 10.222.0.26 "DELETE /placement/allocations/3984c337-2b5f-4a20-8ddd-7a230d7745bf" {{(pid=95779) __call__ /opt/stack/placement/placement/requestlog.py:55}}
Aug 31 00:22:02.022160 n-d-800089-25 devstack@placement-api.service[95779]: DEBUG placement.handlers.allocation [req-2f00615c-2cb1-489c-ad67-93bddaeddb9a req-22dca66d-edff-4072-b6ff-60f57a6d660a service placement] Successfully deleted allocations [, , ] {{(pid=95779) delete_allocations /opt/stack/placement/placement/handlers/allocation.py:603}}
Aug 31 00:22:02.026620 n-d-800089-25 devstack@placement-api.service[95779]: INFO placement.requestlog [req-2f00615c-2cb1-489c-ad67-93bddaeddb9a req-22dca66d-edff-4072-b6ff-60f57a6d660a service placement] 10.222.0.26 "DELETE /placement/allocations/3984c337-2b5f-4a20-8ddd-7a230d7745bf" status: 204 len: 0 microversion: 1.0
Aug 31 00:22:02.026620 n-d-800089-25 devstack@placement-api.service[95779]: [pid: 95779|app: 0|req: 202/402] 10.222.0.26 () {60 vars in 1356 bytes} [Tue Aug 31 00:22:01 2021] DELETE /placement/allocations/3984c337-2b5f-4a20-8ddd-7a230d7745bf => generated 0 bytes in 313 msecs (HTTP/1.1 204) 5 headers in 198 bytes (1 switches on core 0)
Aug 31 00:22:02.884549 n-d-800089-25 devstack@placement-api.service[95778]: DEBUG placement.requestlog [req-955b1df7-b86a-46da-b973-596964d5765e req-af986de5-5ed4-4412-9a92-664b783afa54 None None] Starting request: 10.222.0.26 "GET /placement/allocations/f0a84941-dbd5-47f9-801b-839179adf3e5" {{(pid=95778) __call__ /opt/stack/placement/placement/requestlog.py:55}}
