Aug 21 18:09:59.166512 n-d-800089-23 cinder-volume[109232]: INFO cinder.volume.flows.manager.create_volume [None req-d7f50eac-b0c5-4fd8-9422-f72998796ea1 tempest-TaggedBootDevicesTest_v242-1559105933 None] Volume bbf6bbdf-4efd-49a7-ace3-50654051a66b: being created as image with specification: {'status': 'creating', 'volume_name': 'volume-bbf6bbdf-4efd-49a7-ace3-50654051a66b', 'volume_size': 1, 'image_id': '4fc2a86a-8257-4306-92b1-076436b202a3', 'image_location': (None, None), 'image_meta': {'name': 'ubuntu-16', 'disk_format': 'vhdx', 'container_format': 'bare', 'visibility': 'public', 'size': 645922816, 'virtual_size': 734003200, 'status': 'active', 'checksum': '318f990048c8a194829e52141534610d', 'protected': False, 'min_ram': 0, 'min_disk': 0, 'owner': '194c8a2f3f4445269b3175df30f88254', 'os_hidden': False, 'os_hash_algo': 'sha512', 'os_hash_value': '1aaa7a04b14d2fb410b8803fefeb767485c32e2da475b52a8839eec757ebef67d8611e4f699200324e39744ee6949dd3c2a4f6ecccb0c2480706ec5cb0fc5a53', 'id': '4fc2a86a-8257-4306-92b1-076436b202a3', 'created_at': datetime.datetime(2021, 8, 21, 17, 41, 50, tzinfo=datetime.timezone.utc), 'updated_at': datetime.datetime(2021, 8, 21, 17, 42, 6, tzinfo=datetime.timezone.utc), 'tags': [], 'file': '/v2/images/4fc2a86a-8257-4306-92b1-076436b202a3/file', 'properties': {'hw_rng_model': 'virtio', 'owner_specified.openstack.md5': '', 'owner_specified.openstack.object': 'images/ubuntu-16', 'owner_specified.openstack.sha256': ''}}, 'image_service': }
Aug 21 18:09:59.178829 n-d-800089-23 cinder-volume[109232]: DEBUG cinder.volume.flows.manager.create_volume [None req-d7f50eac-b0c5-4fd8-9422-f72998796ea1 tempest-TaggedBootDevicesTest_v242-1559105933 None] Cloning bbf6bbdf-4efd-49a7-ace3-50654051a66b from image 4fc2a86a-8257-4306-92b1-076436b202a3 at location (None, None). {{(pid=109232) _create_from_image /opt/stack/cinder/cinder/volume/flows/manager/create_volume.py:1015}}
Aug 21 18:09:59.438145 n-d-800089-23 sudo[134217]: pam_unix(sudo:session): session closed for user root
Aug 21 18:09:59.444357 n-d-800089-23 cinder-volume[109232]: DEBUG oslo_concurrency.processutils [None req-010ed041-925c-45b6-9c9a-3a7c60184f86 tempest-VolumesGetTest-662012028 None] CMD "sudo cinder-rootwrap /etc/cinder/rootwrap.conf env LC_ALL=C lvs --noheadings --unit=g -o vg_name,name,size --nosuffix --readonly stack-volumes-lvmdriver-1/volume-ea8d24f6-da86-41c3-b945-81bbd430dcf3" returned: 0 in 0.627s {{(pid=109232) execute /usr/local/lib/python3.8/dist-packages/oslo_concurrency/processutils.py:422}}
Aug 21 18:09:59.445721 n-d-800089-23 cinder-volume[109232]: DEBUG oslo_concurrency.processutils [None req-010ed041-925c-45b6-9c9a-3a7c60184f86 tempest-VolumesGetTest-662012028 None] Running cmd (subprocess): sudo cinder-rootwrap /etc/cinder/rootwrap.conf env LC_ALL=C lvdisplay --noheading -C -o Attr --readonly stack-volumes-lvmdriver-1/volume-ea8d24f6-da86-41c3-b945-81bbd430dcf3 {{(pid=109232) execute /usr/local/lib/python3.8/dist-packages/oslo_concurrency/processutils.py:384}}
Aug 21 18:09:59.502485 n-d-800089-23 sudo[134221]: ubuntu : TTY=unknown ; PWD=/ ; USER=root ; COMMAND=/usr/local/bin/cinder-rootwrap /etc/cinder/rootwrap.conf env LC_ALL=C lvdisplay --noheading -C -o Attr --readonly stack-volumes-lvmdriver-1/volume-ea8d24f6-da86-41c3-b945-81bbd430dcf3
Aug 21 18:09:59.509510 n-d-800089-23 sudo[134221]: pam_unix(sudo:session): session opened for user root by (uid=0)
Aug 21 18:10:00.331061 n-d-800089-23 sudo[134221]: pam_unix(sudo:session): session closed for user root
Aug 21 18:10:00.335171 n-d-800089-23 cinder-volume[109232]: DEBUG oslo_concurrency.processutils [None req-010ed041-925c-45b6-9c9a-3a7c60184f86 tempest-VolumesGetTest-662012028 None] CMD "sudo cinder-rootwrap /etc/cinder/rootwrap.conf env LC_ALL=C lvdisplay --noheading -C -o Attr --readonly stack-volumes-lvmdriver-1/volume-ea8d24f6-da86-41c3-b945-81bbd430dcf3" returned: 0 in 0.888s {{(pid=109232) execute /usr/local/lib/python3.8/dist-packages/oslo_concurrency/processutils.py:422}}
Aug 21 18:10:00.338085 n-d-800089-23 cinder-volume[109232]: DEBUG oslo_concurrency.processutils [None req-010ed041-925c-45b6-9c9a-3a7c60184f86 tempest-VolumesGetTest-662012028 None] Running cmd (subprocess): sudo cinder-rootwrap /etc/cinder/rootwrap.conf lvremove --config activation { retry_deactivation = 1} -f stack-volumes-lvmdriver-1/volume-ea8d24f6-da86-41c3-b945-81bbd430dcf3 {{(pid=109232) execute /usr/local/lib/python3.8/dist-packages/oslo_concurrency/processutils.py:384}}
Aug 21 18:10:00.368092 n-d-800089-23 sudo[134226]: ubuntu : TTY=unknown ; PWD=/ ; USER=root ; COMMAND=/usr/local/bin/cinder-rootwrap /etc/cinder/rootwrap.conf lvremove --config activation { retry_deactivation = 1} -f stack-volumes-lvmdriver-1/volume-ea8d24f6-da86-41c3-b945-81bbd430dcf3
Aug 21 18:10:00.372052 n-d-800089-23 sudo[134226]: pam_unix(sudo:session): session opened for user root by (uid=0)
Aug 21 18:10:01.470774 n-d-800089-23 sudo[134226]: pam_unix(sudo:session): session closed for user root
Aug 21 18:10:01.482542 n-d-800089-23 cinder-volume[109232]: DEBUG oslo_concurrency.processutils [None req-010ed041-925c-45b6-9c9a-3a7c60184f86 tempest-VolumesGetTest-662012028 None] CMD "sudo cinder-rootwrap /etc/cinder/rootwrap.conf lvremove --config activation { retry_deactivation = 1} -f stack-volumes-lvmdriver-1/volume-ea8d24f6-da86-41c3-b945-81bbd430dcf3" returned: 0 in 1.144s {{(pid=109232) execute /usr/local/lib/python3.8/dist-packages/oslo_concurrency/processutils.py:422}}
Aug 21 18:10:01.483775 n-d-800089-23 cinder-volume[109232]: INFO cinder.volume.drivers.lvm [None req-010ed041-925c-45b6-9c9a-3a7c60184f86 tempest-VolumesGetTest-662012028 None] Successfully deleted volume: ea8d24f6-da86-41c3-b945-81bbd430dcf3
Aug 21 18:10:01.559751 n-d-800089-23 cinder-volume[109232]: DEBUG cinder.quota [None req-010ed041-925c-45b6-9c9a-3a7c60184f86 tempest-VolumesGetTest-662012028 None] Created reservations ['ca96bcee-739c-470b-b927-6523cb9399c7', 'acb93332-d8d1-4c25-ae33-a788075f671a', '4a5c7fa2-4756-4d63-b55e-6145a7258efb', 'b09094b0-ae0d-4b84-be48-9fe4c0e700f4'] {{(pid=109232) reserve /opt/stack/cinder/cinder/quota.py:755}}
Aug 21 18:10:01.621284 n-d-800089-23 cinder-volume[109232]: DEBUG cinder.volume.drivers.lvm [None req-010ed041-925c-45b6-9c9a-3a7c60184f86 tempest-VolumesGetTest-662012028 None] Updating volume stats {{(pid=109232) _update_volume_stats /opt/stack/cinder/cinder/volume/drivers/lvm.py:214}}
Aug 21 18:10:01.622379 n-d-800089-23 cinder-volume[109232]: DEBUG oslo_concurrency.processutils [None req-010ed041-925c-45b6-9c9a-3a7c60184f86 tempest-VolumesGetTest-662012028 None] Running cmd (subprocess): sudo cinder-rootwrap /etc/cinder/rootwrap.conf env LC_ALL=C vgs --noheadings --unit=g -o name,size,free,lv_count,uuid --separator : --nosuffix stack-volumes-lvmdriver-1 {{(pid=109232) execute /usr/local/lib/python3.8/dist-packages/oslo_concurrency/processutils.py:384}}
Aug 21 18:10:01.684716 n-d-800089-23 sudo[134236]: ubuntu : TTY=unknown ; PWD=/ ; USER=root ; COMMAND=/usr/local/bin/cinder-rootwrap /etc/cinder/rootwrap.conf env LC_ALL=C vgs --noheadings --unit=g -o name,size,free,lv_count,uuid --separator : --nosuffix stack-volumes-lvmdriver-1
Aug 21 18:10:01.685593 n-d-800089-23 sudo[134236]: pam_unix(sudo:session): session opened for user root by (uid=0)
Aug 21 18:10:02.289765 n-d-800089-23 cinder-volume[109232]: DEBUG cinder.coordination [None req-5c3ebc7d-46a5-4960-ac35-3939777ffba5 tempest-VolumesGetTest-662012028 None] Lock "b'cinder-c6465429-9d6d-4357-a837-918de9bc06db-delete_volume'" acquired by "delete_volume" :: waited 0.032s {{(pid=109232) _synchronized /opt/stack/cinder/cinder/coordination.py:181}}
Aug 21 18:10:02.370582 n-d-800089-23 cinder-volume[109232]: INFO cinder.volume.targets.iscsi [None req-5c3ebc7d-46a5-4960-ac35-3939777ffba5 tempest-VolumesGetTest-662012028 None] Skipping remove_export. No iscsi_target is presently exported for volume: c6465429-9d6d-4357-a837-918de9bc06db
Aug 21 18:10:02.372084 n-d-800089-23 cinder-volume[109232]: DEBUG oslo_concurrency.processutils [None req-5c3ebc7d-46a5-4960-ac35-3939777ffba5 tempest-VolumesGetTest-662012028 None] Running cmd (subprocess): sudo cinder-rootwrap /etc/cinder/rootwrap.conf env LC_ALL=C lvs --noheadings --unit=g -o vg_name,name,size --nosuffix --readonly stack-volumes-lvmdriver-1/volume-c6465429-9d6d-4357-a837-918de9bc06db {{(pid=109232) execute /usr/local/lib/python3.8/dist-packages/oslo_concurrency/processutils.py:384}}
Aug 21 18:10:02.401165 n-d-800089-23 sudo[134241]: ubuntu : TTY=unknown ; PWD=/ ; USER=root ; COMMAND=/usr/local/bin/cinder-rootwrap /etc/cinder/rootwrap.conf env LC_ALL=C lvs --noheadings --unit=g -o vg_name,name,size --nosuffix --readonly stack-volumes-lvmdriver-1/volume-c6465429-9d6d-4357-a837-918de9bc06db
Aug 21 18:10:02.402008 n-d-800089-23 sudo[134241]: pam_unix(sudo:session): session opened for user root by (uid=0)
Aug 21 18:10:02.662214 n-d-800089-23 sudo[134236]: pam_unix(sudo:session): session closed for user root
Aug 21 18:10:02.669523 n-d-800089-23 cinder-volume[109232]: DEBUG oslo_concurrency.processutils [None req-010ed041-925c-45b6-9c9a-3a7c60184f86 tempest-VolumesGetTest-662012028 None] CMD "sudo cinder-rootwrap /etc/cinder/rootwrap.conf env LC_ALL=C vgs --noheadings --unit=g -o name,size,free,lv_count,uuid --separator : --nosuffix stack-volumes-lvmdriver-1" returned: 0 in 1.046s {{(pid=109232) execute /usr/local/lib/python3.8/dist-packages/oslo_concurrency/processutils.py:422}}
Aug 21 18:10:02.674559 n-d-800089-23 cinder-volume[109232]: DEBUG oslo_concurrency.processutils [None req-010ed041-925c-45b6-9c9a-3a7c60184f86 tempest-VolumesGetTest-662012028 None] Running cmd (subprocess): sudo cinder-rootwrap /etc/cinder/rootwrap.conf env LC_ALL=C lvs --noheadings --unit=g -o vg_name,name,size --nosuffix --readonly stack-volumes-lvmdriver-1 {{(pid=109232) execute /usr/local/lib/python3.8/dist-packages/oslo_concurrency/processutils.py:384}}
Aug 21 18:10:02.706921 n-d-800089-23 sudo[134244]: ubuntu : TTY=unknown ; PWD=/ ; USER=root ; COMMAND=/usr/local/bin/cinder-rootwrap /etc/cinder/rootwrap.conf env LC_ALL=C lvs --noheadings --unit=g -o vg_name,name,size --nosuffix --readonly stack-volumes-lvmdriver-1
Aug 21 18:10:02.709160 n-d-800089-23 sudo[134244]: pam_unix(sudo:session): session opened for user root by (uid=0)
Aug 21 18:10:03.108179 n-d-800089-23 sudo[134241]: pam_unix(sudo:session): session closed for user root
Aug 21 18:10:03.112956 n-d-800089-23 cinder-volume[109232]: DEBUG oslo_concurrency.processutils [None req-5c3ebc7d-46a5-4960-ac35-3939777ffba5 tempest-VolumesGetTest-662012028 None] CMD "sudo cinder-rootwrap /etc/cinder/rootwrap.conf env LC_ALL=C lvs --noheadings --unit=g -o vg_name,name,size --nosuffix --readonly stack-volumes-lvmdriver-1/volume-c6465429-9d6d-4357-a837-918de9bc06db" returned: 0 in 0.740s {{(pid=109232) execute /usr/local/lib/python3.8/dist-packages/oslo_concurrency/processutils.py:422}}
Aug 21 18:10:03.116646 n-d-800089-23 cinder-volume[109232]: DEBUG oslo_concurrency.processutils [None req-5c3ebc7d-46a5-4960-ac35-3939777ffba5 tempest-VolumesGetTest-662012028 None] Running cmd (subprocess): sudo cinder-rootwrap /etc/cinder/rootwrap.conf env LC_ALL=C lvdisplay --noheading -C -o Attr --readonly stack-volumes-lvmdriver-1/volume-c6465429-9d6d-4357-a837-918de9bc06db {{(pid=109232) execute /usr/local/lib/python3.8/dist-packages/oslo_concurrency/processutils.py:384}}
Aug 21 18:10:03.167410 n-d-800089-23 sudo[134247]: ubuntu : TTY=unknown ; PWD=/ ; USER=root ; COMMAND=/usr/local/bin/cinder-rootwrap /etc/cinder/rootwrap.conf env LC_ALL=C lvdisplay --noheading -C -o Attr --readonly stack-volumes-lvmdriver-1/volume-c6465429-9d6d-4357-a837-918de9bc06db
Aug 21 18:10:03.170197 n-d-800089-23 sudo[134247]: pam_unix(sudo:session): session opened for user root by (uid=0)
Aug 21 18:10:03.907458 n-d-800089-23 sudo[134244]: pam_unix(sudo:session): session closed for user root
Aug 21 18:10:03.915597 n-d-800089-23 cinder-volume[109232]: DEBUG oslo_concurrency.processutils [None req-010ed041-925c-45b6-9c9a-3a7c60184f86 tempest-VolumesGetTest-662012028 None] CMD "sudo cinder-rootwrap /etc/cinder/rootwrap.conf env LC_ALL=C lvs --noheadings --unit=g -o vg_name,name,size --nosuffix --readonly stack-volumes-lvmdriver-1" returned: 0 in 1.239s {{(pid=109232) execute /usr/local/lib/python3.8/dist-packages/oslo_concurrency/processutils.py:422}}
Aug 21 18:10:03.932528 n-d-800089-23 cinder-volume[109232]: DEBUG cinder.manager [None req-010ed041-925c-45b6-9c9a-3a7c60184f86 tempest-VolumesGetTest-662012028 None] Notifying Schedulers of capabilities ... {{(pid=109232) _publish_service_capabilities /opt/stack/cinder/cinder/manager.py:197}}
Aug 21 18:10:03.948690 n-d-800089-23 cinder-volume[109232]: INFO cinder.volume.manager [None req-010ed041-925c-45b6-9c9a-3a7c60184f86 tempest-VolumesGetTest-662012028 None] Deleted volume successfully.
Aug 21 18:10:03.996853 n-d-800089-23 cinder-volume[109232]: DEBUG cinder.coordination [None req-010ed041-925c-45b6-9c9a-3a7c60184f86 tempest-VolumesGetTest-662012028 None] Lock "b'cinder-ea8d24f6-da86-41c3-b945-81bbd430dcf3-delete_volume'" released by "delete_volume" :: held 5.308s {{(pid=109232) _synchronized /opt/stack/cinder/cinder/coordination.py:193}}
Aug 21 18:10:04.026299 n-d-800089-23 sudo[134247]: pam_unix(sudo:session): session closed for user root
Aug 21 18:10:04.028328 n-d-800089-23 cinder-volume[109232]: DEBUG oslo_concurrency.processutils [None req-5c3ebc7d-46a5-4960-ac35-3939777ffba5 tempest-VolumesGetTest-662012028 None] CMD "sudo cinder-rootwrap /etc/cinder/rootwrap.conf env LC_ALL=C lvdisplay --noheading -C -o Attr --readonly stack-volumes-lvmdriver-1/volume-c6465429-9d6d-4357-a837-918de9bc06db" returned: 0 in 0.912s {{(pid=109232) execute /usr/local/lib/python3.8/dist-packages/oslo_concurrency/processutils.py:422}}
Aug 21 18:10:04.030323 n-d-800089-23 cinder-volume[109232]: DEBUG oslo_concurrency.processutils [None req-5c3ebc7d-46a5-4960-ac35-3939777ffba5 tempest-VolumesGetTest-662012028 None] Running cmd (subprocess): sudo cinder-rootwrap /etc/cinder/rootwrap.conf lvremove --config activation { retry_deactivation = 1} -f stack-volumes-lvmdriver-1/volume-c6465429-9d6d-4357-a837-918de9bc06db {{(pid=109232) execute /usr/local/lib/python3.8/dist-packages/oslo_concurrency/processutils.py:384}}
Aug 21 18:10:04.061211 n-d-800089-23 sudo[134252]: ubuntu : TTY=unknown ; PWD=/ ; USER=root ; COMMAND=/usr/local/bin/cinder-rootwrap /etc/cinder/rootwrap.conf lvremove --config activation { retry_deactivation = 1} -f stack-volumes-lvmdriver-1/volume-c6465429-9d6d-4357-a837-918de9bc06db
Aug 21 18:10:04.062034 n-d-800089-23 sudo[134252]: pam_unix(sudo:session): session opened for user root by (uid=0)
Aug 21 18:10:04.634379 n-d-800089-23 sudo[134252]: pam_unix(sudo:session): session closed for user root
Aug 21 18:10:04.637648 n-d-800089-23 cinder-volume[109232]: DEBUG oslo_concurrency.processutils [None req-5c3ebc7d-46a5-4960-ac35-3939777ffba5 tempest-VolumesGetTest-662012028 None] CMD "sudo cinder-rootwrap /etc/cinder/rootwrap.conf lvremove --config activation { retry_deactivation = 1} -f stack-volumes-lvmdriver-1/volume-c6465429-9d6d-4357-a837-918de9bc06db" returned: 0 in 0.606s {{(pid=109232) execute /usr/local/lib/python3.8/dist-packages/oslo_concurrency/processutils.py:422}}
Aug 21 18:10:04.639439 n-d-800089-23 cinder-volume[109232]: INFO cinder.volume.drivers.lvm [None req-5c3ebc7d-46a5-4960-ac35-3939777ffba5 tempest-VolumesGetTest-662012028 None] Successfully deleted volume: c6465429-9d6d-4357-a837-918de9bc06db
Aug 21 18:10:04.711862 n-d-800089-23 cinder-volume[109232]: DEBUG cinder.quota [None req-5c3ebc7d-46a5-4960-ac35-3939777ffba5 tempest-VolumesGetTest-662012028 None] Created reservations ['f81b5858-43da-417d-9c6a-5f223e471893', '20fd74c1-dd35-4db3-a339-9595afa0f467', '5c1be6d0-ac28-47db-9ba5-da1361a4ddb8', '2d4f0f78-6af8-4c24-b0f8-ff161132225c'] {{(pid=109232) reserve /opt/stack/cinder/cinder/quota.py:755}}
Aug 21 18:10:04.784779 n-d-800089-23 cinder-volume[109232]: DEBUG cinder.volume.drivers.lvm [None req-5c3ebc7d-46a5-4960-ac35-3939777ffba5 tempest-VolumesGetTest-662012028 None] Updating volume stats {{(pid=109232) _update_volume_stats /opt/stack/cinder/cinder/volume/drivers/lvm.py:214}}
Aug 21 18:10:04.785754 n-d-800089-23 cinder-volume[109232]: DEBUG oslo_concurrency.processutils [None req-5c3ebc7d-46a5-4960-ac35-3939777ffba5 tempest-VolumesGetTest-662012028 None] Running cmd (subprocess): sudo cinder-rootwrap /etc/cinder/rootwrap.conf env LC_ALL=C vgs --noheadings --unit=g -o name,size,free,lv_count,uuid --separator : --nosuffix stack-volumes-lvmdriver-1 {{(pid=109232) execute /usr/local/lib/python3.8/dist-packages/oslo_concurrency/processutils.py:384}}
Aug 21 18:10:04.814884 n-d-800089-23 sudo[134261]: ubuntu : TTY=unknown ; PWD=/ ; USER=root ; COMMAND=/usr/local/bin/cinder-rootwrap /etc/cinder/rootwrap.conf env LC_ALL=C vgs --noheadings --unit=g -o name,size,free,lv_count,uuid --separator : --nosuffix stack-volumes-lvmdriver-1
Aug 21 18:10:04.816031 n-d-800089-23 sudo[134261]: pam_unix(sudo:session): session opened for user root by (uid=0)
Aug 21 18:10:05.309174 n-d-800089-23 sudo[134261]: pam_unix(sudo:session): session closed for user root
Aug 21 18:10:05.315722 n-d-800089-23 cinder-volume[109232]: DEBUG oslo_concurrency.processutils [None req-5c3ebc7d-46a5-4960-ac35-3939777ffba5 tempest-VolumesGetTest-662012028 None] CMD "sudo cinder-rootwrap /etc/cinder/rootwrap.conf env LC_ALL=C vgs --noheadings --unit=g -o name,size,free,lv_count,uuid --separator : --nosuffix stack-volumes-lvmdriver-1" returned: 0 in 0.530s {{(pid=109232) execute /usr/local/lib/python3.8/dist-packages/oslo_concurrency/processutils.py:422}}
Aug 21 18:10:05.318878 n-d-800089-23 cinder-volume[109232]: DEBUG oslo_concurrency.processutils [None req-5c3ebc7d-46a5-4960-ac35-3939777ffba5 tempest-VolumesGetTest-662012028 None] Running cmd (subprocess): sudo cinder-rootwrap /etc/cinder/rootwrap.conf env LC_ALL=C lvs --noheadings --unit=g -o vg_name,name,size --nosuffix --readonly stack-volumes-lvmdriver-1 {{(pid=109232) execute /usr/local/lib/python3.8/dist-packages/oslo_concurrency/processutils.py:384}}
Aug 21 18:10:05.378089 n-d-800089-23 sudo[134264]: ubuntu : TTY=unknown ; PWD=/ ; USER=root ; COMMAND=/usr/local/bin/cinder-rootwrap /etc/cinder/rootwrap.conf env LC_ALL=C lvs --noheadings --unit=g -o vg_name,name,size --nosuffix --readonly stack-volumes-lvmdriver-1
Aug 21 18:10:05.378907 n-d-800089-23 sudo[134264]: pam_unix(sudo:session): session opened for user root by (uid=0)
Aug 21 18:10:06.071338 n-d-800089-23 sudo[134264]: pam_unix(sudo:session): session closed for user root
Aug 21 18:10:06.087829 n-d-800089-23 cinder-volume[109232]: DEBUG oslo_concurrency.processutils [None req-5c3ebc7d-46a5-4960-ac35-3939777ffba5 tempest-VolumesGetTest-662012028 None] CMD "sudo cinder-rootwrap /etc/cinder/rootwrap.conf env LC_ALL=C lvs --noheadings --unit=g -o vg_name,name,size --nosuffix --readonly stack-volumes-lvmdriver-1" returned: 0 in 0.768s {{(pid=109232) execute /usr/local/lib/python3.8/dist-packages/oslo_concurrency/processutils.py:422}}
Aug 21 18:10:06.095748 n-d-800089-23 cinder-volume[109232]: DEBUG cinder.manager [None req-5c3ebc7d-46a5-4960-ac35-3939777ffba5 tempest-VolumesGetTest-662012028 None] Notifying Schedulers of capabilities ... {{(pid=109232) _publish_service_capabilities /opt/stack/cinder/cinder/manager.py:197}}
Aug 21 18:10:06.111329 n-d-800089-23 cinder-volume[109232]: INFO cinder.volume.manager [None req-5c3ebc7d-46a5-4960-ac35-3939777ffba5 tempest-VolumesGetTest-662012028 None] Deleted volume successfully.
Aug 21 18:10:06.163381 n-d-800089-23 cinder-volume[109232]: DEBUG cinder.coordination [None req-5c3ebc7d-46a5-4960-ac35-3939777ffba5 tempest-VolumesGetTest-662012028 None] Lock "b'cinder-c6465429-9d6d-4357-a837-918de9bc06db-delete_volume'" released by "delete_volume" :: held 3.874s {{(pid=109232) _synchronized /opt/stack/cinder/cinder/coordination.py:193}}
Aug 21 18:10:06.175676 n-d-800089-23 cinder-volume[109232]: DEBUG cinder.volume.flows.manager.create_volume [None req-8a929496-de00-4640-9b50-f987d67ab7ac tempest-VolumesGetTest-662012028 None] Volume reschedule parameters: True retry: {'num_attempts': 1, 'backends': ['n-d-800089-23@lvmdriver-1#lvmdriver-1'], 'hosts': ['n-d-800089-23@lvmdriver-1#lvmdriver-1']} {{(pid=109232) get_flow /opt/stack/cinder/cinder/volume/flows/manager/create_volume.py:1316}}
Aug 21 18:10:06.182083 n-d-800089-23 cinder-volume[109232]: WARNING stevedore.named [None req-8a929496-de00-4640-9b50-f987d67ab7ac tempest-VolumesGetTest-662012028 None] Could not load cinder.keymgr.conf_key_mgr.ConfKeyManager
Aug 21 18:10:06.182790 n-d-800089-23 cinder-volume[109232]: WARNING castellan.key_manager [None req-8a929496-de00-4640-9b50-f987d67ab7ac tempest-VolumesGetTest-662012028 None] Deprecation Warning : cinder.keymgr.conf_key_mgr.ConfKeyManager is not a stevedore based driver, trying to load it as a class: stevedore.exception.NoMatches: No 'castellan.drivers' driver found, looking for 'cinder.keymgr.conf_key_mgr.ConfKeyManager'
Aug 21 18:10:06.202005 n-d-800089-23 cinder-volume[109232]: DEBUG cinder.volume.manager [None req-8a929496-de00-4640-9b50-f987d67ab7ac tempest-VolumesGetTest-662012028 None] Flow 'volume_create_manager' (62e7fcba-c374-4a3e-86a3-4f46693f3fd8) transitioned into state 'RUNNING' from state 'PENDING' {{(pid=109232) _flow_receiver /usr/local/lib/python3.8/dist-packages/taskflow/listeners/logging.py:141}}
Aug 21 18:10:06.205445 n-d-800089-23 cinder-volume[109232]: DEBUG cinder.volume.manager [None req-8a929496-de00-4640-9b50-f987d67ab7ac tempest-VolumesGetTest-662012028 None] Task 'cinder.volume.flows.manager.create_volume.ExtractVolumeRefTask;volume:create' (437f8712-3449-4eef-a2c5-997bba62a909) transitioned into state 'RUNNING' from state 'PENDING' {{(pid=109232) _task_receiver /usr/local/lib/python3.8/dist-packages/taskflow/listeners/logging.py:190}}
Aug 21 18:10:06.215500 n-d-800089-23 cinder-volume[109232]: DEBUG oslo_db.sqlalchemy.engines [None req-8a929496-de00-4640-9b50-f987d67ab7ac tempest-VolumesGetTest-662012028 None] MySQL server mode set to STRICT_TRANS_TABLES,STRICT_ALL_TABLES,NO_ZERO_IN_DATE,NO_ZERO_DATE,ERROR_FOR_DIVISION_BY_ZERO,TRADITIONAL,NO_ENGINE_SUBSTITUTION {{(pid=109232) _check_effective_sql_mode /usr/local/lib/python3.8/dist-packages/oslo_db/sqlalchemy/engines.py:314}}
Aug 21 18:10:06.234410 n-d-800089-23 cinder-volume[109232]: DEBUG cinder.volume.manager [None req-8a929496-de00-4640-9b50-f987d67ab7ac tempest-VolumesGetTest-662012028 None] Task 'cinder.volume.flows.manager.create_volume.ExtractVolumeRefTask;volume:create' (437f8712-3449-4eef-a2c5-997bba62a909) transitioned into state 'SUCCESS' from state 'RUNNING' with result 'Volume(_name_id=None,admin_metadata=,attach_status='detached',availability_zone='nova',bootable=False,cluster=,cluster_name=None,consistencygroup=,consistencygroup_id=None,created_at=2021-08-21T18:10:06Z,deleted=False,deleted_at=None,display_description=None,display_name='tempest-VolumesGetTest-Volume-855786480',ec2_id=None,encryption_key_id=None,glance_metadata=,group=,group_id=None,host='n-d-800089-23@lvmdriver-1#lvmdriver-1',id=0398ec71-09c9-4c89-aa77-c1965714f22a,launched_at=None,metadata={},migration_status=None,multiattach=False,previous_status=None,project_id='ebd4b63958ed4622b979bdd846ef4482',provider_auth=None,provider_geometry=None,provider_id=None,provider_location=None,replication_driver_data=None,replication_extended_status=None,replication_status=None,scheduled_at=2021-08-21T18:10:06Z,service_uuid=None,shared_targets=True,size=1,snapshot_id=None,snapshots=,source_volid=None,status='creating',terminated_at=None,updated_at=2021-08-21T18:10:06Z,user_id='a493557fcdea4151be806cdba4524fa4',volume_attachment=,volume_type=VolumeType(e03eb94f-fe53-4b01-9899-f3b053ded080),volume_type_id=e03eb94f-fe53-4b01-9899-f3b053ded080)' {{(pid=109232) _task_receiver /usr/local/lib/python3.8/dist-packages/taskflow/listeners/logging.py:178}}
Aug 21 18:10:06.236974 n-d-800089-23 cinder-volume[109232]: DEBUG cinder.volume.manager [None req-8a929496-de00-4640-9b50-f987d67ab7ac tempest-VolumesGetTest-662012028 None] Task 'cinder.volume.flows.manager.create_volume.OnFailureRescheduleTask;volume:create' (97b92e9d-00b2-41ac-8007-ebe9eacfe7b1) transitioned into state 'RUNNING' from state 'PENDING' {{(pid=109232) _task_receiver /usr/local/lib/python3.8/dist-packages/taskflow/listeners/logging.py:190}}
Aug 21 18:10:06.239087 n-d-800089-23 cinder-volume[109232]: DEBUG cinder.volume.manager [None req-8a929496-de00-4640-9b50-f987d67ab7ac tempest-VolumesGetTest-662012028 None] Task 'cinder.volume.flows.manager.create_volume.OnFailureRescheduleTask;volume:create' (97b92e9d-00b2-41ac-8007-ebe9eacfe7b1) transitioned into state 'SUCCESS' from state 'RUNNING' with result 'None' {{(pid=109232) _task_receiver /usr/local/lib/python3.8/dist-packages/taskflow/listeners/logging.py:178}}
Aug 21 18:10:06.241749 n-d-800089-23 cinder-volume[109232]: DEBUG cinder.volume.manager [None req-8a929496-de00-4640-9b50-f987d67ab7ac tempest-VolumesGetTest-662012028 None] Task 'cinder.volume.flows.manager.create_volume.ExtractVolumeSpecTask;volume:create' (85994733-8efc-4a97-81cf-b867e4ed3436) transitioned into state 'RUNNING' from state 'PENDING' {{(pid=109232) _task_receiver /usr/local/lib/python3.8/dist-packages/taskflow/listeners/logging.py:190}}
Aug 21 18:10:06.244191 n-d-800089-23 cinder-volume[109232]: DEBUG cinder.volume.manager [None req-8a929496-de00-4640-9b50-f987d67ab7ac tempest-VolumesGetTest-662012028 None] Task 'cinder.volume.flows.manager.create_volume.ExtractVolumeSpecTask;volume:create' (85994733-8efc-4a97-81cf-b867e4ed3436) transitioned into state 'SUCCESS' from state 'RUNNING' with result '{'status': 'creating', 'type': 'raw', 'volume_id': '0398ec71-09c9-4c89-aa77-c1965714f22a', 'volume_name': 'volume-0398ec71-09c9-4c89-aa77-c1965714f22a', 'volume_size': 1}' {{(pid=109232) _task_receiver /usr/local/lib/python3.8/dist-packages/taskflow/listeners/logging.py:178}}
Aug 21 18:10:06.246517 n-d-800089-23 cinder-volume[109232]: DEBUG cinder.volume.manager [None req-8a929496-de00-4640-9b50-f987d67ab7ac tempest-VolumesGetTest-662012028 None] Task 'cinder.volume.flows.manager.create_volume.NotifyVolumeActionTask;volume:create, create.start' (a49cceef-fec5-4ade-a62f-c156bb48eec9) transitioned into state 'RUNNING' from state 'PENDING' {{(pid=109232) _task_receiver /usr/local/lib/python3.8/dist-packages/taskflow/listeners/logging.py:190}}
Aug 21 18:10:06.248824 n-d-800089-23 cinder-volume[109232]: DEBUG cinder.volume.manager [None req-8a929496-de00-4640-9b50-f987d67ab7ac tempest-VolumesGetTest-662012028 None] Task 'cinder.volume.flows.manager.create_volume.NotifyVolumeActionTask;volume:create, create.start' (a49cceef-fec5-4ade-a62f-c156bb48eec9) transitioned into state 'SUCCESS' from state 'RUNNING' with result 'None' {{(pid=109232) _task_receiver /usr/local/lib/python3.8/dist-packages/taskflow/listeners/logging.py:178}}
Aug 21 18:10:06.251141 n-d-800089-23 cinder-volume[109232]: DEBUG cinder.volume.manager [None req-8a929496-de00-4640-9b50-f987d67ab7ac tempest-VolumesGetTest-662012028 None] Task 'cinder.volume.flows.manager.create_volume.CreateVolumeFromSpecTask;volume:create' (e0dbef6b-668f-4c2c-acc2-be30cb7ee169) transitioned into state 'RUNNING' from state 'PENDING' {{(pid=109232) _task_receiver /usr/local/lib/python3.8/dist-packages/taskflow/listeners/logging.py:190}}
Aug 21 18:10:06.251941 n-d-800089-23 cinder-volume[109232]: INFO cinder.volume.flows.manager.create_volume [None req-8a929496-de00-4640-9b50-f987d67ab7ac tempest-VolumesGetTest-662012028 None] Volume 0398ec71-09c9-4c89-aa77-c1965714f22a: being created as raw with specification: {'status': 'creating', 'volume_name': 'volume-0398ec71-09c9-4c89-aa77-c1965714f22a', 'volume_size': 1}
Aug 21 18:10:06.253333 n-d-800089-23 cinder-volume[109232]: DEBUG oslo_concurrency.processutils [None req-8a929496-de00-4640-9b50-f987d67ab7ac tempest-VolumesGetTest-662012028 None] Running cmd (subprocess): sudo cinder-rootwrap /etc/cinder/rootwrap.conf env LC_ALL=C lvcreate -n volume-0398ec71-09c9-4c89-aa77-c1965714f22a stack-volumes-lvmdriver-1 -L 1g {{(pid=109232) execute /usr/local/lib/python3.8/dist-packages/oslo_concurrency/processutils.py:384}}
Aug 21 18:10:06.278179 n-d-800089-23 sudo[134271]: ubuntu : TTY=unknown ; PWD=/ ; USER=root ; COMMAND=/usr/local/bin/cinder-rootwrap /etc/cinder/rootwrap.conf env LC_ALL=C lvcreate -n volume-0398ec71-09c9-4c89-aa77-c1965714f22a stack-volumes-lvmdriver-1 -L 1g
Aug 21 18:10:06.279732 n-d-800089-23 sudo[134271]: pam_unix(sudo:session): session opened for user root by (uid=0)
Aug 21 18:10:06.895348 n-d-800089-23 sudo[134271]: pam_unix(sudo:session): session closed for user root
Aug 21 18:10:06.898467 n-d-800089-23 cinder-volume[109232]: DEBUG oslo_concurrency.processutils [None req-8a929496-de00-4640-9b50-f987d67ab7ac tempest-VolumesGetTest-662012028 None] CMD "sudo cinder-rootwrap /etc/cinder/rootwrap.conf env LC_ALL=C lvcreate -n volume-0398ec71-09c9-4c89-aa77-c1965714f22a stack-volumes-lvmdriver-1 -L 1g" returned: 0 in 0.645s {{(pid=109232) execute /usr/local/lib/python3.8/dist-packages/oslo_concurrency/processutils.py:422}}
Aug 21 18:10:06.902735 n-d-800089-23 cinder-volume[109232]: DEBUG cinder.volume.manager [None req-8a929496-de00-4640-9b50-f987d67ab7ac tempest-VolumesGetTest-662012028 None] Task 'cinder.volume.flows.manager.create_volume.CreateVolumeFromSpecTask;volume:create' (e0dbef6b-668f-4c2c-acc2-be30cb7ee169) transitioned into state 'SUCCESS' from state 'RUNNING' with result '{'status': 'creating', 'volume_name': 'volume-0398ec71-09c9-4c89-aa77-c1965714f22a', 'volume_size': 1}' {{(pid=109232) _task_receiver /usr/local/lib/python3.8/dist-packages/taskflow/listeners/logging.py:178}}
Aug 21 18:10:06.905361 n-d-800089-23 cinder-volume[109232]: DEBUG cinder.volume.manager [None req-8a929496-de00-4640-9b50-f987d67ab7ac tempest-VolumesGetTest-662012028 None] Task 'cinder.volume.flows.manager.create_volume.CreateVolumeOnFinishTask;volume:create, create.end' (a4e85a00-26ba-44ea-aab9-d99087a99a6f) transitioned into state 'RUNNING' from state 'PENDING' {{(pid=109232) _task_receiver /usr/local/lib/python3.8/dist-packages/taskflow/listeners/logging.py:190}}
Aug 21 18:10:06.918772 n-d-800089-23 cinder-volume[109232]: INFO cinder.volume.flows.manager.create_volume [None req-8a929496-de00-4640-9b50-f987d67ab7ac tempest-VolumesGetTest-662012028 None] Volume volume-0398ec71-09c9-4c89-aa77-c1965714f22a (0398ec71-09c9-4c89-aa77-c1965714f22a): created successfully
Aug 21 18:10:06.921340 n-d-800089-23 cinder-volume[109232]: DEBUG cinder.volume.manager [None req-8a929496-de00-4640-9b50-f987d67ab7ac tempest-VolumesGetTest-662012028 None] Task 'cinder.volume.flows.manager.create_volume.CreateVolumeOnFinishTask;volume:create, create.end' (a4e85a00-26ba-44ea-aab9-d99087a99a6f) transitioned into state 'SUCCESS' from state 'RUNNING' with result 'None' {{(pid=109232) _task_receiver /usr/local/lib/python3.8/dist-packages/taskflow/listeners/logging.py:178}}
Aug 21 18:10:06.924324 n-d-800089-23 cinder-volume[109232]: DEBUG cinder.volume.manager [None req-8a929496-de00-4640-9b50-f987d67ab7ac tempest-VolumesGetTest-662012028 None] Flow 'volume_create_manager' (62e7fcba-c374-4a3e-86a3-4f46693f3fd8) transitioned into state 'SUCCESS' from state 'RUNNING' {{(pid=109232) _flow_receiver /usr/local/lib/python3.8/dist-packages/taskflow/listeners/logging.py:141}}
Aug 21 18:10:06.936392 n-d-800089-23 cinder-volume[109232]: INFO cinder.volume.manager [None req-8a929496-de00-4640-9b50-f987d67ab7ac tempest-VolumesGetTest-662012028 None] Created volume successfully.
Aug 21 18:10:07.564244 n-d-800089-23 cinder-volume[109232]: DEBUG cinder.volume.flows.manager.create_volume [None req-05a86e6d-9b9c-4a72-a0bf-6ab87d1498c9 tempest-VolumesGetTest-662012028 None] Volume reschedule parameters: True retry: {'num_attempts': 1, 'backends': ['n-d-800089-23@lvmdriver-1#lvmdriver-1'], 'hosts': ['n-d-800089-23@lvmdriver-1#lvmdriver-1']} {{(pid=109232) get_flow /opt/stack/cinder/cinder/volume/flows/manager/create_volume.py:1316}}
Aug 21 18:10:07.571367 n-d-800089-23 cinder-volume[109232]: WARNING stevedore.named [None req-05a86e6d-9b9c-4a72-a0bf-6ab87d1498c9 tempest-VolumesGetTest-662012028 None] Could not load cinder.keymgr.conf_key_mgr.ConfKeyManager
Aug 21 18:10:07.572821 n-d-800089-23 cinder-volume[109232]: WARNING castellan.key_manager [None req-05a86e6d-9b9c-4a72-a0bf-6ab87d1498c9 tempest-VolumesGetTest-662012028 None] Deprecation Warning : cinder.keymgr.conf_key_mgr.ConfKeyManager is not a stevedore based driver, trying to load it as a class: stevedore.exception.NoMatches: No 'castellan.drivers' driver found, looking for 'cinder.keymgr.conf_key_mgr.ConfKeyManager'
Aug 21 18:10:07.600195 n-d-800089-23 cinder-volume[109232]: DEBUG cinder.volume.manager [None req-05a86e6d-9b9c-4a72-a0bf-6ab87d1498c9 tempest-VolumesGetTest-662012028 None] Flow 'volume_create_manager' (884dbd44-9655-4c9a-b812-6d5c1b7f4089) transitioned into state 'RUNNING' from state 'PENDING' {{(pid=109232) _flow_receiver /usr/local/lib/python3.8/dist-packages/taskflow/listeners/logging.py:141}}
Aug 21 18:10:07.603443 n-d-800089-23 cinder-volume[109232]: DEBUG cinder.volume.manager [None req-05a86e6d-9b9c-4a72-a0bf-6ab87d1498c9 tempest-VolumesGetTest-662012028 None] Task 'cinder.volume.flows.manager.create_volume.ExtractVolumeRefTask;volume:create' (5b20404b-3712-4539-a528-93833a0ab4c8) transitioned into state 'RUNNING' from state 'PENDING' {{(pid=109232) _task_receiver /usr/local/lib/python3.8/dist-packages/taskflow/listeners/logging.py:190}}
Aug 21 18:10:07.612148 n-d-800089-23 cinder-volume[109232]: DEBUG oslo_db.sqlalchemy.engines [None req-05a86e6d-9b9c-4a72-a0bf-6ab87d1498c9 tempest-VolumesGetTest-662012028 None] MySQL server mode set to STRICT_TRANS_TABLES,STRICT_ALL_TABLES,NO_ZERO_IN_DATE,NO_ZERO_DATE,ERROR_FOR_DIVISION_BY_ZERO,TRADITIONAL,NO_ENGINE_SUBSTITUTION {{(pid=109232) _check_effective_sql_mode /usr/local/lib/python3.8/dist-packages/oslo_db/sqlalchemy/engines.py:314}}
Aug 21 18:10:07.634148 n-d-800089-23 cinder-volume[109232]: DEBUG cinder.volume.manager [None req-05a86e6d-9b9c-4a72-a0bf-6ab87d1498c9 tempest-VolumesGetTest-662012028 None] Task 'cinder.volume.flows.manager.create_volume.ExtractVolumeRefTask;volume:create' (5b20404b-3712-4539-a528-93833a0ab4c8) transitioned into state 'SUCCESS' from state 'RUNNING' with result 'Volume(_name_id=None,admin_metadata=,attach_status='detached',availability_zone='nova',bootable=False,cluster=,cluster_name=None,consistencygroup=,consistencygroup_id=None,created_at=2021-08-21T18:10:07Z,deleted=False,deleted_at=None,display_description=None,display_name='tempest-VolumesGetTest-Volume-1358139065',ec2_id=None,encryption_key_id=None,glance_metadata=,group=,group_id=None,host='n-d-800089-23@lvmdriver-1#lvmdriver-1',id=64366db2-3574-430c-a69d-c9ed1b1810f2,launched_at=None,metadata={Type='Test'},migration_status=None,multiattach=False,previous_status=None,project_id='ebd4b63958ed4622b979bdd846ef4482',provider_auth=None,provider_geometry=None,provider_id=None,provider_location=None,replication_driver_data=None,replication_extended_status=None,replication_status=None,scheduled_at=2021-08-21T18:10:08Z,service_uuid=None,shared_targets=True,size=1,snapshot_id=None,snapshots=,source_volid=0398ec71-09c9-4c89-aa77-c1965714f22a,status='creating',terminated_at=None,updated_at=2021-08-21T18:10:08Z,user_id='a493557fcdea4151be806cdba4524fa4',volume_attachment=,volume_type=VolumeType(e03eb94f-fe53-4b01-9899-f3b053ded080),volume_type_id=e03eb94f-fe53-4b01-9899-f3b053ded080)' {{(pid=109232) _task_receiver /usr/local/lib/python3.8/dist-packages/taskflow/listeners/logging.py:178}}
Aug 21 18:10:07.639000 n-d-800089-23 cinder-volume[109232]: DEBUG cinder.volume.manager [None req-05a86e6d-9b9c-4a72-a0bf-6ab87d1498c9 tempest-VolumesGetTest-662012028 None] Task 'cinder.volume.flows.manager.create_volume.OnFailureRescheduleTask;volume:create' (b3bd4a9d-a58e-4dfb-872c-3859eebedf0c) transitioned into state 'RUNNING' from state 'PENDING' {{(pid=109232) _task_receiver /usr/local/lib/python3.8/dist-packages/taskflow/listeners/logging.py:190}}
Aug 21 18:10:07.642279 n-d-800089-23 cinder-volume[109232]: DEBUG cinder.volume.manager [None req-05a86e6d-9b9c-4a72-a0bf-6ab87d1498c9 tempest-VolumesGetTest-662012028 None] Task 'cinder.volume.flows.manager.create_volume.OnFailureRescheduleTask;volume:create' (b3bd4a9d-a58e-4dfb-872c-3859eebedf0c) transitioned into state 'SUCCESS' from state 'RUNNING' with result 'None' {{(pid=109232) _task_receiver /usr/local/lib/python3.8/dist-packages/taskflow/listeners/logging.py:178}}
Aug 21 18:10:07.648283 n-d-800089-23 cinder-volume[109232]: DEBUG cinder.volume.manager [None req-05a86e6d-9b9c-4a72-a0bf-6ab87d1498c9 tempest-VolumesGetTest-662012028 None] Task 'cinder.volume.flows.manager.create_volume.ExtractVolumeSpecTask;volume:create' (13ade1db-03d1-42fe-8d07-9d5a73358e4b) transitioned into state 'RUNNING' from state 'PENDING' {{(pid=109232) _task_receiver /usr/local/lib/python3.8/dist-packages/taskflow/listeners/logging.py:190}}
Aug 21 18:10:07.681542 n-d-800089-23 cinder-volume[109232]: DEBUG cinder.volume.manager [None req-05a86e6d-9b9c-4a72-a0bf-6ab87d1498c9 tempest-VolumesGetTest-662012028 None] Task 'cinder.volume.flows.manager.create_volume.ExtractVolumeSpecTask;volume:create' (13ade1db-03d1-42fe-8d07-9d5a73358e4b) transitioned into state 'SUCCESS' from state 'RUNNING' with result '{'status': 'creating', 'type': 'source_vol', 'volume_id': '64366db2-3574-430c-a69d-c9ed1b1810f2', 'volume_name': 'volume-64366db2-3574-430c-a69d-c9ed1b1810f2', 'volume_size': 1, 'source_volid': '0398ec71-09c9-4c89-aa77-c1965714f22a', 'source_volstatus': 'available'}' {{(pid=109232) _task_receiver /usr/local/lib/python3.8/dist-packages/taskflow/listeners/logging.py:178}}
Aug 21 18:10:07.684345 n-d-800089-23 cinder-volume[109232]: DEBUG cinder.volume.manager [None req-05a86e6d-9b9c-4a72-a0bf-6ab87d1498c9 tempest-VolumesGetTest-662012028 None] Task 'cinder.volume.flows.manager.create_volume.NotifyVolumeActionTask;volume:create, create.start' (887f5bf5-fc46-4f61-af32-425c58f5e95a) transitioned into state 'RUNNING' from state 'PENDING' {{(pid=109232) _task_receiver /usr/local/lib/python3.8/dist-packages/taskflow/listeners/logging.py:190}}
Aug 21 18:10:07.686641 n-d-800089-23 cinder-volume[109232]: DEBUG cinder.volume.manager [None req-05a86e6d-9b9c-4a72-a0bf-6ab87d1498c9 tempest-VolumesGetTest-662012028 None] Task 'cinder.volume.flows.manager.create_volume.NotifyVolumeActionTask;volume:create, create.start' (887f5bf5-fc46-4f61-af32-425c58f5e95a) transitioned into state 'SUCCESS' from state 'RUNNING' with result 'None' {{(pid=109232) _task_receiver /usr/local/lib/python3.8/dist-packages/taskflow/listeners/logging.py:178}}
Aug 21 18:10:07.688878 n-d-800089-23 cinder-volume[109232]: DEBUG cinder.volume.manager [None req-05a86e6d-9b9c-4a72-a0bf-6ab87d1498c9 tempest-VolumesGetTest-662012028 None] Task 'cinder.volume.flows.manager.create_volume.CreateVolumeFromSpecTask;volume:create' (d8c84f1a-5b33-4737-ac85-b1a863297e9c) transitioned into state 'RUNNING' from state 'PENDING' {{(pid=109232) _task_receiver /usr/local/lib/python3.8/dist-packages/taskflow/listeners/logging.py:190}}
Aug 21 18:10:07.689703 n-d-800089-23 cinder-volume[109232]: INFO cinder.volume.flows.manager.create_volume [None req-05a86e6d-9b9c-4a72-a0bf-6ab87d1498c9 tempest-VolumesGetTest-662012028 None] Volume 64366db2-3574-430c-a69d-c9ed1b1810f2: being created as source_vol with specification: {'status': 'creating', 'volume_name': 'volume-64366db2-3574-430c-a69d-c9ed1b1810f2', 'volume_size': 1, 'source_volid': '0398ec71-09c9-4c89-aa77-c1965714f22a', 'source_volstatus': 'available'}
Aug 21 18:10:07.710881 n-d-800089-23 cinder-volume[109232]: INFO cinder.volume.drivers.lvm [None req-05a86e6d-9b9c-4a72-a0bf-6ab87d1498c9 tempest-VolumesGetTest-662012028 None] Creating clone of volume: 0398ec71-09c9-4c89-aa77-c1965714f22a
Aug 21 18:10:07.710881 n-d-800089-23 cinder-volume[109232]: DEBUG oslo_concurrency.processutils [None req-05a86e6d-9b9c-4a72-a0bf-6ab87d1498c9 tempest-VolumesGetTest-662012028 None] Running cmd (subprocess): sudo cinder-rootwrap /etc/cinder/rootwrap.conf env LC_ALL=C lvs --noheadings --unit=g -o vg_name,name,size --nosuffix --readonly stack-volumes-lvmdriver-1/volume-0398ec71-09c9-4c89-aa77-c1965714f22a {{(pid=109232) execute /usr/local/lib/python3.8/dist-packages/oslo_concurrency/processutils.py:384}}
Aug 21 18:10:07.728366 n-d-800089-23 sudo[134303]: ubuntu : TTY=unknown ; PWD=/ ; USER=root ; COMMAND=/usr/local/bin/cinder-rootwrap /etc/cinder/rootwrap.conf env LC_ALL=C lvs --noheadings --unit=g -o vg_name,name,size --nosuffix --readonly stack-volumes-lvmdriver-1/volume-0398ec71-09c9-4c89-aa77-c1965714f22a
Aug 21 18:10:07.729242 n-d-800089-23 sudo[134303]: pam_unix(sudo:session): session opened for user root by (uid=0)
Aug 21 18:10:08.202511 n-d-800089-23 sudo[134303]: pam_unix(sudo:session): session closed for user root
Aug 21 18:10:08.205241 n-d-800089-23 cinder-volume[109232]: DEBUG oslo_concurrency.processutils [None req-05a86e6d-9b9c-4a72-a0bf-6ab87d1498c9 tempest-VolumesGetTest-662012028 None] CMD "sudo cinder-rootwrap /etc/cinder/rootwrap.conf env LC_ALL=C lvs --noheadings --unit=g -o vg_name,name,size --nosuffix --readonly stack-volumes-lvmdriver-1/volume-0398ec71-09c9-4c89-aa77-c1965714f22a" returned: 0 in 0.501s {{(pid=109232) execute /usr/local/lib/python3.8/dist-packages/oslo_concurrency/processutils.py:422}}
Aug 21 18:10:08.207057 n-d-800089-23 cinder-volume[109232]: DEBUG oslo_concurrency.processutils [None req-05a86e6d-9b9c-4a72-a0bf-6ab87d1498c9 tempest-VolumesGetTest-662012028 None] Running cmd (subprocess): sudo cinder-rootwrap /etc/cinder/rootwrap.conf env LC_ALL=C lvcreate --name clone-snap-64366db2-3574-430c-a69d-c9ed1b1810f2 --snapshot stack-volumes-lvmdriver-1/volume-0398ec71-09c9-4c89-aa77-c1965714f22a -L 1.00g {{(pid=109232) execute /usr/local/lib/python3.8/dist-packages/oslo_concurrency/processutils.py:384}}
Aug 21 18:10:08.227023 n-d-800089-23 sudo[134307]: ubuntu : TTY=unknown ; PWD=/ ; USER=root ; COMMAND=/usr/local/bin/cinder-rootwrap /etc/cinder/rootwrap.conf env LC_ALL=C lvcreate --name clone-snap-64366db2-3574-430c-a69d-c9ed1b1810f2 --snapshot stack-volumes-lvmdriver-1/volume-0398ec71-09c9-4c89-aa77-c1965714f22a -L 1.00g
Aug 21 18:10:08.228443 n-d-800089-23 sudo[134307]: pam_unix(sudo:session): session opened for user root by (uid=0)
Aug 21 18:10:09.047242 n-d-800089-23 sudo[134307]: pam_unix(sudo:session): session closed for user root
Aug 21 18:10:09.054904 n-d-800089-23 cinder-volume[109232]: DEBUG oslo_concurrency.processutils [None req-05a86e6d-9b9c-4a72-a0bf-6ab87d1498c9 tempest-VolumesGetTest-662012028 None] CMD "sudo cinder-rootwrap /etc/cinder/rootwrap.conf env LC_ALL=C lvcreate --name clone-snap-64366db2-3574-430c-a69d-c9ed1b1810f2 --snapshot stack-volumes-lvmdriver-1/volume-0398ec71-09c9-4c89-aa77-c1965714f22a -L 1.00g" returned: 0 in 0.847s {{(pid=109232) execute /usr/local/lib/python3.8/dist-packages/oslo_concurrency/processutils.py:422}}
Aug 21 18:10:09.058786 n-d-800089-23 cinder-volume[109232]: DEBUG oslo_concurrency.processutils [None req-05a86e6d-9b9c-4a72-a0bf-6ab87d1498c9 tempest-VolumesGetTest-662012028 None] Running cmd (subprocess): sudo cinder-rootwrap /etc/cinder/rootwrap.conf env LC_ALL=C lvcreate -n volume-64366db2-3574-430c-a69d-c9ed1b1810f2 stack-volumes-lvmdriver-1 -L 1g {{(pid=109232) execute /usr/local/lib/python3.8/dist-packages/oslo_concurrency/processutils.py:384}}
Aug 21 18:10:09.096835 n-d-800089-23 sudo[134409]: ubuntu : TTY=unknown ; PWD=/ ; USER=root ; COMMAND=/usr/local/bin/cinder-rootwrap /etc/cinder/rootwrap.conf env LC_ALL=C lvcreate -n volume-64366db2-3574-430c-a69d-c9ed1b1810f2 stack-volumes-lvmdriver-1 -L 1g
Aug 21 18:10:09.097637 n-d-800089-23 sudo[134409]: pam_unix(sudo:session): session opened for user root by (uid=0)
Aug 21 18:10:09.689212 n-d-800089-23 sudo[134409]: pam_unix(sudo:session): session closed for user root
Aug 21 18:10:09.693206 n-d-800089-23 cinder-volume[109232]: DEBUG oslo_concurrency.processutils [None req-05a86e6d-9b9c-4a72-a0bf-6ab87d1498c9 tempest-VolumesGetTest-662012028 None] CMD "sudo cinder-rootwrap /etc/cinder/rootwrap.conf env LC_ALL=C lvcreate -n volume-64366db2-3574-430c-a69d-c9ed1b1810f2 stack-volumes-lvmdriver-1 -L 1g" returned: 0 in 0.635s {{(pid=109232) execute /usr/local/lib/python3.8/dist-packages/oslo_concurrency/processutils.py:422}}
Aug 21 18:10:09.695206 n-d-800089-23 cinder-volume[109232]: DEBUG oslo_concurrency.processutils [None req-05a86e6d-9b9c-4a72-a0bf-6ab87d1498c9 tempest-VolumesGetTest-662012028 None] Running cmd (subprocess): sudo cinder-rootwrap /etc/cinder/rootwrap.conf lvchange -a y --yes -K stack-volumes-lvmdriver-1/clone-snap-64366db2-3574-430c-a69d-c9ed1b1810f2 {{(pid=109232) execute /usr/local/lib/python3.8/dist-packages/oslo_concurrency/processutils.py:384}}
Aug 21 18:10:09.717076 n-d-800089-23 sudo[134442]: ubuntu : TTY=unknown ; PWD=/ ; USER=root ; COMMAND=/usr/local/bin/cinder-rootwrap /etc/cinder/rootwrap.conf lvchange -a y --yes -K stack-volumes-lvmdriver-1/clone-snap-64366db2-3574-430c-a69d-c9ed1b1810f2
Aug 21 18:10:09.718306 n-d-800089-23 sudo[134442]: pam_unix(sudo:session): session opened for user root by (uid=0)
Aug 21 18:10:10.175957 n-d-800089-23 sudo[134442]: pam_unix(sudo:session): session closed for user root
Aug 21 18:10:10.178204 n-d-800089-23 cinder-volume[109232]: DEBUG oslo_concurrency.processutils [None req-05a86e6d-9b9c-4a72-a0bf-6ab87d1498c9 tempest-VolumesGetTest-662012028 None] CMD "sudo cinder-rootwrap /etc/cinder/rootwrap.conf lvchange -a y --yes -K stack-volumes-lvmdriver-1/clone-snap-64366db2-3574-430c-a69d-c9ed1b1810f2" returned: 0 in 0.483s {{(pid=109232) execute /usr/local/lib/python3.8/dist-packages/oslo_concurrency/processutils.py:422}}
Aug 21 18:10:10.180677 n-d-800089-23 cinder-volume[109232]: DEBUG oslo_concurrency.processutils [None req-05a86e6d-9b9c-4a72-a0bf-6ab87d1498c9 tempest-VolumesGetTest-662012028 None] Running cmd (subprocess): sudo cinder-rootwrap /etc/cinder/rootwrap.conf dd count=0 if=/dev/mapper/stack--volumes--lvmdriver--1-clone--snap--64366db2--3574--430c--a69d--c9ed1b1810f2 of=/dev/mapper/stack--volumes--lvmdriver--1-volume--64366db2--3574--430c--a69d--c9ed1b1810f2 iflag=direct {{(pid=109232) execute /usr/local/lib/python3.8/dist-packages/oslo_concurrency/processutils.py:384}}
Aug 21 18:10:10.200040 n-d-800089-23 sudo[134446]: ubuntu : TTY=unknown ; PWD=/ ; USER=root ; COMMAND=/usr/local/bin/cinder-rootwrap /etc/cinder/rootwrap.conf dd count=0 if=/dev/mapper/stack--volumes--lvmdriver--1-clone--snap--64366db2--3574--430c--a69d--c9ed1b1810f2 of=/dev/mapper/stack--volumes--lvmdriver--1-volume--64366db2--3574--430c--a69d--c9ed1b1810f2 iflag=direct
Aug 21 18:10:10.200854 n-d-800089-23 sudo[134446]: pam_unix(sudo:session): session opened for user root by (uid=0)
Aug 21 18:10:10.566883 n-d-800089-23 sudo[134446]: pam_unix(sudo:session): session closed for user root
Aug 21 18:10:10.570033 n-d-800089-23 cinder-volume[109232]: DEBUG oslo_concurrency.processutils [None req-05a86e6d-9b9c-4a72-a0bf-6ab87d1498c9 tempest-VolumesGetTest-662012028 None] CMD "sudo cinder-rootwrap /etc/cinder/rootwrap.conf dd count=0 if=/dev/mapper/stack--volumes--lvmdriver--1-clone--snap--64366db2--3574--430c--a69d--c9ed1b1810f2 of=/dev/mapper/stack--volumes--lvmdriver--1-volume--64366db2--3574--430c--a69d--c9ed1b1810f2 iflag=direct" returned: 0 in 0.389s {{(pid=109232) execute /usr/local/lib/python3.8/dist-packages/oslo_concurrency/processutils.py:422}}
Aug 21 18:10:10.571252 n-d-800089-23 cinder-volume[109232]: DEBUG oslo_concurrency.processutils [None req-05a86e6d-9b9c-4a72-a0bf-6ab87d1498c9 tempest-VolumesGetTest-662012028 None] Running cmd (subprocess): sudo cinder-rootwrap /etc/cinder/rootwrap.conf dd count=0 if=/dev/mapper/stack--volumes--lvmdriver--1-clone--snap--64366db2--3574--430c--a69d--c9ed1b1810f2 of=/dev/mapper/stack--volumes--lvmdriver--1-volume--64366db2--3574--430c--a69d--c9ed1b1810f2 oflag=direct {{(pid=109232) execute /usr/local/lib/python3.8/dist-packages/oslo_concurrency/processutils.py:384}}
Aug 21 18:10:10.591106 n-d-800089-23 sudo[134458]: ubuntu : TTY=unknown ; PWD=/ ; USER=root ; COMMAND=/usr/local/bin/cinder-rootwrap /etc/cinder/rootwrap.conf dd count=0 if=/dev/mapper/stack--volumes--lvmdriver--1-clone--snap--64366db2--3574--430c--a69d--c9ed1b1810f2 of=/dev/mapper/stack--volumes--lvmdriver--1-volume--64366db2--3574--430c--a69d--c9ed1b1810f2 oflag=direct
Aug 21 18:10:10.591923 n-d-800089-23 sudo[134458]: pam_unix(sudo:session): session opened for user root by (uid=0)
Aug 21 18:10:11.005660 n-d-800089-23 sudo[134458]: pam_unix(sudo:session): session closed for user root
Aug 21 18:10:11.008645 n-d-800089-23 cinder-volume[109232]: DEBUG oslo_concurrency.processutils [None req-05a86e6d-9b9c-4a72-a0bf-6ab87d1498c9 tempest-VolumesGetTest-662012028 None] CMD "sudo cinder-rootwrap /etc/cinder/rootwrap.conf dd count=0 if=/dev/mapper/stack--volumes--lvmdriver--1-clone--snap--64366db2--3574--430c--a69d--c9ed1b1810f2 of=/dev/mapper/stack--volumes--lvmdriver--1-volume--64366db2--3574--430c--a69d--c9ed1b1810f2 oflag=direct" returned: 0 in 0.437s {{(pid=109232) execute /usr/local/lib/python3.8/dist-packages/oslo_concurrency/processutils.py:422}}
