Aug 17 01:58:12.255499 n-d-800089-22 devstack@placement-api.service[102312]: DEBUG placement.requestlog [req-89370c1a-b197-4ad4-a3dd-91f8c1be6ebb req-91717e4e-7ade-4045-a08c-0ef3ea13bf3e None None] Starting request: 10.222.0.49 "GET /placement/allocations/aca5f127-0816-43d1-9daa-045ebbecaa89" {{(pid=102312) __call__ /opt/stack/placement/placement/requestlog.py:55}}
Aug 17 01:58:12.273948 n-d-800089-22 devstack@placement-api.service[102312]: INFO placement.requestlog [req-89370c1a-b197-4ad4-a3dd-91f8c1be6ebb req-91717e4e-7ade-4045-a08c-0ef3ea13bf3e service placement] 10.222.0.49 "GET /placement/allocations/aca5f127-0816-43d1-9daa-045ebbecaa89" status: 200 len: 260 microversion: 1.28
Aug 17 01:58:12.274522 n-d-800089-22 devstack@placement-api.service[102312]: [pid: 102312|app: 0|req: 365/713] 10.222.0.49 () {60 vars in 1378 bytes} [Tue Aug 17 01:58:12 2021] GET /placement/allocations/aca5f127-0816-43d1-9daa-045ebbecaa89 => generated 260 bytes in 19 msecs (HTTP/1.1 200) 8 headers in 296 bytes (1 switches on core 0)
Aug 17 01:58:12.288027 n-d-800089-22 devstack@placement-api.service[102311]: DEBUG placement.requestlog [req-89370c1a-b197-4ad4-a3dd-91f8c1be6ebb req-17de76ef-30c3-44d0-897e-8e6718d96fc4 None None] Starting request: 10.222.0.49 "PUT /placement/allocations/aca5f127-0816-43d1-9daa-045ebbecaa89" {{(pid=102311) __call__ /opt/stack/placement/placement/requestlog.py:55}}
Aug 17 01:58:12.592495 n-d-800089-22 devstack@placement-api.service[102311]: DEBUG placement.handlers.allocation [req-89370c1a-b197-4ad4-a3dd-91f8c1be6ebb req-17de76ef-30c3-44d0-897e-8e6718d96fc4 service placement] Successfully wrote allocations [, , ] {{(pid=102311) _create_allocations /opt/stack/placement/placement/handlers/allocation.py:435}}
Aug 17 01:58:12.593072 n-d-800089-22 devstack@placement-api.service[102311]: INFO placement.requestlog [req-89370c1a-b197-4ad4-a3dd-91f8c1be6ebb req-17de76ef-30c3-44d0-897e-8e6718d96fc4 service placement] 10.222.0.49 "PUT /placement/allocations/aca5f127-0816-43d1-9daa-045ebbecaa89" status: 204 len: 0 microversion: 1.28
Aug 17 01:58:12.593498 n-d-800089-22 devstack@placement-api.service[102311]: [pid: 102311|app: 0|req: 349/714] 10.222.0.49 () {64 vars in 1431 bytes} [Tue Aug 17 01:58:12 2021] PUT /placement/allocations/aca5f127-0816-43d1-9daa-045ebbecaa89 => generated 0 bytes in 306 msecs (HTTP/1.1 204) 5 headers in 199 bytes (1 switches on core 0)
Aug 17 01:58:13.044098 n-d-800089-22 devstack@placement-api.service[102312]: DEBUG placement.requestlog [req-1c20eeb3-70e7-4d37-af06-e5935a71314c req-5dd56d08-893d-4033-bee7-344714322b96 None None] Starting request: 10.222.0.49 "GET /placement/allocations/4da122f4-fa79-4002-b808-900faef43425" {{(pid=102312) __call__ /opt/stack/placement/placement/requestlog.py:55}}
Aug 17 01:58:13.061033 n-d-800089-22 devstack@placement-api.service[102312]: INFO placement.requestlog [req-1c20eeb3-70e7-4d37-af06-e5935a71314c req-5dd56d08-893d-4033-bee7-344714322b96 service placement] 10.222.0.49 "GET /placement/allocations/4da122f4-fa79-4002-b808-900faef43425" status: 200 len: 260 microversion: 1.28
Aug 17 01:58:13.061729 n-d-800089-22 devstack@placement-api.service[102312]: [pid: 102312|app: 0|req: 366/715] 10.222.0.49 () {60 vars in 1378 bytes} [Tue Aug 17 01:58:13 2021] GET /placement/allocations/4da122f4-fa79-4002-b808-900faef43425 => generated 260 bytes in 18 msecs (HTTP/1.1 200) 8 headers in 296 bytes (2 switches on core 0)
Aug 17 01:58:19.034676 n-d-800089-22 devstack@placement-api.service[102311]: DEBUG placement.requestlog [None req-62e7904b-80aa-448f-8221-1967d997ce36 None None] Starting request: 10.222.0.36 "GET /placement/" {{(pid=102311) __call__ /opt/stack/placement/placement/requestlog.py:55}}
Aug 17 01:58:19.036257 n-d-800089-22 devstack@placement-api.service[102311]: INFO placement.requestlog [None req-62e7904b-80aa-448f-8221-1967d997ce36 None None] 10.222.0.36 "GET /placement/" status: 200 len: 136 microversion: 1.0
Aug 17 01:58:19.036790 n-d-800089-22 devstack@placement-api.service[102311]: [pid: 102311|app: 0|req: 350/716] 10.222.0.36 () {54 vars in 916 bytes} [Tue Aug 17 01:58:19 2021] GET /placement => generated 136 bytes in 2 msecs (HTTP/1.1 200) 6 headers in 224 bytes (1 switches on core 0)
Aug 17 01:58:19.051948 n-d-800089-22 devstack@placement-api.service[102312]: DEBUG placement.requestlog [req-e23859bf-63da-4845-bfd9-fe9abbef6363 req-126ae27b-d760-43f2-9bf0-e72609d66ca2 None None] Starting request: 10.222.0.36 "GET /placement/allocations/4b61fd9d-83cf-4633-80e6-577a7d5fbb2d" {{(pid=102312) __call__ /opt/stack/placement/placement/requestlog.py:55}}
Aug 17 01:58:19.249325 n-d-800089-22 devstack@placement-api.service[102312]: INFO placement.requestlog [req-e23859bf-63da-4845-bfd9-fe9abbef6363 req-126ae27b-d760-43f2-9bf0-e72609d66ca2 service placement] 10.222.0.36 "GET /placement/allocations/4b61fd9d-83cf-4633-80e6-577a7d5fbb2d" status: 200 len: 246 microversion: 1.28
Aug 17 01:58:19.255253 n-d-800089-22 devstack@placement-api.service[102312]: [pid: 102312|app: 0|req: 367/717] 10.222.0.36 () {60 vars in 1381 bytes} [Tue Aug 17 01:58:19 2021] GET /placement/allocations/4b61fd9d-83cf-4633-80e6-577a7d5fbb2d => generated 246 bytes in 203 msecs (HTTP/1.1 200) 8 headers in 296 bytes (1 switches on core 0)
Aug 17 01:58:19.256976 n-d-800089-22 devstack@placement-api.service[102311]: DEBUG placement.requestlog [req-e23859bf-63da-4845-bfd9-fe9abbef6363 req-299a0802-a066-41f2-b815-be9484f28fab None None] Starting request: 10.222.0.36 "GET /placement/allocations/4b61fd9d-83cf-4633-80e6-577a7d5fbb2d" {{(pid=102311) __call__ /opt/stack/placement/placement/requestlog.py:55}}
Aug 17 01:58:19.273324 n-d-800089-22 devstack@placement-api.service[102311]: INFO placement.requestlog [req-e23859bf-63da-4845-bfd9-fe9abbef6363 req-299a0802-a066-41f2-b815-be9484f28fab service placement] 10.222.0.36 "GET /placement/allocations/4b61fd9d-83cf-4633-80e6-577a7d5fbb2d" status: 200 len: 246 microversion: 1.28
Aug 17 01:58:19.274189 n-d-800089-22 devstack@placement-api.service[102311]: [pid: 102311|app: 0|req: 351/718] 10.222.0.36 () {60 vars in 1381 bytes} [Tue Aug 17 01:58:19 2021] GET /placement/allocations/4b61fd9d-83cf-4633-80e6-577a7d5fbb2d => generated 246 bytes in 19 msecs (HTTP/1.1 200) 8 headers in 296 bytes (2 switches on core 0)
Aug 17 01:58:19.280360 n-d-800089-22 devstack@placement-api.service[102312]: DEBUG placement.requestlog [req-e23859bf-63da-4845-bfd9-fe9abbef6363 req-7dce1679-4606-4d8d-bbc3-b81307a5828e None None] Starting request: 10.222.0.36 "GET /placement/allocations/5a1c182b-f731-499c-b920-d7925cfe5286" {{(pid=102312) __call__ /opt/stack/placement/placement/requestlog.py:55}}
Aug 17 01:58:19.295869 n-d-800089-22 devstack@placement-api.service[102312]: INFO placement.requestlog [req-e23859bf-63da-4845-bfd9-fe9abbef6363 req-7dce1679-4606-4d8d-bbc3-b81307a5828e service placement] 10.222.0.36 "GET /placement/allocations/5a1c182b-f731-499c-b920-d7925cfe5286" status: 200 len: 19 microversion: 1.28
Aug 17 01:58:19.296265 n-d-800089-22 devstack@placement-api.service[102312]: [pid: 102312|app: 0|req: 368/719] 10.222.0.36 () {60 vars in 1381 bytes} [Tue Aug 17 01:58:19 2021] GET /placement/allocations/5a1c182b-f731-499c-b920-d7925cfe5286 => generated 19 bytes in 16 msecs (HTTP/1.1 200) 8 headers in 295 bytes (1 switches on core 0)
Aug 17 01:58:19.302727 n-d-800089-22 devstack@placement-api.service[102311]: DEBUG placement.requestlog [req-e23859bf-63da-4845-bfd9-fe9abbef6363 req-f19a69e0-3119-4bd8-882f-b5106b11a0f1 None None] Starting request: 10.222.0.36 "POST /placement/allocations" {{(pid=102311) __call__ /opt/stack/placement/placement/requestlog.py:55}}
Aug 17 01:58:19.530299 n-d-800089-22 devstack@placement-api.service[102311]: DEBUG placement.handlers.allocation [req-e23859bf-63da-4845-bfd9-fe9abbef6363 req-f19a69e0-3119-4bd8-882f-b5106b11a0f1 service placement] Successfully wrote allocations [, , , ] {{(pid=102311) _create_allocations /opt/stack/placement/placement/handlers/allocation.py:524}}
Aug 17 01:58:19.530299 n-d-800089-22 devstack@placement-api.service[102311]: INFO placement.requestlog [req-e23859bf-63da-4845-bfd9-fe9abbef6363 req-f19a69e0-3119-4bd8-882f-b5106b11a0f1 service placement] 10.222.0.36 "POST /placement/allocations" status: 204 len: 0 microversion: 1.28
Aug 17 01:58:19.530299 n-d-800089-22 devstack@placement-api.service[102311]: [pid: 102311|app: 0|req: 352/720] 10.222.0.36 () {64 vars in 1324 bytes} [Tue Aug 17 01:58:19 2021] POST /placement/allocations => generated 0 bytes in 224 msecs (HTTP/1.1 204) 5 headers in 199 bytes (2 switches on core 0)
Aug 17 01:58:19.562861 n-d-800089-22 devstack@placement-api.service[102312]: DEBUG placement.requestlog [req-e23859bf-63da-4845-bfd9-fe9abbef6363 req-8adf5534-72a9-4195-8c28-a1965195b08a None None] Starting request: 10.222.0.36 "GET /placement/allocations/4b61fd9d-83cf-4633-80e6-577a7d5fbb2d" {{(pid=102312) __call__ /opt/stack/placement/placement/requestlog.py:55}}
Aug 17 01:58:19.575684 n-d-800089-22 devstack@placement-api.service[102312]: INFO placement.requestlog [req-e23859bf-63da-4845-bfd9-fe9abbef6363 req-8adf5534-72a9-4195-8c28-a1965195b08a service placement] 10.222.0.36 "GET /placement/allocations/4b61fd9d-83cf-4633-80e6-577a7d5fbb2d" status: 200 len: 19 microversion: 1.28
Aug 17 01:58:19.579149 n-d-800089-22 devstack@placement-api.service[102312]: [pid: 102312|app: 0|req: 369/721] 10.222.0.36 () {60 vars in 1381 bytes} [Tue Aug 17 01:58:19 2021] GET /placement/allocations/4b61fd9d-83cf-4633-80e6-577a7d5fbb2d => generated 19 bytes in 16 msecs (HTTP/1.1 200) 8 headers in 295 bytes (1 switches on core 0)
Aug 17 01:58:19.590694 n-d-800089-22 devstack@placement-api.service[102311]: DEBUG placement.requestlog [req-e23859bf-63da-4845-bfd9-fe9abbef6363 req-1333d194-65d6-4669-b9ba-ef9e79102d17 None None] Starting request: 10.222.0.36 "PUT /placement/allocations/4b61fd9d-83cf-4633-80e6-577a7d5fbb2d" {{(pid=102311) __call__ /opt/stack/placement/placement/requestlog.py:55}}
Aug 17 01:58:19.895944 n-d-800089-22 devstack@placement-api.service[102311]: DEBUG placement.handlers.allocation [req-e23859bf-63da-4845-bfd9-fe9abbef6363 req-1333d194-65d6-4669-b9ba-ef9e79102d17 service placement] Successfully wrote allocations [, ] {{(pid=102311) _create_allocations /opt/stack/placement/placement/handlers/allocation.py:435}}
Aug 17 01:58:19.896599 n-d-800089-22 devstack@placement-api.service[102311]: INFO placement.requestlog [req-e23859bf-63da-4845-bfd9-fe9abbef6363 req-1333d194-65d6-4669-b9ba-ef9e79102d17 service placement] 10.222.0.36 "PUT /placement/allocations/4b61fd9d-83cf-4633-80e6-577a7d5fbb2d" status: 204 len: 0 microversion: 1.28
Aug 17 01:58:19.900412 n-d-800089-22 devstack@placement-api.service[102311]: [pid: 102311|app: 0|req: 353/722] 10.222.0.36 () {64 vars in 1434 bytes} [Tue Aug 17 01:58:19 2021] PUT /placement/allocations/4b61fd9d-83cf-4633-80e6-577a7d5fbb2d => generated 0 bytes in 307 msecs (HTTP/1.1 204) 5 headers in 199 bytes (2 switches on core 0)
Aug 17 01:58:20.102746 n-d-800089-22 devstack@placement-api.service[102312]: DEBUG placement.requestlog [req-e23859bf-63da-4845-bfd9-fe9abbef6363 req-86736686-2eb8-42c0-a5ae-cf7bea0fd707 None None] Starting request: 10.222.0.24 "GET /placement/allocations/4b61fd9d-83cf-4633-80e6-577a7d5fbb2d" {{(pid=102312) __call__ /opt/stack/placement/placement/requestlog.py:55}}
Aug 17 01:58:20.134232 n-d-800089-22 devstack@placement-api.service[102312]: INFO placement.requestlog [req-e23859bf-63da-4845-bfd9-fe9abbef6363 req-86736686-2eb8-42c0-a5ae-cf7bea0fd707 service placement] 10.222.0.24 "GET /placement/allocations/4b61fd9d-83cf-4633-80e6-577a7d5fbb2d" status: 200 len: 245 microversion: 1.28
Aug 17 01:58:20.135391 n-d-800089-22 devstack@placement-api.service[102312]: [pid: 102312|app: 0|req: 370/723] 10.222.0.24 () {60 vars in 1378 bytes} [Tue Aug 17 01:58:20 2021] GET /placement/allocations/4b61fd9d-83cf-4633-80e6-577a7d5fbb2d => generated 245 bytes in 33 msecs (HTTP/1.1 200) 8 headers in 296 bytes (1 switches on core 0)
Aug 17 01:58:33.372283 n-d-800089-22 devstack@placement-api.service[102311]: DEBUG placement.requestlog [req-368f181d-75e8-4230-8b1d-43e5cd3a5af5 req-c5635cb6-4895-44f6-9305-0bbf7687f343 None None] Starting request: 10.222.0.36 "GET /placement/allocation_candidates?limit=1000&resources=DISK_GB%3A1%2CMEMORY_MB%3A1024%2CVCPU%3A1&root_required=%21COMPUTE_STATUS_DISABLED" {{(pid=102311) __call__ /opt/stack/placement/placement/requestlog.py:55}}
Aug 17 01:58:33.454780 n-d-800089-22 devstack@placement-api.service[102311]: DEBUG placement.objects.research_context [req-368f181d-75e8-4230-8b1d-43e5cd3a5af5 req-c5635cb6-4895-44f6-9305-0bbf7687f343 service placement] getting providers with 1 DISK_GB {{(pid=102311) __init__ /opt/stack/placement/placement/objects/research_context.py:126}}
Aug 17 01:58:33.481909 n-d-800089-22 devstack@placement-api.service[102311]: DEBUG placement.objects.research_context [req-368f181d-75e8-4230-8b1d-43e5cd3a5af5 req-c5635cb6-4895-44f6-9305-0bbf7687f343 service placement] getting providers with 1024 MEMORY_MB {{(pid=102311) __init__ /opt/stack/placement/placement/objects/research_context.py:126}}
Aug 17 01:58:33.502827 n-d-800089-22 devstack@placement-api.service[102311]: DEBUG placement.objects.research_context [req-368f181d-75e8-4230-8b1d-43e5cd3a5af5 req-c5635cb6-4895-44f6-9305-0bbf7687f343 service placement] getting providers with 1 VCPU {{(pid=102311) __init__ /opt/stack/placement/placement/objects/research_context.py:126}}
Aug 17 01:58:33.534067 n-d-800089-22 devstack@placement-api.service[102311]: DEBUG placement.objects.research_context [req-368f181d-75e8-4230-8b1d-43e5cd3a5af5 req-c5635cb6-4895-44f6-9305-0bbf7687f343 service placement] found 2 providers with available 1 DISK_GB {{(pid=102311) get_provider_ids_matching /opt/stack/placement/placement/objects/research_context.py:549}}
Aug 17 01:58:33.534371 n-d-800089-22 devstack@placement-api.service[102311]: DEBUG placement.objects.research_context [req-368f181d-75e8-4230-8b1d-43e5cd3a5af5 req-c5635cb6-4895-44f6-9305-0bbf7687f343 service placement] found 2 providers with available 1024 MEMORY_MB {{(pid=102311) get_provider_ids_matching /opt/stack/placement/placement/objects/research_context.py:549}}
Aug 17 01:58:33.534648 n-d-800089-22 devstack@placement-api.service[102311]: DEBUG placement.objects.research_context [req-368f181d-75e8-4230-8b1d-43e5cd3a5af5 req-c5635cb6-4895-44f6-9305-0bbf7687f343 service placement] found 2 providers after filtering by previous result {{(pid=102311) get_provider_ids_matching /opt/stack/placement/placement/objects/research_context.py:580}}
Aug 17 01:58:33.534895 n-d-800089-22 devstack@placement-api.service[102311]: DEBUG placement.objects.research_context [req-368f181d-75e8-4230-8b1d-43e5cd3a5af5 req-c5635cb6-4895-44f6-9305-0bbf7687f343 service placement] found 2 providers with available 1 VCPU {{(pid=102311) get_provider_ids_matching /opt/stack/placement/placement/objects/research_context.py:549}}
Aug 17 01:58:33.539180 n-d-800089-22 devstack@placement-api.service[102311]: DEBUG placement.objects.research_context [req-368f181d-75e8-4230-8b1d-43e5cd3a5af5 req-c5635cb6-4895-44f6-9305-0bbf7687f343 service placement] found 2 providers after filtering by previous result {{(pid=102311) get_provider_ids_matching /opt/stack/placement/placement/objects/research_context.py:580}}
Aug 17 01:58:33.568321 n-d-800089-22 devstack@placement-api.service[102311]: DEBUG placement.objects.allocation_candidate [req-368f181d-75e8-4230-8b1d-43e5cd3a5af5 req-c5635cb6-4895-44f6-9305-0bbf7687f343 service placement] RequestGroup(use_same_provider=False, resources={DISK_GB:1, MEMORY_MB:1024, VCPU:1}, traits=[], aggregates=[]) (suffix '') returned 2 matches {{(pid=102311) _get_by_requests /opt/stack/placement/placement/objects/allocation_candidate.py:145}}
Aug 17 01:58:33.568321 n-d-800089-22 devstack@placement-api.service[102311]: DEBUG placement.objects.allocation_candidate [req-368f181d-75e8-4230-8b1d-43e5cd3a5af5 req-c5635cb6-4895-44f6-9305-0bbf7687f343 service placement] Merging candidates yields 2 allocation requests and 2 provider summaries {{(pid=102311) _merge_candidates /opt/stack/placement/placement/objects/allocation_candidate.py:783}}
Aug 17 01:58:33.568321 n-d-800089-22 devstack@placement-api.service[102311]: INFO placement.requestlog [req-368f181d-75e8-4230-8b1d-43e5cd3a5af5 req-c5635cb6-4895-44f6-9305-0bbf7687f343 service placement] 10.222.0.36 "GET /placement/allocation_candidates?limit=1000&resources=DISK_GB%3A1%2CMEMORY_MB%3A1024%2CVCPU%3A1&root_required=%21COMPUTE_STATUS_DISABLED" status: 200 len: 1309 microversion: 1.36
Aug 17 01:58:33.585372 n-d-800089-22 devstack@placement-api.service[102311]: [pid: 102311|app: 0|req: 354/724] 10.222.0.36 () {60 vars in 1507 bytes} [Tue Aug 17 01:58:33 2021] GET /placement/allocation_candidates?limit=1000&resources=DISK_GB%3A1%2CMEMORY_MB%3A1024%2CVCPU%3A1&root_required=%21COMPUTE_STATUS_DISABLED => generated 1309 bytes in 213 msecs (HTTP/1.1 200) 8 headers in 297 bytes (1 switches on core 0)
Aug 17 01:58:33.654772 n-d-800089-22 devstack@placement-api.service[102312]: DEBUG placement.requestlog [req-368f181d-75e8-4230-8b1d-43e5cd3a5af5 req-4746aa64-529c-44e7-81e4-4bebcfaab416 None None] Starting request: 10.222.0.36 "GET /placement/allocations/16ad071e-a479-4970-896e-df8b47df951f" {{(pid=102312) __call__ /opt/stack/placement/placement/requestlog.py:55}}
Aug 17 01:58:33.668125 n-d-800089-22 devstack@placement-api.service[102312]: INFO placement.requestlog [req-368f181d-75e8-4230-8b1d-43e5cd3a5af5 req-4746aa64-529c-44e7-81e4-4bebcfaab416 service placement] 10.222.0.36 "GET /placement/allocations/16ad071e-a479-4970-896e-df8b47df951f" status: 200 len: 19 microversion: 1.28
Aug 17 01:58:33.668986 n-d-800089-22 devstack@placement-api.service[102312]: [pid: 102312|app: 0|req: 371/725] 10.222.0.36 () {60 vars in 1381 bytes} [Tue Aug 17 01:58:33 2021] GET /placement/allocations/16ad071e-a479-4970-896e-df8b47df951f => generated 19 bytes in 14 msecs (HTTP/1.1 200) 8 headers in 295 bytes (1 switches on core 0)
Aug 17 01:58:33.676190 n-d-800089-22 devstack@placement-api.service[102311]: DEBUG placement.requestlog [req-368f181d-75e8-4230-8b1d-43e5cd3a5af5 req-7d4db49b-dd82-4d58-9a7d-7f864ddac99e None None] Starting request: 10.222.0.36 "PUT /placement/allocations/16ad071e-a479-4970-896e-df8b47df951f" {{(pid=102311) __call__ /opt/stack/placement/placement/requestlog.py:55}}
Aug 17 01:58:34.450713 n-d-800089-22 devstack@placement-api.service[102311]: DEBUG placement.handlers.allocation [req-368f181d-75e8-4230-8b1d-43e5cd3a5af5 req-7d4db49b-dd82-4d58-9a7d-7f864ddac99e service placement] Successfully wrote allocations [, , ] {{(pid=102311) _create_allocations /opt/stack/placement/placement/handlers/allocation.py:435}}
Aug 17 01:58:34.452484 n-d-800089-22 devstack@placement-api.service[102311]: INFO placement.requestlog [req-368f181d-75e8-4230-8b1d-43e5cd3a5af5 req-7d4db49b-dd82-4d58-9a7d-7f864ddac99e service placement] 10.222.0.36 "PUT /placement/allocations/16ad071e-a479-4970-896e-df8b47df951f" status: 204 len: 0 microversion: 1.36
Aug 17 01:58:34.453095 n-d-800089-22 devstack@placement-api.service[102311]: [pid: 102311|app: 0|req: 355/726] 10.222.0.36 () {64 vars in 1434 bytes} [Tue Aug 17 01:58:33 2021] PUT /placement/allocations/16ad071e-a479-4970-896e-df8b47df951f => generated 0 bytes in 777 msecs (HTTP/1.1 204) 5 headers in 199 bytes (1 switches on core 0)
Aug 17 01:58:35.639036 n-d-800089-22 devstack@placement-api.service[102312]: DEBUG placement.requestlog [req-368f181d-75e8-4230-8b1d-43e5cd3a5af5 req-df73ddf2-5697-4ab4-af5a-e68b8465d65a None None] Starting request: 10.222.0.24 "GET /placement/allocations/16ad071e-a479-4970-896e-df8b47df951f" {{(pid=102312) __call__ /opt/stack/placement/placement/requestlog.py:55}}
Aug 17 01:58:35.661598 n-d-800089-22 devstack@placement-api.service[102312]: INFO placement.requestlog [req-368f181d-75e8-4230-8b1d-43e5cd3a5af5 req-df73ddf2-5697-4ab4-af5a-e68b8465d65a service placement] 10.222.0.24 "GET /placement/allocations/16ad071e-a479-4970-896e-df8b47df951f" status: 200 len: 260 microversion: 1.28
Aug 17 01:58:35.663683 n-d-800089-22 devstack@placement-api.service[102312]: [pid: 102312|app: 0|req: 372/727] 10.222.0.24 () {60 vars in 1378 bytes} [Tue Aug 17 01:58:35 2021] GET /placement/allocations/16ad071e-a479-4970-896e-df8b47df951f => generated 260 bytes in 24 msecs (HTTP/1.1 200) 8 headers in 296 bytes (1 switches on core 0)
Aug 17 01:58:39.263109 n-d-800089-22 devstack@placement-api.service[102311]: DEBUG placement.requestlog [req-e45d221c-020d-4293-a4eb-61563e27c713 req-dd00c4e9-ade4-477b-b53c-a5a8e83a128e None None] Starting request: 10.222.0.36 "GET /placement/allocation_candidates?limit=1000&resources=DISK_GB%3A1%2CMEMORY_MB%3A1024%2CVCPU%3A1&root_required=%21COMPUTE_STATUS_DISABLED" {{(pid=102311) __call__ /opt/stack/placement/placement/requestlog.py:55}}
Aug 17 01:58:39.308260 n-d-800089-22 devstack@placement-api.service[102311]: DEBUG placement.objects.research_context [req-e45d221c-020d-4293-a4eb-61563e27c713 req-dd00c4e9-ade4-477b-b53c-a5a8e83a128e service placement] getting providers with 1 DISK_GB {{(pid=102311) __init__ /opt/stack/placement/placement/objects/research_context.py:126}}
Aug 17 01:58:39.314499 n-d-800089-22 devstack@placement-api.service[102311]: DEBUG placement.objects.research_context [req-e45d221c-020d-4293-a4eb-61563e27c713 req-dd00c4e9-ade4-477b-b53c-a5a8e83a128e service placement] getting providers with 1024 MEMORY_MB {{(pid=102311) __init__ /opt/stack/placement/placement/objects/research_context.py:126}}
Aug 17 01:58:39.319819 n-d-800089-22 devstack@placement-api.service[102311]: DEBUG placement.objects.research_context [req-e45d221c-020d-4293-a4eb-61563e27c713 req-dd00c4e9-ade4-477b-b53c-a5a8e83a128e service placement] getting providers with 1 VCPU {{(pid=102311) __init__ /opt/stack/placement/placement/objects/research_context.py:126}}
Aug 17 01:58:39.325626 n-d-800089-22 devstack@placement-api.service[102311]: DEBUG placement.objects.research_context [req-e45d221c-020d-4293-a4eb-61563e27c713 req-dd00c4e9-ade4-477b-b53c-a5a8e83a128e service placement] found 2 providers with available 1 DISK_GB {{(pid=102311) get_provider_ids_matching /opt/stack/placement/placement/objects/research_context.py:549}}
Aug 17 01:58:39.326158 n-d-800089-22 devstack@placement-api.service[102311]: DEBUG placement.objects.research_context [req-e45d221c-020d-4293-a4eb-61563e27c713 req-dd00c4e9-ade4-477b-b53c-a5a8e83a128e service placement] found 2 providers with available 1024 MEMORY_MB {{(pid=102311) get_provider_ids_matching /opt/stack/placement/placement/objects/research_context.py:549}}
Aug 17 01:58:39.326688 n-d-800089-22 devstack@placement-api.service[102311]: DEBUG placement.objects.research_context [req-e45d221c-020d-4293-a4eb-61563e27c713 req-dd00c4e9-ade4-477b-b53c-a5a8e83a128e service placement] found 2 providers after filtering by previous result {{(pid=102311) get_provider_ids_matching /opt/stack/placement/placement/objects/research_context.py:580}}
Aug 17 01:58:39.327183 n-d-800089-22 devstack@placement-api.service[102311]: DEBUG placement.objects.research_context [req-e45d221c-020d-4293-a4eb-61563e27c713 req-dd00c4e9-ade4-477b-b53c-a5a8e83a128e service placement] found 2 providers with available 1 VCPU {{(pid=102311) get_provider_ids_matching /opt/stack/placement/placement/objects/research_context.py:549}}
Aug 17 01:58:39.327614 n-d-800089-22 devstack@placement-api.service[102311]: DEBUG placement.objects.research_context [req-e45d221c-020d-4293-a4eb-61563e27c713 req-dd00c4e9-ade4-477b-b53c-a5a8e83a128e service placement] found 2 providers after filtering by previous result {{(pid=102311) get_provider_ids_matching /opt/stack/placement/placement/objects/research_context.py:580}}
Aug 17 01:58:39.350209 n-d-800089-22 devstack@placement-api.service[102311]: DEBUG placement.objects.allocation_candidate [req-e45d221c-020d-4293-a4eb-61563e27c713 req-dd00c4e9-ade4-477b-b53c-a5a8e83a128e service placement] RequestGroup(use_same_provider=False, resources={DISK_GB:1, MEMORY_MB:1024, VCPU:1}, traits=[], aggregates=[]) (suffix '') returned 2 matches {{(pid=102311) _get_by_requests /opt/stack/placement/placement/objects/allocation_candidate.py:145}}
Aug 17 01:58:39.350821 n-d-800089-22 devstack@placement-api.service[102311]: DEBUG placement.objects.allocation_candidate [req-e45d221c-020d-4293-a4eb-61563e27c713 req-dd00c4e9-ade4-477b-b53c-a5a8e83a128e service placement] Merging candidates yields 2 allocation requests and 2 provider summaries {{(pid=102311) _merge_candidates /opt/stack/placement/placement/objects/allocation_candidate.py:783}}
Aug 17 01:58:39.353323 n-d-800089-22 devstack@placement-api.service[102311]: INFO placement.requestlog [req-e45d221c-020d-4293-a4eb-61563e27c713 req-dd00c4e9-ade4-477b-b53c-a5a8e83a128e service placement] 10.222.0.36 "GET /placement/allocation_candidates?limit=1000&resources=DISK_GB%3A1%2CMEMORY_MB%3A1024%2CVCPU%3A1&root_required=%21COMPUTE_STATUS_DISABLED" status: 200 len: 1309 microversion: 1.36
Aug 17 01:58:39.358463 n-d-800089-22 devstack@placement-api.service[102311]: [pid: 102311|app: 0|req: 356/728] 10.222.0.36 () {60 vars in 1507 bytes} [Tue Aug 17 01:58:39 2021] GET /placement/allocation_candidates?limit=1000&resources=DISK_GB%3A1%2CMEMORY_MB%3A1024%2CVCPU%3A1&root_required=%21COMPUTE_STATUS_DISABLED => generated 1309 bytes in 91 msecs (HTTP/1.1 200) 8 headers in 297 bytes (1 switches on core 0)
Aug 17 01:58:39.430811 n-d-800089-22 devstack@placement-api.service[102312]: DEBUG placement.requestlog [req-e45d221c-020d-4293-a4eb-61563e27c713 req-a711e660-6e3e-4436-81c0-7a50c5d9ab32 None None] Starting request: 10.222.0.36 "GET /placement/allocations/7af6cfd3-e282-4318-ad44-586d942f49c0" {{(pid=102312) __call__ /opt/stack/placement/placement/requestlog.py:55}}
Aug 17 01:58:39.441240 n-d-800089-22 devstack@placement-api.service[102312]: INFO placement.requestlog [req-e45d221c-020d-4293-a4eb-61563e27c713 req-a711e660-6e3e-4436-81c0-7a50c5d9ab32 service placement] 10.222.0.36 "GET /placement/allocations/7af6cfd3-e282-4318-ad44-586d942f49c0" status: 200 len: 19 microversion: 1.28
Aug 17 01:58:39.442016 n-d-800089-22 devstack@placement-api.service[102312]: [pid: 102312|app: 0|req: 373/729] 10.222.0.36 () {60 vars in 1381 bytes} [Tue Aug 17 01:58:39 2021] GET /placement/allocations/7af6cfd3-e282-4318-ad44-586d942f49c0 => generated 19 bytes in 11 msecs (HTTP/1.1 200) 8 headers in 295 bytes (1 switches on core 0)
Aug 17 01:58:39.448297 n-d-800089-22 devstack@placement-api.service[102311]: DEBUG placement.requestlog [req-e45d221c-020d-4293-a4eb-61563e27c713 req-0a183b51-96a6-41af-8c3f-6d03f5495a7f None None] Starting request: 10.222.0.36 "PUT /placement/allocations/7af6cfd3-e282-4318-ad44-586d942f49c0" {{(pid=102311) __call__ /opt/stack/placement/placement/requestlog.py:55}}
Aug 17 01:58:39.822319 n-d-800089-22 devstack@placement-api.service[102311]: DEBUG placement.handlers.allocation [req-e45d221c-020d-4293-a4eb-61563e27c713 req-0a183b51-96a6-41af-8c3f-6d03f5495a7f service placement] Successfully wrote allocations [, , ] {{(pid=102311) _create_allocations /opt/stack/placement/placement/handlers/allocation.py:435}}
Aug 17 01:58:39.823528 n-d-800089-22 devstack@placement-api.service[102311]: INFO placement.requestlog [req-e45d221c-020d-4293-a4eb-61563e27c713 req-0a183b51-96a6-41af-8c3f-6d03f5495a7f service placement] 10.222.0.36 "PUT /placement/allocations/7af6cfd3-e282-4318-ad44-586d942f49c0" status: 204 len: 0 microversion: 1.36
Aug 17 01:58:39.824084 n-d-800089-22 devstack@placement-api.service[102311]: [pid: 102311|app: 0|req: 357/730] 10.222.0.36 () {64 vars in 1434 bytes} [Tue Aug 17 01:58:39 2021] PUT /placement/allocations/7af6cfd3-e282-4318-ad44-586d942f49c0 => generated 0 bytes in 376 msecs (HTTP/1.1 204) 5 headers in 199 bytes (1 switches on core 0)
Aug 17 01:58:40.971548 n-d-800089-22 devstack@placement-api.service[102312]: DEBUG placement.requestlog [req-e45d221c-020d-4293-a4eb-61563e27c713 req-5fb0bb77-3c7a-4dd3-ad37-c528b9c5357d None None] Starting request: 10.222.0.24 "GET /placement/allocations/7af6cfd3-e282-4318-ad44-586d942f49c0" {{(pid=102312) __call__ /opt/stack/placement/placement/requestlog.py:55}}
Aug 17 01:58:40.997301 n-d-800089-22 devstack@placement-api.service[102312]: INFO placement.requestlog [req-e45d221c-020d-4293-a4eb-61563e27c713 req-5fb0bb77-3c7a-4dd3-ad37-c528b9c5357d service placement] 10.222.0.24 "GET /placement/allocations/7af6cfd3-e282-4318-ad44-586d942f49c0" status: 200 len: 260 microversion: 1.28
Aug 17 01:58:40.997629 n-d-800089-22 devstack@placement-api.service[102312]: [pid: 102312|app: 0|req: 374/731] 10.222.0.24 () {60 vars in 1378 bytes} [Tue Aug 17 01:58:40 2021] GET /placement/allocations/7af6cfd3-e282-4318-ad44-586d942f49c0 => generated 260 bytes in 26 msecs (HTTP/1.1 200) 8 headers in 296 bytes (2 switches on core 0)
Aug 17 01:58:46.153589 n-d-800089-22 devstack@placement-api.service[102311]: DEBUG placement.requestlog [req-420d4542-6ed3-43e2-b81d-551cfee7ece9 req-ac4f7ad4-2c6e-41d1-b09f-08fd5c06151b None None] Starting request: 10.222.0.36 "GET /placement/allocation_candidates?limit=1000&resources=MEMORY_MB%3A1024%2CVCPU%3A1&root_required=%21COMPUTE_STATUS_DISABLED" {{(pid=102311) __call__ /opt/stack/placement/placement/requestlog.py:55}}
Aug 17 01:58:46.190919 n-d-800089-22 devstack@placement-api.service[102311]: DEBUG placement.objects.research_context [req-420d4542-6ed3-43e2-b81d-551cfee7ece9 req-ac4f7ad4-2c6e-41d1-b09f-08fd5c06151b service placement] getting providers with 1024 MEMORY_MB {{(pid=102311) __init__ /opt/stack/placement/placement/objects/research_context.py:126}}
Aug 17 01:58:46.197911 n-d-800089-22 devstack@placement-api.service[102311]: DEBUG placement.objects.research_context [req-420d4542-6ed3-43e2-b81d-551cfee7ece9 req-ac4f7ad4-2c6e-41d1-b09f-08fd5c06151b service placement] getting providers with 1 VCPU {{(pid=102311) __init__ /opt/stack/placement/placement/objects/research_context.py:126}}
Aug 17 01:58:46.203886 n-d-800089-22 devstack@placement-api.service[102311]: DEBUG placement.objects.research_context [req-420d4542-6ed3-43e2-b81d-551cfee7ece9 req-ac4f7ad4-2c6e-41d1-b09f-08fd5c06151b service placement] found 2 providers with available 1024 MEMORY_MB {{(pid=102311) get_provider_ids_matching /opt/stack/placement/placement/objects/research_context.py:549}}
Aug 17 01:58:46.204348 n-d-800089-22 devstack@placement-api.service[102311]: DEBUG placement.objects.research_context [req-420d4542-6ed3-43e2-b81d-551cfee7ece9 req-ac4f7ad4-2c6e-41d1-b09f-08fd5c06151b service placement] found 2 providers with available 1 VCPU {{(pid=102311) get_provider_ids_matching /opt/stack/placement/placement/objects/research_context.py:549}}
Aug 17 01:58:46.204939 n-d-800089-22 devstack@placement-api.service[102311]: DEBUG placement.objects.research_context [req-420d4542-6ed3-43e2-b81d-551cfee7ece9 req-ac4f7ad4-2c6e-41d1-b09f-08fd5c06151b service placement] found 2 providers after filtering by previous result {{(pid=102311) get_provider_ids_matching /opt/stack/placement/placement/objects/research_context.py:580}}
Aug 17 01:58:46.217536 n-d-800089-22 devstack@placement-api.service[102311]: DEBUG placement.objects.allocation_candidate [req-420d4542-6ed3-43e2-b81d-551cfee7ece9 req-ac4f7ad4-2c6e-41d1-b09f-08fd5c06151b service placement] RequestGroup(use_same_provider=False, resources={MEMORY_MB:1024, VCPU:1}, traits=[], aggregates=[]) (suffix '') returned 2 matches {{(pid=102311) _get_by_requests /opt/stack/placement/placement/objects/allocation_candidate.py:145}}
Aug 17 01:58:46.217897 n-d-800089-22 devstack@placement-api.service[102311]: DEBUG placement.objects.allocation_candidate [req-420d4542-6ed3-43e2-b81d-551cfee7ece9 req-ac4f7ad4-2c6e-41d1-b09f-08fd5c06151b service placement] Merging candidates yields 2 allocation requests and 2 provider summaries {{(pid=102311) _merge_candidates /opt/stack/placement/placement/objects/allocation_candidate.py:783}}
Aug 17 01:58:46.219529 n-d-800089-22 devstack@placement-api.service[102311]: INFO placement.requestlog [req-420d4542-6ed3-43e2-b81d-551cfee7ece9 req-ac4f7ad4-2c6e-41d1-b09f-08fd5c06151b service placement] 10.222.0.36 "GET /placement/allocation_candidates?limit=1000&resources=MEMORY_MB%3A1024%2CVCPU%3A1&root_required=%21COMPUTE_STATUS_DISABLED" status: 200 len: 1281 microversion: 1.36
Aug 17 01:58:46.220061 n-d-800089-22 devstack@placement-api.service[102311]: [pid: 102311|app: 0|req: 358/732] 10.222.0.36 () {60 vars in 1479 bytes} [Tue Aug 17 01:58:46 2021] GET /placement/allocation_candidates?limit=1000&resources=MEMORY_MB%3A1024%2CVCPU%3A1&root_required=%21COMPUTE_STATUS_DISABLED => generated 1281 bytes in 67 msecs (HTTP/1.1 200) 8 headers in 297 bytes (1 switches on core 0)
Aug 17 01:58:46.273696 n-d-800089-22 devstack@placement-api.service[102312]: DEBUG placement.requestlog [req-420d4542-6ed3-43e2-b81d-551cfee7ece9 req-9e08a01b-0365-44a8-ae52-4afb0bafdd16 None None] Starting request: 10.222.0.36 "GET /placement/allocations/c69e9a1c-df7f-4c47-b756-8ea9e3ba58fd" {{(pid=102312) __call__ /opt/stack/placement/placement/requestlog.py:55}}
Aug 17 01:58:46.285940 n-d-800089-22 devstack@placement-api.service[102312]: INFO placement.requestlog [req-420d4542-6ed3-43e2-b81d-551cfee7ece9 req-9e08a01b-0365-44a8-ae52-4afb0bafdd16 service placement] 10.222.0.36 "GET /placement/allocations/c69e9a1c-df7f-4c47-b756-8ea9e3ba58fd" status: 200 len: 19 microversion: 1.28
Aug 17 01:58:46.286576 n-d-800089-22 devstack@placement-api.service[102312]: [pid: 102312|app: 0|req: 375/733] 10.222.0.36 () {60 vars in 1381 bytes} [Tue Aug 17 01:58:46 2021] GET /placement/allocations/c69e9a1c-df7f-4c47-b756-8ea9e3ba58fd => generated 19 bytes in 13 msecs (HTTP/1.1 200) 8 headers in 295 bytes (2 switches on core 0)
Aug 17 01:58:46.292334 n-d-800089-22 devstack@placement-api.service[102311]: DEBUG placement.requestlog [req-420d4542-6ed3-43e2-b81d-551cfee7ece9 req-5e1d9307-6ad3-4c5f-b745-fb2161539f13 None None] Starting request: 10.222.0.36 "PUT /placement/allocations/c69e9a1c-df7f-4c47-b756-8ea9e3ba58fd" {{(pid=102311) __call__ /opt/stack/placement/placement/requestlog.py:55}}
Aug 17 01:58:46.567162 n-d-800089-22 devstack@placement-api.service[102312]: DEBUG placement.requestlog [req-e23859bf-63da-4845-bfd9-fe9abbef6363 req-fe68a9f0-bae8-4928-aaa6-75fc344cb582 None None] Starting request: 10.222.0.49 "GET /placement/resource_providers/f762f9bc-afe1-4048-8712-623209b8bac1/allocations" {{(pid=102312) __call__ /opt/stack/placement/placement/requestlog.py:55}}
Aug 17 01:58:46.586783 n-d-800089-22 devstack@placement-api.service[102312]: INFO placement.requestlog [req-e23859bf-63da-4845-bfd9-fe9abbef6363 req-fe68a9f0-bae8-4928-aaa6-75fc344cb582 service placement] 10.222.0.49 "GET /placement/resource_providers/f762f9bc-afe1-4048-8712-623209b8bac1/allocations" status: 200 len: 545 microversion: 1.0
Aug 17 01:58:46.587017 n-d-800089-22 devstack@placement-api.service[102312]: [pid: 102312|app: 0|req: 376/734] 10.222.0.49 () {58 vars in 1391 bytes} [Tue Aug 17 01:58:46 2021] GET /placement/resource_providers/f762f9bc-afe1-4048-8712-623209b8bac1/allocations => generated 545 bytes in 26 msecs (HTTP/1.1 200) 6 headers in 224 bytes (2 switches on core 0)
Aug 17 01:58:46.815604 n-d-800089-22 devstack@placement-api.service[102311]: DEBUG placement.handlers.allocation [req-420d4542-6ed3-43e2-b81d-551cfee7ece9 req-5e1d9307-6ad3-4c5f-b745-fb2161539f13 service placement] Successfully wrote allocations [, ] {{(pid=102311) _create_allocations /opt/stack/placement/placement/handlers/allocation.py:435}}
Aug 17 01:58:46.816102 n-d-800089-22 devstack@placement-api.service[102311]: INFO placement.requestlog [req-420d4542-6ed3-43e2-b81d-551cfee7ece9 req-5e1d9307-6ad3-4c5f-b745-fb2161539f13 service placement] 10.222.0.36 "PUT /placement/allocations/c69e9a1c-df7f-4c47-b756-8ea9e3ba58fd" status: 204 len: 0 microversion: 1.36
Aug 17 01:58:46.816608 n-d-800089-22 devstack@placement-api.service[102311]: [pid: 102311|app: 0|req: 359/735] 10.222.0.36 () {64 vars in 1434 bytes} [Tue Aug 17 01:58:46 2021] PUT /placement/allocations/c69e9a1c-df7f-4c47-b756-8ea9e3ba58fd => generated 0 bytes in 524 msecs (HTTP/1.1 204) 5 headers in 199 bytes (1 switches on core 0)
Aug 17 01:58:47.213935 n-d-800089-22 devstack@placement-api.service[102312]: DEBUG placement.requestlog [req-e23859bf-63da-4845-bfd9-fe9abbef6363 req-713619e2-bb3e-4676-a490-bc228ca6ad99 None None] Starting request: 10.222.0.49 "GET /placement/allocations/5a1c182b-f731-499c-b920-d7925cfe5286" {{(pid=102312) __call__ /opt/stack/placement/placement/requestlog.py:55}}
Aug 17 01:58:47.227792 n-d-800089-22 devstack@placement-api.service[102312]: INFO placement.requestlog [req-e23859bf-63da-4845-bfd9-fe9abbef6363 req-713619e2-bb3e-4676-a490-bc228ca6ad99 service placement] 10.222.0.49 "GET /placement/allocations/5a1c182b-f731-499c-b920-d7925cfe5286" status: 200 len: 246 microversion: 1.28
Aug 17 01:58:47.228001 n-d-800089-22 devstack@placement-api.service[102312]: [pid: 102312|app: 0|req: 377/736] 10.222.0.49 () {60 vars in 1378 bytes} [Tue Aug 17 01:58:47 2021] GET /placement/allocations/5a1c182b-f731-499c-b920-d7925cfe5286 => generated 246 bytes in 14 msecs (HTTP/1.1 200) 8 headers in 296 bytes (1 switches on core 0)
Aug 17 01:58:47.236684 n-d-800089-22 devstack@placement-api.service[102311]: DEBUG placement.requestlog [req-e23859bf-63da-4845-bfd9-fe9abbef6363 req-116d089f-ebfe-41ed-8abc-acde385ea645 None None] Starting request: 10.222.0.49 "PUT /placement/allocations/5a1c182b-f731-499c-b920-d7925cfe5286" {{(pid=102311) __call__ /opt/stack/placement/placement/requestlog.py:55}}
Aug 17 01:58:47.461070 n-d-800089-22 devstack@placement-api.service[102311]: DEBUG placement.handlers.allocation [req-e23859bf-63da-4845-bfd9-fe9abbef6363 req-116d089f-ebfe-41ed-8abc-acde385ea645 service placement] Successfully wrote allocations [, ] {{(pid=102311) _create_allocations /opt/stack/placement/placement/handlers/allocation.py:435}}
Aug 17 01:58:47.461526 n-d-800089-22 devstack@placement-api.service[102311]: INFO placement.requestlog [req-e23859bf-63da-4845-bfd9-fe9abbef6363 req-116d089f-ebfe-41ed-8abc-acde385ea645 service placement] 10.222.0.49 "PUT /placement/allocations/5a1c182b-f731-499c-b920-d7925cfe5286" status: 204 len: 0 microversion: 1.28
Aug 17 01:58:47.461893 n-d-800089-22 devstack@placement-api.service[102311]: [pid: 102311|app: 0|req: 360/737] 10.222.0.49 () {64 vars in 1431 bytes} [Tue Aug 17 01:58:47 2021] PUT /placement/allocations/5a1c182b-f731-499c-b920-d7925cfe5286 => generated 0 bytes in 225 msecs (HTTP/1.1 204) 5 headers in 199 bytes (1 switches on core 0)
Aug 17 01:58:48.489478 n-d-800089-22 devstack@placement-api.service[102312]: DEBUG placement.requestlog [req-420d4542-6ed3-43e2-b81d-551cfee7ece9 req-c0017132-2f61-4b24-bc7c-4ea67581aaaf None None] Starting request: 10.222.0.24 "GET /placement/allocations/c69e9a1c-df7f-4c47-b756-8ea9e3ba58fd" {{(pid=102312) __call__ /opt/stack/placement/placement/requestlog.py:55}}
Aug 17 01:58:48.507654 n-d-800089-22 devstack@placement-api.service[102312]: INFO placement.requestlog [req-420d4542-6ed3-43e2-b81d-551cfee7ece9 req-c0017132-2f61-4b24-bc7c-4ea67581aaaf service placement] 10.222.0.24 "GET /placement/allocations/c69e9a1c-df7f-4c47-b756-8ea9e3ba58fd" status: 200 len: 246 microversion: 1.28
Aug 17 01:58:48.508899 n-d-800089-22 devstack@placement-api.service[102312]: [pid: 102312|app: 0|req: 378/738] 10.222.0.24 () {60 vars in 1378 bytes} [Tue Aug 17 01:58:48 2021] GET /placement/allocations/c69e9a1c-df7f-4c47-b756-8ea9e3ba58fd => generated 246 bytes in 19 msecs (HTTP/1.1 200) 8 headers in 296 bytes (1 switches on core 0)
Aug 17 01:58:54.875319 n-d-800089-22 devstack@placement-api.service[102311]: DEBUG placement.requestlog [req-ab777664-5f99-41bc-b1fd-ed3a064604fd req-420dfd7c-a232-4666-84ba-3fb54d1bab8d None None] Starting request: 10.222.0.24 "GET /placement/allocations/4b61fd9d-83cf-4633-80e6-577a7d5fbb2d" {{(pid=102311) __call__ /opt/stack/placement/placement/requestlog.py:55}}
Aug 17 01:58:54.902672 n-d-800089-22 devstack@placement-api.service[102311]: INFO placement.requestlog [req-ab777664-5f99-41bc-b1fd-ed3a064604fd req-420dfd7c-a232-4666-84ba-3fb54d1bab8d service placement] 10.222.0.24 "GET /placement/allocations/4b61fd9d-83cf-4633-80e6-577a7d5fbb2d" status: 200 len: 246 microversion: 1.28
Aug 17 01:58:54.904331 n-d-800089-22 devstack@placement-api.service[102311]: [pid: 102311|app: 0|req: 361/739] 10.222.0.24 () {60 vars in 1378 bytes} [Tue Aug 17 01:58:54 2021] GET /placement/allocations/4b61fd9d-83cf-4633-80e6-577a7d5fbb2d => generated 246 bytes in 29 msecs (HTTP/1.1 200) 8 headers in 296 bytes (1 switches on core 0)
Aug 17 01:58:54.912064 n-d-800089-22 devstack@placement-api.service[102312]: DEBUG placement.requestlog [req-ab777664-5f99-41bc-b1fd-ed3a064604fd req-da9aa727-c0da-40b7-b001-f43c7d7d657c None None] Starting request: 10.222.0.24 "PUT /placement/allocations/4b61fd9d-83cf-4633-80e6-577a7d5fbb2d" {{(pid=102312) __call__ /opt/stack/placement/placement/requestlog.py:55}}
Aug 17 01:58:55.113775 n-d-800089-22 devstack@placement-api.service[102312]: DEBUG placement.handlers.allocation [req-ab777664-5f99-41bc-b1fd-ed3a064604fd req-da9aa727-c0da-40b7-b001-f43c7d7d657c service placement] Successfully wrote allocations [, ] {{(pid=102312) _create_allocations /opt/stack/placement/placement/handlers/allocation.py:435}}
Aug 17 01:58:55.114631 n-d-800089-22 devstack@placement-api.service[102312]: INFO placement.requestlog [req-ab777664-5f99-41bc-b1fd-ed3a064604fd req-da9aa727-c0da-40b7-b001-f43c7d7d657c service placement] 10.222.0.24 "PUT /placement/allocations/4b61fd9d-83cf-4633-80e6-577a7d5fbb2d" status: 204 len: 0 microversion: 1.28
Aug 17 01:58:55.119938 n-d-800089-22 devstack@placement-api.service[102312]: [pid: 102312|app: 0|req: 379/740] 10.222.0.24 () {64 vars in 1431 bytes} [Tue Aug 17 01:58:54 2021] PUT /placement/allocations/4b61fd9d-83cf-4633-80e6-577a7d5fbb2d => generated 0 bytes in 208 msecs (HTTP/1.1 204) 5 headers in 199 bytes (2 switches on core 0)
Aug 17 01:58:57.218832 n-d-800089-22 devstack@placement-api.service[102311]: DEBUG placement.requestlog [req-14a7540e-772e-40b0-8d2e-b268dfdbd2c5 req-8a3e8c81-db49-4b58-88be-6ec980027634 None None] Starting request: 10.222.0.49 "GET /placement/allocations/df8c2aa0-06ab-43c6-b9ad-41e33e8230ce" {{(pid=102311) __call__ /opt/stack/placement/placement/requestlog.py:55}}
Aug 17 01:58:57.249324 n-d-800089-22 devstack@placement-api.service[102311]: INFO placement.requestlog [req-14a7540e-772e-40b0-8d2e-b268dfdbd2c5 req-8a3e8c81-db49-4b58-88be-6ec980027634 service placement] 10.222.0.49 "GET /placement/allocations/df8c2aa0-06ab-43c6-b9ad-41e33e8230ce" status: 200 len: 260 microversion: 1.28
Aug 17 01:58:57.250755 n-d-800089-22 devstack@placement-api.service[102311]: [pid: 102311|app: 0|req: 362/741] 10.222.0.49 () {60 vars in 1378 bytes} [Tue Aug 17 01:58:57 2021] GET /placement/allocations/df8c2aa0-06ab-43c6-b9ad-41e33e8230ce => generated 260 bytes in 32 msecs (HTTP/1.1 200) 8 headers in 296 bytes (1 switches on core 0)
Aug 17 01:58:57.258911 n-d-800089-22 devstack@placement-api.service[102312]: DEBUG placement.requestlog [req-14a7540e-772e-40b0-8d2e-b268dfdbd2c5 req-f74965be-5c25-4ed5-887d-0cf25493701c None None] Starting request: 10.222.0.49 "PUT /placement/allocations/df8c2aa0-06ab-43c6-b9ad-41e33e8230ce" {{(pid=102312) __call__ /opt/stack/placement/placement/requestlog.py:55}}
Aug 17 01:58:57.426658 n-d-800089-22 devstack@placement-api.service[102312]: DEBUG placement.handlers.allocation [req-14a7540e-772e-40b0-8d2e-b268dfdbd2c5 req-f74965be-5c25-4ed5-887d-0cf25493701c service placement] Successfully wrote allocations [, , ] {{(pid=102312) _create_allocations /opt/stack/placement/placement/handlers/allocation.py:435}}
Aug 17 01:58:57.427449 n-d-800089-22 devstack@placement-api.service[102312]: INFO placement.requestlog [req-14a7540e-772e-40b0-8d2e-b268dfdbd2c5 req-f74965be-5c25-4ed5-887d-0cf25493701c service placement] 10.222.0.49 "PUT /placement/allocations/df8c2aa0-06ab-43c6-b9ad-41e33e8230ce" status: 204 len: 0 microversion: 1.28
Aug 17 01:58:57.428187 n-d-800089-22 devstack@placement-api.service[102312]: [pid: 102312|app: 0|req: 380/742] 10.222.0.49 () {64 vars in 1431 bytes} [Tue Aug 17 01:58:57 2021] PUT /placement/allocations/df8c2aa0-06ab-43c6-b9ad-41e33e8230ce => generated 0 bytes in 169 msecs (HTTP/1.1 204) 5 headers in 199 bytes (1 switches on core 0)
Aug 17 01:59:01.117406 n-d-800089-22 devstack@placement-api.service[102311]: DEBUG placement.requestlog [req-d1dabb42-fdb2-4ab7-ae63-af4a53facaa6 req-2e0fdc39-63b8-4ae7-9372-2f752d8a2046 None None] Starting request: 10.222.0.36 "GET /placement/allocation_candidates?limit=1000&resources=DISK_GB%3A1%2CMEMORY_MB%3A1024%2CVCPU%3A1&root_required=%21COMPUTE_STATUS_DISABLED" {{(pid=102311) __call__ /opt/stack/placement/placement/requestlog.py:55}}
Aug 17 01:59:01.197858 n-d-800089-22 devstack@placement-api.service[102311]: DEBUG placement.objects.research_context [req-d1dabb42-fdb2-4ab7-ae63-af4a53facaa6 req-2e0fdc39-63b8-4ae7-9372-2f752d8a2046 service placement] getting providers with 1 DISK_GB {{(pid=102311) __init__ /opt/stack/placement/placement/objects/research_context.py:126}}
Aug 17 01:59:01.216767 n-d-800089-22 devstack@placement-api.service[102311]: DEBUG placement.objects.research_context [req-d1dabb42-fdb2-4ab7-ae63-af4a53facaa6 req-2e0fdc39-63b8-4ae7-9372-2f752d8a2046 service placement] getting providers with 1024 MEMORY_MB {{(pid=102311) __init__ /opt/stack/placement/placement/objects/research_context.py:126}}
Aug 17 01:59:01.240290 n-d-800089-22 devstack@placement-api.service[102311]: DEBUG placement.objects.research_context [req-d1dabb42-fdb2-4ab7-ae63-af4a53facaa6 req-2e0fdc39-63b8-4ae7-9372-2f752d8a2046 service placement] getting providers with 1 VCPU {{(pid=102311) __init__ /opt/stack/placement/placement/objects/research_context.py:126}}
Aug 17 01:59:01.255311 n-d-800089-22 devstack@placement-api.service[102311]: DEBUG placement.objects.research_context [req-d1dabb42-fdb2-4ab7-ae63-af4a53facaa6 req-2e0fdc39-63b8-4ae7-9372-2f752d8a2046 service placement] found 2 providers with available 1 DISK_GB {{(pid=102311) get_provider_ids_matching /opt/stack/placement/placement/objects/research_context.py:549}}
Aug 17 01:59:01.255585 n-d-800089-22 devstack@placement-api.service[102311]: DEBUG placement.objects.research_context [req-d1dabb42-fdb2-4ab7-ae63-af4a53facaa6 req-2e0fdc39-63b8-4ae7-9372-2f752d8a2046 service placement] found 2 providers with available 1024 MEMORY_MB {{(pid=102311) get_provider_ids_matching /opt/stack/placement/placement/objects/research_context.py:549}}
Aug 17 01:59:01.258038 n-d-800089-22 devstack@placement-api.service[102311]: DEBUG placement.objects.research_context [req-d1dabb42-fdb2-4ab7-ae63-af4a53facaa6 req-2e0fdc39-63b8-4ae7-9372-2f752d8a2046 service placement] found 2 providers after filtering by previous result {{(pid=102311) get_provider_ids_matching /opt/stack/placement/placement/objects/research_context.py:580}}
Aug 17 01:59:01.260953 n-d-800089-22 devstack@placement-api.service[102311]: DEBUG placement.objects.research_context [req-d1dabb42-fdb2-4ab7-ae63-af4a53facaa6 req-2e0fdc39-63b8-4ae7-9372-2f752d8a2046 service placement] found 2 providers with available 1 VCPU {{(pid=102311) get_provider_ids_matching /opt/stack/placement/placement/objects/research_context.py:549}}
Aug 17 01:59:01.261443 n-d-800089-22 devstack@placement-api.service[102311]: DEBUG placement.objects.research_context [req-d1dabb42-fdb2-4ab7-ae63-af4a53facaa6 req-2e0fdc39-63b8-4ae7-9372-2f752d8a2046 service placement] found 2 providers after filtering by previous result {{(pid=102311) get_provider_ids_matching /opt/stack/placement/placement/objects/research_context.py:580}}
Aug 17 01:59:01.286570 n-d-800089-22 devstack@placement-api.service[102311]: DEBUG placement.objects.allocation_candidate [req-d1dabb42-fdb2-4ab7-ae63-af4a53facaa6 req-2e0fdc39-63b8-4ae7-9372-2f752d8a2046 service placement] RequestGroup(use_same_provider=False, resources={DISK_GB:1, MEMORY_MB:1024, VCPU:1}, traits=[], aggregates=[]) (suffix '') returned 2 matches {{(pid=102311) _get_by_requests /opt/stack/placement/placement/objects/allocation_candidate.py:145}}
Aug 17 01:59:01.292935 n-d-800089-22 devstack@placement-api.service[102311]: DEBUG placement.objects.allocation_candidate [req-d1dabb42-fdb2-4ab7-ae63-af4a53facaa6 req-2e0fdc39-63b8-4ae7-9372-2f752d8a2046 service placement] Merging candidates yields 2 allocation requests and 2 provider summaries {{(pid=102311) _merge_candidates /opt/stack/placement/placement/objects/allocation_candidate.py:783}}
Aug 17 01:59:01.294974 n-d-800089-22 devstack@placement-api.service[102311]: INFO placement.requestlog [req-d1dabb42-fdb2-4ab7-ae63-af4a53facaa6 req-2e0fdc39-63b8-4ae7-9372-2f752d8a2046 service placement] 10.222.0.36 "GET /placement/allocation_candidates?limit=1000&resources=DISK_GB%3A1%2CMEMORY_MB%3A1024%2CVCPU%3A1&root_required=%21COMPUTE_STATUS_DISABLED" status: 200 len: 1309 microversion: 1.36
Aug 17 01:59:01.295388 n-d-800089-22 devstack@placement-api.service[102311]: [pid: 102311|app: 0|req: 363/743] 10.222.0.36 () {60 vars in 1507 bytes} [Tue Aug 17 01:59:01 2021] GET /placement/allocation_candidates?limit=1000&resources=DISK_GB%3A1%2CMEMORY_MB%3A1024%2CVCPU%3A1&root_required=%21COMPUTE_STATUS_DISABLED => generated 1309 bytes in 178 msecs (HTTP/1.1 200) 8 headers in 297 bytes (1 switches on core 0)
Aug 17 01:59:01.413729 n-d-800089-22 devstack@placement-api.service[102312]: DEBUG placement.requestlog [req-d1dabb42-fdb2-4ab7-ae63-af4a53facaa6 req-32499e20-b773-48bc-9978-ccea4a89cb2f None None] Starting request: 10.222.0.36 "GET /placement/allocations/37ef3e64-cd11-4f09-8812-f812fd9f1f7f" {{(pid=102312) __call__ /opt/stack/placement/placement/requestlog.py:55}}
