Aug 17 02:04:09.223601 n-d-800089-22 devstack@placement-api.service[102312]: [pid: 102312|app: 0|req: 429/841] 10.222.0.36 () {64 vars in 1434 bytes} [Tue Aug 17 02:04:08 2021] PUT /placement/allocations/90eae565-37bc-4cb7-b82f-2b8fad569441 => generated 0 bytes in 236 msecs (HTTP/1.1 204) 5 headers in 199 bytes (1 switches on core 0)
Aug 17 02:04:10.301665 n-d-800089-22 devstack@placement-api.service[102311]: DEBUG placement.requestlog [req-3be3afc5-9746-48e7-9c6b-8bba3b29aa72 req-f9ed9dbd-7f95-4d71-a4f2-76aeb77d3b88 None None] Starting request: 10.222.0.24 "GET /placement/allocations/90eae565-37bc-4cb7-b82f-2b8fad569441" {{(pid=102311) __call__ /opt/stack/placement/placement/requestlog.py:55}}
Aug 17 02:04:10.324186 n-d-800089-22 devstack@placement-api.service[102311]: INFO placement.requestlog [req-3be3afc5-9746-48e7-9c6b-8bba3b29aa72 req-f9ed9dbd-7f95-4d71-a4f2-76aeb77d3b88 service placement] 10.222.0.24 "GET /placement/allocations/90eae565-37bc-4cb7-b82f-2b8fad569441" status: 200 len: 260 microversion: 1.28
Aug 17 02:04:10.327333 n-d-800089-22 devstack@placement-api.service[102311]: [pid: 102311|app: 0|req: 413/842] 10.222.0.24 () {60 vars in 1378 bytes} [Tue Aug 17 02:04:10 2021] GET /placement/allocations/90eae565-37bc-4cb7-b82f-2b8fad569441 => generated 260 bytes in 26 msecs (HTTP/1.1 200) 8 headers in 296 bytes (1 switches on core 0)
Aug 17 02:04:16.845782 n-d-800089-22 devstack@placement-api.service[102312]: DEBUG placement.requestlog [req-5caaa6e1-def2-4281-b1fb-c81af36ddf1d req-61842278-9d55-4c8c-bcce-58b8850b76f1 None None] Starting request: 10.222.0.49 "GET /placement/resource_providers/f762f9bc-afe1-4048-8712-623209b8bac1/allocations" {{(pid=102312) __call__ /opt/stack/placement/placement/requestlog.py:55}}
Aug 17 02:04:16.872065 n-d-800089-22 devstack@placement-api.service[102312]: INFO placement.requestlog [req-5caaa6e1-def2-4281-b1fb-c81af36ddf1d req-61842278-9d55-4c8c-bcce-58b8850b76f1 service placement] 10.222.0.49 "GET /placement/resource_providers/f762f9bc-afe1-4048-8712-623209b8bac1/allocations" status: 200 len: 343 microversion: 1.0
Aug 17 02:04:16.872978 n-d-800089-22 devstack@placement-api.service[102312]: [pid: 102312|app: 0|req: 430/843] 10.222.0.49 () {58 vars in 1391 bytes} [Tue Aug 17 02:04:16 2021] GET /placement/resource_providers/f762f9bc-afe1-4048-8712-623209b8bac1/allocations => generated 343 bytes in 27 msecs (HTTP/1.1 200) 6 headers in 224 bytes (1 switches on core 0)
Aug 17 02:04:18.552408 n-d-800089-22 devstack@placement-api.service[102311]: DEBUG placement.requestlog [req-b87bac31-0d56-42f8-91df-b61b44809b02 req-d244bb35-30fd-4dd4-be75-d6e6694ad83d None None] Starting request: 10.222.0.24 "GET /placement/resource_providers/963f8f0b-6562-45ba-a45f-65628246fdf7/allocations" {{(pid=102311) __call__ /opt/stack/placement/placement/requestlog.py:55}}
Aug 17 02:04:18.589004 n-d-800089-22 devstack@placement-api.service[102311]: INFO placement.requestlog [req-b87bac31-0d56-42f8-91df-b61b44809b02 req-d244bb35-30fd-4dd4-be75-d6e6694ad83d service placement] 10.222.0.24 "GET /placement/resource_providers/963f8f0b-6562-45ba-a45f-65628246fdf7/allocations" status: 200 len: 343 microversion: 1.0
Aug 17 02:04:18.590138 n-d-800089-22 devstack@placement-api.service[102311]: [pid: 102311|app: 0|req: 414/844] 10.222.0.24 () {58 vars in 1391 bytes} [Tue Aug 17 02:04:18 2021] GET /placement/resource_providers/963f8f0b-6562-45ba-a45f-65628246fdf7/allocations => generated 343 bytes in 37 msecs (HTTP/1.1 200) 6 headers in 224 bytes (1 switches on core 0)
Aug 17 02:04:24.266392 n-d-800089-22 devstack@placement-api.service[102312]: DEBUG placement.requestlog [req-2d6531ca-2c86-4218-bb95-c766200ebefe req-8857ea09-125f-49db-bfb9-24359af5e7d1 None None] Starting request: 10.222.0.49 "GET /placement/allocations/79042520-0f50-48ab-a9dc-33475678c66c" {{(pid=102312) __call__ /opt/stack/placement/placement/requestlog.py:55}}
Aug 17 02:04:24.300306 n-d-800089-22 devstack@placement-api.service[102312]: INFO placement.requestlog [req-2d6531ca-2c86-4218-bb95-c766200ebefe req-8857ea09-125f-49db-bfb9-24359af5e7d1 service placement] 10.222.0.49 "GET /placement/allocations/79042520-0f50-48ab-a9dc-33475678c66c" status: 200 len: 260 microversion: 1.28
Aug 17 02:04:24.300870 n-d-800089-22 devstack@placement-api.service[102312]: [pid: 102312|app: 0|req: 431/845] 10.222.0.49 () {60 vars in 1378 bytes} [Tue Aug 17 02:04:24 2021] GET /placement/allocations/79042520-0f50-48ab-a9dc-33475678c66c => generated 260 bytes in 35 msecs (HTTP/1.1 200) 8 headers in 296 bytes (1 switches on core 0)
Aug 17 02:04:24.318385 n-d-800089-22 devstack@placement-api.service[102311]: DEBUG placement.requestlog [req-2d6531ca-2c86-4218-bb95-c766200ebefe req-0b419e28-c4db-417d-8e3f-41b565dca063 None None] Starting request: 10.222.0.49 "PUT /placement/allocations/79042520-0f50-48ab-a9dc-33475678c66c" {{(pid=102311) __call__ /opt/stack/placement/placement/requestlog.py:55}}
Aug 17 02:04:24.504743 n-d-800089-22 devstack@placement-api.service[102311]: DEBUG placement.handlers.allocation [req-2d6531ca-2c86-4218-bb95-c766200ebefe req-0b419e28-c4db-417d-8e3f-41b565dca063 service placement] Successfully wrote allocations [, , ] {{(pid=102311) _create_allocations /opt/stack/placement/placement/handlers/allocation.py:435}}
Aug 17 02:04:24.505489 n-d-800089-22 devstack@placement-api.service[102311]: INFO placement.requestlog [req-2d6531ca-2c86-4218-bb95-c766200ebefe req-0b419e28-c4db-417d-8e3f-41b565dca063 service placement] 10.222.0.49 "PUT /placement/allocations/79042520-0f50-48ab-a9dc-33475678c66c" status: 204 len: 0 microversion: 1.28
Aug 17 02:04:24.506219 n-d-800089-22 devstack@placement-api.service[102311]: [pid: 102311|app: 0|req: 415/846] 10.222.0.49 () {64 vars in 1431 bytes} [Tue Aug 17 02:04:24 2021] PUT /placement/allocations/79042520-0f50-48ab-a9dc-33475678c66c => generated 0 bytes in 188 msecs (HTTP/1.1 204) 5 headers in 199 bytes (1 switches on core 0)
Aug 17 02:04:32.320419 n-d-800089-22 devstack@placement-api.service[102312]: DEBUG placement.requestlog [req-39cf39a8-e12f-4277-8115-558cce829e4c req-9662412b-5b16-4434-ac13-83176bab8aba None None] Starting request: 10.222.0.36 "GET /placement/allocation_candidates?limit=1000&resources=DISK_GB%3A1%2CMEMORY_MB%3A1024%2CVCPU%3A1&root_required=%21COMPUTE_STATUS_DISABLED" {{(pid=102312) __call__ /opt/stack/placement/placement/requestlog.py:55}}
Aug 17 02:04:32.400645 n-d-800089-22 devstack@placement-api.service[102312]: DEBUG placement.objects.research_context [req-39cf39a8-e12f-4277-8115-558cce829e4c req-9662412b-5b16-4434-ac13-83176bab8aba service placement] getting providers with 1 DISK_GB {{(pid=102312) __init__ /opt/stack/placement/placement/objects/research_context.py:126}}
Aug 17 02:04:32.409353 n-d-800089-22 devstack@placement-api.service[102312]: DEBUG placement.objects.research_context [req-39cf39a8-e12f-4277-8115-558cce829e4c req-9662412b-5b16-4434-ac13-83176bab8aba service placement] getting providers with 1024 MEMORY_MB {{(pid=102312) __init__ /opt/stack/placement/placement/objects/research_context.py:126}}
Aug 17 02:04:32.419297 n-d-800089-22 devstack@placement-api.service[102312]: DEBUG placement.objects.research_context [req-39cf39a8-e12f-4277-8115-558cce829e4c req-9662412b-5b16-4434-ac13-83176bab8aba service placement] getting providers with 1 VCPU {{(pid=102312) __init__ /opt/stack/placement/placement/objects/research_context.py:126}}
Aug 17 02:04:32.440985 n-d-800089-22 devstack@placement-api.service[102312]: DEBUG placement.objects.research_context [req-39cf39a8-e12f-4277-8115-558cce829e4c req-9662412b-5b16-4434-ac13-83176bab8aba service placement] found 2 providers with available 1 DISK_GB {{(pid=102312) get_provider_ids_matching /opt/stack/placement/placement/objects/research_context.py:549}}
Aug 17 02:04:32.441261 n-d-800089-22 devstack@placement-api.service[102312]: DEBUG placement.objects.research_context [req-39cf39a8-e12f-4277-8115-558cce829e4c req-9662412b-5b16-4434-ac13-83176bab8aba service placement] found 2 providers with available 1024 MEMORY_MB {{(pid=102312) get_provider_ids_matching /opt/stack/placement/placement/objects/research_context.py:549}}
Aug 17 02:04:32.443790 n-d-800089-22 devstack@placement-api.service[102312]: DEBUG placement.objects.research_context [req-39cf39a8-e12f-4277-8115-558cce829e4c req-9662412b-5b16-4434-ac13-83176bab8aba service placement] found 2 providers after filtering by previous result {{(pid=102312) get_provider_ids_matching /opt/stack/placement/placement/objects/research_context.py:580}}
Aug 17 02:04:32.444354 n-d-800089-22 devstack@placement-api.service[102312]: DEBUG placement.objects.research_context [req-39cf39a8-e12f-4277-8115-558cce829e4c req-9662412b-5b16-4434-ac13-83176bab8aba service placement] found 2 providers with available 1 VCPU {{(pid=102312) get_provider_ids_matching /opt/stack/placement/placement/objects/research_context.py:549}}
Aug 17 02:04:32.445004 n-d-800089-22 devstack@placement-api.service[102312]: DEBUG placement.objects.research_context [req-39cf39a8-e12f-4277-8115-558cce829e4c req-9662412b-5b16-4434-ac13-83176bab8aba service placement] found 2 providers after filtering by previous result {{(pid=102312) get_provider_ids_matching /opt/stack/placement/placement/objects/research_context.py:580}}
Aug 17 02:04:32.490681 n-d-800089-22 devstack@placement-api.service[102312]: DEBUG placement.objects.allocation_candidate [req-39cf39a8-e12f-4277-8115-558cce829e4c req-9662412b-5b16-4434-ac13-83176bab8aba service placement] RequestGroup(use_same_provider=False, resources={DISK_GB:1, MEMORY_MB:1024, VCPU:1}, traits=[], aggregates=[]) (suffix '') returned 2 matches {{(pid=102312) _get_by_requests /opt/stack/placement/placement/objects/allocation_candidate.py:145}}
Aug 17 02:04:32.491058 n-d-800089-22 devstack@placement-api.service[102312]: DEBUG placement.objects.allocation_candidate [req-39cf39a8-e12f-4277-8115-558cce829e4c req-9662412b-5b16-4434-ac13-83176bab8aba service placement] Merging candidates yields 2 allocation requests and 2 provider summaries {{(pid=102312) _merge_candidates /opt/stack/placement/placement/objects/allocation_candidate.py:783}}
Aug 17 02:04:32.498313 n-d-800089-22 devstack@placement-api.service[102312]: INFO placement.requestlog [req-39cf39a8-e12f-4277-8115-558cce829e4c req-9662412b-5b16-4434-ac13-83176bab8aba service placement] 10.222.0.36 "GET /placement/allocation_candidates?limit=1000&resources=DISK_GB%3A1%2CMEMORY_MB%3A1024%2CVCPU%3A1&root_required=%21COMPUTE_STATUS_DISABLED" status: 200 len: 1309 microversion: 1.36
Aug 17 02:04:32.498917 n-d-800089-22 devstack@placement-api.service[102312]: [pid: 102312|app: 0|req: 432/847] 10.222.0.36 () {60 vars in 1507 bytes} [Tue Aug 17 02:04:32 2021] GET /placement/allocation_candidates?limit=1000&resources=DISK_GB%3A1%2CMEMORY_MB%3A1024%2CVCPU%3A1&root_required=%21COMPUTE_STATUS_DISABLED => generated 1309 bytes in 179 msecs (HTTP/1.1 200) 8 headers in 297 bytes (1 switches on core 0)
Aug 17 02:04:32.622000 n-d-800089-22 devstack@placement-api.service[102311]: DEBUG placement.requestlog [req-39cf39a8-e12f-4277-8115-558cce829e4c req-7f247a5c-01be-4e1b-9520-eacba5164112 None None] Starting request: 10.222.0.36 "GET /placement/allocations/1037bf21-b6ea-417a-acca-b5d52ce457c1" {{(pid=102311) __call__ /opt/stack/placement/placement/requestlog.py:55}}
Aug 17 02:04:32.637930 n-d-800089-22 devstack@placement-api.service[102311]: INFO placement.requestlog [req-39cf39a8-e12f-4277-8115-558cce829e4c req-7f247a5c-01be-4e1b-9520-eacba5164112 service placement] 10.222.0.36 "GET /placement/allocations/1037bf21-b6ea-417a-acca-b5d52ce457c1" status: 200 len: 19 microversion: 1.28
Aug 17 02:04:32.639014 n-d-800089-22 devstack@placement-api.service[102311]: [pid: 102311|app: 0|req: 416/848] 10.222.0.36 () {60 vars in 1381 bytes} [Tue Aug 17 02:04:32 2021] GET /placement/allocations/1037bf21-b6ea-417a-acca-b5d52ce457c1 => generated 19 bytes in 17 msecs (HTTP/1.1 200) 8 headers in 295 bytes (1 switches on core 0)
Aug 17 02:04:32.645631 n-d-800089-22 devstack@placement-api.service[102312]: DEBUG placement.requestlog [req-39cf39a8-e12f-4277-8115-558cce829e4c req-c20bc0c2-c277-4600-9e23-fca0ace4a0af None None] Starting request: 10.222.0.36 "PUT /placement/allocations/1037bf21-b6ea-417a-acca-b5d52ce457c1" {{(pid=102312) __call__ /opt/stack/placement/placement/requestlog.py:55}}
Aug 17 02:04:33.075881 n-d-800089-22 devstack@placement-api.service[102312]: DEBUG placement.handlers.allocation [req-39cf39a8-e12f-4277-8115-558cce829e4c req-c20bc0c2-c277-4600-9e23-fca0ace4a0af service placement] Successfully wrote allocations [, , ] {{(pid=102312) _create_allocations /opt/stack/placement/placement/handlers/allocation.py:435}}
Aug 17 02:04:33.078382 n-d-800089-22 devstack@placement-api.service[102312]: INFO placement.requestlog [req-39cf39a8-e12f-4277-8115-558cce829e4c req-c20bc0c2-c277-4600-9e23-fca0ace4a0af service placement] 10.222.0.36 "PUT /placement/allocations/1037bf21-b6ea-417a-acca-b5d52ce457c1" status: 204 len: 0 microversion: 1.36
Aug 17 02:04:33.078382 n-d-800089-22 devstack@placement-api.service[102312]: [pid: 102312|app: 0|req: 433/849] 10.222.0.36 () {64 vars in 1434 bytes} [Tue Aug 17 02:04:32 2021] PUT /placement/allocations/1037bf21-b6ea-417a-acca-b5d52ce457c1 => generated 0 bytes in 432 msecs (HTTP/1.1 204) 5 headers in 199 bytes (2 switches on core 0)
Aug 17 02:04:33.089474 n-d-800089-22 devstack@placement-api.service[102311]: DEBUG placement.requestlog [req-39cf39a8-e12f-4277-8115-558cce829e4c req-733f0dc8-0b34-4471-af00-1890caf8b2b0 None None] Starting request: 10.222.0.36 "GET /placement/allocations/8217fc5b-b65e-442e-8131-f7ad2fcbcf65" {{(pid=102311) __call__ /opt/stack/placement/placement/requestlog.py:55}}
Aug 17 02:04:33.103121 n-d-800089-22 devstack@placement-api.service[102311]: INFO placement.requestlog [req-39cf39a8-e12f-4277-8115-558cce829e4c req-733f0dc8-0b34-4471-af00-1890caf8b2b0 service placement] 10.222.0.36 "GET /placement/allocations/8217fc5b-b65e-442e-8131-f7ad2fcbcf65" status: 200 len: 19 microversion: 1.28
Aug 17 02:04:33.103387 n-d-800089-22 devstack@placement-api.service[102311]: [pid: 102311|app: 0|req: 417/850] 10.222.0.36 () {60 vars in 1381 bytes} [Tue Aug 17 02:04:33 2021] GET /placement/allocations/8217fc5b-b65e-442e-8131-f7ad2fcbcf65 => generated 19 bytes in 14 msecs (HTTP/1.1 200) 8 headers in 295 bytes (1 switches on core 0)
Aug 17 02:04:33.110700 n-d-800089-22 devstack@placement-api.service[102312]: DEBUG placement.requestlog [req-39cf39a8-e12f-4277-8115-558cce829e4c req-efce967b-fb90-47a1-a51b-5e619c1484b7 None None] Starting request: 10.222.0.36 "PUT /placement/allocations/8217fc5b-b65e-442e-8131-f7ad2fcbcf65" {{(pid=102312) __call__ /opt/stack/placement/placement/requestlog.py:55}}
Aug 17 02:04:33.327708 n-d-800089-22 devstack@placement-api.service[102312]: DEBUG placement.handlers.allocation [req-39cf39a8-e12f-4277-8115-558cce829e4c req-efce967b-fb90-47a1-a51b-5e619c1484b7 service placement] Successfully wrote allocations [, , ] {{(pid=102312) _create_allocations /opt/stack/placement/placement/handlers/allocation.py:435}}
Aug 17 02:04:33.332408 n-d-800089-22 devstack@placement-api.service[102312]: INFO placement.requestlog [req-39cf39a8-e12f-4277-8115-558cce829e4c req-efce967b-fb90-47a1-a51b-5e619c1484b7 service placement] 10.222.0.36 "PUT /placement/allocations/8217fc5b-b65e-442e-8131-f7ad2fcbcf65" status: 204 len: 0 microversion: 1.36
Aug 17 02:04:33.332408 n-d-800089-22 devstack@placement-api.service[102312]: [pid: 102312|app: 0|req: 434/851] 10.222.0.36 () {64 vars in 1434 bytes} [Tue Aug 17 02:04:33 2021] PUT /placement/allocations/8217fc5b-b65e-442e-8131-f7ad2fcbcf65 => generated 0 bytes in 218 msecs (HTTP/1.1 204) 5 headers in 199 bytes (1 switches on core 0)
Aug 17 02:04:34.679466 n-d-800089-22 devstack@placement-api.service[102311]: DEBUG placement.requestlog [req-39cf39a8-e12f-4277-8115-558cce829e4c req-52426e95-c9b7-414d-83ab-2f9c8a57206e None None] Starting request: 10.222.0.49 "GET /placement/allocations/1037bf21-b6ea-417a-acca-b5d52ce457c1" {{(pid=102311) __call__ /opt/stack/placement/placement/requestlog.py:55}}
Aug 17 02:04:34.714749 n-d-800089-22 devstack@placement-api.service[102311]: INFO placement.requestlog [req-39cf39a8-e12f-4277-8115-558cce829e4c req-52426e95-c9b7-414d-83ab-2f9c8a57206e service placement] 10.222.0.49 "GET /placement/allocations/1037bf21-b6ea-417a-acca-b5d52ce457c1" status: 200 len: 260 microversion: 1.28
Aug 17 02:04:34.718847 n-d-800089-22 devstack@placement-api.service[102311]: [pid: 102311|app: 0|req: 418/852] 10.222.0.49 () {60 vars in 1378 bytes} [Tue Aug 17 02:04:34 2021] GET /placement/allocations/1037bf21-b6ea-417a-acca-b5d52ce457c1 => generated 260 bytes in 39 msecs (HTTP/1.1 200) 8 headers in 296 bytes (1 switches on core 0)
Aug 17 02:04:35.065851 n-d-800089-22 devstack@placement-api.service[102312]: DEBUG placement.requestlog [req-39cf39a8-e12f-4277-8115-558cce829e4c req-c532ed33-b4ce-4607-9cb0-05d4d78fa002 None None] Starting request: 10.222.0.24 "GET /placement/allocations/8217fc5b-b65e-442e-8131-f7ad2fcbcf65" {{(pid=102312) __call__ /opt/stack/placement/placement/requestlog.py:55}}
Aug 17 02:04:35.089379 n-d-800089-22 devstack@placement-api.service[102312]: INFO placement.requestlog [req-39cf39a8-e12f-4277-8115-558cce829e4c req-c532ed33-b4ce-4607-9cb0-05d4d78fa002 service placement] 10.222.0.24 "GET /placement/allocations/8217fc5b-b65e-442e-8131-f7ad2fcbcf65" status: 200 len: 260 microversion: 1.28
Aug 17 02:04:35.089865 n-d-800089-22 devstack@placement-api.service[102312]: [pid: 102312|app: 0|req: 435/853] 10.222.0.24 () {60 vars in 1378 bytes} [Tue Aug 17 02:04:35 2021] GET /placement/allocations/8217fc5b-b65e-442e-8131-f7ad2fcbcf65 => generated 260 bytes in 24 msecs (HTTP/1.1 200) 8 headers in 296 bytes (1 switches on core 0)
Aug 17 02:04:43.809883 n-d-800089-22 devstack@placement-api.service[102311]: DEBUG placement.requestlog [req-f8497811-ba1a-492e-8ba1-279548e53750 req-865b3aa5-f570-40f2-896f-2f6da57d637a None None] Starting request: 10.222.0.49 "GET /placement/allocations/d4831e30-b4d3-4700-98a0-02b551d0ff51" {{(pid=102311) __call__ /opt/stack/placement/placement/requestlog.py:55}}
Aug 17 02:04:43.825083 n-d-800089-22 devstack@placement-api.service[102311]: INFO placement.requestlog [req-f8497811-ba1a-492e-8ba1-279548e53750 req-865b3aa5-f570-40f2-896f-2f6da57d637a service placement] 10.222.0.49 "GET /placement/allocations/d4831e30-b4d3-4700-98a0-02b551d0ff51" status: 200 len: 260 microversion: 1.28
Aug 17 02:04:43.825470 n-d-800089-22 devstack@placement-api.service[102311]: [pid: 102311|app: 0|req: 419/854] 10.222.0.49 () {60 vars in 1378 bytes} [Tue Aug 17 02:04:43 2021] GET /placement/allocations/d4831e30-b4d3-4700-98a0-02b551d0ff51 => generated 260 bytes in 16 msecs (HTTP/1.1 200) 8 headers in 296 bytes (1 switches on core 0)
Aug 17 02:04:43.834029 n-d-800089-22 devstack@placement-api.service[102312]: DEBUG placement.requestlog [req-f8497811-ba1a-492e-8ba1-279548e53750 req-953859e8-0f5a-422c-b7bd-9a17efd62aee None None] Starting request: 10.222.0.49 "PUT /placement/allocations/d4831e30-b4d3-4700-98a0-02b551d0ff51" {{(pid=102312) __call__ /opt/stack/placement/placement/requestlog.py:55}}
Aug 17 02:04:44.109197 n-d-800089-22 devstack@placement-api.service[102312]: DEBUG placement.handlers.allocation [req-f8497811-ba1a-492e-8ba1-279548e53750 req-953859e8-0f5a-422c-b7bd-9a17efd62aee service placement] Successfully wrote allocations [, , ] {{(pid=102312) _create_allocations /opt/stack/placement/placement/handlers/allocation.py:435}}
Aug 17 02:04:44.109706 n-d-800089-22 devstack@placement-api.service[102312]: INFO placement.requestlog [req-f8497811-ba1a-492e-8ba1-279548e53750 req-953859e8-0f5a-422c-b7bd-9a17efd62aee service placement] 10.222.0.49 "PUT /placement/allocations/d4831e30-b4d3-4700-98a0-02b551d0ff51" status: 204 len: 0 microversion: 1.28
Aug 17 02:04:44.109986 n-d-800089-22 devstack@placement-api.service[102312]: [pid: 102312|app: 0|req: 436/855] 10.222.0.49 () {64 vars in 1431 bytes} [Tue Aug 17 02:04:43 2021] PUT /placement/allocations/d4831e30-b4d3-4700-98a0-02b551d0ff51 => generated 0 bytes in 276 msecs (HTTP/1.1 204) 5 headers in 199 bytes (2 switches on core 0)
Aug 17 02:04:53.459965 n-d-800089-22 devstack@placement-api.service[102311]: DEBUG placement.requestlog [req-3c7ecd02-6816-46b3-9e9c-7c1000207f79 req-a3c5332b-8383-4e9a-acff-87ea8ec981fd None None] Starting request: 10.222.0.36 "GET /placement/allocation_candidates?limit=1000&resources=DISK_GB%3A1%2CMEMORY_MB%3A1024%2CVCPU%3A1&root_required=%21COMPUTE_STATUS_DISABLED" {{(pid=102311) __call__ /opt/stack/placement/placement/requestlog.py:55}}
Aug 17 02:04:53.496540 n-d-800089-22 devstack@placement-api.service[102311]: DEBUG placement.objects.research_context [req-3c7ecd02-6816-46b3-9e9c-7c1000207f79 req-a3c5332b-8383-4e9a-acff-87ea8ec981fd service placement] getting providers with 1 DISK_GB {{(pid=102311) __init__ /opt/stack/placement/placement/objects/research_context.py:126}}
Aug 17 02:04:53.512250 n-d-800089-22 devstack@placement-api.service[102311]: DEBUG placement.objects.research_context [req-3c7ecd02-6816-46b3-9e9c-7c1000207f79 req-a3c5332b-8383-4e9a-acff-87ea8ec981fd service placement] getting providers with 1024 MEMORY_MB {{(pid=102311) __init__ /opt/stack/placement/placement/objects/research_context.py:126}}
Aug 17 02:04:53.512250 n-d-800089-22 devstack@placement-api.service[102311]: DEBUG placement.objects.research_context [req-3c7ecd02-6816-46b3-9e9c-7c1000207f79 req-a3c5332b-8383-4e9a-acff-87ea8ec981fd service placement] getting providers with 1 VCPU {{(pid=102311) __init__ /opt/stack/placement/placement/objects/research_context.py:126}}
Aug 17 02:04:53.517098 n-d-800089-22 devstack@placement-api.service[102311]: DEBUG placement.objects.research_context [req-3c7ecd02-6816-46b3-9e9c-7c1000207f79 req-a3c5332b-8383-4e9a-acff-87ea8ec981fd service placement] found 2 providers with available 1 DISK_GB {{(pid=102311) get_provider_ids_matching /opt/stack/placement/placement/objects/research_context.py:549}}
Aug 17 02:04:53.517588 n-d-800089-22 devstack@placement-api.service[102311]: DEBUG placement.objects.research_context [req-3c7ecd02-6816-46b3-9e9c-7c1000207f79 req-a3c5332b-8383-4e9a-acff-87ea8ec981fd service placement] found 2 providers with available 1024 MEMORY_MB {{(pid=102311) get_provider_ids_matching /opt/stack/placement/placement/objects/research_context.py:549}}
Aug 17 02:04:53.518022 n-d-800089-22 devstack@placement-api.service[102311]: DEBUG placement.objects.research_context [req-3c7ecd02-6816-46b3-9e9c-7c1000207f79 req-a3c5332b-8383-4e9a-acff-87ea8ec981fd service placement] found 2 providers after filtering by previous result {{(pid=102311) get_provider_ids_matching /opt/stack/placement/placement/objects/research_context.py:580}}
Aug 17 02:04:53.518494 n-d-800089-22 devstack@placement-api.service[102311]: DEBUG placement.objects.research_context [req-3c7ecd02-6816-46b3-9e9c-7c1000207f79 req-a3c5332b-8383-4e9a-acff-87ea8ec981fd service placement] found 2 providers with available 1 VCPU {{(pid=102311) get_provider_ids_matching /opt/stack/placement/placement/objects/research_context.py:549}}
Aug 17 02:04:53.519054 n-d-800089-22 devstack@placement-api.service[102311]: DEBUG placement.objects.research_context [req-3c7ecd02-6816-46b3-9e9c-7c1000207f79 req-a3c5332b-8383-4e9a-acff-87ea8ec981fd service placement] found 2 providers after filtering by previous result {{(pid=102311) get_provider_ids_matching /opt/stack/placement/placement/objects/research_context.py:580}}
Aug 17 02:04:53.533950 n-d-800089-22 devstack@placement-api.service[102311]: DEBUG placement.objects.allocation_candidate [req-3c7ecd02-6816-46b3-9e9c-7c1000207f79 req-a3c5332b-8383-4e9a-acff-87ea8ec981fd service placement] RequestGroup(use_same_provider=False, resources={DISK_GB:1, MEMORY_MB:1024, VCPU:1}, traits=[], aggregates=[]) (suffix '') returned 2 matches {{(pid=102311) _get_by_requests /opt/stack/placement/placement/objects/allocation_candidate.py:145}}
Aug 17 02:04:53.534346 n-d-800089-22 devstack@placement-api.service[102311]: DEBUG placement.objects.allocation_candidate [req-3c7ecd02-6816-46b3-9e9c-7c1000207f79 req-a3c5332b-8383-4e9a-acff-87ea8ec981fd service placement] Merging candidates yields 2 allocation requests and 2 provider summaries {{(pid=102311) _merge_candidates /opt/stack/placement/placement/objects/allocation_candidate.py:783}}
Aug 17 02:04:53.536033 n-d-800089-22 devstack@placement-api.service[102311]: INFO placement.requestlog [req-3c7ecd02-6816-46b3-9e9c-7c1000207f79 req-a3c5332b-8383-4e9a-acff-87ea8ec981fd service placement] 10.222.0.36 "GET /placement/allocation_candidates?limit=1000&resources=DISK_GB%3A1%2CMEMORY_MB%3A1024%2CVCPU%3A1&root_required=%21COMPUTE_STATUS_DISABLED" status: 200 len: 1309 microversion: 1.36
Aug 17 02:04:53.538250 n-d-800089-22 devstack@placement-api.service[102311]: [pid: 102311|app: 0|req: 420/856] 10.222.0.36 () {60 vars in 1507 bytes} [Tue Aug 17 02:04:53 2021] GET /placement/allocation_candidates?limit=1000&resources=DISK_GB%3A1%2CMEMORY_MB%3A1024%2CVCPU%3A1&root_required=%21COMPUTE_STATUS_DISABLED => generated 1309 bytes in 79 msecs (HTTP/1.1 200) 8 headers in 297 bytes (1 switches on core 0)
Aug 17 02:04:53.600268 n-d-800089-22 devstack@placement-api.service[102312]: DEBUG placement.requestlog [req-3c7ecd02-6816-46b3-9e9c-7c1000207f79 req-c4ce1e1f-1a4a-4fc3-a3fc-ee157c350fab None None] Starting request: 10.222.0.36 "GET /placement/allocations/7bbcc0a2-2a6e-4340-bab6-862a917fc95f" {{(pid=102312) __call__ /opt/stack/placement/placement/requestlog.py:55}}
Aug 17 02:04:53.614173 n-d-800089-22 devstack@placement-api.service[102312]: INFO placement.requestlog [req-3c7ecd02-6816-46b3-9e9c-7c1000207f79 req-c4ce1e1f-1a4a-4fc3-a3fc-ee157c350fab service placement] 10.222.0.36 "GET /placement/allocations/7bbcc0a2-2a6e-4340-bab6-862a917fc95f" status: 200 len: 19 microversion: 1.28
Aug 17 02:04:53.615211 n-d-800089-22 devstack@placement-api.service[102312]: [pid: 102312|app: 0|req: 437/857] 10.222.0.36 () {60 vars in 1381 bytes} [Tue Aug 17 02:04:53 2021] GET /placement/allocations/7bbcc0a2-2a6e-4340-bab6-862a917fc95f => generated 19 bytes in 15 msecs (HTTP/1.1 200) 8 headers in 295 bytes (1 switches on core 0)
Aug 17 02:04:53.630532 n-d-800089-22 devstack@placement-api.service[102311]: DEBUG placement.requestlog [req-3c7ecd02-6816-46b3-9e9c-7c1000207f79 req-6e705159-5e61-4756-a1fe-829a0979bb56 None None] Starting request: 10.222.0.36 "PUT /placement/allocations/7bbcc0a2-2a6e-4340-bab6-862a917fc95f" {{(pid=102311) __call__ /opt/stack/placement/placement/requestlog.py:55}}
Aug 17 02:04:54.321879 n-d-800089-22 devstack@placement-api.service[102311]: DEBUG placement.handlers.allocation [req-3c7ecd02-6816-46b3-9e9c-7c1000207f79 req-6e705159-5e61-4756-a1fe-829a0979bb56 service placement] Successfully wrote allocations [, , ] {{(pid=102311) _create_allocations /opt/stack/placement/placement/handlers/allocation.py:435}}
Aug 17 02:04:54.323066 n-d-800089-22 devstack@placement-api.service[102311]: INFO placement.requestlog [req-3c7ecd02-6816-46b3-9e9c-7c1000207f79 req-6e705159-5e61-4756-a1fe-829a0979bb56 service placement] 10.222.0.36 "PUT /placement/allocations/7bbcc0a2-2a6e-4340-bab6-862a917fc95f" status: 204 len: 0 microversion: 1.36
Aug 17 02:04:54.324719 n-d-800089-22 devstack@placement-api.service[102311]: [pid: 102311|app: 0|req: 421/858] 10.222.0.36 () {64 vars in 1434 bytes} [Tue Aug 17 02:04:53 2021] PUT /placement/allocations/7bbcc0a2-2a6e-4340-bab6-862a917fc95f => generated 0 bytes in 694 msecs (HTTP/1.1 204) 5 headers in 199 bytes (2 switches on core 0)
Aug 17 02:04:55.734023 n-d-800089-22 devstack@placement-api.service[102312]: DEBUG placement.requestlog [req-3c7ecd02-6816-46b3-9e9c-7c1000207f79 req-1b5db36f-4bf7-4f4c-a451-0edd83cd9689 None None] Starting request: 10.222.0.49 "GET /placement/allocations/7bbcc0a2-2a6e-4340-bab6-862a917fc95f" {{(pid=102312) __call__ /opt/stack/placement/placement/requestlog.py:55}}
Aug 17 02:04:55.749388 n-d-800089-22 devstack@placement-api.service[102312]: INFO placement.requestlog [req-3c7ecd02-6816-46b3-9e9c-7c1000207f79 req-1b5db36f-4bf7-4f4c-a451-0edd83cd9689 service placement] 10.222.0.49 "GET /placement/allocations/7bbcc0a2-2a6e-4340-bab6-862a917fc95f" status: 200 len: 260 microversion: 1.28
Aug 17 02:04:55.751210 n-d-800089-22 devstack@placement-api.service[102312]: [pid: 102312|app: 0|req: 438/859] 10.222.0.49 () {60 vars in 1378 bytes} [Tue Aug 17 02:04:55 2021] GET /placement/allocations/7bbcc0a2-2a6e-4340-bab6-862a917fc95f => generated 260 bytes in 16 msecs (HTTP/1.1 200) 8 headers in 296 bytes (1 switches on core 0)
Aug 17 02:04:56.385256 n-d-800089-22 devstack@placement-api.service[102311]: DEBUG placement.requestlog [req-a1da765f-5a76-4dd3-a8f8-547cbd34467d req-efba4868-1a25-445b-928b-44897654777b None None] Starting request: 10.222.0.36 "GET /placement/allocation_candidates?limit=1000&resources=DISK_GB%3A1%2CMEMORY_MB%3A1024%2CVCPU%3A1&root_required=%21COMPUTE_STATUS_DISABLED" {{(pid=102311) __call__ /opt/stack/placement/placement/requestlog.py:55}}
Aug 17 02:04:56.434684 n-d-800089-22 devstack@placement-api.service[102311]: DEBUG placement.objects.research_context [req-a1da765f-5a76-4dd3-a8f8-547cbd34467d req-efba4868-1a25-445b-928b-44897654777b service placement] getting providers with 1 DISK_GB {{(pid=102311) __init__ /opt/stack/placement/placement/objects/research_context.py:126}}
Aug 17 02:04:56.445228 n-d-800089-22 devstack@placement-api.service[102311]: DEBUG placement.objects.research_context [req-a1da765f-5a76-4dd3-a8f8-547cbd34467d req-efba4868-1a25-445b-928b-44897654777b service placement] getting providers with 1024 MEMORY_MB {{(pid=102311) __init__ /opt/stack/placement/placement/objects/research_context.py:126}}
Aug 17 02:04:56.452497 n-d-800089-22 devstack@placement-api.service[102311]: DEBUG placement.objects.research_context [req-a1da765f-5a76-4dd3-a8f8-547cbd34467d req-efba4868-1a25-445b-928b-44897654777b service placement] getting providers with 1 VCPU {{(pid=102311) __init__ /opt/stack/placement/placement/objects/research_context.py:126}}
Aug 17 02:04:56.463201 n-d-800089-22 devstack@placement-api.service[102311]: DEBUG placement.objects.research_context [req-a1da765f-5a76-4dd3-a8f8-547cbd34467d req-efba4868-1a25-445b-928b-44897654777b service placement] found 2 providers with available 1 DISK_GB {{(pid=102311) get_provider_ids_matching /opt/stack/placement/placement/objects/research_context.py:549}}
Aug 17 02:04:56.463201 n-d-800089-22 devstack@placement-api.service[102311]: DEBUG placement.objects.research_context [req-a1da765f-5a76-4dd3-a8f8-547cbd34467d req-efba4868-1a25-445b-928b-44897654777b service placement] found 2 providers with available 1024 MEMORY_MB {{(pid=102311) get_provider_ids_matching /opt/stack/placement/placement/objects/research_context.py:549}}
Aug 17 02:04:56.463201 n-d-800089-22 devstack@placement-api.service[102311]: DEBUG placement.objects.research_context [req-a1da765f-5a76-4dd3-a8f8-547cbd34467d req-efba4868-1a25-445b-928b-44897654777b service placement] found 2 providers after filtering by previous result {{(pid=102311) get_provider_ids_matching /opt/stack/placement/placement/objects/research_context.py:580}}
Aug 17 02:04:56.463201 n-d-800089-22 devstack@placement-api.service[102311]: DEBUG placement.objects.research_context [req-a1da765f-5a76-4dd3-a8f8-547cbd34467d req-efba4868-1a25-445b-928b-44897654777b service placement] found 2 providers with available 1 VCPU {{(pid=102311) get_provider_ids_matching /opt/stack/placement/placement/objects/research_context.py:549}}
Aug 17 02:04:56.463201 n-d-800089-22 devstack@placement-api.service[102311]: DEBUG placement.objects.research_context [req-a1da765f-5a76-4dd3-a8f8-547cbd34467d req-efba4868-1a25-445b-928b-44897654777b service placement] found 2 providers after filtering by previous result {{(pid=102311) get_provider_ids_matching /opt/stack/placement/placement/objects/research_context.py:580}}
Aug 17 02:04:56.495093 n-d-800089-22 devstack@placement-api.service[102311]: DEBUG placement.objects.allocation_candidate [req-a1da765f-5a76-4dd3-a8f8-547cbd34467d req-efba4868-1a25-445b-928b-44897654777b service placement] RequestGroup(use_same_provider=False, resources={DISK_GB:1, MEMORY_MB:1024, VCPU:1}, traits=[], aggregates=[]) (suffix '') returned 2 matches {{(pid=102311) _get_by_requests /opt/stack/placement/placement/objects/allocation_candidate.py:145}}
Aug 17 02:04:56.495857 n-d-800089-22 devstack@placement-api.service[102311]: DEBUG placement.objects.allocation_candidate [req-a1da765f-5a76-4dd3-a8f8-547cbd34467d req-efba4868-1a25-445b-928b-44897654777b service placement] Merging candidates yields 2 allocation requests and 2 provider summaries {{(pid=102311) _merge_candidates /opt/stack/placement/placement/objects/allocation_candidate.py:783}}
Aug 17 02:04:56.498783 n-d-800089-22 devstack@placement-api.service[102311]: INFO placement.requestlog [req-a1da765f-5a76-4dd3-a8f8-547cbd34467d req-efba4868-1a25-445b-928b-44897654777b service placement] 10.222.0.36 "GET /placement/allocation_candidates?limit=1000&resources=DISK_GB%3A1%2CMEMORY_MB%3A1024%2CVCPU%3A1&root_required=%21COMPUTE_STATUS_DISABLED" status: 200 len: 1309 microversion: 1.36
Aug 17 02:04:56.499499 n-d-800089-22 devstack@placement-api.service[102311]: [pid: 102311|app: 0|req: 422/860] 10.222.0.36 () {60 vars in 1507 bytes} [Tue Aug 17 02:04:56 2021] GET /placement/allocation_candidates?limit=1000&resources=DISK_GB%3A1%2CMEMORY_MB%3A1024%2CVCPU%3A1&root_required=%21COMPUTE_STATUS_DISABLED => generated 1309 bytes in 115 msecs (HTTP/1.1 200) 8 headers in 297 bytes (2 switches on core 0)
Aug 17 02:04:56.606584 n-d-800089-22 devstack@placement-api.service[102312]: DEBUG placement.requestlog [req-a1da765f-5a76-4dd3-a8f8-547cbd34467d req-57424a25-d9d3-4899-981e-995830f6c545 None None] Starting request: 10.222.0.36 "GET /placement/allocations/e6bd4e60-54b1-4fe5-a093-441746818a39" {{(pid=102312) __call__ /opt/stack/placement/placement/requestlog.py:55}}
Aug 17 02:04:56.623195 n-d-800089-22 devstack@placement-api.service[102312]: INFO placement.requestlog [req-a1da765f-5a76-4dd3-a8f8-547cbd34467d req-57424a25-d9d3-4899-981e-995830f6c545 service placement] 10.222.0.36 "GET /placement/allocations/e6bd4e60-54b1-4fe5-a093-441746818a39" status: 200 len: 19 microversion: 1.28
Aug 17 02:04:56.623195 n-d-800089-22 devstack@placement-api.service[102312]: [pid: 102312|app: 0|req: 439/861] 10.222.0.36 () {60 vars in 1381 bytes} [Tue Aug 17 02:04:56 2021] GET /placement/allocations/e6bd4e60-54b1-4fe5-a093-441746818a39 => generated 19 bytes in 17 msecs (HTTP/1.1 200) 8 headers in 295 bytes (1 switches on core 0)
Aug 17 02:04:56.631830 n-d-800089-22 devstack@placement-api.service[102311]: DEBUG placement.requestlog [req-a1da765f-5a76-4dd3-a8f8-547cbd34467d req-07b80919-5775-423f-b9f0-103e85ea57da None None] Starting request: 10.222.0.36 "PUT /placement/allocations/e6bd4e60-54b1-4fe5-a093-441746818a39" {{(pid=102311) __call__ /opt/stack/placement/placement/requestlog.py:55}}
Aug 17 02:04:57.035654 n-d-800089-22 devstack@placement-api.service[102311]: DEBUG placement.handlers.allocation [req-a1da765f-5a76-4dd3-a8f8-547cbd34467d req-07b80919-5775-423f-b9f0-103e85ea57da service placement] Successfully wrote allocations [, , ] {{(pid=102311) _create_allocations /opt/stack/placement/placement/handlers/allocation.py:435}}
Aug 17 02:04:57.039561 n-d-800089-22 devstack@placement-api.service[102311]: INFO placement.requestlog [req-a1da765f-5a76-4dd3-a8f8-547cbd34467d req-07b80919-5775-423f-b9f0-103e85ea57da service placement] 10.222.0.36 "PUT /placement/allocations/e6bd4e60-54b1-4fe5-a093-441746818a39" status: 204 len: 0 microversion: 1.36
Aug 17 02:04:57.039561 n-d-800089-22 devstack@placement-api.service[102311]: [pid: 102311|app: 0|req: 423/862] 10.222.0.36 () {64 vars in 1434 bytes} [Tue Aug 17 02:04:56 2021] PUT /placement/allocations/e6bd4e60-54b1-4fe5-a093-441746818a39 => generated 0 bytes in 405 msecs (HTTP/1.1 204) 5 headers in 199 bytes (1 switches on core 0)
Aug 17 02:04:57.061708 n-d-800089-22 devstack@placement-api.service[102312]: DEBUG placement.requestlog [req-a1da765f-5a76-4dd3-a8f8-547cbd34467d req-ef6e0699-2685-43bf-989a-ad0d4afa8ff4 None None] Starting request: 10.222.0.36 "GET /placement/allocations/38c5ef1a-ec76-41d7-9678-7e94918b3293" {{(pid=102312) __call__ /opt/stack/placement/placement/requestlog.py:55}}
Aug 17 02:04:57.079344 n-d-800089-22 devstack@placement-api.service[102312]: INFO placement.requestlog [req-a1da765f-5a76-4dd3-a8f8-547cbd34467d req-ef6e0699-2685-43bf-989a-ad0d4afa8ff4 service placement] 10.222.0.36 "GET /placement/allocations/38c5ef1a-ec76-41d7-9678-7e94918b3293" status: 200 len: 19 microversion: 1.28
Aug 17 02:04:57.080095 n-d-800089-22 devstack@placement-api.service[102312]: [pid: 102312|app: 0|req: 440/863] 10.222.0.36 () {60 vars in 1381 bytes} [Tue Aug 17 02:04:57 2021] GET /placement/allocations/38c5ef1a-ec76-41d7-9678-7e94918b3293 => generated 19 bytes in 19 msecs (HTTP/1.1 200) 8 headers in 295 bytes (1 switches on core 0)
Aug 17 02:04:57.085980 n-d-800089-22 devstack@placement-api.service[102311]: DEBUG placement.requestlog [req-a1da765f-5a76-4dd3-a8f8-547cbd34467d req-d7367af8-bbd1-4905-b860-f4c01dd68fcc None None] Starting request: 10.222.0.36 "PUT /placement/allocations/38c5ef1a-ec76-41d7-9678-7e94918b3293" {{(pid=102311) __call__ /opt/stack/placement/placement/requestlog.py:55}}
Aug 17 02:04:57.327048 n-d-800089-22 devstack@placement-api.service[102311]: DEBUG placement.handlers.allocation [req-a1da765f-5a76-4dd3-a8f8-547cbd34467d req-d7367af8-bbd1-4905-b860-f4c01dd68fcc service placement] Successfully wrote allocations [, , ] {{(pid=102311) _create_allocations /opt/stack/placement/placement/handlers/allocation.py:435}}
Aug 17 02:04:57.328002 n-d-800089-22 devstack@placement-api.service[102311]: INFO placement.requestlog [req-a1da765f-5a76-4dd3-a8f8-547cbd34467d req-d7367af8-bbd1-4905-b860-f4c01dd68fcc service placement] 10.222.0.36 "PUT /placement/allocations/38c5ef1a-ec76-41d7-9678-7e94918b3293" status: 204 len: 0 microversion: 1.36
Aug 17 02:04:57.331532 n-d-800089-22 devstack@placement-api.service[102311]: [pid: 102311|app: 0|req: 424/864] 10.222.0.36 () {64 vars in 1434 bytes} [Tue Aug 17 02:04:57 2021] PUT /placement/allocations/38c5ef1a-ec76-41d7-9678-7e94918b3293 => generated 0 bytes in 243 msecs (HTTP/1.1 204) 5 headers in 199 bytes (1 switches on core 0)
Aug 17 02:04:58.097048 n-d-800089-22 devstack@placement-api.service[102312]: DEBUG placement.requestlog [req-a5c20635-95fe-4fbd-bbed-80ff17580d87 req-2bb87d29-607d-44b9-b6f0-dd7c3309825c None None] Starting request: 10.222.0.49 "GET /placement/allocations/1037bf21-b6ea-417a-acca-b5d52ce457c1" {{(pid=102312) __call__ /opt/stack/placement/placement/requestlog.py:55}}
Aug 17 02:04:58.123416 n-d-800089-22 devstack@placement-api.service[102312]: INFO placement.requestlog [req-a5c20635-95fe-4fbd-bbed-80ff17580d87 req-2bb87d29-607d-44b9-b6f0-dd7c3309825c service placement] 10.222.0.49 "GET /placement/allocations/1037bf21-b6ea-417a-acca-b5d52ce457c1" status: 200 len: 260 microversion: 1.28
Aug 17 02:04:58.124276 n-d-800089-22 devstack@placement-api.service[102312]: [pid: 102312|app: 0|req: 441/865] 10.222.0.49 () {60 vars in 1378 bytes} [Tue Aug 17 02:04:58 2021] GET /placement/allocations/1037bf21-b6ea-417a-acca-b5d52ce457c1 => generated 260 bytes in 27 msecs (HTTP/1.1 200) 8 headers in 296 bytes (1 switches on core 0)
Aug 17 02:04:58.133342 n-d-800089-22 devstack@placement-api.service[102311]: DEBUG placement.requestlog [req-a5c20635-95fe-4fbd-bbed-80ff17580d87 req-baefcc9d-75b2-4b8d-8752-a3e679c61790 None None] Starting request: 10.222.0.49 "PUT /placement/allocations/1037bf21-b6ea-417a-acca-b5d52ce457c1" {{(pid=102311) __call__ /opt/stack/placement/placement/requestlog.py:55}}
Aug 17 02:04:58.338719 n-d-800089-22 devstack@placement-api.service[102311]: DEBUG placement.handlers.allocation [req-a5c20635-95fe-4fbd-bbed-80ff17580d87 req-baefcc9d-75b2-4b8d-8752-a3e679c61790 service placement] Successfully wrote allocations [, , ] {{(pid=102311) _create_allocations /opt/stack/placement/placement/handlers/allocation.py:435}}
Aug 17 02:04:58.343956 n-d-800089-22 devstack@placement-api.service[102311]: INFO placement.requestlog [req-a5c20635-95fe-4fbd-bbed-80ff17580d87 req-baefcc9d-75b2-4b8d-8752-a3e679c61790 service placement] 10.222.0.49 "PUT /placement/allocations/1037bf21-b6ea-417a-acca-b5d52ce457c1" status: 204 len: 0 microversion: 1.28
Aug 17 02:04:58.343956 n-d-800089-22 devstack@placement-api.service[102311]: [pid: 102311|app: 0|req: 425/866] 10.222.0.49 () {64 vars in 1431 bytes} [Tue Aug 17 02:04:58 2021] PUT /placement/allocations/1037bf21-b6ea-417a-acca-b5d52ce457c1 => generated 0 bytes in 208 msecs (HTTP/1.1 204) 5 headers in 199 bytes (1 switches on core 0)
Aug 17 02:04:58.839188 n-d-800089-22 devstack@placement-api.service[102312]: DEBUG placement.requestlog [req-a1da765f-5a76-4dd3-a8f8-547cbd34467d req-9cb46430-c32e-4b81-99ad-6d32c99ca716 None None] Starting request: 10.222.0.49 "GET /placement/allocations/e6bd4e60-54b1-4fe5-a093-441746818a39" {{(pid=102312) __call__ /opt/stack/placement/placement/requestlog.py:55}}
Aug 17 02:04:58.854182 n-d-800089-22 devstack@placement-api.service[102312]: INFO placement.requestlog [req-a1da765f-5a76-4dd3-a8f8-547cbd34467d req-9cb46430-c32e-4b81-99ad-6d32c99ca716 service placement] 10.222.0.49 "GET /placement/allocations/e6bd4e60-54b1-4fe5-a093-441746818a39" status: 200 len: 260 microversion: 1.28
Aug 17 02:04:58.854699 n-d-800089-22 devstack@placement-api.service[102312]: [pid: 102312|app: 0|req: 442/867] 10.222.0.49 () {60 vars in 1378 bytes} [Tue Aug 17 02:04:58 2021] GET /placement/allocations/e6bd4e60-54b1-4fe5-a093-441746818a39 => generated 260 bytes in 16 msecs (HTTP/1.1 200) 8 headers in 296 bytes (2 switches on core 0)
Aug 17 02:04:59.305678 n-d-800089-22 devstack@placement-api.service[102311]: DEBUG placement.requestlog [req-a1da765f-5a76-4dd3-a8f8-547cbd34467d req-6188c859-680a-45de-a08b-df3d2222eae6 None None] Starting request: 10.222.0.24 "GET /placement/allocations/38c5ef1a-ec76-41d7-9678-7e94918b3293" {{(pid=102311) __call__ /opt/stack/placement/placement/requestlog.py:55}}
Aug 17 02:04:59.409076 n-d-800089-22 devstack@placement-api.service[102312]: DEBUG placement.requestlog [req-daf47096-5fda-4449-b421-f441998adbca req-44c517e7-7dd8-453f-af07-206bc9081968 None None] Starting request: 10.222.0.24 "GET /placement/resource_providers?in_tree=963f8f0b-6562-45ba-a45f-65628246fdf7" {{(pid=102312) __call__ /opt/stack/placement/placement/requestlog.py:55}}
Aug 17 02:04:59.491540 n-d-800089-22 devstack@placement-api.service[102311]: INFO placement.requestlog [req-a1da765f-5a76-4dd3-a8f8-547cbd34467d req-6188c859-680a-45de-a08b-df3d2222eae6 service placement] 10.222.0.24 "GET /placement/allocations/38c5ef1a-ec76-41d7-9678-7e94918b3293" status: 200 len: 260 microversion: 1.28
Aug 17 02:04:59.492064 n-d-800089-22 devstack@placement-api.service[102311]: [pid: 102311|app: 0|req: 426/868] 10.222.0.24 () {60 vars in 1378 bytes} [Tue Aug 17 02:04:59 2021] GET /placement/allocations/38c5ef1a-ec76-41d7-9678-7e94918b3293 => generated 260 bytes in 187 msecs (HTTP/1.1 200) 8 headers in 296 bytes (1 switches on core 0)
Aug 17 02:04:59.513045 n-d-800089-22 devstack@placement-api.service[102312]: INFO placement.requestlog [req-daf47096-5fda-4449-b421-f441998adbca req-44c517e7-7dd8-453f-af07-206bc9081968 service placement] 10.222.0.24 "GET /placement/resource_providers?in_tree=963f8f0b-6562-45ba-a45f-65628246fdf7" status: 200 len: 865 microversion: 1.14
Aug 17 02:04:59.513487 n-d-800089-22 devstack@placement-api.service[102312]: [pid: 102312|app: 0|req: 443/869] 10.222.0.24 () {60 vars in 1377 bytes} [Tue Aug 17 02:04:59 2021] GET /placement/resource_providers?in_tree=963f8f0b-6562-45ba-a45f-65628246fdf7 => generated 865 bytes in 106 msecs (HTTP/1.1 200) 6 headers in 225 bytes (1 switches on core 0)
Aug 17 02:04:59.524754 n-d-800089-22 devstack@placement-api.service[102311]: DEBUG placement.requestlog [req-daf47096-5fda-4449-b421-f441998adbca req-966c0619-5588-42be-8ce8-d535ce423a4a None None] Starting request: 10.222.0.24 "GET /placement/resource_providers/963f8f0b-6562-45ba-a45f-65628246fdf7/inventories" {{(pid=102311) __call__ /opt/stack/placement/placement/requestlog.py:55}}
Aug 17 02:04:59.546281 n-d-800089-22 devstack@placement-api.service[102311]: INFO placement.requestlog [req-daf47096-5fda-4449-b421-f441998adbca req-966c0619-5588-42be-8ce8-d535ce423a4a service placement] 10.222.0.24 "GET /placement/resource_providers/963f8f0b-6562-45ba-a45f-65628246fdf7/inventories" status: 200 len: 399 microversion: 1.0
Aug 17 02:04:59.546576 n-d-800089-22 devstack@placement-api.service[102311]: [pid: 102311|app: 0|req: 427/870] 10.222.0.24 () {58 vars in 1391 bytes} [Tue Aug 17 02:04:59 2021] GET /placement/resource_providers/963f8f0b-6562-45ba-a45f-65628246fdf7/inventories => generated 399 bytes in 22 msecs (HTTP/1.1 200) 6 headers in 224 bytes (1 switches on core 0)
Aug 17 02:04:59.557666 n-d-800089-22 devstack@placement-api.service[102312]: DEBUG placement.requestlog [req-daf47096-5fda-4449-b421-f441998adbca req-9aebe66c-053f-4459-98c1-765456cba70a None None] Starting request: 10.222.0.24 "GET /placement/resource_providers/963f8f0b-6562-45ba-a45f-65628246fdf7/aggregates" {{(pid=102312) __call__ /opt/stack/placement/placement/requestlog.py:55}}
Aug 17 02:04:59.571254 n-d-800089-22 devstack@placement-api.service[102312]: INFO placement.requestlog [req-daf47096-5fda-4449-b421-f441998adbca req-9aebe66c-053f-4459-98c1-765456cba70a service placement] 10.222.0.24 "GET /placement/resource_providers/963f8f0b-6562-45ba-a45f-65628246fdf7/aggregates" status: 200 len: 55 microversion: 1.19
Aug 17 02:04:59.572301 n-d-800089-22 devstack@placement-api.service[102312]: [pid: 102312|app: 0|req: 444/871] 10.222.0.24 () {60 vars in 1432 bytes} [Tue Aug 17 02:04:59 2021] GET /placement/resource_providers/963f8f0b-6562-45ba-a45f-65628246fdf7/aggregates => generated 55 bytes in 14 msecs (HTTP/1.1 200) 8 headers in 295 bytes (2 switches on core 0)
Aug 17 02:04:59.583917 n-d-800089-22 devstack@placement-api.service[102311]: DEBUG placement.requestlog [req-daf47096-5fda-4449-b421-f441998adbca req-ac67e22c-4e3d-45d5-865e-7d727bab8e80 None None] Starting request: 10.222.0.24 "GET /placement/resource_providers/963f8f0b-6562-45ba-a45f-65628246fdf7/traits" {{(pid=102311) __call__ /opt/stack/placement/placement/requestlog.py:55}}
Aug 17 02:04:59.612745 n-d-800089-22 devstack@placement-api.service[102311]: INFO placement.requestlog [req-daf47096-5fda-4449-b421-f441998adbca req-ac67e22c-4e3d-45d5-865e-7d727bab8e80 service placement] 10.222.0.24 "GET /placement/resource_providers/963f8f0b-6562-45ba-a45f-65628246fdf7/traits" status: 200 len: 213 microversion: 1.6
Aug 17 02:04:59.613628 n-d-800089-22 devstack@placement-api.service[102311]: [pid: 102311|app: 0|req: 428/872] 10.222.0.24 () {60 vars in 1419 bytes} [Tue Aug 17 02:04:59 2021] GET /placement/resource_providers/963f8f0b-6562-45ba-a45f-65628246fdf7/traits => generated 213 bytes in 30 msecs (HTTP/1.1 200) 6 headers in 224 bytes (1 switches on core 0)
Aug 17 02:04:59.854894 n-d-800089-22 devstack@placement-api.service[102312]: DEBUG placement.requestlog [req-daf47096-5fda-4449-b421-f441998adbca req-1c54088c-fa09-473c-bcb7-6150ca028de9 None None] Starting request: 10.222.0.24 "GET /placement/allocations/8217fc5b-b65e-442e-8131-f7ad2fcbcf65" {{(pid=102312) __call__ /opt/stack/placement/placement/requestlog.py:55}}
Aug 17 02:04:59.907284 n-d-800089-22 devstack@placement-api.service[102312]: INFO placement.requestlog [req-daf47096-5fda-4449-b421-f441998adbca req-1c54088c-fa09-473c-bcb7-6150ca028de9 service placement] 10.222.0.24 "GET /placement/allocations/8217fc5b-b65e-442e-8131-f7ad2fcbcf65" status: 200 len: 260 microversion: 1.28
Aug 17 02:04:59.907678 n-d-800089-22 devstack@placement-api.service[102312]: [pid: 102312|app: 0|req: 445/873] 10.222.0.24 () {60 vars in 1378 bytes} [Tue Aug 17 02:04:59 2021] GET /placement/allocations/8217fc5b-b65e-442e-8131-f7ad2fcbcf65 => generated 260 bytes in 53 msecs (HTTP/1.1 200) 8 headers in 296 bytes (1 switches on core 0)
Aug 17 02:04:59.916768 n-d-800089-22 devstack@placement-api.service[102311]: DEBUG placement.requestlog [req-daf47096-5fda-4449-b421-f441998adbca req-9f36cf5a-b4c0-428c-97a6-a11914a74df6 None None] Starting request: 10.222.0.24 "PUT /placement/allocations/8217fc5b-b65e-442e-8131-f7ad2fcbcf65" {{(pid=102311) __call__ /opt/stack/placement/placement/requestlog.py:55}}
Aug 17 02:05:00.070902 n-d-800089-22 devstack@placement-api.service[102311]: DEBUG placement.handlers.allocation [req-daf47096-5fda-4449-b421-f441998adbca req-9f36cf5a-b4c0-428c-97a6-a11914a74df6 service placement] Successfully wrote allocations [, , ] {{(pid=102311) _create_allocations /opt/stack/placement/placement/handlers/allocation.py:435}}
Aug 17 02:05:00.071667 n-d-800089-22 devstack@placement-api.service[102311]: INFO placement.requestlog [req-daf47096-5fda-4449-b421-f441998adbca req-9f36cf5a-b4c0-428c-97a6-a11914a74df6 service placement] 10.222.0.24 "PUT /placement/allocations/8217fc5b-b65e-442e-8131-f7ad2fcbcf65" status: 204 len: 0 microversion: 1.28
Aug 17 02:05:00.074446 n-d-800089-22 devstack@placement-api.service[102311]: [pid: 102311|app: 0|req: 429/874] 10.222.0.24 () {64 vars in 1431 bytes} [Tue Aug 17 02:04:59 2021] PUT /placement/allocations/8217fc5b-b65e-442e-8131-f7ad2fcbcf65 => generated 0 bytes in 156 msecs (HTTP/1.1 204) 5 headers in 199 bytes (1 switches on core 0)
