Aug 17 01:46:48.047643 n-d-800089-22 devstack@placement-api.service[102312]: DEBUG placement.requestlog [req-43a8f2b4-b35f-46af-b91d-39371340cd3a req-34edd30c-70e4-4462-a692-0fe4b69ade91 None None] Starting request: 10.222.0.36 "GET /placement/resource_providers?name=n-h1-800089-22" {{(pid=102312) __call__ /opt/stack/placement/placement/requestlog.py:55}}
Aug 17 01:46:48.061221 n-d-800089-22 devstack@placement-api.service[102312]: INFO placement.requestlog [req-43a8f2b4-b35f-46af-b91d-39371340cd3a req-34edd30c-70e4-4462-a692-0fe4b69ade91 service placement] 10.222.0.36 "GET /placement/resource_providers?name=n-h1-800089-22" status: 200 len: 441 microversion: 1.0
Aug 17 01:46:48.066496 n-d-800089-22 devstack@placement-api.service[102312]: [pid: 102312|app: 0|req: 31/60] 10.222.0.36 () {58 vars in 1277 bytes} [Tue Aug 17 01:46:48 2021] GET /placement/resource_providers?name=n-h1-800089-22 => generated 441 bytes in 19 msecs (HTTP/1.1 200) 6 headers in 224 bytes (1 switches on core 0)
Aug 17 01:46:48.071437 n-d-800089-22 devstack@placement-api.service[102311]: DEBUG placement.requestlog [req-43a8f2b4-b35f-46af-b91d-39371340cd3a req-5e2108b6-a857-4911-85dd-1cea92fdee79 None None] Starting request: 10.222.0.36 "GET /placement/resource_providers/f762f9bc-afe1-4048-8712-623209b8bac1/aggregates" {{(pid=102311) __call__ /opt/stack/placement/placement/requestlog.py:55}}
Aug 17 01:46:48.084795 n-d-800089-22 devstack@placement-api.service[102311]: INFO placement.requestlog [req-43a8f2b4-b35f-46af-b91d-39371340cd3a req-5e2108b6-a857-4911-85dd-1cea92fdee79 service placement] 10.222.0.36 "GET /placement/resource_providers/f762f9bc-afe1-4048-8712-623209b8bac1/aggregates" status: 200 len: 53 microversion: 1.19
Aug 17 01:46:48.085133 n-d-800089-22 devstack@placement-api.service[102311]: [pid: 102311|app: 0|req: 30/61] 10.222.0.36 () {60 vars in 1426 bytes} [Tue Aug 17 01:46:48 2021] GET /placement/resource_providers/f762f9bc-afe1-4048-8712-623209b8bac1/aggregates => generated 53 bytes in 15 msecs (HTTP/1.1 200) 8 headers in 295 bytes (2 switches on core 0)
Aug 17 01:46:48.092105 n-d-800089-22 devstack@placement-api.service[102312]: DEBUG placement.requestlog [req-43a8f2b4-b35f-46af-b91d-39371340cd3a req-32c1d6c9-0c07-4b15-981d-b066eb79edb4 None None] Starting request: 10.222.0.36 "PUT /placement/resource_providers/f762f9bc-afe1-4048-8712-623209b8bac1/aggregates" {{(pid=102312) __call__ /opt/stack/placement/placement/requestlog.py:55}}
Aug 17 01:46:48.106381 n-d-800089-22 devstack@placement-api.service[102312]: DEBUG placement.objects.resource_provider [req-43a8f2b4-b35f-46af-b91d-39371340cd3a req-32c1d6c9-0c07-4b15-981d-b066eb79edb4 service placement] _ensure_aggregate() did not find aggregate 7da4c4fd-d0b4-4d0c-9af2-ce39165d25a3. Attempting to create it. {{(pid=102312) _ensure_aggregate /opt/stack/placement/placement/objects/resource_provider.py:320}}
Aug 17 01:46:48.107698 n-d-800089-22 devstack@placement-api.service[102312]: DEBUG placement.objects.resource_provider [req-43a8f2b4-b35f-46af-b91d-39371340cd3a req-32c1d6c9-0c07-4b15-981d-b066eb79edb4 service placement] _ensure_aggregate() created new aggregate 7da4c4fd-d0b4-4d0c-9af2-ce39165d25a3 (id=3). {{(pid=102312) _ensure_aggregate /opt/stack/placement/placement/objects/resource_provider.py:326}}
Aug 17 01:46:48.108931 n-d-800089-22 devstack@placement-api.service[102312]: DEBUG placement.objects.resource_provider [req-43a8f2b4-b35f-46af-b91d-39371340cd3a req-32c1d6c9-0c07-4b15-981d-b066eb79edb4 service placement] Setting aggregates for provider f762f9bc-afe1-4048-8712-623209b8bac1. Successfully associated aggregate 7da4c4fd-d0b4-4d0c-9af2-ce39165d25a3. {{(pid=102312) _set_aggregates /opt/stack/placement/placement/objects/resource_provider.py:388}}
Aug 17 01:46:48.198542 n-d-800089-22 devstack@placement-api.service[102312]: INFO placement.requestlog [req-43a8f2b4-b35f-46af-b91d-39371340cd3a req-32c1d6c9-0c07-4b15-981d-b066eb79edb4 service placement] 10.222.0.36 "PUT /placement/resource_providers/f762f9bc-afe1-4048-8712-623209b8bac1/aggregates" status: 200 len: 91 microversion: 1.19
Aug 17 01:46:48.199265 n-d-800089-22 devstack@placement-api.service[102312]: [pid: 102312|app: 0|req: 32/62] 10.222.0.36 () {64 vars in 1478 bytes} [Tue Aug 17 01:46:48 2021] PUT /placement/resource_providers/f762f9bc-afe1-4048-8712-623209b8bac1/aggregates => generated 91 bytes in 107 msecs (HTTP/1.1 200) 8 headers in 295 bytes (2 switches on core 0)
Aug 17 01:46:48.281285 n-d-800089-22 devstack@placement-api.service[102311]: DEBUG placement.requestlog [req-16cc9bda-1fe8-4ad8-b91b-3905242a0b9a req-65ed0790-3cfb-49c2-9322-cd7c6566cec3 None None] Starting request: 10.222.0.36 "GET /placement/resource_providers?name=n-h1-800089-22" {{(pid=102311) __call__ /opt/stack/placement/placement/requestlog.py:55}}
Aug 17 01:46:48.293263 n-d-800089-22 devstack@placement-api.service[102311]: INFO placement.requestlog [req-16cc9bda-1fe8-4ad8-b91b-3905242a0b9a req-65ed0790-3cfb-49c2-9322-cd7c6566cec3 service placement] 10.222.0.36 "GET /placement/resource_providers?name=n-h1-800089-22" status: 200 len: 441 microversion: 1.0
Aug 17 01:46:48.293421 n-d-800089-22 devstack@placement-api.service[102311]: [pid: 102311|app: 0|req: 31/63] 10.222.0.36 () {58 vars in 1277 bytes} [Tue Aug 17 01:46:48 2021] GET /placement/resource_providers?name=n-h1-800089-22 => generated 441 bytes in 12 msecs (HTTP/1.1 200) 6 headers in 224 bytes (1 switches on core 0)
Aug 17 01:46:48.300112 n-d-800089-22 devstack@placement-api.service[102312]: DEBUG placement.requestlog [req-16cc9bda-1fe8-4ad8-b91b-3905242a0b9a req-d82a7ca8-4441-46f8-9668-a935eaccb1f1 None None] Starting request: 10.222.0.36 "GET /placement/resource_providers/f762f9bc-afe1-4048-8712-623209b8bac1/aggregates" {{(pid=102312) __call__ /opt/stack/placement/placement/requestlog.py:55}}
Aug 17 01:46:48.314659 n-d-800089-22 devstack@placement-api.service[102312]: INFO placement.requestlog [req-16cc9bda-1fe8-4ad8-b91b-3905242a0b9a req-d82a7ca8-4441-46f8-9668-a935eaccb1f1 service placement] 10.222.0.36 "GET /placement/resource_providers/f762f9bc-afe1-4048-8712-623209b8bac1/aggregates" status: 200 len: 91 microversion: 1.19
Aug 17 01:46:48.314884 n-d-800089-22 devstack@placement-api.service[102312]: [pid: 102312|app: 0|req: 33/64] 10.222.0.36 () {60 vars in 1426 bytes} [Tue Aug 17 01:46:48 2021] GET /placement/resource_providers/f762f9bc-afe1-4048-8712-623209b8bac1/aggregates => generated 91 bytes in 15 msecs (HTTP/1.1 200) 8 headers in 295 bytes (1 switches on core 0)
Aug 17 01:46:48.324143 n-d-800089-22 devstack@placement-api.service[102311]: DEBUG placement.requestlog [req-16cc9bda-1fe8-4ad8-b91b-3905242a0b9a req-2c4fcc4f-2cb0-4f33-b0ad-23c2705ef261 None None] Starting request: 10.222.0.36 "PUT /placement/resource_providers/f762f9bc-afe1-4048-8712-623209b8bac1/aggregates" {{(pid=102311) __call__ /opt/stack/placement/placement/requestlog.py:55}}
Aug 17 01:46:48.342219 n-d-800089-22 devstack@placement-api.service[102311]: DEBUG placement.objects.resource_provider [req-16cc9bda-1fe8-4ad8-b91b-3905242a0b9a req-2c4fcc4f-2cb0-4f33-b0ad-23c2705ef261 service placement] Setting aggregates for provider f762f9bc-afe1-4048-8712-623209b8bac1. Successfully disassociated aggregate 7da4c4fd-d0b4-4d0c-9af2-ce39165d25a3. {{(pid=102311) _set_aggregates /opt/stack/placement/placement/objects/resource_provider.py:403}}
Aug 17 01:46:48.415001 n-d-800089-22 devstack@placement-api.service[102311]: INFO placement.requestlog [req-16cc9bda-1fe8-4ad8-b91b-3905242a0b9a req-2c4fcc4f-2cb0-4f33-b0ad-23c2705ef261 service placement] 10.222.0.36 "PUT /placement/resource_providers/f762f9bc-afe1-4048-8712-623209b8bac1/aggregates" status: 200 len: 54 microversion: 1.19
Aug 17 01:46:48.415259 n-d-800089-22 devstack@placement-api.service[102311]: [pid: 102311|app: 0|req: 32/65] 10.222.0.36 () {64 vars in 1478 bytes} [Tue Aug 17 01:46:48 2021] PUT /placement/resource_providers/f762f9bc-afe1-4048-8712-623209b8bac1/aggregates => generated 54 bytes in 92 msecs (HTTP/1.1 200) 8 headers in 295 bytes (2 switches on core 0)
Aug 17 01:46:48.842909 n-d-800089-22 devstack@placement-api.service[102312]: DEBUG placement.requestlog [req-c3989049-7970-4536-bcf4-a8f32056c630 req-8c95c817-11a1-4bf6-b523-2eecd2720cda None None] Starting request: 10.222.0.36 "GET /placement/resource_providers?name=n-h1-800089-22" {{(pid=102312) __call__ /opt/stack/placement/placement/requestlog.py:55}}
Aug 17 01:46:48.853120 n-d-800089-22 devstack@placement-api.service[102312]: INFO placement.requestlog [req-c3989049-7970-4536-bcf4-a8f32056c630 req-8c95c817-11a1-4bf6-b523-2eecd2720cda service placement] 10.222.0.36 "GET /placement/resource_providers?name=n-h1-800089-22" status: 200 len: 442 microversion: 1.0
Aug 17 01:46:48.853485 n-d-800089-22 devstack@placement-api.service[102312]: [pid: 102312|app: 0|req: 34/66] 10.222.0.36 () {58 vars in 1277 bytes} [Tue Aug 17 01:46:48 2021] GET /placement/resource_providers?name=n-h1-800089-22 => generated 442 bytes in 11 msecs (HTTP/1.1 200) 6 headers in 224 bytes (1 switches on core 0)
Aug 17 01:46:48.860251 n-d-800089-22 devstack@placement-api.service[102311]: DEBUG placement.requestlog [req-c3989049-7970-4536-bcf4-a8f32056c630 req-d9669c76-653a-43d6-9908-9168f1a9c418 None None] Starting request: 10.222.0.36 "GET /placement/resource_providers/f762f9bc-afe1-4048-8712-623209b8bac1/aggregates" {{(pid=102311) __call__ /opt/stack/placement/placement/requestlog.py:55}}
Aug 17 01:46:48.893164 n-d-800089-22 devstack@placement-api.service[102311]: INFO placement.requestlog [req-c3989049-7970-4536-bcf4-a8f32056c630 req-d9669c76-653a-43d6-9908-9168f1a9c418 service placement] 10.222.0.36 "GET /placement/resource_providers/f762f9bc-afe1-4048-8712-623209b8bac1/aggregates" status: 200 len: 54 microversion: 1.19
Aug 17 01:46:48.899583 n-d-800089-22 devstack@placement-api.service[102311]: [pid: 102311|app: 0|req: 33/67] 10.222.0.36 () {60 vars in 1426 bytes} [Tue Aug 17 01:46:48 2021] GET /placement/resource_providers/f762f9bc-afe1-4048-8712-623209b8bac1/aggregates => generated 54 bytes in 40 msecs (HTTP/1.1 200) 8 headers in 295 bytes (1 switches on core 0)
Aug 17 01:46:48.900200 n-d-800089-22 devstack@placement-api.service[102312]: DEBUG placement.requestlog [req-c3989049-7970-4536-bcf4-a8f32056c630 req-79231937-7b0e-4ebe-887f-46b307bedea9 None None] Starting request: 10.222.0.36 "PUT /placement/resource_providers/f762f9bc-afe1-4048-8712-623209b8bac1/aggregates" {{(pid=102312) __call__ /opt/stack/placement/placement/requestlog.py:55}}
Aug 17 01:46:48.917630 n-d-800089-22 devstack@placement-api.service[102312]: DEBUG placement.objects.resource_provider [req-c3989049-7970-4536-bcf4-a8f32056c630 req-79231937-7b0e-4ebe-887f-46b307bedea9 service placement] _ensure_aggregate() did not find aggregate 23587ff1-9b63-4734-bc0d-c1cadfd8cf26. Attempting to create it. {{(pid=102312) _ensure_aggregate /opt/stack/placement/placement/objects/resource_provider.py:320}}
Aug 17 01:46:48.919103 n-d-800089-22 devstack@placement-api.service[102312]: DEBUG placement.objects.resource_provider [req-c3989049-7970-4536-bcf4-a8f32056c630 req-79231937-7b0e-4ebe-887f-46b307bedea9 service placement] _ensure_aggregate() created new aggregate 23587ff1-9b63-4734-bc0d-c1cadfd8cf26 (id=4). {{(pid=102312) _ensure_aggregate /opt/stack/placement/placement/objects/resource_provider.py:326}}
Aug 17 01:46:48.920756 n-d-800089-22 devstack@placement-api.service[102312]: DEBUG placement.objects.resource_provider [req-c3989049-7970-4536-bcf4-a8f32056c630 req-79231937-7b0e-4ebe-887f-46b307bedea9 service placement] Setting aggregates for provider f762f9bc-afe1-4048-8712-623209b8bac1. Successfully associated aggregate 23587ff1-9b63-4734-bc0d-c1cadfd8cf26. {{(pid=102312) _set_aggregates /opt/stack/placement/placement/objects/resource_provider.py:388}}
Aug 17 01:46:49.033089 n-d-800089-22 devstack@placement-api.service[102312]: INFO placement.requestlog [req-c3989049-7970-4536-bcf4-a8f32056c630 req-79231937-7b0e-4ebe-887f-46b307bedea9 service placement] 10.222.0.36 "PUT /placement/resource_providers/f762f9bc-afe1-4048-8712-623209b8bac1/aggregates" status: 200 len: 92 microversion: 1.19
Aug 17 01:46:49.033748 n-d-800089-22 devstack@placement-api.service[102312]: [pid: 102312|app: 0|req: 35/68] 10.222.0.36 () {64 vars in 1478 bytes} [Tue Aug 17 01:46:48 2021] PUT /placement/resource_providers/f762f9bc-afe1-4048-8712-623209b8bac1/aggregates => generated 92 bytes in 133 msecs (HTTP/1.1 200) 8 headers in 295 bytes (1 switches on core 0)
Aug 17 01:46:49.084377 n-d-800089-22 devstack@placement-api.service[102311]: DEBUG placement.requestlog [req-6380edd9-c6d5-4bea-9971-5593f5c95bde req-a1227687-90ec-4b0c-bd97-ddd5e7b6562f None None] Starting request: 10.222.0.36 "GET /placement/resource_providers?name=n-h1-800089-22" {{(pid=102311) __call__ /opt/stack/placement/placement/requestlog.py:55}}
Aug 17 01:46:49.096526 n-d-800089-22 devstack@placement-api.service[102311]: INFO placement.requestlog [req-6380edd9-c6d5-4bea-9971-5593f5c95bde req-a1227687-90ec-4b0c-bd97-ddd5e7b6562f service placement] 10.222.0.36 "GET /placement/resource_providers?name=n-h1-800089-22" status: 200 len: 442 microversion: 1.0
Aug 17 01:46:49.097162 n-d-800089-22 devstack@placement-api.service[102311]: [pid: 102311|app: 0|req: 34/69] 10.222.0.36 () {58 vars in 1277 bytes} [Tue Aug 17 01:46:49 2021] GET /placement/resource_providers?name=n-h1-800089-22 => generated 442 bytes in 13 msecs (HTTP/1.1 200) 6 headers in 224 bytes (1 switches on core 0)
Aug 17 01:46:49.103935 n-d-800089-22 devstack@placement-api.service[102312]: DEBUG placement.requestlog [req-6380edd9-c6d5-4bea-9971-5593f5c95bde req-54d46d49-e1c9-42f6-819f-67a3abae57c3 None None] Starting request: 10.222.0.36 "GET /placement/resource_providers/f762f9bc-afe1-4048-8712-623209b8bac1/aggregates" {{(pid=102312) __call__ /opt/stack/placement/placement/requestlog.py:55}}
Aug 17 01:46:49.116881 n-d-800089-22 devstack@placement-api.service[102312]: INFO placement.requestlog [req-6380edd9-c6d5-4bea-9971-5593f5c95bde req-54d46d49-e1c9-42f6-819f-67a3abae57c3 service placement] 10.222.0.36 "GET /placement/resource_providers/f762f9bc-afe1-4048-8712-623209b8bac1/aggregates" status: 200 len: 92 microversion: 1.19
Aug 17 01:46:49.118537 n-d-800089-22 devstack@placement-api.service[102312]: [pid: 102312|app: 0|req: 36/70] 10.222.0.36 () {60 vars in 1426 bytes} [Tue Aug 17 01:46:49 2021] GET /placement/resource_providers/f762f9bc-afe1-4048-8712-623209b8bac1/aggregates => generated 92 bytes in 15 msecs (HTTP/1.1 200) 8 headers in 295 bytes (1 switches on core 0)
Aug 17 01:46:49.124884 n-d-800089-22 devstack@placement-api.service[102311]: DEBUG placement.requestlog [req-6380edd9-c6d5-4bea-9971-5593f5c95bde req-b6abe6ac-81f1-47b6-82f2-a3b1a41fb356 None None] Starting request: 10.222.0.36 "PUT /placement/resource_providers/f762f9bc-afe1-4048-8712-623209b8bac1/aggregates" {{(pid=102311) __call__ /opt/stack/placement/placement/requestlog.py:55}}
Aug 17 01:46:49.148603 n-d-800089-22 devstack@placement-api.service[102311]: DEBUG placement.objects.resource_provider [req-6380edd9-c6d5-4bea-9971-5593f5c95bde req-b6abe6ac-81f1-47b6-82f2-a3b1a41fb356 service placement] Setting aggregates for provider f762f9bc-afe1-4048-8712-623209b8bac1. Successfully disassociated aggregate 23587ff1-9b63-4734-bc0d-c1cadfd8cf26. {{(pid=102311) _set_aggregates /opt/stack/placement/placement/objects/resource_provider.py:403}}
Aug 17 01:46:49.249761 n-d-800089-22 devstack@placement-api.service[102311]: INFO placement.requestlog [req-6380edd9-c6d5-4bea-9971-5593f5c95bde req-b6abe6ac-81f1-47b6-82f2-a3b1a41fb356 service placement] 10.222.0.36 "PUT /placement/resource_providers/f762f9bc-afe1-4048-8712-623209b8bac1/aggregates" status: 200 len: 54 microversion: 1.19
Aug 17 01:46:49.250818 n-d-800089-22 devstack@placement-api.service[102311]: [pid: 102311|app: 0|req: 35/71] 10.222.0.36 () {64 vars in 1478 bytes} [Tue Aug 17 01:46:49 2021] PUT /placement/resource_providers/f762f9bc-afe1-4048-8712-623209b8bac1/aggregates => generated 54 bytes in 126 msecs (HTTP/1.1 200) 8 headers in 295 bytes (2 switches on core 0)
Aug 17 01:46:49.990484 n-d-800089-22 devstack@placement-api.service[102312]: DEBUG placement.requestlog [req-57c263ac-5811-4d14-b90d-a1525342048d req-6bf46825-a098-48c7-a2db-15d44879b544 None None] Starting request: 10.222.0.36 "GET /placement/resource_providers?name=n-h1-800089-22" {{(pid=102312) __call__ /opt/stack/placement/placement/requestlog.py:55}}
Aug 17 01:46:50.009176 n-d-800089-22 devstack@placement-api.service[102312]: INFO placement.requestlog [req-57c263ac-5811-4d14-b90d-a1525342048d req-6bf46825-a098-48c7-a2db-15d44879b544 service placement] 10.222.0.36 "GET /placement/resource_providers?name=n-h1-800089-22" status: 200 len: 442 microversion: 1.0
Aug 17 01:46:50.009176 n-d-800089-22 devstack@placement-api.service[102312]: [pid: 102312|app: 0|req: 37/72] 10.222.0.36 () {58 vars in 1277 bytes} [Tue Aug 17 01:46:49 2021] GET /placement/resource_providers?name=n-h1-800089-22 => generated 442 bytes in 16 msecs (HTTP/1.1 200) 6 headers in 224 bytes (1 switches on core 0)
Aug 17 01:46:50.014431 n-d-800089-22 devstack@placement-api.service[102311]: DEBUG placement.requestlog [req-57c263ac-5811-4d14-b90d-a1525342048d req-0b57cc45-8ee3-4881-a53e-53a883ebe60c None None] Starting request: 10.222.0.36 "GET /placement/resource_providers/f762f9bc-afe1-4048-8712-623209b8bac1/aggregates" {{(pid=102311) __call__ /opt/stack/placement/placement/requestlog.py:55}}
Aug 17 01:46:50.030215 n-d-800089-22 devstack@placement-api.service[102311]: INFO placement.requestlog [req-57c263ac-5811-4d14-b90d-a1525342048d req-0b57cc45-8ee3-4881-a53e-53a883ebe60c service placement] 10.222.0.36 "GET /placement/resource_providers/f762f9bc-afe1-4048-8712-623209b8bac1/aggregates" status: 200 len: 54 microversion: 1.19
Aug 17 01:46:50.034621 n-d-800089-22 devstack@placement-api.service[102311]: [pid: 102311|app: 0|req: 36/73] 10.222.0.36 () {60 vars in 1426 bytes} [Tue Aug 17 01:46:50 2021] GET /placement/resource_providers/f762f9bc-afe1-4048-8712-623209b8bac1/aggregates => generated 54 bytes in 20 msecs (HTTP/1.1 200) 8 headers in 295 bytes (1 switches on core 0)
Aug 17 01:46:50.043542 n-d-800089-22 devstack@placement-api.service[102312]: DEBUG placement.requestlog [req-57c263ac-5811-4d14-b90d-a1525342048d req-7066b67f-9a0e-4623-88fa-9bd973e86cad None None] Starting request: 10.222.0.36 "PUT /placement/resource_providers/f762f9bc-afe1-4048-8712-623209b8bac1/aggregates" {{(pid=102312) __call__ /opt/stack/placement/placement/requestlog.py:55}}
Aug 17 01:46:50.055825 n-d-800089-22 devstack@placement-api.service[102312]: DEBUG placement.objects.resource_provider [req-57c263ac-5811-4d14-b90d-a1525342048d req-7066b67f-9a0e-4623-88fa-9bd973e86cad service placement] _ensure_aggregate() did not find aggregate f9d8ab18-7041-4f6e-97e0-47bc03f35575. Attempting to create it. {{(pid=102312) _ensure_aggregate /opt/stack/placement/placement/objects/resource_provider.py:320}}
Aug 17 01:46:50.057417 n-d-800089-22 devstack@placement-api.service[102312]: DEBUG placement.objects.resource_provider [req-57c263ac-5811-4d14-b90d-a1525342048d req-7066b67f-9a0e-4623-88fa-9bd973e86cad service placement] _ensure_aggregate() created new aggregate f9d8ab18-7041-4f6e-97e0-47bc03f35575 (id=5). {{(pid=102312) _ensure_aggregate /opt/stack/placement/placement/objects/resource_provider.py:326}}
Aug 17 01:46:50.059008 n-d-800089-22 devstack@placement-api.service[102312]: DEBUG placement.objects.resource_provider [req-57c263ac-5811-4d14-b90d-a1525342048d req-7066b67f-9a0e-4623-88fa-9bd973e86cad service placement] Setting aggregates for provider f762f9bc-afe1-4048-8712-623209b8bac1. Successfully associated aggregate f9d8ab18-7041-4f6e-97e0-47bc03f35575. {{(pid=102312) _set_aggregates /opt/stack/placement/placement/objects/resource_provider.py:388}}
Aug 17 01:46:50.135318 n-d-800089-22 devstack@placement-api.service[102312]: INFO placement.requestlog [req-57c263ac-5811-4d14-b90d-a1525342048d req-7066b67f-9a0e-4623-88fa-9bd973e86cad service placement] 10.222.0.36 "PUT /placement/resource_providers/f762f9bc-afe1-4048-8712-623209b8bac1/aggregates" status: 200 len: 92 microversion: 1.19
Aug 17 01:46:50.135896 n-d-800089-22 devstack@placement-api.service[102312]: [pid: 102312|app: 0|req: 38/74] 10.222.0.36 () {64 vars in 1478 bytes} [Tue Aug 17 01:46:50 2021] PUT /placement/resource_providers/f762f9bc-afe1-4048-8712-623209b8bac1/aggregates => generated 92 bytes in 95 msecs (HTTP/1.1 200) 8 headers in 295 bytes (1 switches on core 0)
Aug 17 01:46:50.305797 n-d-800089-22 devstack@placement-api.service[102311]: DEBUG placement.requestlog [req-95700323-57a8-46d9-a91e-568c5ffd53f8 req-bb1e2a9d-aec1-4698-92fc-ab583b96dd16 None None] Starting request: 10.222.0.36 "GET /placement/resource_providers?name=n-h1-800089-22" {{(pid=102311) __call__ /opt/stack/placement/placement/requestlog.py:55}}
Aug 17 01:46:50.318463 n-d-800089-22 devstack@placement-api.service[102311]: INFO placement.requestlog [req-95700323-57a8-46d9-a91e-568c5ffd53f8 req-bb1e2a9d-aec1-4698-92fc-ab583b96dd16 service placement] 10.222.0.36 "GET /placement/resource_providers?name=n-h1-800089-22" status: 200 len: 442 microversion: 1.0
Aug 17 01:46:50.318940 n-d-800089-22 devstack@placement-api.service[102311]: [pid: 102311|app: 0|req: 37/75] 10.222.0.36 () {58 vars in 1277 bytes} [Tue Aug 17 01:46:50 2021] GET /placement/resource_providers?name=n-h1-800089-22 => generated 442 bytes in 13 msecs (HTTP/1.1 200) 6 headers in 224 bytes (1 switches on core 0)
Aug 17 01:46:50.335260 n-d-800089-22 devstack@placement-api.service[102312]: DEBUG placement.requestlog [req-95700323-57a8-46d9-a91e-568c5ffd53f8 req-eddcf545-c272-409d-933c-211e04414e0f None None] Starting request: 10.222.0.36 "GET /placement/resource_providers/f762f9bc-afe1-4048-8712-623209b8bac1/aggregates" {{(pid=102312) __call__ /opt/stack/placement/placement/requestlog.py:55}}
Aug 17 01:46:50.339709 n-d-800089-22 devstack@placement-api.service[102312]: INFO placement.requestlog [req-95700323-57a8-46d9-a91e-568c5ffd53f8 req-eddcf545-c272-409d-933c-211e04414e0f service placement] 10.222.0.36 "GET /placement/resource_providers/f762f9bc-afe1-4048-8712-623209b8bac1/aggregates" status: 200 len: 92 microversion: 1.19
Aug 17 01:46:50.345419 n-d-800089-22 devstack@placement-api.service[102312]: [pid: 102312|app: 0|req: 39/76] 10.222.0.36 () {60 vars in 1426 bytes} [Tue Aug 17 01:46:50 2021] GET /placement/resource_providers/f762f9bc-afe1-4048-8712-623209b8bac1/aggregates => generated 92 bytes in 20 msecs (HTTP/1.1 200) 8 headers in 295 bytes (2 switches on core 0)
Aug 17 01:46:50.348993 n-d-800089-22 devstack@placement-api.service[102311]: DEBUG placement.requestlog [req-95700323-57a8-46d9-a91e-568c5ffd53f8 req-74948c56-4e7d-4e29-8c67-1c283d6148ea None None] Starting request: 10.222.0.36 "PUT /placement/resource_providers/f762f9bc-afe1-4048-8712-623209b8bac1/aggregates" {{(pid=102311) __call__ /opt/stack/placement/placement/requestlog.py:55}}
Aug 17 01:46:50.382516 n-d-800089-22 devstack@placement-api.service[102311]: DEBUG placement.objects.resource_provider [req-95700323-57a8-46d9-a91e-568c5ffd53f8 req-74948c56-4e7d-4e29-8c67-1c283d6148ea service placement] Setting aggregates for provider f762f9bc-afe1-4048-8712-623209b8bac1. Successfully disassociated aggregate f9d8ab18-7041-4f6e-97e0-47bc03f35575. {{(pid=102311) _set_aggregates /opt/stack/placement/placement/objects/resource_provider.py:403}}
Aug 17 01:46:50.438806 n-d-800089-22 devstack@placement-api.service[102311]: INFO placement.requestlog [req-95700323-57a8-46d9-a91e-568c5ffd53f8 req-74948c56-4e7d-4e29-8c67-1c283d6148ea service placement] 10.222.0.36 "PUT /placement/resource_providers/f762f9bc-afe1-4048-8712-623209b8bac1/aggregates" status: 200 len: 54 microversion: 1.19
Aug 17 01:46:50.444491 n-d-800089-22 devstack@placement-api.service[102311]: [pid: 102311|app: 0|req: 38/77] 10.222.0.36 () {64 vars in 1478 bytes} [Tue Aug 17 01:46:50 2021] PUT /placement/resource_providers/f762f9bc-afe1-4048-8712-623209b8bac1/aggregates => generated 54 bytes in 90 msecs (HTTP/1.1 200) 8 headers in 295 bytes (2 switches on core 0)
Aug 17 01:46:51.701102 n-d-800089-22 devstack@placement-api.service[102312]: DEBUG placement.requestlog [req-f4136853-4184-45ae-b009-bce1be06055a req-ffbb5098-6538-4794-9742-f0e40d5c9b06 None None] Starting request: 10.222.0.36 "GET /placement/resource_providers?name=n-h1-800089-22" {{(pid=102312) __call__ /opt/stack/placement/placement/requestlog.py:55}}
Aug 17 01:46:51.711197 n-d-800089-22 devstack@placement-api.service[102312]: INFO placement.requestlog [req-f4136853-4184-45ae-b009-bce1be06055a req-ffbb5098-6538-4794-9742-f0e40d5c9b06 service placement] 10.222.0.36 "GET /placement/resource_providers?name=n-h1-800089-22" status: 200 len: 442 microversion: 1.0
Aug 17 01:46:51.711715 n-d-800089-22 devstack@placement-api.service[102312]: [pid: 102312|app: 0|req: 40/78] 10.222.0.36 () {58 vars in 1277 bytes} [Tue Aug 17 01:46:51 2021] GET /placement/resource_providers?name=n-h1-800089-22 => generated 442 bytes in 11 msecs (HTTP/1.1 200) 6 headers in 224 bytes (1 switches on core 0)
Aug 17 01:46:51.720181 n-d-800089-22 devstack@placement-api.service[102311]: DEBUG placement.requestlog [req-f4136853-4184-45ae-b009-bce1be06055a req-de03c715-4bf2-4703-b809-470098389738 None None] Starting request: 10.222.0.36 "GET /placement/resource_providers/f762f9bc-afe1-4048-8712-623209b8bac1/aggregates" {{(pid=102311) __call__ /opt/stack/placement/placement/requestlog.py:55}}
Aug 17 01:46:51.741712 n-d-800089-22 devstack@placement-api.service[102311]: INFO placement.requestlog [req-f4136853-4184-45ae-b009-bce1be06055a req-de03c715-4bf2-4703-b809-470098389738 service placement] 10.222.0.36 "GET /placement/resource_providers/f762f9bc-afe1-4048-8712-623209b8bac1/aggregates" status: 200 len: 54 microversion: 1.19
Aug 17 01:46:51.741712 n-d-800089-22 devstack@placement-api.service[102311]: [pid: 102311|app: 0|req: 39/79] 10.222.0.36 () {60 vars in 1426 bytes} [Tue Aug 17 01:46:51 2021] GET /placement/resource_providers/f762f9bc-afe1-4048-8712-623209b8bac1/aggregates => generated 54 bytes in 19 msecs (HTTP/1.1 200) 8 headers in 295 bytes (1 switches on core 0)
Aug 17 01:46:51.745741 n-d-800089-22 devstack@placement-api.service[102312]: DEBUG placement.requestlog [req-f4136853-4184-45ae-b009-bce1be06055a req-9ba6834d-4ec0-4ad3-ada9-ece1f66b3790 None None] Starting request: 10.222.0.36 "PUT /placement/resource_providers/f762f9bc-afe1-4048-8712-623209b8bac1/aggregates" {{(pid=102312) __call__ /opt/stack/placement/placement/requestlog.py:55}}
Aug 17 01:46:51.780295 n-d-800089-22 devstack@placement-api.service[102312]: DEBUG placement.objects.resource_provider [req-f4136853-4184-45ae-b009-bce1be06055a req-9ba6834d-4ec0-4ad3-ada9-ece1f66b3790 service placement] _ensure_aggregate() did not find aggregate 8389308d-3283-4492-b87d-2315745b9e86. Attempting to create it. {{(pid=102312) _ensure_aggregate /opt/stack/placement/placement/objects/resource_provider.py:320}}
Aug 17 01:46:51.781685 n-d-800089-22 devstack@placement-api.service[102312]: DEBUG placement.objects.resource_provider [req-f4136853-4184-45ae-b009-bce1be06055a req-9ba6834d-4ec0-4ad3-ada9-ece1f66b3790 service placement] _ensure_aggregate() created new aggregate 8389308d-3283-4492-b87d-2315745b9e86 (id=6). {{(pid=102312) _ensure_aggregate /opt/stack/placement/placement/objects/resource_provider.py:326}}
Aug 17 01:46:51.784707 n-d-800089-22 devstack@placement-api.service[102312]: DEBUG placement.objects.resource_provider [req-f4136853-4184-45ae-b009-bce1be06055a req-9ba6834d-4ec0-4ad3-ada9-ece1f66b3790 service placement] Setting aggregates for provider f762f9bc-afe1-4048-8712-623209b8bac1. Successfully associated aggregate 8389308d-3283-4492-b87d-2315745b9e86. {{(pid=102312) _set_aggregates /opt/stack/placement/placement/objects/resource_provider.py:388}}
Aug 17 01:46:51.878644 n-d-800089-22 devstack@placement-api.service[102312]: INFO placement.requestlog [req-f4136853-4184-45ae-b009-bce1be06055a req-9ba6834d-4ec0-4ad3-ada9-ece1f66b3790 service placement] 10.222.0.36 "PUT /placement/resource_providers/f762f9bc-afe1-4048-8712-623209b8bac1/aggregates" status: 200 len: 92 microversion: 1.19
Aug 17 01:46:51.879138 n-d-800089-22 devstack@placement-api.service[102312]: [pid: 102312|app: 0|req: 41/80] 10.222.0.36 () {64 vars in 1478 bytes} [Tue Aug 17 01:46:51 2021] PUT /placement/resource_providers/f762f9bc-afe1-4048-8712-623209b8bac1/aggregates => generated 92 bytes in 134 msecs (HTTP/1.1 200) 8 headers in 295 bytes (2 switches on core 0)
Aug 17 01:46:52.152402 n-d-800089-22 devstack@placement-api.service[102311]: DEBUG placement.requestlog [req-1ed9a4b2-3aee-43aa-a0c9-531d0c841b5c req-24efefe3-883d-426d-aafd-a5e068ba1c2d None None] Starting request: 10.222.0.36 "GET /placement/resource_providers?name=n-h1-800089-22" {{(pid=102311) __call__ /opt/stack/placement/placement/requestlog.py:55}}
Aug 17 01:46:52.165865 n-d-800089-22 devstack@placement-api.service[102311]: INFO placement.requestlog [req-1ed9a4b2-3aee-43aa-a0c9-531d0c841b5c req-24efefe3-883d-426d-aafd-a5e068ba1c2d service placement] 10.222.0.36 "GET /placement/resource_providers?name=n-h1-800089-22" status: 200 len: 442 microversion: 1.0
Aug 17 01:46:52.166381 n-d-800089-22 devstack@placement-api.service[102311]: [pid: 102311|app: 0|req: 40/81] 10.222.0.36 () {58 vars in 1277 bytes} [Tue Aug 17 01:46:52 2021] GET /placement/resource_providers?name=n-h1-800089-22 => generated 442 bytes in 15 msecs (HTTP/1.1 200) 6 headers in 224 bytes (1 switches on core 0)
Aug 17 01:46:52.186401 n-d-800089-22 devstack@placement-api.service[102312]: DEBUG placement.requestlog [req-1ed9a4b2-3aee-43aa-a0c9-531d0c841b5c req-36bc032f-63fa-4173-af79-1ad521b7accf None None] Starting request: 10.222.0.36 "GET /placement/resource_providers/f762f9bc-afe1-4048-8712-623209b8bac1/aggregates" {{(pid=102312) __call__ /opt/stack/placement/placement/requestlog.py:55}}
Aug 17 01:46:52.199001 n-d-800089-22 devstack@placement-api.service[102312]: INFO placement.requestlog [req-1ed9a4b2-3aee-43aa-a0c9-531d0c841b5c req-36bc032f-63fa-4173-af79-1ad521b7accf service placement] 10.222.0.36 "GET /placement/resource_providers/f762f9bc-afe1-4048-8712-623209b8bac1/aggregates" status: 200 len: 92 microversion: 1.19
Aug 17 01:46:52.199212 n-d-800089-22 devstack@placement-api.service[102312]: [pid: 102312|app: 0|req: 42/82] 10.222.0.36 () {60 vars in 1426 bytes} [Tue Aug 17 01:46:52 2021] GET /placement/resource_providers/f762f9bc-afe1-4048-8712-623209b8bac1/aggregates => generated 92 bytes in 13 msecs (HTTP/1.1 200) 8 headers in 295 bytes (1 switches on core 0)
Aug 17 01:46:52.205830 n-d-800089-22 devstack@placement-api.service[102311]: DEBUG placement.requestlog [req-1ed9a4b2-3aee-43aa-a0c9-531d0c841b5c req-5bcfd1cb-7cc0-4dba-b7ed-c87cb532ff6c None None] Starting request: 10.222.0.36 "PUT /placement/resource_providers/f762f9bc-afe1-4048-8712-623209b8bac1/aggregates" {{(pid=102311) __call__ /opt/stack/placement/placement/requestlog.py:55}}
Aug 17 01:46:52.221234 n-d-800089-22 devstack@placement-api.service[102311]: DEBUG placement.objects.resource_provider [req-1ed9a4b2-3aee-43aa-a0c9-531d0c841b5c req-5bcfd1cb-7cc0-4dba-b7ed-c87cb532ff6c service placement] Setting aggregates for provider f762f9bc-afe1-4048-8712-623209b8bac1. Successfully disassociated aggregate 8389308d-3283-4492-b87d-2315745b9e86. {{(pid=102311) _set_aggregates /opt/stack/placement/placement/objects/resource_provider.py:403}}
Aug 17 01:46:52.296046 n-d-800089-22 devstack@placement-api.service[102311]: INFO placement.requestlog [req-1ed9a4b2-3aee-43aa-a0c9-531d0c841b5c req-5bcfd1cb-7cc0-4dba-b7ed-c87cb532ff6c service placement] 10.222.0.36 "PUT /placement/resource_providers/f762f9bc-afe1-4048-8712-623209b8bac1/aggregates" status: 200 len: 54 microversion: 1.19
Aug 17 01:46:52.296486 n-d-800089-22 devstack@placement-api.service[102311]: [pid: 102311|app: 0|req: 41/83] 10.222.0.36 () {64 vars in 1478 bytes} [Tue Aug 17 01:46:52 2021] PUT /placement/resource_providers/f762f9bc-afe1-4048-8712-623209b8bac1/aggregates => generated 54 bytes in 91 msecs (HTTP/1.1 200) 8 headers in 295 bytes (2 switches on core 0)
Aug 17 01:46:53.319244 n-d-800089-22 devstack@placement-api.service[102312]: DEBUG placement.requestlog [req-a49f9c87-0733-4482-ab73-92bb1ac061e0 req-bcdc58f8-6243-40c6-b213-276e6fd2af95 None None] Starting request: 10.222.0.36 "GET /placement/allocation_candidates?limit=1000&resources=DISK_GB%3A1%2CMEMORY_MB%3A1024%2CVCPU%3A1&root_required=%21COMPUTE_STATUS_DISABLED" {{(pid=102312) __call__ /opt/stack/placement/placement/requestlog.py:55}}
Aug 17 01:46:53.372427 n-d-800089-22 devstack@placement-api.service[102312]: DEBUG placement.objects.research_context [req-a49f9c87-0733-4482-ab73-92bb1ac061e0 req-bcdc58f8-6243-40c6-b213-276e6fd2af95 service placement] getting providers with 1 DISK_GB {{(pid=102312) __init__ /opt/stack/placement/placement/objects/research_context.py:126}}
Aug 17 01:46:53.388267 n-d-800089-22 devstack@placement-api.service[102312]: DEBUG placement.objects.research_context [req-a49f9c87-0733-4482-ab73-92bb1ac061e0 req-bcdc58f8-6243-40c6-b213-276e6fd2af95 service placement] getting providers with 1024 MEMORY_MB {{(pid=102312) __init__ /opt/stack/placement/placement/objects/research_context.py:126}}
Aug 17 01:46:53.401967 n-d-800089-22 devstack@placement-api.service[102312]: DEBUG placement.objects.research_context [req-a49f9c87-0733-4482-ab73-92bb1ac061e0 req-bcdc58f8-6243-40c6-b213-276e6fd2af95 service placement] getting providers with 1 VCPU {{(pid=102312) __init__ /opt/stack/placement/placement/objects/research_context.py:126}}
Aug 17 01:46:53.425440 n-d-800089-22 devstack@placement-api.service[102312]: DEBUG placement.objects.research_context [req-a49f9c87-0733-4482-ab73-92bb1ac061e0 req-bcdc58f8-6243-40c6-b213-276e6fd2af95 service placement] found 2 providers with available 1 DISK_GB {{(pid=102312) get_provider_ids_matching /opt/stack/placement/placement/objects/research_context.py:549}}
Aug 17 01:46:53.426180 n-d-800089-22 devstack@placement-api.service[102312]: DEBUG placement.objects.research_context [req-a49f9c87-0733-4482-ab73-92bb1ac061e0 req-bcdc58f8-6243-40c6-b213-276e6fd2af95 service placement] found 2 providers with available 1024 MEMORY_MB {{(pid=102312) get_provider_ids_matching /opt/stack/placement/placement/objects/research_context.py:549}}
Aug 17 01:46:53.426626 n-d-800089-22 devstack@placement-api.service[102312]: DEBUG placement.objects.research_context [req-a49f9c87-0733-4482-ab73-92bb1ac061e0 req-bcdc58f8-6243-40c6-b213-276e6fd2af95 service placement] found 2 providers after filtering by previous result {{(pid=102312) get_provider_ids_matching /opt/stack/placement/placement/objects/research_context.py:580}}
Aug 17 01:46:53.427026 n-d-800089-22 devstack@placement-api.service[102312]: DEBUG placement.objects.research_context [req-a49f9c87-0733-4482-ab73-92bb1ac061e0 req-bcdc58f8-6243-40c6-b213-276e6fd2af95 service placement] found 2 providers with available 1 VCPU {{(pid=102312) get_provider_ids_matching /opt/stack/placement/placement/objects/research_context.py:549}}
Aug 17 01:46:53.427431 n-d-800089-22 devstack@placement-api.service[102312]: DEBUG placement.objects.research_context [req-a49f9c87-0733-4482-ab73-92bb1ac061e0 req-bcdc58f8-6243-40c6-b213-276e6fd2af95 service placement] found 2 providers after filtering by previous result {{(pid=102312) get_provider_ids_matching /opt/stack/placement/placement/objects/research_context.py:580}}
Aug 17 01:46:53.440609 n-d-800089-22 devstack@placement-api.service[102312]: DEBUG placement.objects.allocation_candidate [req-a49f9c87-0733-4482-ab73-92bb1ac061e0 req-bcdc58f8-6243-40c6-b213-276e6fd2af95 service placement] RequestGroup(use_same_provider=False, resources={DISK_GB:1, MEMORY_MB:1024, VCPU:1}, traits=[], aggregates=[]) (suffix '') returned 2 matches {{(pid=102312) _get_by_requests /opt/stack/placement/placement/objects/allocation_candidate.py:145}}
Aug 17 01:46:53.441171 n-d-800089-22 devstack@placement-api.service[102312]: DEBUG placement.objects.allocation_candidate [req-a49f9c87-0733-4482-ab73-92bb1ac061e0 req-bcdc58f8-6243-40c6-b213-276e6fd2af95 service placement] Merging candidates yields 2 allocation requests and 2 provider summaries {{(pid=102312) _merge_candidates /opt/stack/placement/placement/objects/allocation_candidate.py:783}}
Aug 17 01:46:53.443670 n-d-800089-22 devstack@placement-api.service[102312]: INFO placement.requestlog [req-a49f9c87-0733-4482-ab73-92bb1ac061e0 req-bcdc58f8-6243-40c6-b213-276e6fd2af95 service placement] 10.222.0.36 "GET /placement/allocation_candidates?limit=1000&resources=DISK_GB%3A1%2CMEMORY_MB%3A1024%2CVCPU%3A1&root_required=%21COMPUTE_STATUS_DISABLED" status: 200 len: 1309 microversion: 1.36
Aug 17 01:46:53.444207 n-d-800089-22 devstack@placement-api.service[102312]: [pid: 102312|app: 0|req: 43/84] 10.222.0.36 () {60 vars in 1507 bytes} [Tue Aug 17 01:46:53 2021] GET /placement/allocation_candidates?limit=1000&resources=DISK_GB%3A1%2CMEMORY_MB%3A1024%2CVCPU%3A1&root_required=%21COMPUTE_STATUS_DISABLED => generated 1309 bytes in 125 msecs (HTTP/1.1 200) 8 headers in 297 bytes (1 switches on core 0)
Aug 17 01:46:53.501103 n-d-800089-22 devstack@placement-api.service[102311]: DEBUG placement.requestlog [req-a49f9c87-0733-4482-ab73-92bb1ac061e0 req-e13deefc-b7da-44c6-b713-c11e02802fc8 None None] Starting request: 10.222.0.36 "GET /placement/allocations/e43b12b3-b9a4-4059-b84c-a2530c1d62fe" {{(pid=102311) __call__ /opt/stack/placement/placement/requestlog.py:55}}
Aug 17 01:46:53.513527 n-d-800089-22 devstack@placement-api.service[102311]: INFO placement.requestlog [req-a49f9c87-0733-4482-ab73-92bb1ac061e0 req-e13deefc-b7da-44c6-b713-c11e02802fc8 service placement] 10.222.0.36 "GET /placement/allocations/e43b12b3-b9a4-4059-b84c-a2530c1d62fe" status: 200 len: 19 microversion: 1.28
Aug 17 01:46:53.517697 n-d-800089-22 devstack@placement-api.service[102311]: [pid: 102311|app: 0|req: 42/85] 10.222.0.36 () {60 vars in 1381 bytes} [Tue Aug 17 01:46:53 2021] GET /placement/allocations/e43b12b3-b9a4-4059-b84c-a2530c1d62fe => generated 19 bytes in 13 msecs (HTTP/1.1 200) 8 headers in 295 bytes (1 switches on core 0)
Aug 17 01:46:53.520118 n-d-800089-22 devstack@placement-api.service[102312]: DEBUG placement.requestlog [req-a49f9c87-0733-4482-ab73-92bb1ac061e0 req-481c7b2f-0e1b-4d70-a489-4ea099f16ff3 None None] Starting request: 10.222.0.36 "PUT /placement/allocations/e43b12b3-b9a4-4059-b84c-a2530c1d62fe" {{(pid=102312) __call__ /opt/stack/placement/placement/requestlog.py:55}}
Aug 17 01:46:53.879810 n-d-800089-22 devstack@placement-api.service[102312]: DEBUG placement.handlers.allocation [req-a49f9c87-0733-4482-ab73-92bb1ac061e0 req-481c7b2f-0e1b-4d70-a489-4ea099f16ff3 service placement] Successfully wrote allocations [, , ] {{(pid=102312) _create_allocations /opt/stack/placement/placement/handlers/allocation.py:435}}
Aug 17 01:46:53.889858 n-d-800089-22 devstack@placement-api.service[102312]: INFO placement.requestlog [req-a49f9c87-0733-4482-ab73-92bb1ac061e0 req-481c7b2f-0e1b-4d70-a489-4ea099f16ff3 service placement] 10.222.0.36 "PUT /placement/allocations/e43b12b3-b9a4-4059-b84c-a2530c1d62fe" status: 204 len: 0 microversion: 1.36
Aug 17 01:46:53.889858 n-d-800089-22 devstack@placement-api.service[102312]: [pid: 102312|app: 0|req: 44/86] 10.222.0.36 () {64 vars in 1434 bytes} [Tue Aug 17 01:46:53 2021] PUT /placement/allocations/e43b12b3-b9a4-4059-b84c-a2530c1d62fe => generated 0 bytes in 361 msecs (HTTP/1.1 204) 5 headers in 199 bytes (2 switches on core 0)
Aug 17 01:46:54.195712 n-d-800089-22 devstack@placement-api.service[102311]: DEBUG placement.requestlog [None req-355f7220-a149-46ea-accd-57c035ea1cc3 None None] Starting request: 10.222.0.36 "GET /placement/" {{(pid=102311) __call__ /opt/stack/placement/placement/requestlog.py:55}}
Aug 17 01:46:54.196693 n-d-800089-22 devstack@placement-api.service[102311]: INFO placement.requestlog [None req-355f7220-a149-46ea-accd-57c035ea1cc3 None None] 10.222.0.36 "GET /placement/" status: 200 len: 136 microversion: 1.0
Aug 17 01:46:54.197222 n-d-800089-22 devstack@placement-api.service[102311]: [pid: 102311|app: 0|req: 43/87] 10.222.0.36 () {54 vars in 907 bytes} [Tue Aug 17 01:46:54 2021] GET /placement => generated 136 bytes in 1 msecs (HTTP/1.1 200) 6 headers in 224 bytes (1 switches on core 0)
Aug 17 01:46:54.208568 n-d-800089-22 devstack@placement-api.service[102312]: DEBUG placement.requestlog [req-5f24af34-feef-47d8-93ad-4b645e121c11 req-30fc686d-4a55-4385-b4b7-40f421629bf1 None None] Starting request: 10.222.0.36 "GET /placement/resource_providers/963f8f0b-6562-45ba-a45f-65628246fdf7/traits" {{(pid=102312) __call__ /opt/stack/placement/placement/requestlog.py:55}}
Aug 17 01:46:54.374688 n-d-800089-22 devstack@placement-api.service[102312]: INFO placement.requestlog [req-5f24af34-feef-47d8-93ad-4b645e121c11 req-30fc686d-4a55-4385-b4b7-40f421629bf1 service placement] 10.222.0.36 "GET /placement/resource_providers/963f8f0b-6562-45ba-a45f-65628246fdf7/traits" status: 200 len: 211 microversion: 1.6
Aug 17 01:46:54.375975 n-d-800089-22 devstack@placement-api.service[102312]: [pid: 102312|app: 0|req: 45/88] 10.222.0.36 () {60 vars in 1413 bytes} [Tue Aug 17 01:46:54 2021] GET /placement/resource_providers/963f8f0b-6562-45ba-a45f-65628246fdf7/traits => generated 211 bytes in 167 msecs (HTTP/1.1 200) 6 headers in 224 bytes (1 switches on core 0)
Aug 17 01:46:54.902559 n-d-800089-22 devstack@placement-api.service[102311]: DEBUG placement.requestlog [req-a49f9c87-0733-4482-ab73-92bb1ac061e0 req-cfb96b9d-632b-4308-b352-de581fd23438 None None] Starting request: 10.222.0.24 "GET /placement/allocations/e43b12b3-b9a4-4059-b84c-a2530c1d62fe" {{(pid=102311) __call__ /opt/stack/placement/placement/requestlog.py:55}}
Aug 17 01:46:54.927611 n-d-800089-22 devstack@placement-api.service[102311]: INFO placement.requestlog [req-a49f9c87-0733-4482-ab73-92bb1ac061e0 req-cfb96b9d-632b-4308-b352-de581fd23438 service placement] 10.222.0.24 "GET /placement/allocations/e43b12b3-b9a4-4059-b84c-a2530c1d62fe" status: 200 len: 258 microversion: 1.28
Aug 17 01:46:54.928213 n-d-800089-22 devstack@placement-api.service[102311]: [pid: 102311|app: 0|req: 44/89] 10.222.0.24 () {60 vars in 1378 bytes} [Tue Aug 17 01:46:54 2021] GET /placement/allocations/e43b12b3-b9a4-4059-b84c-a2530c1d62fe => generated 258 bytes in 26 msecs (HTTP/1.1 200) 8 headers in 296 bytes (1 switches on core 0)
Aug 17 01:46:56.046073 n-d-800089-22 devstack@placement-api.service[102312]: DEBUG placement.requestlog [None req-c299336d-fe58-4bec-accf-05e7fc81cae6 None None] Starting request: 10.222.0.36 "GET /placement/" {{(pid=102312) __call__ /opt/stack/placement/placement/requestlog.py:55}}
Aug 17 01:46:56.048073 n-d-800089-22 devstack@placement-api.service[102312]: INFO placement.requestlog [None req-c299336d-fe58-4bec-accf-05e7fc81cae6 None None] 10.222.0.36 "GET /placement/" status: 200 len: 136 microversion: 1.0
Aug 17 01:46:56.048445 n-d-800089-22 devstack@placement-api.service[102312]: [pid: 102312|app: 0|req: 46/90] 10.222.0.36 () {54 vars in 916 bytes} [Tue Aug 17 01:46:56 2021] GET /placement => generated 136 bytes in 3 msecs (HTTP/1.1 200) 6 headers in 224 bytes (1 switches on core 0)
Aug 17 01:46:56.058188 n-d-800089-22 devstack@placement-api.service[102311]: DEBUG placement.requestlog [req-5f24af34-feef-47d8-93ad-4b645e121c11 req-27291825-f9eb-42d0-bd4b-2d1f7a610212 None None] Starting request: 10.222.0.36 "GET /placement/allocations/878d1c5c-b52f-45ef-a4a6-f84b808d6bc0" {{(pid=102311) __call__ /opt/stack/placement/placement/requestlog.py:55}}
Aug 17 01:46:56.139913 n-d-800089-22 devstack@placement-api.service[102311]: INFO placement.requestlog [req-5f24af34-feef-47d8-93ad-4b645e121c11 req-27291825-f9eb-42d0-bd4b-2d1f7a610212 service placement] 10.222.0.36 "GET /placement/allocations/878d1c5c-b52f-45ef-a4a6-f84b808d6bc0" status: 200 len: 258 microversion: 1.28
Aug 17 01:46:56.141791 n-d-800089-22 devstack@placement-api.service[102311]: [pid: 102311|app: 0|req: 45/91] 10.222.0.36 () {60 vars in 1381 bytes} [Tue Aug 17 01:46:56 2021] GET /placement/allocations/878d1c5c-b52f-45ef-a4a6-f84b808d6bc0 => generated 258 bytes in 84 msecs (HTTP/1.1 200) 8 headers in 296 bytes (1 switches on core 0)
Aug 17 01:46:56.153575 n-d-800089-22 devstack@placement-api.service[102312]: DEBUG placement.requestlog [req-5f24af34-feef-47d8-93ad-4b645e121c11 req-a75bb5a4-4ac0-463b-9050-82bec683759e None None] Starting request: 10.222.0.36 "GET /placement/allocations/878d1c5c-b52f-45ef-a4a6-f84b808d6bc0" {{(pid=102312) __call__ /opt/stack/placement/placement/requestlog.py:55}}
Aug 17 01:46:56.187167 n-d-800089-22 devstack@placement-api.service[102312]: INFO placement.requestlog [req-5f24af34-feef-47d8-93ad-4b645e121c11 req-a75bb5a4-4ac0-463b-9050-82bec683759e service placement] 10.222.0.36 "GET /placement/allocations/878d1c5c-b52f-45ef-a4a6-f84b808d6bc0" status: 200 len: 258 microversion: 1.28
Aug 17 01:46:56.187467 n-d-800089-22 devstack@placement-api.service[102312]: [pid: 102312|app: 0|req: 47/92] 10.222.0.36 () {60 vars in 1381 bytes} [Tue Aug 17 01:46:56 2021] GET /placement/allocations/878d1c5c-b52f-45ef-a4a6-f84b808d6bc0 => generated 258 bytes in 36 msecs (HTTP/1.1 200) 8 headers in 296 bytes (1 switches on core 0)
Aug 17 01:46:56.195765 n-d-800089-22 devstack@placement-api.service[102311]: DEBUG placement.requestlog [req-5f24af34-feef-47d8-93ad-4b645e121c11 req-b35e3abf-9060-462e-91e9-38308dbc64ca None None] Starting request: 10.222.0.36 "GET /placement/allocations/e6f6c9f1-4fe7-4342-9dff-8dd0975fcf11" {{(pid=102311) __call__ /opt/stack/placement/placement/requestlog.py:55}}
Aug 17 01:46:56.230305 n-d-800089-22 devstack@placement-api.service[102311]: INFO placement.requestlog [req-5f24af34-feef-47d8-93ad-4b645e121c11 req-b35e3abf-9060-462e-91e9-38308dbc64ca service placement] 10.222.0.36 "GET /placement/allocations/e6f6c9f1-4fe7-4342-9dff-8dd0975fcf11" status: 200 len: 19 microversion: 1.28
Aug 17 01:46:56.239013 n-d-800089-22 devstack@placement-api.service[102312]: DEBUG placement.requestlog [req-5f24af34-feef-47d8-93ad-4b645e121c11 req-9c894150-a7a7-488c-bb20-38924284386b None None] Starting request: 10.222.0.36 "POST /placement/allocations" {{(pid=102312) __call__ /opt/stack/placement/placement/requestlog.py:55}}
Aug 17 01:46:56.248375 n-d-800089-22 devstack@placement-api.service[102311]: [pid: 102311|app: 0|req: 46/93] 10.222.0.36 () {60 vars in 1381 bytes} [Tue Aug 17 01:46:56 2021] GET /placement/allocations/e6f6c9f1-4fe7-4342-9dff-8dd0975fcf11 => generated 19 bytes in 53 msecs (HTTP/1.1 200) 8 headers in 295 bytes (1 switches on core 0)
Aug 17 01:46:56.667984 n-d-800089-22 devstack@placement-api.service[102312]: DEBUG placement.handlers.allocation [req-5f24af34-feef-47d8-93ad-4b645e121c11 req-9c894150-a7a7-488c-bb20-38924284386b service placement] Successfully wrote allocations [, , , , , ] {{(pid=102312) _create_allocations /opt/stack/placement/placement/handlers/allocation.py:524}}
Aug 17 01:46:56.669298 n-d-800089-22 devstack@placement-api.service[102312]: INFO placement.requestlog [req-5f24af34-feef-47d8-93ad-4b645e121c11 req-9c894150-a7a7-488c-bb20-38924284386b service placement] 10.222.0.36 "POST /placement/allocations" status: 204 len: 0 microversion: 1.28
Aug 17 01:46:56.671360 n-d-800089-22 devstack@placement-api.service[102312]: [pid: 102312|app: 0|req: 48/94] 10.222.0.36 () {64 vars in 1324 bytes} [Tue Aug 17 01:46:56 2021] POST /placement/allocations => generated 0 bytes in 431 msecs (HTTP/1.1 204) 5 headers in 199 bytes (1 switches on core 0)
Aug 17 01:46:56.694626 n-d-800089-22 devstack@placement-api.service[102311]: DEBUG placement.requestlog [req-5f24af34-feef-47d8-93ad-4b645e121c11 req-e0339e78-4754-46bd-ae29-4a541cb856ea None None] Starting request: 10.222.0.36 "GET /placement/allocation_candidates?limit=1000&resources=DISK_GB%3A1%2CMEMORY_MB%3A1024%2CVCPU%3A1&root_required=%21COMPUTE_STATUS_DISABLED" {{(pid=102311) __call__ /opt/stack/placement/placement/requestlog.py:55}}
Aug 17 01:46:56.753971 n-d-800089-22 devstack@placement-api.service[102311]: DEBUG placement.objects.research_context [req-5f24af34-feef-47d8-93ad-4b645e121c11 req-e0339e78-4754-46bd-ae29-4a541cb856ea service placement] getting providers with 1 DISK_GB {{(pid=102311) __init__ /opt/stack/placement/placement/objects/research_context.py:126}}
Aug 17 01:46:56.768051 n-d-800089-22 devstack@placement-api.service[102311]: DEBUG placement.objects.research_context [req-5f24af34-feef-47d8-93ad-4b645e121c11 req-e0339e78-4754-46bd-ae29-4a541cb856ea service placement] getting providers with 1024 MEMORY_MB {{(pid=102311) __init__ /opt/stack/placement/placement/objects/research_context.py:126}}
Aug 17 01:46:56.778911 n-d-800089-22 devstack@placement-api.service[102311]: DEBUG placement.objects.research_context [req-5f24af34-feef-47d8-93ad-4b645e121c11 req-e0339e78-4754-46bd-ae29-4a541cb856ea service placement] getting providers with 1 VCPU {{(pid=102311) __init__ /opt/stack/placement/placement/objects/research_context.py:126}}
Aug 17 01:46:56.791542 n-d-800089-22 devstack@placement-api.service[102311]: DEBUG placement.objects.research_context [req-5f24af34-feef-47d8-93ad-4b645e121c11 req-e0339e78-4754-46bd-ae29-4a541cb856ea service placement] found 2 providers with available 1 DISK_GB {{(pid=102311) get_provider_ids_matching /opt/stack/placement/placement/objects/research_context.py:549}}
Aug 17 01:46:56.791830 n-d-800089-22 devstack@placement-api.service[102311]: DEBUG placement.objects.research_context [req-5f24af34-feef-47d8-93ad-4b645e121c11 req-e0339e78-4754-46bd-ae29-4a541cb856ea service placement] found 2 providers with available 1024 MEMORY_MB {{(pid=102311) get_provider_ids_matching /opt/stack/placement/placement/objects/research_context.py:549}}
