Aug 17 02:12:40.123859 n-d-800089-22 devstack@placement-api.service[102312]: DEBUG placement.handlers.allocation [req-1e0bd409-d377-4a95-b81d-8cdaefe00474 req-d9c69d39-e6f0-466a-b044-a6d288ae7d5d service placement] Successfully wrote allocations [, , ] {{(pid=102312) _create_allocations /opt/stack/placement/placement/handlers/allocation.py:435}}
Aug 17 02:12:40.124275 n-d-800089-22 devstack@placement-api.service[102312]: INFO placement.requestlog [req-1e0bd409-d377-4a95-b81d-8cdaefe00474 req-d9c69d39-e6f0-466a-b044-a6d288ae7d5d service placement] 10.222.0.36 "PUT /placement/allocations/d4e61fc5-2d4e-4d8b-9cec-db4643bd0bb3" status: 204 len: 0 microversion: 1.28
Aug 17 02:12:40.124527 n-d-800089-22 devstack@placement-api.service[102312]: [pid: 102312|app: 0|req: 522/1022] 10.222.0.36 () {64 vars in 1425 bytes} [Tue Aug 17 02:12:39 2021] PUT /placement/allocations/d4e61fc5-2d4e-4d8b-9cec-db4643bd0bb3 => generated 0 bytes in 270 msecs (HTTP/1.1 204) 5 headers in 199 bytes (1 switches on core 0)
Aug 17 02:12:40.612536 n-d-800089-22 devstack@placement-api.service[102311]: DEBUG placement.requestlog [req-7ff05e90-18ea-438c-9139-b43821628aa3 req-fb4b7795-4fe9-4bab-bf33-98ac0136fe09 None None] Starting request: 10.222.0.49 "GET /placement/allocations/f130d5b5-8c86-4996-a53c-c4939060913a" {{(pid=102311) __call__ /opt/stack/placement/placement/requestlog.py:55}}
Aug 17 02:12:40.665721 n-d-800089-22 devstack@placement-api.service[102311]: INFO placement.requestlog [req-7ff05e90-18ea-438c-9139-b43821628aa3 req-fb4b7795-4fe9-4bab-bf33-98ac0136fe09 service placement] 10.222.0.49 "GET /placement/allocations/f130d5b5-8c86-4996-a53c-c4939060913a" status: 200 len: 260 microversion: 1.28
Aug 17 02:12:40.666403 n-d-800089-22 devstack@placement-api.service[102311]: [pid: 102311|app: 0|req: 501/1023] 10.222.0.49 () {60 vars in 1378 bytes} [Tue Aug 17 02:12:40 2021] GET /placement/allocations/f130d5b5-8c86-4996-a53c-c4939060913a => generated 260 bytes in 54 msecs (HTTP/1.1 200) 8 headers in 296 bytes (1 switches on core 0)
Aug 17 02:12:40.674845 n-d-800089-22 devstack@placement-api.service[102312]: DEBUG placement.requestlog [req-7ff05e90-18ea-438c-9139-b43821628aa3 req-50a5953b-67bc-4669-819e-d09e402e9068 None None] Starting request: 10.222.0.49 "PUT /placement/allocations/f130d5b5-8c86-4996-a53c-c4939060913a" {{(pid=102312) __call__ /opt/stack/placement/placement/requestlog.py:55}}
Aug 17 02:12:40.808954 n-d-800089-22 devstack@placement-api.service[102312]: DEBUG placement.handlers.allocation [req-7ff05e90-18ea-438c-9139-b43821628aa3 req-50a5953b-67bc-4669-819e-d09e402e9068 service placement] Successfully wrote allocations [, , ] {{(pid=102312) _create_allocations /opt/stack/placement/placement/handlers/allocation.py:435}}
Aug 17 02:12:40.809780 n-d-800089-22 devstack@placement-api.service[102312]: INFO placement.requestlog [req-7ff05e90-18ea-438c-9139-b43821628aa3 req-50a5953b-67bc-4669-819e-d09e402e9068 service placement] 10.222.0.49 "PUT /placement/allocations/f130d5b5-8c86-4996-a53c-c4939060913a" status: 204 len: 0 microversion: 1.28
Aug 17 02:12:40.810811 n-d-800089-22 devstack@placement-api.service[102312]: [pid: 102312|app: 0|req: 523/1024] 10.222.0.49 () {64 vars in 1431 bytes} [Tue Aug 17 02:12:40 2021] PUT /placement/allocations/f130d5b5-8c86-4996-a53c-c4939060913a => generated 0 bytes in 136 msecs (HTTP/1.1 204) 5 headers in 199 bytes (1 switches on core 0)
Aug 17 02:12:40.973920 n-d-800089-22 devstack@placement-api.service[102311]: DEBUG placement.requestlog [req-9a995312-a857-41a0-b206-cf4d7d0de2c2 req-c26230f8-b1c5-4f68-bb2e-8920c15539df None None] Starting request: 10.222.0.49 "GET /placement/allocations/a2f5c0ab-8712-440c-9439-7ccac460b4f5" {{(pid=102311) __call__ /opt/stack/placement/placement/requestlog.py:55}}
Aug 17 02:12:40.994693 n-d-800089-22 devstack@placement-api.service[102311]: INFO placement.requestlog [req-9a995312-a857-41a0-b206-cf4d7d0de2c2 req-c26230f8-b1c5-4f68-bb2e-8920c15539df service placement] 10.222.0.49 "GET /placement/allocations/a2f5c0ab-8712-440c-9439-7ccac460b4f5" status: 200 len: 260 microversion: 1.28
Aug 17 02:12:40.995180 n-d-800089-22 devstack@placement-api.service[102311]: [pid: 102311|app: 0|req: 502/1025] 10.222.0.49 () {60 vars in 1378 bytes} [Tue Aug 17 02:12:40 2021] GET /placement/allocations/a2f5c0ab-8712-440c-9439-7ccac460b4f5 => generated 260 bytes in 22 msecs (HTTP/1.1 200) 8 headers in 296 bytes (1 switches on core 0)
Aug 17 02:12:41.003016 n-d-800089-22 devstack@placement-api.service[102312]: DEBUG placement.requestlog [req-9a995312-a857-41a0-b206-cf4d7d0de2c2 req-02ebfa68-f010-45ec-8d4d-ed0cbf762550 None None] Starting request: 10.222.0.49 "PUT /placement/allocations/a2f5c0ab-8712-440c-9439-7ccac460b4f5" {{(pid=102312) __call__ /opt/stack/placement/placement/requestlog.py:55}}
Aug 17 02:12:41.117529 n-d-800089-22 devstack@placement-api.service[102312]: DEBUG placement.handlers.allocation [req-9a995312-a857-41a0-b206-cf4d7d0de2c2 req-02ebfa68-f010-45ec-8d4d-ed0cbf762550 service placement] Successfully wrote allocations [, , ] {{(pid=102312) _create_allocations /opt/stack/placement/placement/handlers/allocation.py:435}}
Aug 17 02:12:41.118492 n-d-800089-22 devstack@placement-api.service[102312]: INFO placement.requestlog [req-9a995312-a857-41a0-b206-cf4d7d0de2c2 req-02ebfa68-f010-45ec-8d4d-ed0cbf762550 service placement] 10.222.0.49 "PUT /placement/allocations/a2f5c0ab-8712-440c-9439-7ccac460b4f5" status: 204 len: 0 microversion: 1.28
Aug 17 02:12:41.119350 n-d-800089-22 devstack@placement-api.service[102312]: [pid: 102312|app: 0|req: 524/1026] 10.222.0.49 () {64 vars in 1431 bytes} [Tue Aug 17 02:12:41 2021] PUT /placement/allocations/a2f5c0ab-8712-440c-9439-7ccac460b4f5 => generated 0 bytes in 116 msecs (HTTP/1.1 204) 5 headers in 199 bytes (1 switches on core 0)
Aug 17 02:12:42.125589 n-d-800089-22 devstack@placement-api.service[102311]: DEBUG placement.requestlog [req-2df4dbe1-4b88-4e6a-9a95-3889318fba70 req-62f4019f-7a8b-4971-9664-4cd1948b4edd None None] Starting request: 10.222.0.36 "GET /placement/allocation_candidates?limit=1000&resources=DISK_GB%3A1%2CMEMORY_MB%3A1024%2CVCPU%3A1&root_required=%21COMPUTE_STATUS_DISABLED" {{(pid=102311) __call__ /opt/stack/placement/placement/requestlog.py:55}}
Aug 17 02:12:42.165810 n-d-800089-22 devstack@placement-api.service[102311]: DEBUG placement.objects.research_context [req-2df4dbe1-4b88-4e6a-9a95-3889318fba70 req-62f4019f-7a8b-4971-9664-4cd1948b4edd service placement] getting providers with 1 DISK_GB {{(pid=102311) __init__ /opt/stack/placement/placement/objects/research_context.py:126}}
Aug 17 02:12:42.171468 n-d-800089-22 devstack@placement-api.service[102311]: DEBUG placement.objects.research_context [req-2df4dbe1-4b88-4e6a-9a95-3889318fba70 req-62f4019f-7a8b-4971-9664-4cd1948b4edd service placement] getting providers with 1024 MEMORY_MB {{(pid=102311) __init__ /opt/stack/placement/placement/objects/research_context.py:126}}
Aug 17 02:12:42.178024 n-d-800089-22 devstack@placement-api.service[102311]: DEBUG placement.objects.research_context [req-2df4dbe1-4b88-4e6a-9a95-3889318fba70 req-62f4019f-7a8b-4971-9664-4cd1948b4edd service placement] getting providers with 1 VCPU {{(pid=102311) __init__ /opt/stack/placement/placement/objects/research_context.py:126}}
Aug 17 02:12:42.184390 n-d-800089-22 devstack@placement-api.service[102311]: DEBUG placement.objects.research_context [req-2df4dbe1-4b88-4e6a-9a95-3889318fba70 req-62f4019f-7a8b-4971-9664-4cd1948b4edd service placement] found 2 providers with available 1 DISK_GB {{(pid=102311) get_provider_ids_matching /opt/stack/placement/placement/objects/research_context.py:549}}
Aug 17 02:12:42.184978 n-d-800089-22 devstack@placement-api.service[102311]: DEBUG placement.objects.research_context [req-2df4dbe1-4b88-4e6a-9a95-3889318fba70 req-62f4019f-7a8b-4971-9664-4cd1948b4edd service placement] found 2 providers with available 1024 MEMORY_MB {{(pid=102311) get_provider_ids_matching /opt/stack/placement/placement/objects/research_context.py:549}}
Aug 17 02:12:42.185411 n-d-800089-22 devstack@placement-api.service[102311]: DEBUG placement.objects.research_context [req-2df4dbe1-4b88-4e6a-9a95-3889318fba70 req-62f4019f-7a8b-4971-9664-4cd1948b4edd service placement] found 2 providers after filtering by previous result {{(pid=102311) get_provider_ids_matching /opt/stack/placement/placement/objects/research_context.py:580}}
Aug 17 02:12:42.185847 n-d-800089-22 devstack@placement-api.service[102311]: DEBUG placement.objects.research_context [req-2df4dbe1-4b88-4e6a-9a95-3889318fba70 req-62f4019f-7a8b-4971-9664-4cd1948b4edd service placement] found 2 providers with available 1 VCPU {{(pid=102311) get_provider_ids_matching /opt/stack/placement/placement/objects/research_context.py:549}}
Aug 17 02:12:42.186330 n-d-800089-22 devstack@placement-api.service[102311]: DEBUG placement.objects.research_context [req-2df4dbe1-4b88-4e6a-9a95-3889318fba70 req-62f4019f-7a8b-4971-9664-4cd1948b4edd service placement] found 2 providers after filtering by previous result {{(pid=102311) get_provider_ids_matching /opt/stack/placement/placement/objects/research_context.py:580}}
Aug 17 02:12:42.199442 n-d-800089-22 devstack@placement-api.service[102311]: DEBUG placement.objects.allocation_candidate [req-2df4dbe1-4b88-4e6a-9a95-3889318fba70 req-62f4019f-7a8b-4971-9664-4cd1948b4edd service placement] RequestGroup(use_same_provider=False, resources={DISK_GB:1, MEMORY_MB:1024, VCPU:1}, traits=[], aggregates=[]) (suffix '') returned 2 matches {{(pid=102311) _get_by_requests /opt/stack/placement/placement/objects/allocation_candidate.py:145}}
Aug 17 02:12:42.199815 n-d-800089-22 devstack@placement-api.service[102311]: DEBUG placement.objects.allocation_candidate [req-2df4dbe1-4b88-4e6a-9a95-3889318fba70 req-62f4019f-7a8b-4971-9664-4cd1948b4edd service placement] Merging candidates yields 2 allocation requests and 2 provider summaries {{(pid=102311) _merge_candidates /opt/stack/placement/placement/objects/allocation_candidate.py:783}}
Aug 17 02:12:42.201358 n-d-800089-22 devstack@placement-api.service[102311]: INFO placement.requestlog [req-2df4dbe1-4b88-4e6a-9a95-3889318fba70 req-62f4019f-7a8b-4971-9664-4cd1948b4edd service placement] 10.222.0.36 "GET /placement/allocation_candidates?limit=1000&resources=DISK_GB%3A1%2CMEMORY_MB%3A1024%2CVCPU%3A1&root_required=%21COMPUTE_STATUS_DISABLED" status: 200 len: 1309 microversion: 1.36
Aug 17 02:12:42.201992 n-d-800089-22 devstack@placement-api.service[102311]: [pid: 102311|app: 0|req: 503/1027] 10.222.0.36 () {60 vars in 1507 bytes} [Tue Aug 17 02:12:42 2021] GET /placement/allocation_candidates?limit=1000&resources=DISK_GB%3A1%2CMEMORY_MB%3A1024%2CVCPU%3A1&root_required=%21COMPUTE_STATUS_DISABLED => generated 1309 bytes in 79 msecs (HTTP/1.1 200) 8 headers in 297 bytes (1 switches on core 0)
Aug 17 02:12:42.299834 n-d-800089-22 devstack@placement-api.service[102312]: DEBUG placement.requestlog [req-2df4dbe1-4b88-4e6a-9a95-3889318fba70 req-4430b1b7-4e6d-4163-a9d3-d3eba3489772 None None] Starting request: 10.222.0.36 "GET /placement/allocations/ddedbc68-4c34-4dc9-af1c-4171d3c45452" {{(pid=102312) __call__ /opt/stack/placement/placement/requestlog.py:55}}
Aug 17 02:12:42.311898 n-d-800089-22 devstack@placement-api.service[102312]: INFO placement.requestlog [req-2df4dbe1-4b88-4e6a-9a95-3889318fba70 req-4430b1b7-4e6d-4163-a9d3-d3eba3489772 service placement] 10.222.0.36 "GET /placement/allocations/ddedbc68-4c34-4dc9-af1c-4171d3c45452" status: 200 len: 19 microversion: 1.28
Aug 17 02:12:42.318796 n-d-800089-22 devstack@placement-api.service[102312]: [pid: 102312|app: 0|req: 525/1028] 10.222.0.36 () {60 vars in 1381 bytes} [Tue Aug 17 02:12:42 2021] GET /placement/allocations/ddedbc68-4c34-4dc9-af1c-4171d3c45452 => generated 19 bytes in 17 msecs (HTTP/1.1 200) 8 headers in 295 bytes (2 switches on core 0)
Aug 17 02:12:42.322384 n-d-800089-22 devstack@placement-api.service[102311]: DEBUG placement.requestlog [req-2df4dbe1-4b88-4e6a-9a95-3889318fba70 req-fcb3d0ad-c0f6-48d1-b409-5518fb6eb6aa None None] Starting request: 10.222.0.36 "PUT /placement/allocations/ddedbc68-4c34-4dc9-af1c-4171d3c45452" {{(pid=102311) __call__ /opt/stack/placement/placement/requestlog.py:55}}
Aug 17 02:12:42.597909 n-d-800089-22 devstack@placement-api.service[102311]: DEBUG placement.handlers.allocation [req-2df4dbe1-4b88-4e6a-9a95-3889318fba70 req-fcb3d0ad-c0f6-48d1-b409-5518fb6eb6aa service placement] Successfully wrote allocations [, , ] {{(pid=102311) _create_allocations /opt/stack/placement/placement/handlers/allocation.py:435}}
Aug 17 02:12:42.600280 n-d-800089-22 devstack@placement-api.service[102311]: INFO placement.requestlog [req-2df4dbe1-4b88-4e6a-9a95-3889318fba70 req-fcb3d0ad-c0f6-48d1-b409-5518fb6eb6aa service placement] 10.222.0.36 "PUT /placement/allocations/ddedbc68-4c34-4dc9-af1c-4171d3c45452" status: 204 len: 0 microversion: 1.36
Aug 17 02:12:42.601062 n-d-800089-22 devstack@placement-api.service[102311]: [pid: 102311|app: 0|req: 504/1029] 10.222.0.36 () {64 vars in 1434 bytes} [Tue Aug 17 02:12:42 2021] PUT /placement/allocations/ddedbc68-4c34-4dc9-af1c-4171d3c45452 => generated 0 bytes in 279 msecs (HTTP/1.1 204) 5 headers in 199 bytes (1 switches on core 0)
Aug 17 02:12:43.620646 n-d-800089-22 devstack@placement-api.service[102312]: DEBUG placement.requestlog [req-2df4dbe1-4b88-4e6a-9a95-3889318fba70 req-ff401952-18db-4293-8f6c-99b7456b4d7b None None] Starting request: 10.222.0.49 "GET /placement/allocations/ddedbc68-4c34-4dc9-af1c-4171d3c45452" {{(pid=102312) __call__ /opt/stack/placement/placement/requestlog.py:55}}
Aug 17 02:12:43.676960 n-d-800089-22 devstack@placement-api.service[102312]: INFO placement.requestlog [req-2df4dbe1-4b88-4e6a-9a95-3889318fba70 req-ff401952-18db-4293-8f6c-99b7456b4d7b service placement] 10.222.0.49 "GET /placement/allocations/ddedbc68-4c34-4dc9-af1c-4171d3c45452" status: 200 len: 260 microversion: 1.28
Aug 17 02:12:43.677198 n-d-800089-22 devstack@placement-api.service[102312]: [pid: 102312|app: 0|req: 526/1030] 10.222.0.49 () {60 vars in 1378 bytes} [Tue Aug 17 02:12:43 2021] GET /placement/allocations/ddedbc68-4c34-4dc9-af1c-4171d3c45452 => generated 260 bytes in 57 msecs (HTTP/1.1 200) 8 headers in 296 bytes (1 switches on core 0)
Aug 17 02:12:46.195474 n-d-800089-22 devstack@placement-api.service[102311]: DEBUG placement.requestlog [req-d46af402-481e-4cb9-b6f7-c24845258ccd req-a39bb852-edcf-4f1c-a5f7-6f46d2319fe7 None None] Starting request: 10.222.0.49 "GET /placement/allocations/3415f915-653b-4ec7-97ce-07b17f3c2746" {{(pid=102311) __call__ /opt/stack/placement/placement/requestlog.py:55}}
Aug 17 02:12:46.216554 n-d-800089-22 devstack@placement-api.service[102311]: INFO placement.requestlog [req-d46af402-481e-4cb9-b6f7-c24845258ccd req-a39bb852-edcf-4f1c-a5f7-6f46d2319fe7 service placement] 10.222.0.49 "GET /placement/allocations/3415f915-653b-4ec7-97ce-07b17f3c2746" status: 200 len: 260 microversion: 1.28
Aug 17 02:12:46.217343 n-d-800089-22 devstack@placement-api.service[102311]: [pid: 102311|app: 0|req: 505/1031] 10.222.0.49 () {60 vars in 1378 bytes} [Tue Aug 17 02:12:46 2021] GET /placement/allocations/3415f915-653b-4ec7-97ce-07b17f3c2746 => generated 260 bytes in 22 msecs (HTTP/1.1 200) 8 headers in 296 bytes (1 switches on core 0)
Aug 17 02:12:46.229220 n-d-800089-22 devstack@placement-api.service[102312]: DEBUG placement.requestlog [req-d46af402-481e-4cb9-b6f7-c24845258ccd req-e11016cc-7c92-4e74-9f36-3b922ba97e45 None None] Starting request: 10.222.0.49 "PUT /placement/allocations/3415f915-653b-4ec7-97ce-07b17f3c2746" {{(pid=102312) __call__ /opt/stack/placement/placement/requestlog.py:55}}
Aug 17 02:12:46.357497 n-d-800089-22 devstack@placement-api.service[102312]: DEBUG placement.handlers.allocation [req-d46af402-481e-4cb9-b6f7-c24845258ccd req-e11016cc-7c92-4e74-9f36-3b922ba97e45 service placement] Successfully wrote allocations [, , ] {{(pid=102312) _create_allocations /opt/stack/placement/placement/handlers/allocation.py:435}}
Aug 17 02:12:46.358021 n-d-800089-22 devstack@placement-api.service[102312]: INFO placement.requestlog [req-d46af402-481e-4cb9-b6f7-c24845258ccd req-e11016cc-7c92-4e74-9f36-3b922ba97e45 service placement] 10.222.0.49 "PUT /placement/allocations/3415f915-653b-4ec7-97ce-07b17f3c2746" status: 204 len: 0 microversion: 1.28
Aug 17 02:12:46.358308 n-d-800089-22 devstack@placement-api.service[102312]: [pid: 102312|app: 0|req: 527/1032] 10.222.0.49 () {64 vars in 1431 bytes} [Tue Aug 17 02:12:46 2021] PUT /placement/allocations/3415f915-653b-4ec7-97ce-07b17f3c2746 => generated 0 bytes in 129 msecs (HTTP/1.1 204) 5 headers in 199 bytes (1 switches on core 0)
Aug 17 02:12:55.736467 n-d-800089-22 devstack@placement-api.service[102311]: DEBUG placement.requestlog [req-9031a22d-dd63-43e2-a25c-ab079e41acf9 req-21345e15-f1c3-49d5-9341-ba22a5d58e33 None None] Starting request: 10.222.0.24 "GET /placement/allocations/358a4ddd-3f41-4507-acdd-615ae5dcc598" {{(pid=102311) __call__ /opt/stack/placement/placement/requestlog.py:55}}
Aug 17 02:12:55.765360 n-d-800089-22 devstack@placement-api.service[102311]: INFO placement.requestlog [req-9031a22d-dd63-43e2-a25c-ab079e41acf9 req-21345e15-f1c3-49d5-9341-ba22a5d58e33 service placement] 10.222.0.24 "GET /placement/allocations/358a4ddd-3f41-4507-acdd-615ae5dcc598" status: 200 len: 260 microversion: 1.28
Aug 17 02:12:55.766398 n-d-800089-22 devstack@placement-api.service[102311]: [pid: 102311|app: 0|req: 506/1033] 10.222.0.24 () {60 vars in 1378 bytes} [Tue Aug 17 02:12:55 2021] GET /placement/allocations/358a4ddd-3f41-4507-acdd-615ae5dcc598 => generated 260 bytes in 30 msecs (HTTP/1.1 200) 8 headers in 296 bytes (1 switches on core 0)
Aug 17 02:12:55.775779 n-d-800089-22 devstack@placement-api.service[102312]: DEBUG placement.requestlog [req-9031a22d-dd63-43e2-a25c-ab079e41acf9 req-8b564dbe-6079-4ba6-8dc0-518a7dd75d9d None None] Starting request: 10.222.0.24 "PUT /placement/allocations/358a4ddd-3f41-4507-acdd-615ae5dcc598" {{(pid=102312) __call__ /opt/stack/placement/placement/requestlog.py:55}}
Aug 17 02:12:55.882503 n-d-800089-22 devstack@placement-api.service[102312]: DEBUG placement.handlers.allocation [req-9031a22d-dd63-43e2-a25c-ab079e41acf9 req-8b564dbe-6079-4ba6-8dc0-518a7dd75d9d service placement] Successfully wrote allocations [, , ] {{(pid=102312) _create_allocations /opt/stack/placement/placement/handlers/allocation.py:435}}
Aug 17 02:12:55.883510 n-d-800089-22 devstack@placement-api.service[102312]: INFO placement.requestlog [req-9031a22d-dd63-43e2-a25c-ab079e41acf9 req-8b564dbe-6079-4ba6-8dc0-518a7dd75d9d service placement] 10.222.0.24 "PUT /placement/allocations/358a4ddd-3f41-4507-acdd-615ae5dcc598" status: 204 len: 0 microversion: 1.28
Aug 17 02:12:55.884244 n-d-800089-22 devstack@placement-api.service[102312]: [pid: 102312|app: 0|req: 528/1034] 10.222.0.24 () {64 vars in 1431 bytes} [Tue Aug 17 02:12:55 2021] PUT /placement/allocations/358a4ddd-3f41-4507-acdd-615ae5dcc598 => generated 0 bytes in 109 msecs (HTTP/1.1 204) 5 headers in 199 bytes (1 switches on core 0)
Aug 17 02:12:56.750117 n-d-800089-22 devstack@placement-api.service[102311]: DEBUG placement.requestlog [req-fe71bbae-66dc-4e80-9164-c2ea294c3686 req-ca0eacb2-f3b1-49de-8592-b4d47eec1e5f None None] Starting request: 10.222.0.24 "GET /placement/allocations/c251ac92-063f-471f-a531-5b5a4d114a31" {{(pid=102311) __call__ /opt/stack/placement/placement/requestlog.py:55}}
Aug 17 02:12:56.777818 n-d-800089-22 devstack@placement-api.service[102311]: INFO placement.requestlog [req-fe71bbae-66dc-4e80-9164-c2ea294c3686 req-ca0eacb2-f3b1-49de-8592-b4d47eec1e5f service placement] 10.222.0.24 "GET /placement/allocations/c251ac92-063f-471f-a531-5b5a4d114a31" status: 200 len: 260 microversion: 1.28
Aug 17 02:12:56.778369 n-d-800089-22 devstack@placement-api.service[102311]: [pid: 102311|app: 0|req: 507/1035] 10.222.0.24 () {60 vars in 1378 bytes} [Tue Aug 17 02:12:56 2021] GET /placement/allocations/c251ac92-063f-471f-a531-5b5a4d114a31 => generated 260 bytes in 28 msecs (HTTP/1.1 200) 8 headers in 296 bytes (1 switches on core 0)
Aug 17 02:12:56.781808 n-d-800089-22 devstack@placement-api.service[102312]: DEBUG placement.requestlog [req-e2d7d72e-096a-4763-b281-d105826184a8 req-5ec02450-1e61-4db9-a658-4788d974fe5e None None] Starting request: 10.222.0.36 "GET /placement/allocation_candidates?limit=1000&resources=DISK_GB%3A1%2CMEMORY_MB%3A1024%2CVCPU%3A1&root_required=%21COMPUTE_STATUS_DISABLED" {{(pid=102312) __call__ /opt/stack/placement/placement/requestlog.py:55}}
Aug 17 02:12:56.787199 n-d-800089-22 devstack@placement-api.service[102311]: DEBUG placement.requestlog [req-fe71bbae-66dc-4e80-9164-c2ea294c3686 req-5b6654df-da50-480a-b583-372922f9dae1 None None] Starting request: 10.222.0.24 "PUT /placement/allocations/c251ac92-063f-471f-a531-5b5a4d114a31" {{(pid=102311) __call__ /opt/stack/placement/placement/requestlog.py:55}}
Aug 17 02:12:56.859500 n-d-800089-22 devstack@placement-api.service[102312]: DEBUG placement.objects.research_context [req-e2d7d72e-096a-4763-b281-d105826184a8 req-5ec02450-1e61-4db9-a658-4788d974fe5e service placement] getting providers with 1 DISK_GB {{(pid=102312) __init__ /opt/stack/placement/placement/objects/research_context.py:126}}
Aug 17 02:12:56.871868 n-d-800089-22 devstack@placement-api.service[102312]: DEBUG placement.objects.research_context [req-e2d7d72e-096a-4763-b281-d105826184a8 req-5ec02450-1e61-4db9-a658-4788d974fe5e service placement] getting providers with 1024 MEMORY_MB {{(pid=102312) __init__ /opt/stack/placement/placement/objects/research_context.py:126}}
Aug 17 02:12:56.879416 n-d-800089-22 devstack@placement-api.service[102312]: DEBUG placement.objects.research_context [req-e2d7d72e-096a-4763-b281-d105826184a8 req-5ec02450-1e61-4db9-a658-4788d974fe5e service placement] getting providers with 1 VCPU {{(pid=102312) __init__ /opt/stack/placement/placement/objects/research_context.py:126}}
Aug 17 02:12:56.895443 n-d-800089-22 devstack@placement-api.service[102312]: DEBUG placement.objects.research_context [req-e2d7d72e-096a-4763-b281-d105826184a8 req-5ec02450-1e61-4db9-a658-4788d974fe5e service placement] found 2 providers with available 1 DISK_GB {{(pid=102312) get_provider_ids_matching /opt/stack/placement/placement/objects/research_context.py:549}}
Aug 17 02:12:56.896397 n-d-800089-22 devstack@placement-api.service[102312]: DEBUG placement.objects.research_context [req-e2d7d72e-096a-4763-b281-d105826184a8 req-5ec02450-1e61-4db9-a658-4788d974fe5e service placement] found 2 providers with available 1024 MEMORY_MB {{(pid=102312) get_provider_ids_matching /opt/stack/placement/placement/objects/research_context.py:549}}
Aug 17 02:12:56.896684 n-d-800089-22 devstack@placement-api.service[102312]: DEBUG placement.objects.research_context [req-e2d7d72e-096a-4763-b281-d105826184a8 req-5ec02450-1e61-4db9-a658-4788d974fe5e service placement] found 2 providers after filtering by previous result {{(pid=102312) get_provider_ids_matching /opt/stack/placement/placement/objects/research_context.py:580}}
Aug 17 02:12:56.896940 n-d-800089-22 devstack@placement-api.service[102312]: DEBUG placement.objects.research_context [req-e2d7d72e-096a-4763-b281-d105826184a8 req-5ec02450-1e61-4db9-a658-4788d974fe5e service placement] found 2 providers with available 1 VCPU {{(pid=102312) get_provider_ids_matching /opt/stack/placement/placement/objects/research_context.py:549}}
Aug 17 02:12:56.897206 n-d-800089-22 devstack@placement-api.service[102312]: DEBUG placement.objects.research_context [req-e2d7d72e-096a-4763-b281-d105826184a8 req-5ec02450-1e61-4db9-a658-4788d974fe5e service placement] found 2 providers after filtering by previous result {{(pid=102312) get_provider_ids_matching /opt/stack/placement/placement/objects/research_context.py:580}}
Aug 17 02:12:56.908221 n-d-800089-22 devstack@placement-api.service[102312]: DEBUG placement.objects.allocation_candidate [req-e2d7d72e-096a-4763-b281-d105826184a8 req-5ec02450-1e61-4db9-a658-4788d974fe5e service placement] RequestGroup(use_same_provider=False, resources={DISK_GB:1, MEMORY_MB:1024, VCPU:1}, traits=[], aggregates=[]) (suffix '') returned 2 matches {{(pid=102312) _get_by_requests /opt/stack/placement/placement/objects/allocation_candidate.py:145}}
Aug 17 02:12:56.908595 n-d-800089-22 devstack@placement-api.service[102312]: DEBUG placement.objects.allocation_candidate [req-e2d7d72e-096a-4763-b281-d105826184a8 req-5ec02450-1e61-4db9-a658-4788d974fe5e service placement] Merging candidates yields 2 allocation requests and 2 provider summaries {{(pid=102312) _merge_candidates /opt/stack/placement/placement/objects/allocation_candidate.py:783}}
Aug 17 02:12:56.910166 n-d-800089-22 devstack@placement-api.service[102312]: INFO placement.requestlog [req-e2d7d72e-096a-4763-b281-d105826184a8 req-5ec02450-1e61-4db9-a658-4788d974fe5e service placement] 10.222.0.36 "GET /placement/allocation_candidates?limit=1000&resources=DISK_GB%3A1%2CMEMORY_MB%3A1024%2CVCPU%3A1&root_required=%21COMPUTE_STATUS_DISABLED" status: 200 len: 1309 microversion: 1.36
Aug 17 02:12:56.911227 n-d-800089-22 devstack@placement-api.service[102312]: [pid: 102312|app: 0|req: 529/1036] 10.222.0.36 () {60 vars in 1507 bytes} [Tue Aug 17 02:12:56 2021] GET /placement/allocation_candidates?limit=1000&resources=DISK_GB%3A1%2CMEMORY_MB%3A1024%2CVCPU%3A1&root_required=%21COMPUTE_STATUS_DISABLED => generated 1309 bytes in 130 msecs (HTTP/1.1 200) 8 headers in 297 bytes (2 switches on core 0)
Aug 17 02:12:56.950346 n-d-800089-22 devstack@placement-api.service[102311]: DEBUG placement.handlers.allocation [req-fe71bbae-66dc-4e80-9164-c2ea294c3686 req-5b6654df-da50-480a-b583-372922f9dae1 service placement] Successfully wrote allocations [, , ] {{(pid=102311) _create_allocations /opt/stack/placement/placement/handlers/allocation.py:435}}
Aug 17 02:12:56.975112 n-d-800089-22 devstack@placement-api.service[102311]: INFO placement.requestlog [req-fe71bbae-66dc-4e80-9164-c2ea294c3686 req-5b6654df-da50-480a-b583-372922f9dae1 service placement] 10.222.0.24 "PUT /placement/allocations/c251ac92-063f-471f-a531-5b5a4d114a31" status: 204 len: 0 microversion: 1.28
Aug 17 02:12:56.975112 n-d-800089-22 devstack@placement-api.service[102311]: [pid: 102311|app: 0|req: 508/1037] 10.222.0.24 () {64 vars in 1431 bytes} [Tue Aug 17 02:12:56 2021] PUT /placement/allocations/c251ac92-063f-471f-a531-5b5a4d114a31 => generated 0 bytes in 164 msecs (HTTP/1.1 204) 5 headers in 199 bytes (2 switches on core 0)
Aug 17 02:12:56.977242 n-d-800089-22 devstack@placement-api.service[102312]: DEBUG placement.requestlog [req-e2d7d72e-096a-4763-b281-d105826184a8 req-ea69b8f5-996d-4ea4-92cf-dc3bf06269e0 None None] Starting request: 10.222.0.36 "GET /placement/allocations/8999a680-ed40-4e96-9340-6b3d8d7a76d1" {{(pid=102312) __call__ /opt/stack/placement/placement/requestlog.py:55}}
Aug 17 02:12:56.984403 n-d-800089-22 devstack@placement-api.service[102312]: INFO placement.requestlog [req-e2d7d72e-096a-4763-b281-d105826184a8 req-ea69b8f5-996d-4ea4-92cf-dc3bf06269e0 service placement] 10.222.0.36 "GET /placement/allocations/8999a680-ed40-4e96-9340-6b3d8d7a76d1" status: 200 len: 19 microversion: 1.28
Aug 17 02:12:56.984900 n-d-800089-22 devstack@placement-api.service[102312]: [pid: 102312|app: 0|req: 530/1038] 10.222.0.36 () {60 vars in 1381 bytes} [Tue Aug 17 02:12:56 2021] GET /placement/allocations/8999a680-ed40-4e96-9340-6b3d8d7a76d1 => generated 19 bytes in 17 msecs (HTTP/1.1 200) 8 headers in 295 bytes (1 switches on core 0)
Aug 17 02:12:56.992912 n-d-800089-22 devstack@placement-api.service[102311]: DEBUG placement.requestlog [req-e2d7d72e-096a-4763-b281-d105826184a8 req-6b01df53-ee53-4a11-ba5c-3d360b0e15f6 None None] Starting request: 10.222.0.36 "PUT /placement/allocations/8999a680-ed40-4e96-9340-6b3d8d7a76d1" {{(pid=102311) __call__ /opt/stack/placement/placement/requestlog.py:55}}
Aug 17 02:12:57.454330 n-d-800089-22 devstack@placement-api.service[102311]: DEBUG placement.handlers.allocation [req-e2d7d72e-096a-4763-b281-d105826184a8 req-6b01df53-ee53-4a11-ba5c-3d360b0e15f6 service placement] Successfully wrote allocations [, , ] {{(pid=102311) _create_allocations /opt/stack/placement/placement/handlers/allocation.py:435}}
Aug 17 02:12:57.455013 n-d-800089-22 devstack@placement-api.service[102311]: INFO placement.requestlog [req-e2d7d72e-096a-4763-b281-d105826184a8 req-6b01df53-ee53-4a11-ba5c-3d360b0e15f6 service placement] 10.222.0.36 "PUT /placement/allocations/8999a680-ed40-4e96-9340-6b3d8d7a76d1" status: 204 len: 0 microversion: 1.36
Aug 17 02:12:57.455405 n-d-800089-22 devstack@placement-api.service[102311]: [pid: 102311|app: 0|req: 509/1039] 10.222.0.36 () {64 vars in 1434 bytes} [Tue Aug 17 02:12:56 2021] PUT /placement/allocations/8999a680-ed40-4e96-9340-6b3d8d7a76d1 => generated 0 bytes in 463 msecs (HTTP/1.1 204) 5 headers in 199 bytes (1 switches on core 0)
Aug 17 02:12:58.591330 n-d-800089-22 devstack@placement-api.service[102312]: DEBUG placement.requestlog [req-e2d7d72e-096a-4763-b281-d105826184a8 req-01b56436-8d58-4bcf-9217-add3774e012d None None] Starting request: 10.222.0.24 "GET /placement/allocations/8999a680-ed40-4e96-9340-6b3d8d7a76d1" {{(pid=102312) __call__ /opt/stack/placement/placement/requestlog.py:55}}
Aug 17 02:12:58.617504 n-d-800089-22 devstack@placement-api.service[102312]: INFO placement.requestlog [req-e2d7d72e-096a-4763-b281-d105826184a8 req-01b56436-8d58-4bcf-9217-add3774e012d service placement] 10.222.0.24 "GET /placement/allocations/8999a680-ed40-4e96-9340-6b3d8d7a76d1" status: 200 len: 260 microversion: 1.28
Aug 17 02:12:58.618106 n-d-800089-22 devstack@placement-api.service[102312]: [pid: 102312|app: 0|req: 531/1040] 10.222.0.24 () {60 vars in 1378 bytes} [Tue Aug 17 02:12:58 2021] GET /placement/allocations/8999a680-ed40-4e96-9340-6b3d8d7a76d1 => generated 260 bytes in 27 msecs (HTTP/1.1 200) 8 headers in 296 bytes (1 switches on core 0)
Aug 17 02:13:00.589648 n-d-800089-22 devstack@placement-api.service[102311]: DEBUG placement.requestlog [req-8893c74b-b495-4833-ba14-48cdc633414a req-c9aa878a-2be6-430e-a315-2bbe5159ff1b None None] Starting request: 10.222.0.49 "GET /placement/allocations/8f3ae04c-c45d-413a-b708-2fe018cdc70b" {{(pid=102311) __call__ /opt/stack/placement/placement/requestlog.py:55}}
Aug 17 02:13:00.609399 n-d-800089-22 devstack@placement-api.service[102311]: INFO placement.requestlog [req-8893c74b-b495-4833-ba14-48cdc633414a req-c9aa878a-2be6-430e-a315-2bbe5159ff1b service placement] 10.222.0.49 "GET /placement/allocations/8f3ae04c-c45d-413a-b708-2fe018cdc70b" status: 200 len: 260 microversion: 1.28
Aug 17 02:13:00.609399 n-d-800089-22 devstack@placement-api.service[102311]: [pid: 102311|app: 0|req: 510/1041] 10.222.0.49 () {60 vars in 1378 bytes} [Tue Aug 17 02:13:00 2021] GET /placement/allocations/8f3ae04c-c45d-413a-b708-2fe018cdc70b => generated 260 bytes in 20 msecs (HTTP/1.1 200) 8 headers in 296 bytes (1 switches on core 0)
Aug 17 02:13:00.618643 n-d-800089-22 devstack@placement-api.service[102312]: DEBUG placement.requestlog [req-8893c74b-b495-4833-ba14-48cdc633414a req-f9d132ef-e2c8-42ad-8b3b-fbd6918cbbed None None] Starting request: 10.222.0.49 "PUT /placement/allocations/8f3ae04c-c45d-413a-b708-2fe018cdc70b" {{(pid=102312) __call__ /opt/stack/placement/placement/requestlog.py:55}}
Aug 17 02:13:00.733882 n-d-800089-22 devstack@placement-api.service[102312]: DEBUG placement.handlers.allocation [req-8893c74b-b495-4833-ba14-48cdc633414a req-f9d132ef-e2c8-42ad-8b3b-fbd6918cbbed service placement] Successfully wrote allocations [, , ] {{(pid=102312) _create_allocations /opt/stack/placement/placement/handlers/allocation.py:435}}
Aug 17 02:13:00.734423 n-d-800089-22 devstack@placement-api.service[102312]: INFO placement.requestlog [req-8893c74b-b495-4833-ba14-48cdc633414a req-f9d132ef-e2c8-42ad-8b3b-fbd6918cbbed service placement] 10.222.0.49 "PUT /placement/allocations/8f3ae04c-c45d-413a-b708-2fe018cdc70b" status: 204 len: 0 microversion: 1.28
Aug 17 02:13:00.734675 n-d-800089-22 devstack@placement-api.service[102312]: [pid: 102312|app: 0|req: 532/1042] 10.222.0.49 () {64 vars in 1431 bytes} [Tue Aug 17 02:13:00 2021] PUT /placement/allocations/8f3ae04c-c45d-413a-b708-2fe018cdc70b => generated 0 bytes in 117 msecs (HTTP/1.1 204) 5 headers in 199 bytes (2 switches on core 0)
Aug 17 02:13:03.161542 n-d-800089-22 devstack@placement-api.service[102311]: DEBUG placement.requestlog [req-b39dd929-a469-4a0f-8dec-45c578f74ecf req-96c44cc0-fd9b-4e7f-8576-f8ad811a3963 None None] Starting request: 10.222.0.49 "GET /placement/allocations/ddedbc68-4c34-4dc9-af1c-4171d3c45452" {{(pid=102311) __call__ /opt/stack/placement/placement/requestlog.py:55}}
Aug 17 02:13:03.208363 n-d-800089-22 devstack@placement-api.service[102311]: INFO placement.requestlog [req-b39dd929-a469-4a0f-8dec-45c578f74ecf req-96c44cc0-fd9b-4e7f-8576-f8ad811a3963 service placement] 10.222.0.49 "GET /placement/allocations/ddedbc68-4c34-4dc9-af1c-4171d3c45452" status: 200 len: 260 microversion: 1.28
Aug 17 02:13:03.210500 n-d-800089-22 devstack@placement-api.service[102311]: [pid: 102311|app: 0|req: 511/1043] 10.222.0.49 () {60 vars in 1378 bytes} [Tue Aug 17 02:13:03 2021] GET /placement/allocations/ddedbc68-4c34-4dc9-af1c-4171d3c45452 => generated 260 bytes in 50 msecs (HTTP/1.1 200) 8 headers in 296 bytes (1 switches on core 0)
Aug 17 02:13:03.249434 n-d-800089-22 devstack@placement-api.service[102312]: DEBUG placement.requestlog [req-b39dd929-a469-4a0f-8dec-45c578f74ecf req-0ca9f35c-e665-4899-a48e-1f1b7410fb65 None None] Starting request: 10.222.0.49 "PUT /placement/allocations/ddedbc68-4c34-4dc9-af1c-4171d3c45452" {{(pid=102312) __call__ /opt/stack/placement/placement/requestlog.py:55}}
Aug 17 02:13:03.436611 n-d-800089-22 devstack@placement-api.service[102312]: DEBUG placement.handlers.allocation [req-b39dd929-a469-4a0f-8dec-45c578f74ecf req-0ca9f35c-e665-4899-a48e-1f1b7410fb65 service placement] Successfully wrote allocations [, , ] {{(pid=102312) _create_allocations /opt/stack/placement/placement/handlers/allocation.py:435}}
Aug 17 02:13:03.437349 n-d-800089-22 devstack@placement-api.service[102312]: INFO placement.requestlog [req-b39dd929-a469-4a0f-8dec-45c578f74ecf req-0ca9f35c-e665-4899-a48e-1f1b7410fb65 service placement] 10.222.0.49 "PUT /placement/allocations/ddedbc68-4c34-4dc9-af1c-4171d3c45452" status: 204 len: 0 microversion: 1.28
Aug 17 02:13:03.438079 n-d-800089-22 devstack@placement-api.service[102312]: [pid: 102312|app: 0|req: 533/1044] 10.222.0.49 () {64 vars in 1431 bytes} [Tue Aug 17 02:13:03 2021] PUT /placement/allocations/ddedbc68-4c34-4dc9-af1c-4171d3c45452 => generated 0 bytes in 189 msecs (HTTP/1.1 204) 5 headers in 199 bytes (1 switches on core 0)
Aug 17 02:13:07.616483 n-d-800089-22 devstack@placement-api.service[102311]: DEBUG placement.requestlog [req-721732b6-937a-47c3-a419-5931a52080f8 req-8e50c74c-399f-4e70-8ecc-17a27acbf388 None None] Starting request: 10.222.0.36 "GET /placement/allocation_candidates?limit=1000&resources=DISK_GB%3A1%2CMEMORY_MB%3A1024%2CVCPU%3A1&root_required=%21COMPUTE_STATUS_DISABLED" {{(pid=102311) __call__ /opt/stack/placement/placement/requestlog.py:55}}
Aug 17 02:13:07.680097 n-d-800089-22 devstack@placement-api.service[102311]: DEBUG placement.objects.research_context [req-721732b6-937a-47c3-a419-5931a52080f8 req-8e50c74c-399f-4e70-8ecc-17a27acbf388 service placement] getting providers with 1 DISK_GB {{(pid=102311) __init__ /opt/stack/placement/placement/objects/research_context.py:126}}
Aug 17 02:13:07.719423 n-d-800089-22 devstack@placement-api.service[102311]: DEBUG placement.objects.research_context [req-721732b6-937a-47c3-a419-5931a52080f8 req-8e50c74c-399f-4e70-8ecc-17a27acbf388 service placement] getting providers with 1024 MEMORY_MB {{(pid=102311) __init__ /opt/stack/placement/placement/objects/research_context.py:126}}
Aug 17 02:13:07.736527 n-d-800089-22 devstack@placement-api.service[102311]: DEBUG placement.objects.research_context [req-721732b6-937a-47c3-a419-5931a52080f8 req-8e50c74c-399f-4e70-8ecc-17a27acbf388 service placement] getting providers with 1 VCPU {{(pid=102311) __init__ /opt/stack/placement/placement/objects/research_context.py:126}}
Aug 17 02:13:07.760315 n-d-800089-22 devstack@placement-api.service[102311]: DEBUG placement.objects.research_context [req-721732b6-937a-47c3-a419-5931a52080f8 req-8e50c74c-399f-4e70-8ecc-17a27acbf388 service placement] found 2 providers with available 1 DISK_GB {{(pid=102311) get_provider_ids_matching /opt/stack/placement/placement/objects/research_context.py:549}}
Aug 17 02:13:07.760985 n-d-800089-22 devstack@placement-api.service[102311]: DEBUG placement.objects.research_context [req-721732b6-937a-47c3-a419-5931a52080f8 req-8e50c74c-399f-4e70-8ecc-17a27acbf388 service placement] found 2 providers with available 1024 MEMORY_MB {{(pid=102311) get_provider_ids_matching /opt/stack/placement/placement/objects/research_context.py:549}}
Aug 17 02:13:07.761368 n-d-800089-22 devstack@placement-api.service[102311]: DEBUG placement.objects.research_context [req-721732b6-937a-47c3-a419-5931a52080f8 req-8e50c74c-399f-4e70-8ecc-17a27acbf388 service placement] found 2 providers after filtering by previous result {{(pid=102311) get_provider_ids_matching /opt/stack/placement/placement/objects/research_context.py:580}}
Aug 17 02:13:07.761714 n-d-800089-22 devstack@placement-api.service[102311]: DEBUG placement.objects.research_context [req-721732b6-937a-47c3-a419-5931a52080f8 req-8e50c74c-399f-4e70-8ecc-17a27acbf388 service placement] found 2 providers with available 1 VCPU {{(pid=102311) get_provider_ids_matching /opt/stack/placement/placement/objects/research_context.py:549}}
Aug 17 02:13:07.762117 n-d-800089-22 devstack@placement-api.service[102311]: DEBUG placement.objects.research_context [req-721732b6-937a-47c3-a419-5931a52080f8 req-8e50c74c-399f-4e70-8ecc-17a27acbf388 service placement] found 2 providers after filtering by previous result {{(pid=102311) get_provider_ids_matching /opt/stack/placement/placement/objects/research_context.py:580}}
Aug 17 02:13:07.784058 n-d-800089-22 devstack@placement-api.service[102311]: DEBUG placement.objects.allocation_candidate [req-721732b6-937a-47c3-a419-5931a52080f8 req-8e50c74c-399f-4e70-8ecc-17a27acbf388 service placement] RequestGroup(use_same_provider=False, resources={DISK_GB:1, MEMORY_MB:1024, VCPU:1}, traits=[], aggregates=[]) (suffix '') returned 2 matches {{(pid=102311) _get_by_requests /opt/stack/placement/placement/objects/allocation_candidate.py:145}}
Aug 17 02:13:07.786062 n-d-800089-22 devstack@placement-api.service[102311]: DEBUG placement.objects.allocation_candidate [req-721732b6-937a-47c3-a419-5931a52080f8 req-8e50c74c-399f-4e70-8ecc-17a27acbf388 service placement] Merging candidates yields 2 allocation requests and 2 provider summaries {{(pid=102311) _merge_candidates /opt/stack/placement/placement/objects/allocation_candidate.py:783}}
Aug 17 02:13:07.792829 n-d-800089-22 devstack@placement-api.service[102311]: INFO placement.requestlog [req-721732b6-937a-47c3-a419-5931a52080f8 req-8e50c74c-399f-4e70-8ecc-17a27acbf388 service placement] 10.222.0.36 "GET /placement/allocation_candidates?limit=1000&resources=DISK_GB%3A1%2CMEMORY_MB%3A1024%2CVCPU%3A1&root_required=%21COMPUTE_STATUS_DISABLED" status: 200 len: 1306 microversion: 1.36
Aug 17 02:13:07.793605 n-d-800089-22 devstack@placement-api.service[102311]: [pid: 102311|app: 0|req: 512/1045] 10.222.0.36 () {60 vars in 1507 bytes} [Tue Aug 17 02:13:07 2021] GET /placement/allocation_candidates?limit=1000&resources=DISK_GB%3A1%2CMEMORY_MB%3A1024%2CVCPU%3A1&root_required=%21COMPUTE_STATUS_DISABLED => generated 1306 bytes in 177 msecs (HTTP/1.1 200) 8 headers in 297 bytes (1 switches on core 0)
Aug 17 02:13:07.944837 n-d-800089-22 devstack@placement-api.service[102312]: DEBUG placement.requestlog [req-721732b6-937a-47c3-a419-5931a52080f8 req-2ca19d01-e5ad-4a25-916d-d3d7dd292ffe None None] Starting request: 10.222.0.36 "GET /placement/allocations/c477a0d1-b8f2-4046-893f-f31e6e96fe02" {{(pid=102312) __call__ /opt/stack/placement/placement/requestlog.py:55}}
Aug 17 02:13:07.974847 n-d-800089-22 devstack@placement-api.service[102312]: INFO placement.requestlog [req-721732b6-937a-47c3-a419-5931a52080f8 req-2ca19d01-e5ad-4a25-916d-d3d7dd292ffe service placement] 10.222.0.36 "GET /placement/allocations/c477a0d1-b8f2-4046-893f-f31e6e96fe02" status: 200 len: 19 microversion: 1.28
Aug 17 02:13:07.982069 n-d-800089-22 devstack@placement-api.service[102312]: [pid: 102312|app: 0|req: 534/1046] 10.222.0.36 () {60 vars in 1381 bytes} [Tue Aug 17 02:13:07 2021] GET /placement/allocations/c477a0d1-b8f2-4046-893f-f31e6e96fe02 => generated 19 bytes in 37 msecs (HTTP/1.1 200) 8 headers in 295 bytes (1 switches on core 0)
Aug 17 02:13:07.987730 n-d-800089-22 devstack@placement-api.service[102311]: DEBUG placement.requestlog [req-721732b6-937a-47c3-a419-5931a52080f8 req-86499f3b-4576-47b0-981b-79dd2544aad5 None None] Starting request: 10.222.0.36 "PUT /placement/allocations/c477a0d1-b8f2-4046-893f-f31e6e96fe02" {{(pid=102311) __call__ /opt/stack/placement/placement/requestlog.py:55}}
Aug 17 02:13:08.219461 n-d-800089-22 devstack@placement-api.service[102311]: DEBUG placement.handlers.allocation [req-721732b6-937a-47c3-a419-5931a52080f8 req-86499f3b-4576-47b0-981b-79dd2544aad5 service placement] Successfully wrote allocations [, , ] {{(pid=102311) _create_allocations /opt/stack/placement/placement/handlers/allocation.py:435}}
Aug 17 02:13:08.220438 n-d-800089-22 devstack@placement-api.service[102311]: INFO placement.requestlog [req-721732b6-937a-47c3-a419-5931a52080f8 req-86499f3b-4576-47b0-981b-79dd2544aad5 service placement] 10.222.0.36 "PUT /placement/allocations/c477a0d1-b8f2-4046-893f-f31e6e96fe02" status: 204 len: 0 microversion: 1.36
Aug 17 02:13:08.221588 n-d-800089-22 devstack@placement-api.service[102311]: [pid: 102311|app: 0|req: 513/1047] 10.222.0.36 () {64 vars in 1434 bytes} [Tue Aug 17 02:13:07 2021] PUT /placement/allocations/c477a0d1-b8f2-4046-893f-f31e6e96fe02 => generated 0 bytes in 234 msecs (HTTP/1.1 204) 5 headers in 199 bytes (1 switches on core 0)
Aug 17 02:13:09.203417 n-d-800089-22 devstack@placement-api.service[102312]: DEBUG placement.requestlog [req-721732b6-937a-47c3-a419-5931a52080f8 req-71a766cf-5da6-4dbd-8193-c4d14314b353 None None] Starting request: 10.222.0.49 "GET /placement/allocations/c477a0d1-b8f2-4046-893f-f31e6e96fe02" {{(pid=102312) __call__ /opt/stack/placement/placement/requestlog.py:55}}
Aug 17 02:13:09.218251 n-d-800089-22 devstack@placement-api.service[102312]: INFO placement.requestlog [req-721732b6-937a-47c3-a419-5931a52080f8 req-71a766cf-5da6-4dbd-8193-c4d14314b353 service placement] 10.222.0.49 "GET /placement/allocations/c477a0d1-b8f2-4046-893f-f31e6e96fe02" status: 200 len: 260 microversion: 1.28
Aug 17 02:13:09.218995 n-d-800089-22 devstack@placement-api.service[102312]: [pid: 102312|app: 0|req: 535/1048] 10.222.0.49 () {60 vars in 1378 bytes} [Tue Aug 17 02:13:09 2021] GET /placement/allocations/c477a0d1-b8f2-4046-893f-f31e6e96fe02 => generated 260 bytes in 15 msecs (HTTP/1.1 200) 8 headers in 296 bytes (1 switches on core 0)
Aug 17 02:13:20.905519 n-d-800089-22 devstack@placement-api.service[102311]: DEBUG placement.requestlog [req-1ed4c51e-5534-4786-9157-c47c99e531b5 req-a1f7098a-a79d-4860-af4d-d5131f4def88 None None] Starting request: 10.222.0.24 "GET /placement/allocations/8999a680-ed40-4e96-9340-6b3d8d7a76d1" {{(pid=102311) __call__ /opt/stack/placement/placement/requestlog.py:55}}
Aug 17 02:13:20.926246 n-d-800089-22 devstack@placement-api.service[102311]: INFO placement.requestlog [req-1ed4c51e-5534-4786-9157-c47c99e531b5 req-a1f7098a-a79d-4860-af4d-d5131f4def88 service placement] 10.222.0.24 "GET /placement/allocations/8999a680-ed40-4e96-9340-6b3d8d7a76d1" status: 200 len: 260 microversion: 1.28
Aug 17 02:13:20.926911 n-d-800089-22 devstack@placement-api.service[102311]: [pid: 102311|app: 0|req: 514/1049] 10.222.0.24 () {60 vars in 1378 bytes} [Tue Aug 17 02:13:20 2021] GET /placement/allocations/8999a680-ed40-4e96-9340-6b3d8d7a76d1 => generated 260 bytes in 22 msecs (HTTP/1.1 200) 8 headers in 296 bytes (1 switches on core 0)
Aug 17 02:13:20.945713 n-d-800089-22 devstack@placement-api.service[102312]: DEBUG placement.requestlog [req-1ed4c51e-5534-4786-9157-c47c99e531b5 req-f8c788df-2b4a-4449-af12-53a8dc0d3144 None None] Starting request: 10.222.0.24 "PUT /placement/allocations/8999a680-ed40-4e96-9340-6b3d8d7a76d1" {{(pid=102312) __call__ /opt/stack/placement/placement/requestlog.py:55}}
Aug 17 02:13:21.084616 n-d-800089-22 devstack@placement-api.service[102312]: DEBUG placement.handlers.allocation [req-1ed4c51e-5534-4786-9157-c47c99e531b5 req-f8c788df-2b4a-4449-af12-53a8dc0d3144 service placement] Successfully wrote allocations [, , ] {{(pid=102312) _create_allocations /opt/stack/placement/placement/handlers/allocation.py:435}}
Aug 17 02:13:21.086084 n-d-800089-22 devstack@placement-api.service[102312]: INFO placement.requestlog [req-1ed4c51e-5534-4786-9157-c47c99e531b5 req-f8c788df-2b4a-4449-af12-53a8dc0d3144 service placement] 10.222.0.24 "PUT /placement/allocations/8999a680-ed40-4e96-9340-6b3d8d7a76d1" status: 204 len: 0 microversion: 1.28
Aug 17 02:13:21.089198 n-d-800089-22 devstack@placement-api.service[102312]: [pid: 102312|app: 0|req: 536/1050] 10.222.0.24 () {64 vars in 1431 bytes} [Tue Aug 17 02:13:20 2021] PUT /placement/allocations/8999a680-ed40-4e96-9340-6b3d8d7a76d1 => generated 0 bytes in 141 msecs (HTTP/1.1 204) 5 headers in 199 bytes (2 switches on core 0)
Aug 17 02:13:22.527803 n-d-800089-22 devstack@placement-api.service[102311]: DEBUG placement.requestlog [req-3b2235d6-e7b3-4ce9-94da-68cecf26db34 req-d9022044-c1d5-495a-b9ba-39c1c9b93b97 None None] Starting request: 10.222.0.49 "GET /placement/resource_providers/f762f9bc-afe1-4048-8712-623209b8bac1/allocations" {{(pid=102311) __call__ /opt/stack/placement/placement/requestlog.py:55}}
Aug 17 02:13:22.568363 n-d-800089-22 devstack@placement-api.service[102311]: INFO placement.requestlog [req-3b2235d6-e7b3-4ce9-94da-68cecf26db34 req-d9022044-c1d5-495a-b9ba-39c1c9b93b97 service placement] 10.222.0.49 "GET /placement/resource_providers/f762f9bc-afe1-4048-8712-623209b8bac1/allocations" status: 200 len: 155 microversion: 1.0
Aug 17 02:13:22.570196 n-d-800089-22 devstack@placement-api.service[102311]: [pid: 102311|app: 0|req: 515/1051] 10.222.0.49 () {58 vars in 1391 bytes} [Tue Aug 17 02:13:22 2021] GET /placement/resource_providers/f762f9bc-afe1-4048-8712-623209b8bac1/allocations => generated 155 bytes in 42 msecs (HTTP/1.1 200) 6 headers in 224 bytes (1 switches on core 0)
Aug 17 02:13:28.067072 n-d-800089-22 devstack@placement-api.service[102312]: DEBUG placement.requestlog [req-053f80a8-fcab-4d91-b84f-b1006e765b6a req-1debceb5-bbc3-48b9-9587-efdae11a1b66 None None] Starting request: 10.222.0.24 "GET /placement/resource_providers/963f8f0b-6562-45ba-a45f-65628246fdf7/allocations" {{(pid=102312) __call__ /opt/stack/placement/placement/requestlog.py:55}}
Aug 17 02:13:28.095119 n-d-800089-22 devstack@placement-api.service[102312]: INFO placement.requestlog [req-053f80a8-fcab-4d91-b84f-b1006e765b6a req-1debceb5-bbc3-48b9-9587-efdae11a1b66 service placement] 10.222.0.24 "GET /placement/resource_providers/963f8f0b-6562-45ba-a45f-65628246fdf7/allocations" status: 200 len: 256 microversion: 1.0
Aug 17 02:13:28.097786 n-d-800089-22 devstack@placement-api.service[102312]: [pid: 102312|app: 0|req: 537/1052] 10.222.0.24 () {58 vars in 1391 bytes} [Tue Aug 17 02:13:28 2021] GET /placement/resource_providers/963f8f0b-6562-45ba-a45f-65628246fdf7/allocations => generated 256 bytes in 28 msecs (HTTP/1.1 200) 6 headers in 224 bytes (1 switches on core 0)
Aug 17 02:13:31.991391 n-d-800089-22 devstack@placement-api.service[102311]: DEBUG placement.requestlog [req-3e18bd30-c1c0-44f5-94a1-eb50e52184ac req-ab218e69-4b2d-4ec6-8279-c54a800a2c1c None None] Starting request: 10.222.0.36 "GET /placement/allocation_candidates?limit=1000&resources=DISK_GB%3A1%2CMEMORY_MB%3A1024%2CVCPU%3A1&root_required=%21COMPUTE_STATUS_DISABLED" {{(pid=102311) __call__ /opt/stack/placement/placement/requestlog.py:55}}
Aug 17 02:13:32.031946 n-d-800089-22 devstack@placement-api.service[102312]: DEBUG placement.requestlog [req-1353612b-a9a9-4b78-b0ed-26a74f64a091 req-b22aa5b7-4b3a-43f8-ae29-f06a8ae99907 None None] Starting request: 10.222.0.49 "GET /placement/allocations/c477a0d1-b8f2-4046-893f-f31e6e96fe02" {{(pid=102312) __call__ /opt/stack/placement/placement/requestlog.py:55}}
Aug 17 02:13:32.049861 n-d-800089-22 devstack@placement-api.service[102311]: DEBUG placement.objects.research_context [req-3e18bd30-c1c0-44f5-94a1-eb50e52184ac req-ab218e69-4b2d-4ec6-8279-c54a800a2c1c service placement] getting providers with 1 DISK_GB {{(pid=102311) __init__ /opt/stack/placement/placement/objects/research_context.py:126}}
Aug 17 02:13:32.057849 n-d-800089-22 devstack@placement-api.service[102312]: INFO placement.requestlog [req-1353612b-a9a9-4b78-b0ed-26a74f64a091 req-b22aa5b7-4b3a-43f8-ae29-f06a8ae99907 service placement] 10.222.0.49 "GET /placement/allocations/c477a0d1-b8f2-4046-893f-f31e6e96fe02" status: 200 len: 260 microversion: 1.28
Aug 17 02:13:32.058076 n-d-800089-22 devstack@placement-api.service[102312]: [pid: 102312|app: 0|req: 538/1053] 10.222.0.49 () {60 vars in 1378 bytes} [Tue Aug 17 02:13:32 2021] GET /placement/allocations/c477a0d1-b8f2-4046-893f-f31e6e96fe02 => generated 260 bytes in 26 msecs (HTTP/1.1 200) 8 headers in 296 bytes (2 switches on core 0)
Aug 17 02:13:32.062242 n-d-800089-22 devstack@placement-api.service[102311]: DEBUG placement.objects.research_context [req-3e18bd30-c1c0-44f5-94a1-eb50e52184ac req-ab218e69-4b2d-4ec6-8279-c54a800a2c1c service placement] getting providers with 1024 MEMORY_MB {{(pid=102311) __init__ /opt/stack/placement/placement/objects/research_context.py:126}}
