Jul 22 20:07:14.343669 n-d-800089-13 nova-conductor[99321]: DEBUG oslo_service.service [None req-19d06474-5d3d-4a62-aed0-f6c7a9ea7381 None None] wsgi.keep_alive = True {{(pid=99321) log_opt_values /usr/local/lib/python3.8/dist-packages/oslo_config/cfg.py:2609}}
Jul 22 20:07:14.344137 n-d-800089-13 nova-conductor[99321]: DEBUG oslo_service.service [None req-19d06474-5d3d-4a62-aed0-f6c7a9ea7381 None None] wsgi.max_header_line = 16384 {{(pid=99321) log_opt_values /usr/local/lib/python3.8/dist-packages/oslo_config/cfg.py:2609}}
Jul 22 20:07:14.344608 n-d-800089-13 nova-conductor[99321]: DEBUG oslo_service.service [None req-19d06474-5d3d-4a62-aed0-f6c7a9ea7381 None None] wsgi.secure_proxy_ssl_header = None {{(pid=99321) log_opt_values /usr/local/lib/python3.8/dist-packages/oslo_config/cfg.py:2609}}
Jul 22 20:07:14.345065 n-d-800089-13 nova-conductor[99321]: DEBUG oslo_service.service [None req-19d06474-5d3d-4a62-aed0-f6c7a9ea7381 None None] wsgi.ssl_ca_file = None {{(pid=99321) log_opt_values /usr/local/lib/python3.8/dist-packages/oslo_config/cfg.py:2609}}
Jul 22 20:07:14.345542 n-d-800089-13 nova-conductor[99321]: DEBUG oslo_service.service [None req-19d06474-5d3d-4a62-aed0-f6c7a9ea7381 None None] wsgi.ssl_cert_file = None {{(pid=99321) log_opt_values /usr/local/lib/python3.8/dist-packages/oslo_config/cfg.py:2609}}
Jul 22 20:07:14.346000 n-d-800089-13 nova-conductor[99321]: DEBUG oslo_service.service [None req-19d06474-5d3d-4a62-aed0-f6c7a9ea7381 None None] wsgi.ssl_key_file = None {{(pid=99321) log_opt_values /usr/local/lib/python3.8/dist-packages/oslo_config/cfg.py:2609}}
Jul 22 20:07:14.346473 n-d-800089-13 nova-conductor[99321]: DEBUG oslo_service.service [None req-19d06474-5d3d-4a62-aed0-f6c7a9ea7381 None None] wsgi.tcp_keepidle = 600 {{(pid=99321) log_opt_values /usr/local/lib/python3.8/dist-packages/oslo_config/cfg.py:2609}}
Jul 22 20:07:14.346949 n-d-800089-13 nova-conductor[99321]: DEBUG oslo_service.service [None req-19d06474-5d3d-4a62-aed0-f6c7a9ea7381 None None] wsgi.wsgi_log_format = %(client_ip)s "%(request_line)s" status: %(status_code)s len: %(body_length)s time: %(wall_seconds).7f {{(pid=99321) log_opt_values /usr/local/lib/python3.8/dist-packages/oslo_config/cfg.py:2609}}
Jul 22 20:07:14.347432 n-d-800089-13 nova-conductor[99321]: DEBUG oslo_service.service [None req-19d06474-5d3d-4a62-aed0-f6c7a9ea7381 None None] zvm.ca_file = None {{(pid=99321) log_opt_values /usr/local/lib/python3.8/dist-packages/oslo_config/cfg.py:2609}}
Jul 22 20:07:14.347881 n-d-800089-13 nova-conductor[99321]: DEBUG oslo_service.service [None req-19d06474-5d3d-4a62-aed0-f6c7a9ea7381 None None] zvm.cloud_connector_url = None {{(pid=99321) log_opt_values /usr/local/lib/python3.8/dist-packages/oslo_config/cfg.py:2609}}
Jul 22 20:07:14.348445 n-d-800089-13 nova-conductor[99321]: DEBUG oslo_service.service [None req-19d06474-5d3d-4a62-aed0-f6c7a9ea7381 None None] zvm.image_tmp_path = /opt/stack/data/nova/images {{(pid=99321) log_opt_values /usr/local/lib/python3.8/dist-packages/oslo_config/cfg.py:2609}}
Jul 22 20:07:14.348905 n-d-800089-13 nova-conductor[99321]: DEBUG oslo_service.service [None req-19d06474-5d3d-4a62-aed0-f6c7a9ea7381 None None] zvm.reachable_timeout = 300 {{(pid=99321) log_opt_values /usr/local/lib/python3.8/dist-packages/oslo_config/cfg.py:2609}}
Jul 22 20:07:14.349425 n-d-800089-13 nova-conductor[99321]: DEBUG oslo_service.service [None req-19d06474-5d3d-4a62-aed0-f6c7a9ea7381 None None] oslo_policy.enforce_new_defaults = False {{(pid=99321) log_opt_values /usr/local/lib/python3.8/dist-packages/oslo_config/cfg.py:2609}}
Jul 22 20:07:14.349889 n-d-800089-13 nova-conductor[99321]: DEBUG oslo_service.service [None req-19d06474-5d3d-4a62-aed0-f6c7a9ea7381 None None] oslo_policy.enforce_scope = False {{(pid=99321) log_opt_values /usr/local/lib/python3.8/dist-packages/oslo_config/cfg.py:2609}}
Jul 22 20:07:14.350373 n-d-800089-13 nova-conductor[99321]: DEBUG oslo_service.service [None req-19d06474-5d3d-4a62-aed0-f6c7a9ea7381 None None] oslo_policy.policy_default_rule = default {{(pid=99321) log_opt_values /usr/local/lib/python3.8/dist-packages/oslo_config/cfg.py:2609}}
Jul 22 20:07:14.350881 n-d-800089-13 nova-conductor[99321]: DEBUG oslo_service.service [None req-19d06474-5d3d-4a62-aed0-f6c7a9ea7381 None None] oslo_policy.policy_dirs = ['policy.d'] {{(pid=99321) log_opt_values /usr/local/lib/python3.8/dist-packages/oslo_config/cfg.py:2609}}
Jul 22 20:07:14.351359 n-d-800089-13 nova-conductor[99321]: DEBUG oslo_service.service [None req-19d06474-5d3d-4a62-aed0-f6c7a9ea7381 None None] oslo_policy.policy_file = policy.yaml {{(pid=99321) log_opt_values /usr/local/lib/python3.8/dist-packages/oslo_config/cfg.py:2609}}
Jul 22 20:07:14.351895 n-d-800089-13 nova-conductor[99321]: DEBUG oslo_service.service [None req-19d06474-5d3d-4a62-aed0-f6c7a9ea7381 None None] oslo_policy.remote_content_type = application/x-www-form-urlencoded {{(pid=99321) log_opt_values /usr/local/lib/python3.8/dist-packages/oslo_config/cfg.py:2609}}
Jul 22 20:07:14.352353 n-d-800089-13 nova-conductor[99321]: DEBUG oslo_service.service [None req-19d06474-5d3d-4a62-aed0-f6c7a9ea7381 None None] oslo_policy.remote_ssl_ca_crt_file = None {{(pid=99321) log_opt_values /usr/local/lib/python3.8/dist-packages/oslo_config/cfg.py:2609}}
Jul 22 20:07:14.352805 n-d-800089-13 nova-conductor[99321]: DEBUG oslo_service.service [None req-19d06474-5d3d-4a62-aed0-f6c7a9ea7381 None None] oslo_policy.remote_ssl_client_crt_file = None {{(pid=99321) log_opt_values /usr/local/lib/python3.8/dist-packages/oslo_config/cfg.py:2609}}
Jul 22 20:07:14.353256 n-d-800089-13 nova-conductor[99321]: DEBUG oslo_service.service [None req-19d06474-5d3d-4a62-aed0-f6c7a9ea7381 None None] oslo_policy.remote_ssl_client_key_file = None {{(pid=99321) log_opt_values /usr/local/lib/python3.8/dist-packages/oslo_config/cfg.py:2609}}
Jul 22 20:07:14.353713 n-d-800089-13 nova-conductor[99321]: DEBUG oslo_service.service [None req-19d06474-5d3d-4a62-aed0-f6c7a9ea7381 None None] oslo_policy.remote_ssl_verify_server_crt = False {{(pid=99321) log_opt_values /usr/local/lib/python3.8/dist-packages/oslo_config/cfg.py:2609}}
Jul 22 20:07:14.354199 n-d-800089-13 nova-conductor[99321]: DEBUG oslo_service.service [None req-19d06474-5d3d-4a62-aed0-f6c7a9ea7381 None None] oslo_versionedobjects.fatal_exception_format_errors = False {{(pid=99321) log_opt_values /usr/local/lib/python3.8/dist-packages/oslo_config/cfg.py:2609}}
Jul 22 20:07:14.354709 n-d-800089-13 nova-conductor[99321]: DEBUG oslo_service.service [None req-19d06474-5d3d-4a62-aed0-f6c7a9ea7381 None None] profiler.connection_string = messaging:// {{(pid=99321) log_opt_values /usr/local/lib/python3.8/dist-packages/oslo_config/cfg.py:2609}}
Jul 22 20:07:14.355181 n-d-800089-13 nova-conductor[99321]: DEBUG oslo_service.service [None req-19d06474-5d3d-4a62-aed0-f6c7a9ea7381 None None] profiler.enabled = False {{(pid=99321) log_opt_values /usr/local/lib/python3.8/dist-packages/oslo_config/cfg.py:2609}}
Jul 22 20:07:14.355696 n-d-800089-13 nova-conductor[99321]: DEBUG oslo_service.service [None req-19d06474-5d3d-4a62-aed0-f6c7a9ea7381 None None] profiler.es_doc_type = notification {{(pid=99321) log_opt_values /usr/local/lib/python3.8/dist-packages/oslo_config/cfg.py:2609}}
Jul 22 20:07:14.356172 n-d-800089-13 nova-conductor[99321]: DEBUG oslo_service.service [None req-19d06474-5d3d-4a62-aed0-f6c7a9ea7381 None None] profiler.es_scroll_size = 10000 {{(pid=99321) log_opt_values /usr/local/lib/python3.8/dist-packages/oslo_config/cfg.py:2609}}
Jul 22 20:07:14.356634 n-d-800089-13 nova-conductor[99321]: DEBUG oslo_service.service [None req-19d06474-5d3d-4a62-aed0-f6c7a9ea7381 None None] profiler.es_scroll_time = 2m {{(pid=99321) log_opt_values /usr/local/lib/python3.8/dist-packages/oslo_config/cfg.py:2609}}
Jul 22 20:07:14.357298 n-d-800089-13 nova-conductor[99321]: DEBUG oslo_service.service [None req-19d06474-5d3d-4a62-aed0-f6c7a9ea7381 None None] profiler.filter_error_trace = False {{(pid=99321) log_opt_values /usr/local/lib/python3.8/dist-packages/oslo_config/cfg.py:2609}}
Jul 22 20:07:14.357776 n-d-800089-13 nova-conductor[99321]: DEBUG oslo_service.service [None req-19d06474-5d3d-4a62-aed0-f6c7a9ea7381 None None] profiler.hmac_keys = SECRET_KEY {{(pid=99321) log_opt_values /usr/local/lib/python3.8/dist-packages/oslo_config/cfg.py:2609}}
Jul 22 20:07:14.358249 n-d-800089-13 nova-conductor[99321]: DEBUG oslo_service.service [None req-19d06474-5d3d-4a62-aed0-f6c7a9ea7381 None None] profiler.sentinel_service_name = mymaster {{(pid=99321) log_opt_values /usr/local/lib/python3.8/dist-packages/oslo_config/cfg.py:2609}}
Jul 22 20:07:14.358731 n-d-800089-13 nova-conductor[99321]: DEBUG oslo_service.service [None req-19d06474-5d3d-4a62-aed0-f6c7a9ea7381 None None] profiler.socket_timeout = 0.1 {{(pid=99321) log_opt_values /usr/local/lib/python3.8/dist-packages/oslo_config/cfg.py:2609}}
Jul 22 20:07:14.359190 n-d-800089-13 nova-conductor[99321]: DEBUG oslo_service.service [None req-19d06474-5d3d-4a62-aed0-f6c7a9ea7381 None None] profiler.trace_sqlalchemy = False {{(pid=99321) log_opt_values /usr/local/lib/python3.8/dist-packages/oslo_config/cfg.py:2609}}
Jul 22 20:07:14.359745 n-d-800089-13 nova-conductor[99321]: DEBUG oslo_service.service [None req-19d06474-5d3d-4a62-aed0-f6c7a9ea7381 None None] database.backend = sqlalchemy {{(pid=99321) log_opt_values /usr/local/lib/python3.8/dist-packages/oslo_config/cfg.py:2609}}
Jul 22 20:07:14.360192 n-d-800089-13 nova-conductor[99321]: DEBUG oslo_service.service [None req-19d06474-5d3d-4a62-aed0-f6c7a9ea7381 None None] database.connection = **** {{(pid=99321) log_opt_values /usr/local/lib/python3.8/dist-packages/oslo_config/cfg.py:2609}}
Jul 22 20:07:14.360660 n-d-800089-13 nova-conductor[99321]: DEBUG oslo_service.service [None req-19d06474-5d3d-4a62-aed0-f6c7a9ea7381 None None] database.connection_debug = 0 {{(pid=99321) log_opt_values /usr/local/lib/python3.8/dist-packages/oslo_config/cfg.py:2609}}
Jul 22 20:07:14.361653 n-d-800089-13 nova-conductor[99321]: DEBUG oslo_service.service [None req-19d06474-5d3d-4a62-aed0-f6c7a9ea7381 None None] database.connection_parameters = {{(pid=99321) log_opt_values /usr/local/lib/python3.8/dist-packages/oslo_config/cfg.py:2609}}
Jul 22 20:07:14.362115 n-d-800089-13 nova-conductor[99321]: DEBUG oslo_service.service [None req-19d06474-5d3d-4a62-aed0-f6c7a9ea7381 None None] database.connection_recycle_time = 3600 {{(pid=99321) log_opt_values /usr/local/lib/python3.8/dist-packages/oslo_config/cfg.py:2609}}
Jul 22 20:07:14.362576 n-d-800089-13 nova-conductor[99321]: DEBUG oslo_service.service [None req-19d06474-5d3d-4a62-aed0-f6c7a9ea7381 None None] database.connection_trace = False {{(pid=99321) log_opt_values /usr/local/lib/python3.8/dist-packages/oslo_config/cfg.py:2609}}
Jul 22 20:07:14.363044 n-d-800089-13 nova-conductor[99321]: DEBUG oslo_service.service [None req-19d06474-5d3d-4a62-aed0-f6c7a9ea7381 None None] database.db_inc_retry_interval = True {{(pid=99321) log_opt_values /usr/local/lib/python3.8/dist-packages/oslo_config/cfg.py:2609}}
Jul 22 20:07:14.363526 n-d-800089-13 nova-conductor[99321]: DEBUG oslo_service.service [None req-19d06474-5d3d-4a62-aed0-f6c7a9ea7381 None None] database.db_max_retries = 20 {{(pid=99321) log_opt_values /usr/local/lib/python3.8/dist-packages/oslo_config/cfg.py:2609}}
Jul 22 20:07:14.363983 n-d-800089-13 nova-conductor[99321]: DEBUG oslo_service.service [None req-19d06474-5d3d-4a62-aed0-f6c7a9ea7381 None None] database.db_max_retry_interval = 10 {{(pid=99321) log_opt_values /usr/local/lib/python3.8/dist-packages/oslo_config/cfg.py:2609}}
Jul 22 20:07:14.364441 n-d-800089-13 nova-conductor[99321]: DEBUG oslo_service.service [None req-19d06474-5d3d-4a62-aed0-f6c7a9ea7381 None None] database.db_retry_interval = 1 {{(pid=99321) log_opt_values /usr/local/lib/python3.8/dist-packages/oslo_config/cfg.py:2609}}
Jul 22 20:07:14.364917 n-d-800089-13 nova-conductor[99321]: DEBUG oslo_service.service [None req-19d06474-5d3d-4a62-aed0-f6c7a9ea7381 None None] database.max_overflow = 50 {{(pid=99321) log_opt_values /usr/local/lib/python3.8/dist-packages/oslo_config/cfg.py:2609}}
Jul 22 20:07:14.365369 n-d-800089-13 nova-conductor[99321]: DEBUG oslo_service.service [None req-19d06474-5d3d-4a62-aed0-f6c7a9ea7381 None None] database.max_pool_size = 5 {{(pid=99321) log_opt_values /usr/local/lib/python3.8/dist-packages/oslo_config/cfg.py:2609}}
Jul 22 20:07:14.365838 n-d-800089-13 nova-conductor[99321]: DEBUG oslo_service.service [None req-19d06474-5d3d-4a62-aed0-f6c7a9ea7381 None None] database.max_retries = 10 {{(pid=99321) log_opt_values /usr/local/lib/python3.8/dist-packages/oslo_config/cfg.py:2609}}
Jul 22 20:07:14.366292 n-d-800089-13 nova-conductor[99321]: DEBUG oslo_service.service [None req-19d06474-5d3d-4a62-aed0-f6c7a9ea7381 None None] database.mysql_enable_ndb = False {{(pid=99321) log_opt_values /usr/local/lib/python3.8/dist-packages/oslo_config/cfg.py:2609}}
Jul 22 20:07:14.366753 n-d-800089-13 nova-conductor[99321]: DEBUG oslo_service.service [None req-19d06474-5d3d-4a62-aed0-f6c7a9ea7381 None None] database.mysql_sql_mode = TRADITIONAL {{(pid=99321) log_opt_values /usr/local/lib/python3.8/dist-packages/oslo_config/cfg.py:2609}}
Jul 22 20:07:14.367211 n-d-800089-13 nova-conductor[99321]: DEBUG oslo_service.service [None req-19d06474-5d3d-4a62-aed0-f6c7a9ea7381 None None] database.pool_timeout = None {{(pid=99321) log_opt_values /usr/local/lib/python3.8/dist-packages/oslo_config/cfg.py:2609}}
Jul 22 20:07:14.367698 n-d-800089-13 nova-conductor[99321]: DEBUG oslo_service.service [None req-19d06474-5d3d-4a62-aed0-f6c7a9ea7381 None None] database.retry_interval = 10 {{(pid=99321) log_opt_values /usr/local/lib/python3.8/dist-packages/oslo_config/cfg.py:2609}}
Jul 22 20:07:14.368153 n-d-800089-13 nova-conductor[99321]: DEBUG oslo_service.service [None req-19d06474-5d3d-4a62-aed0-f6c7a9ea7381 None None] database.slave_connection = **** {{(pid=99321) log_opt_values /usr/local/lib/python3.8/dist-packages/oslo_config/cfg.py:2609}}
Jul 22 20:07:14.368631 n-d-800089-13 nova-conductor[99321]: DEBUG oslo_service.service [None req-19d06474-5d3d-4a62-aed0-f6c7a9ea7381 None None] database.sqlite_synchronous = True {{(pid=99321) log_opt_values /usr/local/lib/python3.8/dist-packages/oslo_config/cfg.py:2609}}
Jul 22 20:07:14.369086 n-d-800089-13 nova-conductor[99321]: DEBUG oslo_service.service [None req-19d06474-5d3d-4a62-aed0-f6c7a9ea7381 None None] database.use_db_reconnect = False {{(pid=99321) log_opt_values /usr/local/lib/python3.8/dist-packages/oslo_config/cfg.py:2609}}
Jul 22 20:07:14.369559 n-d-800089-13 nova-conductor[99321]: DEBUG oslo_service.service [None req-19d06474-5d3d-4a62-aed0-f6c7a9ea7381 None None] database.use_tpool = False {{(pid=99321) log_opt_values /usr/local/lib/python3.8/dist-packages/oslo_config/cfg.py:2609}}
Jul 22 20:07:14.370049 n-d-800089-13 nova-conductor[99321]: DEBUG oslo_service.service [None req-19d06474-5d3d-4a62-aed0-f6c7a9ea7381 None None] remote_debug.host = None {{(pid=99321) log_opt_values /usr/local/lib/python3.8/dist-packages/oslo_config/cfg.py:2609}}
Jul 22 20:07:14.370568 n-d-800089-13 nova-conductor[99321]: DEBUG oslo_service.service [None req-19d06474-5d3d-4a62-aed0-f6c7a9ea7381 None None] remote_debug.port = None {{(pid=99321) log_opt_values /usr/local/lib/python3.8/dist-packages/oslo_config/cfg.py:2609}}
Jul 22 20:07:14.371045 n-d-800089-13 nova-conductor[99321]: DEBUG oslo_service.service [None req-19d06474-5d3d-4a62-aed0-f6c7a9ea7381 None None] oslo_messaging_rabbit.amqp_auto_delete = False {{(pid=99321) log_opt_values /usr/local/lib/python3.8/dist-packages/oslo_config/cfg.py:2609}}
Jul 22 20:07:14.371502 n-d-800089-13 nova-conductor[99321]: DEBUG oslo_service.service [None req-19d06474-5d3d-4a62-aed0-f6c7a9ea7381 None None] oslo_messaging_rabbit.amqp_durable_queues = False {{(pid=99321) log_opt_values /usr/local/lib/python3.8/dist-packages/oslo_config/cfg.py:2609}}
Jul 22 20:07:14.371977 n-d-800089-13 nova-conductor[99321]: DEBUG oslo_service.service [None req-19d06474-5d3d-4a62-aed0-f6c7a9ea7381 None None] oslo_messaging_rabbit.conn_pool_min_size = 2 {{(pid=99321) log_opt_values /usr/local/lib/python3.8/dist-packages/oslo_config/cfg.py:2609}}
Jul 22 20:07:14.372436 n-d-800089-13 nova-conductor[99321]: DEBUG oslo_service.service [None req-19d06474-5d3d-4a62-aed0-f6c7a9ea7381 None None] oslo_messaging_rabbit.conn_pool_ttl = 1200 {{(pid=99321) log_opt_values /usr/local/lib/python3.8/dist-packages/oslo_config/cfg.py:2609}}
Jul 22 20:07:14.372900 n-d-800089-13 nova-conductor[99321]: DEBUG oslo_service.service [None req-19d06474-5d3d-4a62-aed0-f6c7a9ea7381 None None] oslo_messaging_rabbit.direct_mandatory_flag = True {{(pid=99321) log_opt_values /usr/local/lib/python3.8/dist-packages/oslo_config/cfg.py:2609}}
Jul 22 20:07:14.373362 n-d-800089-13 nova-conductor[99321]: DEBUG oslo_service.service [None req-19d06474-5d3d-4a62-aed0-f6c7a9ea7381 None None] oslo_messaging_rabbit.enable_cancel_on_failover = False {{(pid=99321) log_opt_values /usr/local/lib/python3.8/dist-packages/oslo_config/cfg.py:2609}}
Jul 22 20:07:14.373837 n-d-800089-13 nova-conductor[99321]: DEBUG oslo_service.service [None req-19d06474-5d3d-4a62-aed0-f6c7a9ea7381 None None] oslo_messaging_rabbit.heartbeat_in_pthread = True {{(pid=99321) log_opt_values /usr/local/lib/python3.8/dist-packages/oslo_config/cfg.py:2609}}
Jul 22 20:07:14.374309 n-d-800089-13 nova-conductor[99321]: DEBUG oslo_service.service [None req-19d06474-5d3d-4a62-aed0-f6c7a9ea7381 None None] oslo_messaging_rabbit.heartbeat_rate = 3 {{(pid=99321) log_opt_values /usr/local/lib/python3.8/dist-packages/oslo_config/cfg.py:2609}}
Jul 22 20:07:14.374781 n-d-800089-13 nova-conductor[99321]: DEBUG oslo_service.service [None req-19d06474-5d3d-4a62-aed0-f6c7a9ea7381 None None] oslo_messaging_rabbit.heartbeat_timeout_threshold = 600 {{(pid=99321) log_opt_values /usr/local/lib/python3.8/dist-packages/oslo_config/cfg.py:2609}}
Jul 22 20:07:14.375279 n-d-800089-13 nova-conductor[99321]: DEBUG oslo_service.service [None req-19d06474-5d3d-4a62-aed0-f6c7a9ea7381 None None] oslo_messaging_rabbit.kombu_compression = None {{(pid=99321) log_opt_values /usr/local/lib/python3.8/dist-packages/oslo_config/cfg.py:2609}}
Jul 22 20:07:14.375984 n-d-800089-13 nova-conductor[99321]: DEBUG oslo_service.service [None req-19d06474-5d3d-4a62-aed0-f6c7a9ea7381 None None] oslo_messaging_rabbit.kombu_failover_strategy = round-robin {{(pid=99321) log_opt_values /usr/local/lib/python3.8/dist-packages/oslo_config/cfg.py:2609}}
Jul 22 20:07:14.377011 n-d-800089-13 nova-conductor[99321]: DEBUG oslo_service.service [None req-19d06474-5d3d-4a62-aed0-f6c7a9ea7381 None None] oslo_messaging_rabbit.kombu_missing_consumer_retry_timeout = 60 {{(pid=99321) log_opt_values /usr/local/lib/python3.8/dist-packages/oslo_config/cfg.py:2609}}
Jul 22 20:07:14.377450 n-d-800089-13 nova-conductor[99321]: DEBUG oslo_service.service [None req-19d06474-5d3d-4a62-aed0-f6c7a9ea7381 None None] oslo_messaging_rabbit.kombu_reconnect_delay = 1.0 {{(pid=99321) log_opt_values /usr/local/lib/python3.8/dist-packages/oslo_config/cfg.py:2609}}
Jul 22 20:07:14.377922 n-d-800089-13 nova-conductor[99321]: DEBUG oslo_service.service [None req-19d06474-5d3d-4a62-aed0-f6c7a9ea7381 None None] oslo_messaging_rabbit.rabbit_ha_queues = False {{(pid=99321) log_opt_values /usr/local/lib/python3.8/dist-packages/oslo_config/cfg.py:2609}}
Jul 22 20:07:14.378383 n-d-800089-13 nova-conductor[99321]: DEBUG oslo_service.service [None req-19d06474-5d3d-4a62-aed0-f6c7a9ea7381 None None] oslo_messaging_rabbit.rabbit_interval_max = 30 {{(pid=99321) log_opt_values /usr/local/lib/python3.8/dist-packages/oslo_config/cfg.py:2609}}
Jul 22 20:07:14.378866 n-d-800089-13 nova-conductor[99321]: DEBUG oslo_service.service [None req-19d06474-5d3d-4a62-aed0-f6c7a9ea7381 None None] oslo_messaging_rabbit.rabbit_login_method = AMQPLAIN {{(pid=99321) log_opt_values /usr/local/lib/python3.8/dist-packages/oslo_config/cfg.py:2609}}
Jul 22 20:07:14.379344 n-d-800089-13 nova-conductor[99321]: DEBUG oslo_service.service [None req-19d06474-5d3d-4a62-aed0-f6c7a9ea7381 None None] oslo_messaging_rabbit.rabbit_qos_prefetch_count = 0 {{(pid=99321) log_opt_values /usr/local/lib/python3.8/dist-packages/oslo_config/cfg.py:2609}}
Jul 22 20:07:14.379833 n-d-800089-13 nova-conductor[99321]: DEBUG oslo_service.service [None req-19d06474-5d3d-4a62-aed0-f6c7a9ea7381 None None] oslo_messaging_rabbit.rabbit_retry_backoff = 2 {{(pid=99321) log_opt_values /usr/local/lib/python3.8/dist-packages/oslo_config/cfg.py:2609}}
Jul 22 20:07:14.380291 n-d-800089-13 nova-conductor[99321]: DEBUG oslo_service.service [None req-19d06474-5d3d-4a62-aed0-f6c7a9ea7381 None None] oslo_messaging_rabbit.rabbit_retry_interval = 1 {{(pid=99321) log_opt_values /usr/local/lib/python3.8/dist-packages/oslo_config/cfg.py:2609}}
Jul 22 20:07:14.380756 n-d-800089-13 nova-conductor[99321]: DEBUG oslo_service.service [None req-19d06474-5d3d-4a62-aed0-f6c7a9ea7381 None None] oslo_messaging_rabbit.rabbit_transient_queues_ttl = 1800 {{(pid=99321) log_opt_values /usr/local/lib/python3.8/dist-packages/oslo_config/cfg.py:2609}}
Jul 22 20:07:14.381222 n-d-800089-13 nova-conductor[99321]: DEBUG oslo_service.service [None req-19d06474-5d3d-4a62-aed0-f6c7a9ea7381 None None] oslo_messaging_rabbit.rpc_conn_pool_size = 30 {{(pid=99321) log_opt_values /usr/local/lib/python3.8/dist-packages/oslo_config/cfg.py:2609}}
Jul 22 20:07:14.381690 n-d-800089-13 nova-conductor[99321]: DEBUG oslo_service.service [None req-19d06474-5d3d-4a62-aed0-f6c7a9ea7381 None None] oslo_messaging_rabbit.ssl = False {{(pid=99321) log_opt_values /usr/local/lib/python3.8/dist-packages/oslo_config/cfg.py:2609}}
Jul 22 20:07:14.382165 n-d-800089-13 nova-conductor[99321]: DEBUG oslo_service.service [None req-19d06474-5d3d-4a62-aed0-f6c7a9ea7381 None None] oslo_messaging_rabbit.ssl_ca_file = {{(pid=99321) log_opt_values /usr/local/lib/python3.8/dist-packages/oslo_config/cfg.py:2609}}
Jul 22 20:07:14.382688 n-d-800089-13 nova-conductor[99321]: DEBUG oslo_service.service [None req-19d06474-5d3d-4a62-aed0-f6c7a9ea7381 None None] oslo_messaging_rabbit.ssl_cert_file = {{(pid=99321) log_opt_values /usr/local/lib/python3.8/dist-packages/oslo_config/cfg.py:2609}}
Jul 22 20:07:14.383161 n-d-800089-13 nova-conductor[99321]: DEBUG oslo_service.service [None req-19d06474-5d3d-4a62-aed0-f6c7a9ea7381 None None] oslo_messaging_rabbit.ssl_key_file = {{(pid=99321) log_opt_values /usr/local/lib/python3.8/dist-packages/oslo_config/cfg.py:2609}}
Jul 22 20:07:14.383670 n-d-800089-13 nova-conductor[99321]: DEBUG oslo_service.service [None req-19d06474-5d3d-4a62-aed0-f6c7a9ea7381 None None] oslo_messaging_rabbit.ssl_version = {{(pid=99321) log_opt_values /usr/local/lib/python3.8/dist-packages/oslo_config/cfg.py:2609}}
Jul 22 20:07:14.384192 n-d-800089-13 nova-conductor[99321]: DEBUG oslo_service.service [None req-19d06474-5d3d-4a62-aed0-f6c7a9ea7381 None None] oslo_messaging_notifications.driver = ['messagingv2'] {{(pid=99321) log_opt_values /usr/local/lib/python3.8/dist-packages/oslo_config/cfg.py:2609}}
Jul 22 20:07:14.384875 n-d-800089-13 nova-conductor[99321]: DEBUG oslo_service.service [None req-19d06474-5d3d-4a62-aed0-f6c7a9ea7381 None None] oslo_messaging_notifications.retry = -1 {{(pid=99321) log_opt_values /usr/local/lib/python3.8/dist-packages/oslo_config/cfg.py:2609}}
Jul 22 20:07:14.385384 n-d-800089-13 nova-conductor[99321]: DEBUG oslo_service.service [None req-19d06474-5d3d-4a62-aed0-f6c7a9ea7381 None None] oslo_messaging_notifications.topics = ['notifications'] {{(pid=99321) log_opt_values /usr/local/lib/python3.8/dist-packages/oslo_config/cfg.py:2609}}
Jul 22 20:07:14.385909 n-d-800089-13 nova-conductor[99321]: DEBUG oslo_service.service [None req-19d06474-5d3d-4a62-aed0-f6c7a9ea7381 None None] oslo_messaging_notifications.transport_url = **** {{(pid=99321) log_opt_values /usr/local/lib/python3.8/dist-packages/oslo_config/cfg.py:2609}}
Jul 22 20:07:14.386343 n-d-800089-13 nova-conductor[99321]: DEBUG oslo_service.service [None req-19d06474-5d3d-4a62-aed0-f6c7a9ea7381 None None] oslo_reports.file_event_handler = None {{(pid=99321) log_opt_values /usr/local/lib/python3.8/dist-packages/oslo_config/cfg.py:2609}}
Jul 22 20:07:14.386816 n-d-800089-13 nova-conductor[99321]: DEBUG oslo_service.service [None req-19d06474-5d3d-4a62-aed0-f6c7a9ea7381 None None] oslo_reports.file_event_handler_interval = 1 {{(pid=99321) log_opt_values /usr/local/lib/python3.8/dist-packages/oslo_config/cfg.py:2609}}
Jul 22 20:07:14.387296 n-d-800089-13 nova-conductor[99321]: DEBUG oslo_service.service [None req-19d06474-5d3d-4a62-aed0-f6c7a9ea7381 None None] oslo_reports.log_dir = None {{(pid=99321) log_opt_values /usr/local/lib/python3.8/dist-packages/oslo_config/cfg.py:2609}}
Jul 22 20:07:14.387659 n-d-800089-13 nova-conductor[99321]: DEBUG oslo_service.service [None req-19d06474-5d3d-4a62-aed0-f6c7a9ea7381 None None] ******************************************************************************** {{(pid=99321) log_opt_values /usr/local/lib/python3.8/dist-packages/oslo_config/cfg.py:2613}}
Jul 22 20:10:14.067687 n-d-800089-13 nova-conductor[100190]: ERROR oslo.messaging._drivers.impl_rabbit [-] [dea6b49e-f269-4583-9b90-8ce366e4cde3] AMQP server on 10.222.0.35:5672 is unreachable: . Trying again in 1 seconds.: amqp.exceptions.RecoverableConnectionError:
Jul 22 20:10:14.110402 n-d-800089-13 nova-conductor[100191]: ERROR oslo.messaging._drivers.impl_rabbit [-] [5e8de687-34f9-446a-b6c5-59c978ea6d79] AMQP server on 10.222.0.35:5672 is unreachable: . Trying again in 1 seconds.: amqp.exceptions.RecoverableConnectionError:
Jul 22 20:10:15.088977 n-d-800089-13 nova-conductor[100190]: INFO oslo.messaging._drivers.impl_rabbit [-] [dea6b49e-f269-4583-9b90-8ce366e4cde3] Reconnected to AMQP server on 10.222.0.35:5672 via [amqp] client with port 50814.
Jul 22 20:10:15.131437 n-d-800089-13 nova-conductor[100191]: INFO oslo.messaging._drivers.impl_rabbit [-] [5e8de687-34f9-446a-b6c5-59c978ea6d79] Reconnected to AMQP server on 10.222.0.35:5672 via [amqp] client with port 50816.
Jul 22 20:13:15.084205 n-d-800089-13 nova-conductor[100190]: ERROR oslo.messaging._drivers.impl_rabbit [-] [dea6b49e-f269-4583-9b90-8ce366e4cde3] AMQP server on 10.222.0.35:5672 is unreachable: . Trying again in 1 seconds.: amqp.exceptions.RecoverableConnectionError:
Jul 22 20:13:15.128140 n-d-800089-13 nova-conductor[100191]: ERROR oslo.messaging._drivers.impl_rabbit [-] [5e8de687-34f9-446a-b6c5-59c978ea6d79] AMQP server on 10.222.0.35:5672 is unreachable: . Trying again in 1 seconds.: amqp.exceptions.RecoverableConnectionError:
Jul 22 20:13:16.104623 n-d-800089-13 nova-conductor[100190]: INFO oslo.messaging._drivers.impl_rabbit [-] [dea6b49e-f269-4583-9b90-8ce366e4cde3] Reconnected to AMQP server on 10.222.0.35:5672 via [amqp] client with port 50888.
Jul 22 20:13:16.147731 n-d-800089-13 nova-conductor[100191]: INFO oslo.messaging._drivers.impl_rabbit [-] [5e8de687-34f9-446a-b6c5-59c978ea6d79] Reconnected to AMQP server on 10.222.0.35:5672 via [amqp] client with port 50890.
Jul 22 20:15:56.239213 n-d-800089-13 nova-conductor[100190]: DEBUG oslo_db.sqlalchemy.engines [None req-584694c9-2330-41e5-8f6f-0af705e94562 tempest-ServersAdminTestJSON-14083177 tempest-ServersAdminTestJSON-14083177-project] Parent process 99321 forked (100190) with an open database connection, which is being discarded and recreated. {{(pid=100190) checkout /usr/local/lib/python3.8/dist-packages/oslo_db/sqlalchemy/engines.py:413}}
Jul 22 20:15:57.875059 n-d-800089-13 nova-conductor[100191]: DEBUG oslo_db.sqlalchemy.engines [None req-177a555f-71d9-4484-bba8-1bca53710282 tempest-ServersAdminTestJSON-14083177 tempest-ServersAdminTestJSON-14083177-project] Parent process 99321 forked (100191) with an open database connection, which is being discarded and recreated. {{(pid=100191) checkout /usr/local/lib/python3.8/dist-packages/oslo_db/sqlalchemy/engines.py:413}}
Jul 22 20:15:57.959312 n-d-800089-13 nova-conductor[100190]: DEBUG nova.conductor.manager [None req-584694c9-2330-41e5-8f6f-0af705e94562 tempest-ServersAdminTestJSON-14083177 tempest-ServersAdminTestJSON-14083177-project] Took 1.69 seconds to select destinations for 1 instance(s). {{(pid=100190) _schedule_instances /opt/stack/nova/nova/conductor/manager.py:882}}
Jul 22 20:15:58.031268 n-d-800089-13 nova-conductor[100190]: DEBUG oslo_concurrency.lockutils [None req-584694c9-2330-41e5-8f6f-0af705e94562 tempest-ServersAdminTestJSON-14083177 tempest-ServersAdminTestJSON-14083177-project] Lock "2b6d729c-0011-45e1-bfad-9ea35ed3255e" acquired by "nova.context.set_target_cell..get_or_set_cached_cell_and_set_connections" :: waited 0.000s {{(pid=100190) inner /usr/local/lib/python3.8/dist-packages/oslo_concurrency/lockutils.py:355}}
Jul 22 20:15:58.037170 n-d-800089-13 nova-conductor[100190]: DEBUG oslo_concurrency.lockutils [None req-584694c9-2330-41e5-8f6f-0af705e94562 tempest-ServersAdminTestJSON-14083177 tempest-ServersAdminTestJSON-14083177-project] Lock "2b6d729c-0011-45e1-bfad-9ea35ed3255e" released by "nova.context.set_target_cell..get_or_set_cached_cell_and_set_connections" :: held 0.006s {{(pid=100190) inner /usr/local/lib/python3.8/dist-packages/oslo_concurrency/lockutils.py:367}}
Jul 22 20:15:58.048137 n-d-800089-13 nova-conductor[100190]: DEBUG oslo_db.sqlalchemy.engines [None req-584694c9-2330-41e5-8f6f-0af705e94562 tempest-ServersAdminTestJSON-14083177 tempest-ServersAdminTestJSON-14083177-project] MySQL server mode set to STRICT_TRANS_TABLES,STRICT_ALL_TABLES,NO_ZERO_IN_DATE,NO_ZERO_DATE,ERROR_FOR_DIVISION_BY_ZERO,TRADITIONAL,NO_ENGINE_SUBSTITUTION {{(pid=100190) _check_effective_sql_mode /usr/local/lib/python3.8/dist-packages/oslo_db/sqlalchemy/engines.py:314}}
Jul 22 20:15:58.378700 n-d-800089-13 nova-conductor[100190]: DEBUG oslo_concurrency.lockutils [None req-584694c9-2330-41e5-8f6f-0af705e94562 tempest-ServersAdminTestJSON-14083177 tempest-ServersAdminTestJSON-14083177-project] Lock "00000000-0000-0000-0000-000000000000" acquired by "nova.context.set_target_cell..get_or_set_cached_cell_and_set_connections" :: waited 0.000s {{(pid=100190) inner /usr/local/lib/python3.8/dist-packages/oslo_concurrency/lockutils.py:355}}
Jul 22 20:15:58.388031 n-d-800089-13 nova-conductor[100190]: DEBUG oslo_concurrency.lockutils [None req-584694c9-2330-41e5-8f6f-0af705e94562 tempest-ServersAdminTestJSON-14083177 tempest-ServersAdminTestJSON-14083177-project] Lock "00000000-0000-0000-0000-000000000000" released by "nova.context.set_target_cell..get_or_set_cached_cell_and_set_connections" :: held 0.008s {{(pid=100190) inner /usr/local/lib/python3.8/dist-packages/oslo_concurrency/lockutils.py:367}}
Jul 22 20:15:58.392627 n-d-800089-13 nova-conductor[100190]: DEBUG oslo_concurrency.lockutils [None req-584694c9-2330-41e5-8f6f-0af705e94562 tempest-ServersAdminTestJSON-14083177 tempest-ServersAdminTestJSON-14083177-project] Lock "2b6d729c-0011-45e1-bfad-9ea35ed3255e" acquired by "nova.context.set_target_cell..get_or_set_cached_cell_and_set_connections" :: waited 0.002s {{(pid=100190) inner /usr/local/lib/python3.8/dist-packages/oslo_concurrency/lockutils.py:355}}
Jul 22 20:15:58.393230 n-d-800089-13 nova-conductor[100190]: DEBUG oslo_concurrency.lockutils [None req-584694c9-2330-41e5-8f6f-0af705e94562 tempest-ServersAdminTestJSON-14083177 tempest-ServersAdminTestJSON-14083177-project] Lock "2b6d729c-0011-45e1-bfad-9ea35ed3255e" released by "nova.context.set_target_cell..get_or_set_cached_cell_and_set_connections" :: held 0.001s {{(pid=100190) inner /usr/local/lib/python3.8/dist-packages/oslo_concurrency/lockutils.py:367}}
Jul 22 20:15:58.421942 n-d-800089-13 nova-conductor[100190]: DEBUG oslo_db.sqlalchemy.engines [None req-584694c9-2330-41e5-8f6f-0af705e94562 tempest-ServersAdminTestJSON-14083177 tempest-ServersAdminTestJSON-14083177-project] MySQL server mode set to STRICT_TRANS_TABLES,STRICT_ALL_TABLES,NO_ZERO_IN_DATE,NO_ZERO_DATE,ERROR_FOR_DIVISION_BY_ZERO,TRADITIONAL,NO_ENGINE_SUBSTITUTION {{(pid=100190) _check_effective_sql_mode /usr/local/lib/python3.8/dist-packages/oslo_db/sqlalchemy/engines.py:314}}
Jul 22 20:15:58.464338 n-d-800089-13 nova-conductor[100190]: DEBUG nova.quota [None req-584694c9-2330-41e5-8f6f-0af705e94562 tempest-ServersAdminTestJSON-14083177 tempest-ServersAdminTestJSON-14083177-project] Getting quotas for project 387bdd17f5074ffd9d0ae06d12d9c3c4. Resources: {'instances', 'ram', 'cores'} {{(pid=100190) _get_quotas /opt/stack/nova/nova/quota.py:387}}
Jul 22 20:15:58.486512 n-d-800089-13 nova-conductor[100190]: DEBUG nova.quota [None req-584694c9-2330-41e5-8f6f-0af705e94562 tempest-ServersAdminTestJSON-14083177 tempest-ServersAdminTestJSON-14083177-project] Getting quotas for user 803ad1651c6949a494a7830fd29ec793 and project 387bdd17f5074ffd9d0ae06d12d9c3c4. Resources: {'instances', 'ram', 'cores'} {{(pid=100190) _get_quotas /opt/stack/nova/nova/quota.py:377}}
Jul 22 20:15:58.518199 n-d-800089-13 nova-conductor[100190]: DEBUG nova.conductor.manager [None req-584694c9-2330-41e5-8f6f-0af705e94562 tempest-ServersAdminTestJSON-14083177 tempest-ServersAdminTestJSON-14083177-project] [instance: b779dbfb-4c73-41b3-8784-ff5bb5f52c42] Selected host: n-h2-800089-13; Selected node: n-h2-800089-13; Alternates: [('n-h1-800089-13', 'n-h1-800089-13')] {{(pid=100190) schedule_and_build_instances /opt/stack/nova/nova/conductor/manager.py:1626}}
Jul 22 20:15:58.519648 n-d-800089-13 nova-conductor[100190]: DEBUG oslo_concurrency.lockutils [None req-584694c9-2330-41e5-8f6f-0af705e94562 tempest-ServersAdminTestJSON-14083177 tempest-ServersAdminTestJSON-14083177-project] Lock "2b6d729c-0011-45e1-bfad-9ea35ed3255e" acquired by "nova.context.set_target_cell..get_or_set_cached_cell_and_set_connections" :: waited 0.000s {{(pid=100190) inner /usr/local/lib/python3.8/dist-packages/oslo_concurrency/lockutils.py:355}}
Jul 22 20:15:58.521133 n-d-800089-13 nova-conductor[100190]: DEBUG oslo_concurrency.lockutils [None req-584694c9-2330-41e5-8f6f-0af705e94562 tempest-ServersAdminTestJSON-14083177 tempest-ServersAdminTestJSON-14083177-project] Lock "2b6d729c-0011-45e1-bfad-9ea35ed3255e" released by "nova.context.set_target_cell..get_or_set_cached_cell_and_set_connections" :: held 0.002s {{(pid=100190) inner /usr/local/lib/python3.8/dist-packages/oslo_concurrency/lockutils.py:367}}
Jul 22 20:15:58.548429 n-d-800089-13 nova-conductor[100191]: DEBUG nova.conductor.manager [None req-177a555f-71d9-4484-bba8-1bca53710282 tempest-ServersAdminTestJSON-14083177 tempest-ServersAdminTestJSON-14083177-project] Took 0.63 seconds to select destinations for 1 instance(s). {{(pid=100191) _schedule_instances /opt/stack/nova/nova/conductor/manager.py:882}}
Jul 22 20:15:58.554802 n-d-800089-13 nova-conductor[100190]: DEBUG nova.conductor.manager [None req-584694c9-2330-41e5-8f6f-0af705e94562 tempest-ServersAdminTestJSON-14083177 tempest-ServersAdminTestJSON-14083177-project] [instance: b779dbfb-4c73-41b3-8784-ff5bb5f52c42] block_device_mapping [BlockDeviceMapping(attachment_id=,boot_index=0,connection_info=None,created_at=,delete_on_termination=True,deleted=,deleted_at=,destination_type='local',device_name=None,device_type='disk',disk_bus=None,guest_format=None,id=,image_id='228ef3e7-875d-4a14-8b32-c136dc531e6f',instance=,instance_uuid=,no_device=False,snapshot_id=None,source_type='image',tag=None,updated_at=,uuid=,volume_id=None,volume_size=None,volume_type=None)] {{(pid=100190) _create_block_device_mapping /opt/stack/nova/nova/conductor/manager.py:1370}}
Jul 22 20:15:58.562838 n-d-800089-13 nova-conductor[100190]: DEBUG oslo_concurrency.lockutils [None req-584694c9-2330-41e5-8f6f-0af705e94562 tempest-ServersAdminTestJSON-14083177 tempest-ServersAdminTestJSON-14083177-project] Lock "2b6d729c-0011-45e1-bfad-9ea35ed3255e" acquired by "nova.context.set_target_cell..get_or_set_cached_cell_and_set_connections" :: waited 0.000s {{(pid=100190) inner /usr/local/lib/python3.8/dist-packages/oslo_concurrency/lockutils.py:355}}
Jul 22 20:15:58.564949 n-d-800089-13 nova-conductor[100190]: DEBUG oslo_concurrency.lockutils [None req-584694c9-2330-41e5-8f6f-0af705e94562 tempest-ServersAdminTestJSON-14083177 tempest-ServersAdminTestJSON-14083177-project] Lock "2b6d729c-0011-45e1-bfad-9ea35ed3255e" released by "nova.context.set_target_cell..get_or_set_cached_cell_and_set_connections" :: held 0.001s {{(pid=100190) inner /usr/local/lib/python3.8/dist-packages/oslo_concurrency/lockutils.py:367}}
Jul 22 20:15:58.694939 n-d-800089-13 nova-conductor[100191]: DEBUG oslo_concurrency.lockutils [None req-177a555f-71d9-4484-bba8-1bca53710282 tempest-ServersAdminTestJSON-14083177 tempest-ServersAdminTestJSON-14083177-project] Lock "2b6d729c-0011-45e1-bfad-9ea35ed3255e" acquired by "nova.context.set_target_cell..get_or_set_cached_cell_and_set_connections" :: waited 0.000s {{(pid=100191) inner /usr/local/lib/python3.8/dist-packages/oslo_concurrency/lockutils.py:355}}
Jul 22 20:15:58.699523 n-d-800089-13 nova-conductor[100191]: DEBUG oslo_concurrency.lockutils [None req-177a555f-71d9-4484-bba8-1bca53710282 tempest-ServersAdminTestJSON-14083177 tempest-ServersAdminTestJSON-14083177-project] Lock "2b6d729c-0011-45e1-bfad-9ea35ed3255e" released by "nova.context.set_target_cell..get_or_set_cached_cell_and_set_connections" :: held 0.009s {{(pid=100191) inner /usr/local/lib/python3.8/dist-packages/oslo_concurrency/lockutils.py:367}}
Jul 22 20:15:58.710861 n-d-800089-13 nova-conductor[100190]: DEBUG oslo_concurrency.lockutils [None req-584694c9-2330-41e5-8f6f-0af705e94562 tempest-ServersAdminTestJSON-14083177 tempest-ServersAdminTestJSON-14083177-project] Lock "2b6d729c-0011-45e1-bfad-9ea35ed3255e" acquired by "nova.context.set_target_cell..get_or_set_cached_cell_and_set_connections" :: waited 0.000s {{(pid=100190) inner /usr/local/lib/python3.8/dist-packages/oslo_concurrency/lockutils.py:355}}
Jul 22 20:15:58.711343 n-d-800089-13 nova-conductor[100190]: DEBUG oslo_concurrency.lockutils [None req-584694c9-2330-41e5-8f6f-0af705e94562 tempest-ServersAdminTestJSON-14083177 tempest-ServersAdminTestJSON-14083177-project] Lock "2b6d729c-0011-45e1-bfad-9ea35ed3255e" released by "nova.context.set_target_cell..get_or_set_cached_cell_and_set_connections" :: held 0.001s {{(pid=100190) inner /usr/local/lib/python3.8/dist-packages/oslo_concurrency/lockutils.py:367}}
Jul 22 20:15:58.712049 n-d-800089-13 nova-conductor[100190]: DEBUG oslo_concurrency.lockutils [None req-584694c9-2330-41e5-8f6f-0af705e94562 tempest-ServersAdminTestJSON-14083177 tempest-ServersAdminTestJSON-14083177-project] Acquired lock "compute-rpcapi-router" {{(pid=100190) lock /usr/local/lib/python3.8/dist-packages/oslo_concurrency/lockutils.py:266}}
Jul 22 20:15:58.713331 n-d-800089-13 nova-conductor[100190]: DEBUG oslo_concurrency.lockutils [None req-12243f57-bae2-469c-85af-992499bce942 None None] Lock "00000000-0000-0000-0000-000000000000" acquired by "nova.context.set_target_cell..get_or_set_cached_cell_and_set_connections" :: waited 0.000s {{(pid=100190) inner /usr/local/lib/python3.8/dist-packages/oslo_concurrency/lockutils.py:355}}
Jul 22 20:15:58.713904 n-d-800089-13 nova-conductor[100190]: DEBUG oslo_concurrency.lockutils [None req-12243f57-bae2-469c-85af-992499bce942 None None] Lock "00000000-0000-0000-0000-000000000000" released by "nova.context.set_target_cell..get_or_set_cached_cell_and_set_connections" :: held 0.001s {{(pid=100190) inner /usr/local/lib/python3.8/dist-packages/oslo_concurrency/lockutils.py:367}}
Jul 22 20:15:58.714907 n-d-800089-13 nova-conductor[100190]: DEBUG oslo_concurrency.lockutils [None req-12243f57-bae2-469c-85af-992499bce942 None None] Lock "2b6d729c-0011-45e1-bfad-9ea35ed3255e" acquired by "nova.context.set_target_cell..get_or_set_cached_cell_and_set_connections" :: waited 0.000s {{(pid=100190) inner /usr/local/lib/python3.8/dist-packages/oslo_concurrency/lockutils.py:355}}
Jul 22 20:15:58.715463 n-d-800089-13 nova-conductor[100190]: DEBUG oslo_concurrency.lockutils [None req-12243f57-bae2-469c-85af-992499bce942 None None] Lock "2b6d729c-0011-45e1-bfad-9ea35ed3255e" released by "nova.context.set_target_cell..get_or_set_cached_cell_and_set_connections" :: held 0.001s {{(pid=100190) inner /usr/local/lib/python3.8/dist-packages/oslo_concurrency/lockutils.py:367}}
Jul 22 20:15:58.719193 n-d-800089-13 nova-conductor[100191]: DEBUG oslo_db.sqlalchemy.engines [None req-177a555f-71d9-4484-bba8-1bca53710282 tempest-ServersAdminTestJSON-14083177 tempest-ServersAdminTestJSON-14083177-project] MySQL server mode set to STRICT_TRANS_TABLES,STRICT_ALL_TABLES,NO_ZERO_IN_DATE,NO_ZERO_DATE,ERROR_FOR_DIVISION_BY_ZERO,TRADITIONAL,NO_ENGINE_SUBSTITUTION {{(pid=100191) _check_effective_sql_mode /usr/local/lib/python3.8/dist-packages/oslo_db/sqlalchemy/engines.py:314}}
Jul 22 20:15:58.747641 n-d-800089-13 nova-conductor[100190]: INFO nova.compute.rpcapi [None req-12243f57-bae2-469c-85af-992499bce942 None None] Automatically selected compute RPC version 6.0 from minimum service version 58
Jul 22 20:15:58.757695 n-d-800089-13 nova-conductor[100190]: DEBUG oslo_concurrency.lockutils [None req-12243f57-bae2-469c-85af-992499bce942 None None] Releasing lock "compute-rpcapi-router" {{(pid=100190) lock /usr/local/lib/python3.8/dist-packages/oslo_concurrency/lockutils.py:282}}
Jul 22 20:15:58.803513 n-d-800089-13 nova-conductor[100190]: DEBUG nova.conductor.manager [None req-45fffc1a-6e95-4963-a8f5-7ad744bd96ac tempest-AggregatesAdminTestJSON-162758777 tempest-AggregatesAdminTestJSON-162758777-project] Took 0.63 seconds to select destinations for 1 instance(s). {{(pid=100190) _schedule_instances /opt/stack/nova/nova/conductor/manager.py:882}}
Jul 22 20:15:58.863972 n-d-800089-13 nova-conductor[100190]: DEBUG oslo_concurrency.lockutils [None req-45fffc1a-6e95-4963-a8f5-7ad744bd96ac tempest-AggregatesAdminTestJSON-162758777 tempest-AggregatesAdminTestJSON-162758777-project] Lock "2b6d729c-0011-45e1-bfad-9ea35ed3255e" acquired by "nova.context.set_target_cell..get_or_set_cached_cell_and_set_connections" :: waited 0.000s {{(pid=100190) inner /usr/local/lib/python3.8/dist-packages/oslo_concurrency/lockutils.py:355}}
Jul 22 20:15:58.866785 n-d-800089-13 nova-conductor[100190]: DEBUG oslo_concurrency.lockutils [None req-45fffc1a-6e95-4963-a8f5-7ad744bd96ac tempest-AggregatesAdminTestJSON-162758777 tempest-AggregatesAdminTestJSON-162758777-project] Lock "2b6d729c-0011-45e1-bfad-9ea35ed3255e" released by "nova.context.set_target_cell..get_or_set_cached_cell_and_set_connections" :: held 0.004s {{(pid=100190) inner /usr/local/lib/python3.8/dist-packages/oslo_concurrency/lockutils.py:367}}
Jul 22 20:15:58.899077 n-d-800089-13 nova-conductor[100191]: DEBUG oslo_concurrency.lockutils [None req-177a555f-71d9-4484-bba8-1bca53710282 tempest-ServersAdminTestJSON-14083177 tempest-ServersAdminTestJSON-14083177-project] Lock "00000000-0000-0000-0000-000000000000" acquired by "nova.context.set_target_cell..get_or_set_cached_cell_and_set_connections" :: waited 0.000s {{(pid=100191) inner /usr/local/lib/python3.8/dist-packages/oslo_concurrency/lockutils.py:355}}
Jul 22 20:15:58.902328 n-d-800089-13 nova-conductor[100191]: DEBUG oslo_concurrency.lockutils [None req-177a555f-71d9-4484-bba8-1bca53710282 tempest-ServersAdminTestJSON-14083177 tempest-ServersAdminTestJSON-14083177-project] Lock "00000000-0000-0000-0000-000000000000" released by "nova.context.set_target_cell..get_or_set_cached_cell_and_set_connections" :: held 0.003s {{(pid=100191) inner /usr/local/lib/python3.8/dist-packages/oslo_concurrency/lockutils.py:367}}
Jul 22 20:15:58.903402 n-d-800089-13 nova-conductor[100191]: DEBUG oslo_concurrency.lockutils [None req-177a555f-71d9-4484-bba8-1bca53710282 tempest-ServersAdminTestJSON-14083177 tempest-ServersAdminTestJSON-14083177-project] Lock "2b6d729c-0011-45e1-bfad-9ea35ed3255e" acquired by "nova.context.set_target_cell..get_or_set_cached_cell_and_set_connections" :: waited 0.000s {{(pid=100191) inner /usr/local/lib/python3.8/dist-packages/oslo_concurrency/lockutils.py:355}}
Jul 22 20:15:58.904051 n-d-800089-13 nova-conductor[100191]: DEBUG oslo_concurrency.lockutils [None req-177a555f-71d9-4484-bba8-1bca53710282 tempest-ServersAdminTestJSON-14083177 tempest-ServersAdminTestJSON-14083177-project] Lock "2b6d729c-0011-45e1-bfad-9ea35ed3255e" released by "nova.context.set_target_cell..get_or_set_cached_cell_and_set_connections" :: held 0.001s {{(pid=100191) inner /usr/local/lib/python3.8/dist-packages/oslo_concurrency/lockutils.py:367}}
Jul 22 20:15:58.940544 n-d-800089-13 nova-conductor[100191]: DEBUG oslo_db.sqlalchemy.engines [None req-177a555f-71d9-4484-bba8-1bca53710282 tempest-ServersAdminTestJSON-14083177 tempest-ServersAdminTestJSON-14083177-project] MySQL server mode set to STRICT_TRANS_TABLES,STRICT_ALL_TABLES,NO_ZERO_IN_DATE,NO_ZERO_DATE,ERROR_FOR_DIVISION_BY_ZERO,TRADITIONAL,NO_ENGINE_SUBSTITUTION {{(pid=100191) _check_effective_sql_mode /usr/local/lib/python3.8/dist-packages/oslo_db/sqlalchemy/engines.py:314}}
Jul 22 20:15:58.979394 n-d-800089-13 nova-conductor[100190]: DEBUG oslo_concurrency.lockutils [None req-45fffc1a-6e95-4963-a8f5-7ad744bd96ac tempest-AggregatesAdminTestJSON-162758777 tempest-AggregatesAdminTestJSON-162758777-project] Lock "00000000-0000-0000-0000-000000000000" acquired by "nova.context.set_target_cell..get_or_set_cached_cell_and_set_connections" :: waited 0.000s {{(pid=100190) inner /usr/local/lib/python3.8/dist-packages/oslo_concurrency/lockutils.py:355}}
Jul 22 20:15:58.980476 n-d-800089-13 nova-conductor[100190]: DEBUG oslo_concurrency.lockutils [None req-45fffc1a-6e95-4963-a8f5-7ad744bd96ac tempest-AggregatesAdminTestJSON-162758777 tempest-AggregatesAdminTestJSON-162758777-project] Lock "00000000-0000-0000-0000-000000000000" released by "nova.context.set_target_cell..get_or_set_cached_cell_and_set_connections" :: held 0.001s {{(pid=100190) inner /usr/local/lib/python3.8/dist-packages/oslo_concurrency/lockutils.py:367}}
Jul 22 20:15:58.981702 n-d-800089-13 nova-conductor[100190]: DEBUG oslo_concurrency.lockutils [None req-45fffc1a-6e95-4963-a8f5-7ad744bd96ac tempest-AggregatesAdminTestJSON-162758777 tempest-AggregatesAdminTestJSON-162758777-project] Lock "2b6d729c-0011-45e1-bfad-9ea35ed3255e" acquired by "nova.context.set_target_cell..get_or_set_cached_cell_and_set_connections" :: waited 0.000s {{(pid=100190) inner /usr/local/lib/python3.8/dist-packages/oslo_concurrency/lockutils.py:355}}
Jul 22 20:15:58.982224 n-d-800089-13 nova-conductor[100191]: DEBUG nova.quota [None req-177a555f-71d9-4484-bba8-1bca53710282 tempest-ServersAdminTestJSON-14083177 tempest-ServersAdminTestJSON-14083177-project] Getting quotas for project 387bdd17f5074ffd9d0ae06d12d9c3c4. Resources: {'instances', 'ram', 'cores'} {{(pid=100191) _get_quotas /opt/stack/nova/nova/quota.py:387}}
Jul 22 20:15:58.982715 n-d-800089-13 nova-conductor[100190]: DEBUG oslo_concurrency.lockutils [None req-45fffc1a-6e95-4963-a8f5-7ad744bd96ac tempest-AggregatesAdminTestJSON-162758777 tempest-AggregatesAdminTestJSON-162758777-project] Lock "2b6d729c-0011-45e1-bfad-9ea35ed3255e" released by "nova.context.set_target_cell..get_or_set_cached_cell_and_set_connections" :: held 0.001s {{(pid=100190) inner /usr/local/lib/python3.8/dist-packages/oslo_concurrency/lockutils.py:367}}
Jul 22 20:15:58.997080 n-d-800089-13 nova-conductor[100191]: DEBUG nova.quota [None req-177a555f-71d9-4484-bba8-1bca53710282 tempest-ServersAdminTestJSON-14083177 tempest-ServersAdminTestJSON-14083177-project] Getting quotas for user 803ad1651c6949a494a7830fd29ec793 and project 387bdd17f5074ffd9d0ae06d12d9c3c4. Resources: {'instances', 'ram', 'cores'} {{(pid=100191) _get_quotas /opt/stack/nova/nova/quota.py:377}}
Jul 22 20:15:59.008166 n-d-800089-13 nova-conductor[100190]: DEBUG nova.quota [None req-45fffc1a-6e95-4963-a8f5-7ad744bd96ac tempest-AggregatesAdminTestJSON-162758777 tempest-AggregatesAdminTestJSON-162758777-project] Getting quotas for project a31516d7fdab4f8180757ce71ef9cfa7. Resources: {'instances', 'ram', 'cores'} {{(pid=100190) _get_quotas /opt/stack/nova/nova/quota.py:387}}
Jul 22 20:15:59.009922 n-d-800089-13 nova-conductor[100191]: DEBUG nova.conductor.manager [None req-177a555f-71d9-4484-bba8-1bca53710282 tempest-ServersAdminTestJSON-14083177 tempest-ServersAdminTestJSON-14083177-project] [instance: e4400f69-2d06-4fdb-8fbe-6ffc5b4921fb] Selected host: n-h2-800089-13; Selected node: n-h2-800089-13; Alternates: [('n-h1-800089-13', 'n-h1-800089-13')] {{(pid=100191) schedule_and_build_instances /opt/stack/nova/nova/conductor/manager.py:1626}}
Jul 22 20:15:59.011941 n-d-800089-13 nova-conductor[100191]: DEBUG oslo_concurrency.lockutils [None req-177a555f-71d9-4484-bba8-1bca53710282 tempest-ServersAdminTestJSON-14083177 tempest-ServersAdminTestJSON-14083177-project] Lock "2b6d729c-0011-45e1-bfad-9ea35ed3255e" acquired by "nova.context.set_target_cell..get_or_set_cached_cell_and_set_connections" :: waited 0.000s {{(pid=100191) inner /usr/local/lib/python3.8/dist-packages/oslo_concurrency/lockutils.py:355}}
Jul 22 20:15:59.012523 n-d-800089-13 nova-conductor[100191]: DEBUG oslo_concurrency.lockutils [None req-177a555f-71d9-4484-bba8-1bca53710282 tempest-ServersAdminTestJSON-14083177 tempest-ServersAdminTestJSON-14083177-project] Lock "2b6d729c-0011-45e1-bfad-9ea35ed3255e" released by "nova.context.set_target_cell..get_or_set_cached_cell_and_set_connections" :: held 0.001s {{(pid=100191) inner /usr/local/lib/python3.8/dist-packages/oslo_concurrency/lockutils.py:367}}
Jul 22 20:15:59.017884 n-d-800089-13 nova-conductor[100190]: DEBUG nova.quota [None req-45fffc1a-6e95-4963-a8f5-7ad744bd96ac tempest-AggregatesAdminTestJSON-162758777 tempest-AggregatesAdminTestJSON-162758777-project] Getting quotas for user 70938bfd3770406580b5b64a0fd7d50e and project a31516d7fdab4f8180757ce71ef9cfa7. Resources: {'instances', 'ram', 'cores'} {{(pid=100190) _get_quotas /opt/stack/nova/nova/quota.py:377}}
