Jul 22 20:07:36.335232 n-d-800089-13 devstack@n-api.service[93236]: INFO nova.api.openstack.requestlog [None req-257af0c6-ea5a-4012-8611-699bb2081d8f admin admin] 10.222.0.35 "POST /compute/v2.1/flavors/1/os-extra_specs" status: 200 len: 43 microversion: 2.61 time: 0.032156
Jul 22 20:07:36.347994 n-d-800089-13 devstack@n-api.service[93236]: [pid: 93236|app: 0|req: 12/23] 10.222.0.35 () {64 vars in 1333 bytes} [Thu Jul 22 20:07:36 2021] POST /compute/v2.1/flavors/1/os-extra_specs => generated 43 bytes in 45 msecs (HTTP/1.1 200) 9 headers in 358 bytes (1 switches on core 0)
Jul 22 20:07:38.573655 n-d-800089-13 devstack@n-api.service[93237]: DEBUG nova.api.openstack.wsgi [None req-70a0b929-7296-46b5-a3c4-aa2cbdb84c2b admin admin] Calling method '>' {{(pid=93237) _process_stack /opt/stack/nova/nova/api/openstack/wsgi.py:513}}
Jul 22 20:07:38.574997 n-d-800089-13 devstack@n-api.service[93237]: INFO nova.api.openstack.requestlog [None req-70a0b929-7296-46b5-a3c4-aa2cbdb84c2b admin admin] 10.222.0.35 "GET /compute/v2.1" status: 200 len: 388 microversion: 2.1 time: 0.001828
Jul 22 20:07:38.575497 n-d-800089-13 devstack@n-api.service[93237]: [pid: 93237|app: 0|req: 12/24] 10.222.0.35 () {54 vars in 931 bytes} [Thu Jul 22 20:07:38 2021] GET /compute/v2.1 => generated 388 bytes in 3 msecs (HTTP/1.1 200) 9 headers in 357 bytes (1 switches on core 0)
Jul 22 20:07:38.630726 n-d-800089-13 devstack@n-api.service[93236]: DEBUG nova.api.openstack.wsgi [None req-3ca5fcb9-1426-45b2-a6cc-4f17d20cc0d5 admin admin] Action: 'create', calling method: >, body: {"flavor": {"os-flavor-access:is_public": true, "OS-FLV-EXT-DATA:ephemeral": 0, "swap": 0, "ram": 2048, "id": "2", "name": "m1.small", "disk": 20, "vcpus": 1, "rxtx_factor": 1.0}} {{(pid=93236) _process_stack /opt/stack/nova/nova/api/openstack/wsgi.py:511}}
Jul 22 20:07:38.648949 n-d-800089-13 devstack@n-api.service[93236]: INFO nova.api.openstack.requestlog [None req-3ca5fcb9-1426-45b2-a6cc-4f17d20cc0d5 admin admin] 10.222.0.35 "POST /compute/v2.1/flavors" status: 200 len: 405 microversion: 2.61 time: 0.066773
Jul 22 20:07:38.649947 n-d-800089-13 devstack@n-api.service[93236]: [pid: 93236|app: 0|req: 13/25] 10.222.0.35 () {64 vars in 1283 bytes} [Thu Jul 22 20:07:38 2021] POST /compute/v2.1/flavors => generated 405 bytes in 69 msecs (HTTP/1.1 200) 9 headers in 359 bytes (2 switches on core 0)
Jul 22 20:07:38.666484 n-d-800089-13 devstack@n-api.service[93237]: DEBUG nova.api.openstack.wsgi [None req-2d74b1ab-ab40-49b9-b068-b4ba9625436f admin admin] Action: 'create', calling method: >, body: {"extra_specs": {"hw_rng:allowed": "True"}} {{(pid=93237) _process_stack /opt/stack/nova/nova/api/openstack/wsgi.py:511}}
Jul 22 20:07:38.693683 n-d-800089-13 devstack@n-api.service[93237]: INFO nova.api.openstack.requestlog [None req-2d74b1ab-ab40-49b9-b068-b4ba9625436f admin admin] 10.222.0.35 "POST /compute/v2.1/flavors/2/os-extra_specs" status: 200 len: 43 microversion: 2.61 time: 0.031673
Jul 22 20:07:38.694658 n-d-800089-13 devstack@n-api.service[93237]: [pid: 93237|app: 0|req: 13/26] 10.222.0.35 () {64 vars in 1333 bytes} [Thu Jul 22 20:07:38 2021] POST /compute/v2.1/flavors/2/os-extra_specs => generated 43 bytes in 34 msecs (HTTP/1.1 200) 9 headers in 358 bytes (1 switches on core 0)
Jul 22 20:07:40.949269 n-d-800089-13 devstack@n-api.service[93236]: DEBUG nova.api.openstack.wsgi [None req-3ca5fcb9-1426-45b2-a6cc-4f17d20cc0d5 admin admin] Calling method '>' {{(pid=93236) _process_stack /opt/stack/nova/nova/api/openstack/wsgi.py:513}}
Jul 22 20:07:40.950406 n-d-800089-13 devstack@n-api.service[93236]: INFO nova.api.openstack.requestlog [None req-3ca5fcb9-1426-45b2-a6cc-4f17d20cc0d5 admin admin] 10.222.0.35 "GET /compute/v2.1" status: 200 len: 388 microversion: 2.1 time: 0.001549
Jul 22 20:07:40.950789 n-d-800089-13 devstack@n-api.service[93236]: [pid: 93236|app: 0|req: 14/27] 10.222.0.35 () {54 vars in 931 bytes} [Thu Jul 22 20:07:40 2021] GET /compute/v2.1 => generated 388 bytes in 3 msecs (HTTP/1.1 200) 9 headers in 357 bytes (1 switches on core 0)
Jul 22 20:07:41.008973 n-d-800089-13 devstack@n-api.service[93237]: DEBUG nova.api.openstack.wsgi [None req-efca5dc6-eefa-4024-a4ec-9b27fa2da997 admin admin] Action: 'create', calling method: >, body: {"flavor": {"id": "3", "disk": 40, "rxtx_factor": 1.0, "name": "m1.medium", "ram": 4096, "os-flavor-access:is_public": true, "swap": 0, "vcpus": 2, "OS-FLV-EXT-DATA:ephemeral": 0}} {{(pid=93237) _process_stack /opt/stack/nova/nova/api/openstack/wsgi.py:511}}
Jul 22 20:07:41.026789 n-d-800089-13 devstack@n-api.service[93237]: INFO nova.api.openstack.requestlog [None req-efca5dc6-eefa-4024-a4ec-9b27fa2da997 admin admin] 10.222.0.35 "POST /compute/v2.1/flavors" status: 200 len: 406 microversion: 2.61 time: 0.068189
Jul 22 20:07:41.027629 n-d-800089-13 devstack@n-api.service[93237]: [pid: 93237|app: 0|req: 14/28] 10.222.0.35 () {64 vars in 1283 bytes} [Thu Jul 22 20:07:40 2021] POST /compute/v2.1/flavors => generated 406 bytes in 70 msecs (HTTP/1.1 200) 9 headers in 359 bytes (1 switches on core 0)
Jul 22 20:07:41.040759 n-d-800089-13 devstack@n-api.service[93236]: DEBUG nova.api.openstack.wsgi [None req-122e9333-af87-4d01-b20b-d8fc2794dd60 admin admin] Action: 'create', calling method: >, body: {"extra_specs": {"hw_rng:allowed": "True"}} {{(pid=93236) _process_stack /opt/stack/nova/nova/api/openstack/wsgi.py:511}}
Jul 22 20:07:41.065630 n-d-800089-13 devstack@n-api.service[93236]: INFO nova.api.openstack.requestlog [None req-122e9333-af87-4d01-b20b-d8fc2794dd60 admin admin] 10.222.0.35 "POST /compute/v2.1/flavors/3/os-extra_specs" status: 200 len: 43 microversion: 2.61 time: 0.028638
Jul 22 20:07:41.066522 n-d-800089-13 devstack@n-api.service[93236]: [pid: 93236|app: 0|req: 15/29] 10.222.0.35 () {64 vars in 1333 bytes} [Thu Jul 22 20:07:41 2021] POST /compute/v2.1/flavors/3/os-extra_specs => generated 43 bytes in 30 msecs (HTTP/1.1 200) 9 headers in 358 bytes (1 switches on core 0)
Jul 22 20:07:43.665310 n-d-800089-13 devstack@n-api.service[93237]: DEBUG nova.api.openstack.wsgi [None req-efca5dc6-eefa-4024-a4ec-9b27fa2da997 admin admin] Calling method '>' {{(pid=93237) _process_stack /opt/stack/nova/nova/api/openstack/wsgi.py:513}}
Jul 22 20:07:43.666607 n-d-800089-13 devstack@n-api.service[93237]: INFO nova.api.openstack.requestlog [None req-efca5dc6-eefa-4024-a4ec-9b27fa2da997 admin admin] 10.222.0.35 "GET /compute/v2.1" status: 200 len: 388 microversion: 2.1 time: 0.001812
Jul 22 20:07:43.667063 n-d-800089-13 devstack@n-api.service[93237]: [pid: 93237|app: 0|req: 15/30] 10.222.0.35 () {54 vars in 931 bytes} [Thu Jul 22 20:07:43 2021] GET /compute/v2.1 => generated 388 bytes in 3 msecs (HTTP/1.1 200) 9 headers in 357 bytes (1 switches on core 0)
Jul 22 20:07:43.733854 n-d-800089-13 devstack@n-api.service[93236]: DEBUG nova.api.openstack.wsgi [None req-73673d2d-3bdd-4e1a-a09e-f56239ab4557 admin admin] Action: 'create', calling method: >, body: {"flavor": {"vcpus": 4, "swap": 0, "ram": 8192, "OS-FLV-EXT-DATA:ephemeral": 0, "name": "m1.large", "disk": 80, "os-flavor-access:is_public": true, "id": "4", "rxtx_factor": 1.0}} {{(pid=93236) _process_stack /opt/stack/nova/nova/api/openstack/wsgi.py:511}}
Jul 22 20:07:43.752781 n-d-800089-13 devstack@n-api.service[93236]: INFO nova.api.openstack.requestlog [None req-73673d2d-3bdd-4e1a-a09e-f56239ab4557 admin admin] 10.222.0.35 "POST /compute/v2.1/flavors" status: 200 len: 405 microversion: 2.61 time: 0.078594
Jul 22 20:07:43.753344 n-d-800089-13 devstack@n-api.service[93236]: [pid: 93236|app: 0|req: 16/31] 10.222.0.35 () {64 vars in 1283 bytes} [Thu Jul 22 20:07:43 2021] POST /compute/v2.1/flavors => generated 405 bytes in 80 msecs (HTTP/1.1 200) 9 headers in 359 bytes (1 switches on core 0)
Jul 22 20:07:43.765335 n-d-800089-13 devstack@n-api.service[93237]: DEBUG nova.api.openstack.wsgi [None req-34748ca9-5934-4517-81b3-779317626a47 admin admin] Action: 'create', calling method: >, body: {"extra_specs": {"hw_rng:allowed": "True"}} {{(pid=93237) _process_stack /opt/stack/nova/nova/api/openstack/wsgi.py:511}}
Jul 22 20:07:43.788589 n-d-800089-13 devstack@n-api.service[93237]: INFO nova.api.openstack.requestlog [None req-34748ca9-5934-4517-81b3-779317626a47 admin admin] 10.222.0.35 "POST /compute/v2.1/flavors/4/os-extra_specs" status: 200 len: 43 microversion: 2.61 time: 0.027416
Jul 22 20:07:43.789156 n-d-800089-13 devstack@n-api.service[93237]: [pid: 93237|app: 0|req: 16/32] 10.222.0.35 () {64 vars in 1333 bytes} [Thu Jul 22 20:07:43 2021] POST /compute/v2.1/flavors/4/os-extra_specs => generated 43 bytes in 29 msecs (HTTP/1.1 200) 9 headers in 358 bytes (1 switches on core 0)
Jul 22 20:07:45.942201 n-d-800089-13 devstack@n-api.service[93236]: DEBUG nova.api.openstack.wsgi [None req-73673d2d-3bdd-4e1a-a09e-f56239ab4557 admin admin] Calling method '>' {{(pid=93236) _process_stack /opt/stack/nova/nova/api/openstack/wsgi.py:513}}
Jul 22 20:07:45.943314 n-d-800089-13 devstack@n-api.service[93236]: INFO nova.api.openstack.requestlog [None req-73673d2d-3bdd-4e1a-a09e-f56239ab4557 admin admin] 10.222.0.35 "GET /compute/v2.1" status: 200 len: 388 microversion: 2.1 time: 0.001522
Jul 22 20:07:45.943742 n-d-800089-13 devstack@n-api.service[93236]: [pid: 93236|app: 0|req: 17/33] 10.222.0.35 () {54 vars in 931 bytes} [Thu Jul 22 20:07:45 2021] GET /compute/v2.1 => generated 388 bytes in 2 msecs (HTTP/1.1 200) 9 headers in 357 bytes (1 switches on core 0)
Jul 22 20:07:45.997309 n-d-800089-13 devstack@n-api.service[93237]: DEBUG nova.api.openstack.wsgi [None req-f670e9b5-632a-4d31-afbd-5a7bc0c036b4 admin admin] Action: 'create', calling method: >, body: {"flavor": {"id": "5", "ram": 16384, "name": "m1.xlarge", "disk": 160, "rxtx_factor": 1.0, "os-flavor-access:is_public": true, "swap": 0, "vcpus": 8, "OS-FLV-EXT-DATA:ephemeral": 0}} {{(pid=93237) _process_stack /opt/stack/nova/nova/api/openstack/wsgi.py:511}}
Jul 22 20:07:46.015564 n-d-800089-13 devstack@n-api.service[93237]: INFO nova.api.openstack.requestlog [None req-f670e9b5-632a-4d31-afbd-5a7bc0c036b4 admin admin] 10.222.0.35 "POST /compute/v2.1/flavors" status: 200 len: 408 microversion: 2.61 time: 0.065857
Jul 22 20:07:46.016141 n-d-800089-13 devstack@n-api.service[93237]: [pid: 93237|app: 0|req: 17/34] 10.222.0.35 () {64 vars in 1283 bytes} [Thu Jul 22 20:07:45 2021] POST /compute/v2.1/flavors => generated 408 bytes in 67 msecs (HTTP/1.1 200) 9 headers in 359 bytes (2 switches on core 0)
Jul 22 20:07:46.027700 n-d-800089-13 devstack@n-api.service[93236]: DEBUG nova.api.openstack.wsgi [None req-1c5702da-4880-4743-991a-558675fd38a9 admin admin] Action: 'create', calling method: >, body: {"extra_specs": {"hw_rng:allowed": "True"}} {{(pid=93236) _process_stack /opt/stack/nova/nova/api/openstack/wsgi.py:511}}
Jul 22 20:07:46.051585 n-d-800089-13 devstack@n-api.service[93236]: INFO nova.api.openstack.requestlog [None req-1c5702da-4880-4743-991a-558675fd38a9 admin admin] 10.222.0.35 "POST /compute/v2.1/flavors/5/os-extra_specs" status: 200 len: 43 microversion: 2.61 time: 0.027525
Jul 22 20:07:46.052145 n-d-800089-13 devstack@n-api.service[93236]: [pid: 93236|app: 0|req: 18/35] 10.222.0.35 () {64 vars in 1333 bytes} [Thu Jul 22 20:07:46 2021] POST /compute/v2.1/flavors/5/os-extra_specs => generated 43 bytes in 29 msecs (HTTP/1.1 200) 9 headers in 358 bytes (1 switches on core 0)
Jul 22 20:08:29.021432 n-d-800089-13 devstack@n-api.service[93237]: DEBUG nova.api.openstack.wsgi [None req-f670e9b5-632a-4d31-afbd-5a7bc0c036b4 admin admin] Calling method '>' {{(pid=93237) _process_stack /opt/stack/nova/nova/api/openstack/wsgi.py:513}}
Jul 22 20:08:29.022432 n-d-800089-13 devstack@n-api.service[93237]: INFO nova.api.openstack.requestlog [None req-f670e9b5-632a-4d31-afbd-5a7bc0c036b4 admin admin] 10.222.0.35 "GET /compute/v2.1" status: 200 len: 388 microversion: 2.1 time: 0.001416
Jul 22 20:08:29.022833 n-d-800089-13 devstack@n-api.service[93237]: [pid: 93237|app: 0|req: 18/36] 10.222.0.35 () {54 vars in 931 bytes} [Thu Jul 22 20:08:29 2021] GET /compute/v2.1 => generated 388 bytes in 2 msecs (HTTP/1.1 200) 9 headers in 357 bytes (1 switches on core 0)
Jul 22 20:08:29.075932 n-d-800089-13 devstack@n-api.service[93236]: DEBUG nova.api.openstack.wsgi [None req-7ba2ba2e-601c-47ee-970d-708622d43848 admin admin] Calling method '>' {{(pid=93236) _process_stack /opt/stack/nova/nova/api/openstack/wsgi.py:513}}
Jul 22 20:08:29.092660 n-d-800089-13 devstack@n-api.service[93236]: INFO nova.api.openstack.requestlog [None req-7ba2ba2e-601c-47ee-970d-708622d43848 admin admin] 10.222.0.35 "GET /compute/v2.1/flavors/detail?is_public=True" status: 200 len: 4202 microversion: 2.61 time: 0.063633
Jul 22 20:08:29.093185 n-d-800089-13 devstack@n-api.service[93236]: [pid: 93236|app: 0|req: 19/37] 10.222.0.35 () {60 vars in 1292 bytes} [Thu Jul 22 20:08:29 2021] GET /compute/v2.1/flavors/detail?is_public=True => generated 4202 bytes in 65 msecs (HTTP/1.1 200) 9 headers in 360 bytes (1 switches on core 0)
Jul 22 20:08:30.479585 n-d-800089-13 devstack@n-api.service[93237]: DEBUG nova.api.openstack.wsgi [None req-f670e9b5-632a-4d31-afbd-5a7bc0c036b4 admin admin] Calling method '>' {{(pid=93237) _process_stack /opt/stack/nova/nova/api/openstack/wsgi.py:513}}
Jul 22 20:08:30.480680 n-d-800089-13 devstack@n-api.service[93237]: INFO nova.api.openstack.requestlog [None req-f670e9b5-632a-4d31-afbd-5a7bc0c036b4 admin admin] 10.222.0.35 "GET /compute/v2.1" status: 200 len: 388 microversion: 2.1 time: 0.001431
Jul 22 20:08:30.481072 n-d-800089-13 devstack@n-api.service[93237]: [pid: 93237|app: 0|req: 19/38] 10.222.0.35 () {56 vars in 1075 bytes} [Thu Jul 22 20:08:30 2021] GET /compute/v2.1 => generated 388 bytes in 2 msecs (HTTP/1.1 200) 9 headers in 357 bytes (1 switches on core 0)
Jul 22 20:08:30.681430 n-d-800089-13 devstack@n-api.service[93236]: DEBUG nova.api.openstack.wsgi [None req-f3860dbc-d9f5-4b12-abd1-d7ad6a27eee2 admin admin] Calling method '>' {{(pid=93236) _process_stack /opt/stack/nova/nova/api/openstack/wsgi.py:513}}
Jul 22 20:08:30.687136 n-d-800089-13 devstack@n-api.service[93236]: INFO nova.api.openstack.wsgi [None req-f3860dbc-d9f5-4b12-abd1-d7ad6a27eee2 admin admin] HTTP exception thrown: Flavor 42 could not be found.
Jul 22 20:08:30.687892 n-d-800089-13 devstack@n-api.service[93236]: DEBUG nova.api.openstack.wsgi [None req-f3860dbc-d9f5-4b12-abd1-d7ad6a27eee2 admin admin] Returning 404 to user: Flavor 42 could not be found. {{(pid=93236) __call__ /opt/stack/nova/nova/api/openstack/wsgi.py:927}}
Jul 22 20:08:30.688728 n-d-800089-13 devstack@n-api.service[93236]: INFO nova.api.openstack.requestlog [None req-f3860dbc-d9f5-4b12-abd1-d7ad6a27eee2 admin admin] 10.222.0.35 "GET /compute/v2.1/flavors/42" status: 404 len: 75 microversion: 2.88 time: 0.057055
Jul 22 20:08:30.689285 n-d-800089-13 devstack@n-api.service[93236]: [pid: 93236|app: 0|req: 20/39] 10.222.0.35 () {60 vars in 1191 bytes} [Thu Jul 22 20:08:30 2021] GET /compute/v2.1/flavors/42 => generated 75 bytes in 58 msecs (HTTP/1.1 404) 9 headers in 380 bytes (1 switches on core 0)
Jul 22 20:08:30.698776 n-d-800089-13 devstack@n-api.service[93237]: DEBUG nova.api.openstack.wsgi [None req-de428e7a-7cb1-4265-bb19-0925dc226a55 admin admin] Calling method '>' {{(pid=93237) _process_stack /opt/stack/nova/nova/api/openstack/wsgi.py:513}}
Jul 22 20:08:30.720219 n-d-800089-13 devstack@n-api.service[93237]: INFO nova.api.openstack.requestlog [None req-de428e7a-7cb1-4265-bb19-0925dc226a55 admin admin] 10.222.0.35 "GET /compute/v2.1/flavors?is_public=None" status: 200 len: 2056 microversion: 2.88 time: 0.025219
Jul 22 20:08:30.720740 n-d-800089-13 devstack@n-api.service[93237]: [pid: 93237|app: 0|req: 20/40] 10.222.0.35 () {60 vars in 1211 bytes} [Thu Jul 22 20:08:30 2021] GET /compute/v2.1/flavors?is_public=None => generated 2056 bytes in 26 msecs (HTTP/1.1 200) 9 headers in 360 bytes (1 switches on core 0)
Jul 22 20:08:30.730123 n-d-800089-13 devstack@n-api.service[93236]: DEBUG nova.api.openstack.wsgi [None req-4abf1799-8031-4476-9dcd-4ebe49378a47 admin admin] Calling method '>' {{(pid=93236) _process_stack /opt/stack/nova/nova/api/openstack/wsgi.py:513}}
Jul 22 20:08:30.750703 n-d-800089-13 devstack@n-api.service[93236]: INFO nova.api.openstack.requestlog [None req-4abf1799-8031-4476-9dcd-4ebe49378a47 admin admin] 10.222.0.35 "GET /compute/v2.1/flavors?is_public=None" status: 200 len: 2056 microversion: 2.88 time: 0.024028
Jul 22 20:08:30.751234 n-d-800089-13 devstack@n-api.service[93236]: [pid: 93236|app: 0|req: 21/41] 10.222.0.35 () {60 vars in 1211 bytes} [Thu Jul 22 20:08:30 2021] GET /compute/v2.1/flavors?is_public=None => generated 2056 bytes in 25 msecs (HTTP/1.1 200) 9 headers in 360 bytes (2 switches on core 0)
Jul 22 20:08:30.760159 n-d-800089-13 devstack@n-api.service[93237]: DEBUG nova.api.openstack.wsgi [None req-759cd519-27e2-47aa-9a29-4a08c5b02ac3 admin admin] Calling method '>' {{(pid=93237) _process_stack /opt/stack/nova/nova/api/openstack/wsgi.py:513}}
Jul 22 20:08:30.765905 n-d-800089-13 devstack@n-api.service[93237]: INFO nova.api.openstack.wsgi [None req-759cd519-27e2-47aa-9a29-4a08c5b02ac3 admin admin] HTTP exception thrown: Flavor 42 could not be found.
Jul 22 20:08:30.766459 n-d-800089-13 devstack@n-api.service[93237]: DEBUG nova.api.openstack.wsgi [None req-759cd519-27e2-47aa-9a29-4a08c5b02ac3 admin admin] Returning 404 to user: Flavor 42 could not be found. {{(pid=93237) __call__ /opt/stack/nova/nova/api/openstack/wsgi.py:927}}
Jul 22 20:08:30.767229 n-d-800089-13 devstack@n-api.service[93237]: INFO nova.api.openstack.requestlog [None req-759cd519-27e2-47aa-9a29-4a08c5b02ac3 admin admin] 10.222.0.35 "GET /compute/v2.1/flavors/42" status: 404 len: 75 microversion: 2.88 time: 0.010558
Jul 22 20:08:30.767734 n-d-800089-13 devstack@n-api.service[93237]: [pid: 93237|app: 0|req: 21/42] 10.222.0.35 () {60 vars in 1191 bytes} [Thu Jul 22 20:08:30 2021] GET /compute/v2.1/flavors/42 => generated 75 bytes in 11 msecs (HTTP/1.1 404) 9 headers in 380 bytes (2 switches on core 0)
Jul 22 20:08:32.075704 n-d-800089-13 devstack@n-api.service[93236]: DEBUG nova.api.openstack.wsgi [None req-4abf1799-8031-4476-9dcd-4ebe49378a47 admin admin] Calling method '>' {{(pid=93236) _process_stack /opt/stack/nova/nova/api/openstack/wsgi.py:513}}
Jul 22 20:08:32.076765 n-d-800089-13 devstack@n-api.service[93236]: INFO nova.api.openstack.requestlog [None req-4abf1799-8031-4476-9dcd-4ebe49378a47 admin admin] 10.222.0.35 "GET /compute/v2.1" status: 200 len: 388 microversion: 2.1 time: 0.001457
Jul 22 20:08:32.077153 n-d-800089-13 devstack@n-api.service[93236]: [pid: 93236|app: 0|req: 22/43] 10.222.0.35 () {56 vars in 1075 bytes} [Thu Jul 22 20:08:32 2021] GET /compute/v2.1 => generated 388 bytes in 2 msecs (HTTP/1.1 200) 9 headers in 357 bytes (1 switches on core 0)
Jul 22 20:08:32.263476 n-d-800089-13 devstack@n-api.service[93237]: DEBUG nova.api.openstack.wsgi [None req-6d7b9089-2a78-4ef3-a0ea-f62bfd1b653f admin admin] Calling method '>' {{(pid=93237) _process_stack /opt/stack/nova/nova/api/openstack/wsgi.py:513}}
Jul 22 20:08:32.268625 n-d-800089-13 devstack@n-api.service[93237]: INFO nova.api.openstack.wsgi [None req-6d7b9089-2a78-4ef3-a0ea-f62bfd1b653f admin admin] HTTP exception thrown: Flavor 84 could not be found.
Jul 22 20:08:32.269184 n-d-800089-13 devstack@n-api.service[93237]: DEBUG nova.api.openstack.wsgi [None req-6d7b9089-2a78-4ef3-a0ea-f62bfd1b653f admin admin] Returning 404 to user: Flavor 84 could not be found. {{(pid=93237) __call__ /opt/stack/nova/nova/api/openstack/wsgi.py:927}}
Jul 22 20:08:32.269967 n-d-800089-13 devstack@n-api.service[93237]: INFO nova.api.openstack.requestlog [None req-6d7b9089-2a78-4ef3-a0ea-f62bfd1b653f admin admin] 10.222.0.35 "GET /compute/v2.1/flavors/84" status: 404 len: 75 microversion: 2.88 time: 0.054843
Jul 22 20:08:32.270467 n-d-800089-13 devstack@n-api.service[93237]: [pid: 93237|app: 0|req: 22/44] 10.222.0.35 () {60 vars in 1191 bytes} [Thu Jul 22 20:08:32 2021] GET /compute/v2.1/flavors/84 => generated 75 bytes in 56 msecs (HTTP/1.1 404) 9 headers in 380 bytes (1 switches on core 0)
Jul 22 20:08:32.279505 n-d-800089-13 devstack@n-api.service[93236]: DEBUG nova.api.openstack.wsgi [None req-8bd25842-9eee-4c6c-aca6-2ebc41efc5e6 admin admin] Calling method '>' {{(pid=93236) _process_stack /opt/stack/nova/nova/api/openstack/wsgi.py:513}}
Jul 22 20:08:32.292698 n-d-800089-13 devstack@n-api.service[93236]: INFO nova.api.openstack.requestlog [None req-8bd25842-9eee-4c6c-aca6-2ebc41efc5e6 admin admin] 10.222.0.35 "GET /compute/v2.1/flavors?is_public=None" status: 200 len: 2056 microversion: 2.88 time: 0.016641
Jul 22 20:08:32.293227 n-d-800089-13 devstack@n-api.service[93236]: [pid: 93236|app: 0|req: 23/45] 10.222.0.35 () {60 vars in 1211 bytes} [Thu Jul 22 20:08:32 2021] GET /compute/v2.1/flavors?is_public=None => generated 2056 bytes in 18 msecs (HTTP/1.1 200) 9 headers in 360 bytes (1 switches on core 0)
Jul 22 20:08:32.302553 n-d-800089-13 devstack@n-api.service[93237]: DEBUG nova.api.openstack.wsgi [None req-cb83a92b-a4ed-4dcc-97bb-f7dbb4749b84 admin admin] Calling method '>' {{(pid=93237) _process_stack /opt/stack/nova/nova/api/openstack/wsgi.py:513}}
Jul 22 20:08:32.316353 n-d-800089-13 devstack@n-api.service[93237]: INFO nova.api.openstack.requestlog [None req-cb83a92b-a4ed-4dcc-97bb-f7dbb4749b84 admin admin] 10.222.0.35 "GET /compute/v2.1/flavors?is_public=None" status: 200 len: 2056 microversion: 2.88 time: 0.017177
Jul 22 20:08:32.316872 n-d-800089-13 devstack@n-api.service[93237]: [pid: 93237|app: 0|req: 23/46] 10.222.0.35 () {60 vars in 1211 bytes} [Thu Jul 22 20:08:32 2021] GET /compute/v2.1/flavors?is_public=None => generated 2056 bytes in 18 msecs (HTTP/1.1 200) 9 headers in 360 bytes (1 switches on core 0)
Jul 22 20:08:32.325619 n-d-800089-13 devstack@n-api.service[93236]: DEBUG nova.api.openstack.wsgi [None req-cac4d8c7-35b4-4701-8629-11a3f6fe9f4f admin admin] Calling method '>' {{(pid=93236) _process_stack /opt/stack/nova/nova/api/openstack/wsgi.py:513}}
Jul 22 20:08:32.330592 n-d-800089-13 devstack@n-api.service[93236]: INFO nova.api.openstack.wsgi [None req-cac4d8c7-35b4-4701-8629-11a3f6fe9f4f admin admin] HTTP exception thrown: Flavor 84 could not be found.
Jul 22 20:08:32.331147 n-d-800089-13 devstack@n-api.service[93236]: DEBUG nova.api.openstack.wsgi [None req-cac4d8c7-35b4-4701-8629-11a3f6fe9f4f admin admin] Returning 404 to user: Flavor 84 could not be found. {{(pid=93236) __call__ /opt/stack/nova/nova/api/openstack/wsgi.py:927}}
Jul 22 20:08:32.331956 n-d-800089-13 devstack@n-api.service[93236]: INFO nova.api.openstack.requestlog [None req-cac4d8c7-35b4-4701-8629-11a3f6fe9f4f admin admin] 10.222.0.35 "GET /compute/v2.1/flavors/84" status: 404 len: 75 microversion: 2.88 time: 0.009731
Jul 22 20:08:32.332430 n-d-800089-13 devstack@n-api.service[93236]: [pid: 93236|app: 0|req: 24/47] 10.222.0.35 () {60 vars in 1191 bytes} [Thu Jul 22 20:08:32 2021] GET /compute/v2.1/flavors/84 => generated 75 bytes in 11 msecs (HTTP/1.1 404) 9 headers in 380 bytes (2 switches on core 0)
Jul 22 20:08:33.644091 n-d-800089-13 devstack@n-api.service[93237]: DEBUG nova.api.openstack.wsgi [None req-cb83a92b-a4ed-4dcc-97bb-f7dbb4749b84 admin admin] Calling method '>' {{(pid=93237) _process_stack /opt/stack/nova/nova/api/openstack/wsgi.py:513}}
Jul 22 20:08:33.645072 n-d-800089-13 devstack@n-api.service[93237]: INFO nova.api.openstack.requestlog [None req-cb83a92b-a4ed-4dcc-97bb-f7dbb4749b84 admin admin] 10.222.0.35 "GET /compute/v2.1" status: 200 len: 388 microversion: 2.1 time: 0.001436
Jul 22 20:08:33.645464 n-d-800089-13 devstack@n-api.service[93237]: [pid: 93237|app: 0|req: 24/48] 10.222.0.35 () {56 vars in 1075 bytes} [Thu Jul 22 20:08:33 2021] GET /compute/v2.1 => generated 388 bytes in 2 msecs (HTTP/1.1 200) 9 headers in 357 bytes (1 switches on core 0)
Jul 22 20:08:33.830442 n-d-800089-13 devstack@n-api.service[93236]: DEBUG nova.api.openstack.wsgi [None req-7af18505-df7b-433b-ac69-ad9acd41d25e admin admin] Calling method '>' {{(pid=93236) _process_stack /opt/stack/nova/nova/api/openstack/wsgi.py:513}}
Jul 22 20:08:33.835497 n-d-800089-13 devstack@n-api.service[93236]: INFO nova.api.openstack.wsgi [None req-7af18505-df7b-433b-ac69-ad9acd41d25e admin admin] HTTP exception thrown: Flavor 451 could not be found.
Jul 22 20:08:33.836048 n-d-800089-13 devstack@n-api.service[93236]: DEBUG nova.api.openstack.wsgi [None req-7af18505-df7b-433b-ac69-ad9acd41d25e admin admin] Returning 404 to user: Flavor 451 could not be found. {{(pid=93236) __call__ /opt/stack/nova/nova/api/openstack/wsgi.py:927}}
Jul 22 20:08:33.836828 n-d-800089-13 devstack@n-api.service[93236]: INFO nova.api.openstack.requestlog [None req-7af18505-df7b-433b-ac69-ad9acd41d25e admin admin] 10.222.0.35 "GET /compute/v2.1/flavors/451" status: 404 len: 76 microversion: 2.88 time: 0.054179
Jul 22 20:08:33.837322 n-d-800089-13 devstack@n-api.service[93236]: [pid: 93236|app: 0|req: 25/49] 10.222.0.35 () {60 vars in 1194 bytes} [Thu Jul 22 20:08:33 2021] GET /compute/v2.1/flavors/451 => generated 76 bytes in 55 msecs (HTTP/1.1 404) 9 headers in 380 bytes (1 switches on core 0)
Jul 22 20:08:33.847022 n-d-800089-13 devstack@n-api.service[93237]: DEBUG nova.api.openstack.wsgi [None req-291b3043-39d3-408b-8731-7263e51896ac admin admin] Calling method '>' {{(pid=93237) _process_stack /opt/stack/nova/nova/api/openstack/wsgi.py:513}}
Jul 22 20:08:33.860247 n-d-800089-13 devstack@n-api.service[93237]: INFO nova.api.openstack.requestlog [None req-291b3043-39d3-408b-8731-7263e51896ac admin admin] 10.222.0.35 "GET /compute/v2.1/flavors?is_public=None" status: 200 len: 2056 microversion: 2.88 time: 0.016759
Jul 22 20:08:33.860767 n-d-800089-13 devstack@n-api.service[93237]: [pid: 93237|app: 0|req: 25/50] 10.222.0.35 () {60 vars in 1211 bytes} [Thu Jul 22 20:08:33 2021] GET /compute/v2.1/flavors?is_public=None => generated 2056 bytes in 18 msecs (HTTP/1.1 200) 9 headers in 360 bytes (1 switches on core 0)
Jul 22 20:08:33.871354 n-d-800089-13 devstack@n-api.service[93236]: DEBUG nova.api.openstack.wsgi [None req-1a96a047-4fd0-4939-a402-b7b92d9e9693 admin admin] Calling method '>' {{(pid=93236) _process_stack /opt/stack/nova/nova/api/openstack/wsgi.py:513}}
Jul 22 20:08:33.884431 n-d-800089-13 devstack@n-api.service[93236]: INFO nova.api.openstack.requestlog [None req-1a96a047-4fd0-4939-a402-b7b92d9e9693 admin admin] 10.222.0.35 "GET /compute/v2.1/flavors?is_public=None" status: 200 len: 2056 microversion: 2.88 time: 0.016999
Jul 22 20:08:33.884938 n-d-800089-13 devstack@n-api.service[93236]: [pid: 93236|app: 0|req: 26/51] 10.222.0.35 () {60 vars in 1211 bytes} [Thu Jul 22 20:08:33 2021] GET /compute/v2.1/flavors?is_public=None => generated 2056 bytes in 18 msecs (HTTP/1.1 200) 9 headers in 360 bytes (2 switches on core 0)
Jul 22 20:08:33.894444 n-d-800089-13 devstack@n-api.service[93237]: DEBUG nova.api.openstack.wsgi [None req-002fc50e-3a32-4978-a3a0-6f458222f5bf admin admin] Calling method '>' {{(pid=93237) _process_stack /opt/stack/nova/nova/api/openstack/wsgi.py:513}}
Jul 22 20:08:33.899566 n-d-800089-13 devstack@n-api.service[93237]: INFO nova.api.openstack.wsgi [None req-002fc50e-3a32-4978-a3a0-6f458222f5bf admin admin] HTTP exception thrown: Flavor 451 could not be found.
Jul 22 20:08:33.900123 n-d-800089-13 devstack@n-api.service[93237]: DEBUG nova.api.openstack.wsgi [None req-002fc50e-3a32-4978-a3a0-6f458222f5bf admin admin] Returning 404 to user: Flavor 451 could not be found. {{(pid=93237) __call__ /opt/stack/nova/nova/api/openstack/wsgi.py:927}}
Jul 22 20:08:33.900918 n-d-800089-13 devstack@n-api.service[93237]: INFO nova.api.openstack.requestlog [None req-002fc50e-3a32-4978-a3a0-6f458222f5bf admin admin] 10.222.0.35 "GET /compute/v2.1/flavors/451" status: 404 len: 76 microversion: 2.88 time: 0.010035
Jul 22 20:08:33.901481 n-d-800089-13 devstack@n-api.service[93237]: [pid: 93237|app: 0|req: 26/52] 10.222.0.35 () {60 vars in 1194 bytes} [Thu Jul 22 20:08:33 2021] GET /compute/v2.1/flavors/451 => generated 76 bytes in 11 msecs (HTTP/1.1 404) 9 headers in 380 bytes (2 switches on core 0)
Jul 22 20:08:35.252768 n-d-800089-13 devstack@n-api.service[93236]: DEBUG nova.api.openstack.wsgi [None req-1a96a047-4fd0-4939-a402-b7b92d9e9693 admin admin] Calling method '>' {{(pid=93236) _process_stack /opt/stack/nova/nova/api/openstack/wsgi.py:513}}
Jul 22 20:08:35.253751 n-d-800089-13 devstack@n-api.service[93236]: INFO nova.api.openstack.requestlog [None req-1a96a047-4fd0-4939-a402-b7b92d9e9693 admin admin] 10.222.0.35 "GET /compute/v2.1" status: 200 len: 388 microversion: 2.1 time: 0.001425
Jul 22 20:08:35.254137 n-d-800089-13 devstack@n-api.service[93236]: [pid: 93236|app: 0|req: 27/53] 10.222.0.35 () {56 vars in 1075 bytes} [Thu Jul 22 20:08:35 2021] GET /compute/v2.1 => generated 388 bytes in 2 msecs (HTTP/1.1 200) 9 headers in 357 bytes (1 switches on core 0)
Jul 22 20:08:35.438941 n-d-800089-13 devstack@n-api.service[93237]: DEBUG nova.api.openstack.wsgi [None req-fb955e3d-c297-4076-8d16-74338d5b9487 admin admin] Action: 'create', calling method: >, body: {"flavor": {"name": "m1.nano", "ram": 256, "vcpus": 1, "disk": 1, "id": "42", "swap": 0, "OS-FLV-EXT-DATA:ephemeral": 0, "rxtx_factor": 1.0, "os-flavor-access:is_public": true}} {{(pid=93237) _process_stack /opt/stack/nova/nova/api/openstack/wsgi.py:511}}
Jul 22 20:08:35.456703 n-d-800089-13 devstack@n-api.service[93237]: INFO nova.api.openstack.requestlog [None req-fb955e3d-c297-4076-8d16-74338d5b9487 admin admin] 10.222.0.35 "POST /compute/v2.1/flavors" status: 200 len: 404 microversion: 2.88 time: 0.065217
Jul 22 20:08:35.457221 n-d-800089-13 devstack@n-api.service[93237]: [pid: 93237|app: 0|req: 27/54] 10.222.0.35 () {64 vars in 1236 bytes} [Thu Jul 22 20:08:35 2021] POST /compute/v2.1/flavors => generated 404 bytes in 66 msecs (HTTP/1.1 200) 9 headers in 359 bytes (2 switches on core 0)
Jul 22 20:08:36.769584 n-d-800089-13 devstack@n-api.service[93236]: DEBUG nova.api.openstack.wsgi [None req-1a96a047-4fd0-4939-a402-b7b92d9e9693 admin admin] Calling method '>' {{(pid=93236) _process_stack /opt/stack/nova/nova/api/openstack/wsgi.py:513}}
Jul 22 20:08:36.770604 n-d-800089-13 devstack@n-api.service[93236]: INFO nova.api.openstack.requestlog [None req-1a96a047-4fd0-4939-a402-b7b92d9e9693 admin admin] 10.222.0.35 "GET /compute/v2.1" status: 200 len: 388 microversion: 2.1 time: 0.001431
Jul 22 20:08:36.770993 n-d-800089-13 devstack@n-api.service[93236]: [pid: 93236|app: 0|req: 28/55] 10.222.0.35 () {56 vars in 1075 bytes} [Thu Jul 22 20:08:36 2021] GET /compute/v2.1 => generated 388 bytes in 2 msecs (HTTP/1.1 200) 9 headers in 357 bytes (1 switches on core 0)
Jul 22 20:08:36.961885 n-d-800089-13 devstack@n-api.service[93237]: DEBUG nova.api.openstack.wsgi [None req-174f1a97-7f2d-4994-9182-5b8579a49a1e admin admin] Action: 'create', calling method: >, body: {"flavor": {"name": "m1.micro", "ram": 256, "vcpus": 1, "disk": 2, "id": "84", "swap": 0, "OS-FLV-EXT-DATA:ephemeral": 0, "rxtx_factor": 1.0, "os-flavor-access:is_public": true}} {{(pid=93237) _process_stack /opt/stack/nova/nova/api/openstack/wsgi.py:511}}
Jul 22 20:08:36.979832 n-d-800089-13 devstack@n-api.service[93237]: INFO nova.api.openstack.requestlog [None req-174f1a97-7f2d-4994-9182-5b8579a49a1e admin admin] 10.222.0.35 "POST /compute/v2.1/flavors" status: 200 len: 405 microversion: 2.88 time: 0.069537
Jul 22 20:08:36.980370 n-d-800089-13 devstack@n-api.service[93237]: [pid: 93237|app: 0|req: 28/56] 10.222.0.35 () {64 vars in 1236 bytes} [Thu Jul 22 20:08:36 2021] POST /compute/v2.1/flavors => generated 405 bytes in 71 msecs (HTTP/1.1 200) 9 headers in 359 bytes (1 switches on core 0)
Jul 22 20:08:38.306443 n-d-800089-13 devstack@n-api.service[93236]: DEBUG nova.api.openstack.wsgi [None req-1a96a047-4fd0-4939-a402-b7b92d9e9693 admin admin] Calling method '>' {{(pid=93236) _process_stack /opt/stack/nova/nova/api/openstack/wsgi.py:513}}
Jul 22 20:08:38.307480 n-d-800089-13 devstack@n-api.service[93236]: INFO nova.api.openstack.requestlog [None req-1a96a047-4fd0-4939-a402-b7b92d9e9693 admin admin] 10.222.0.35 "GET /compute/v2.1" status: 200 len: 388 microversion: 2.1 time: 0.001398
Jul 22 20:08:38.307887 n-d-800089-13 devstack@n-api.service[93236]: [pid: 93236|app: 0|req: 29/57] 10.222.0.35 () {56 vars in 1075 bytes} [Thu Jul 22 20:08:38 2021] GET /compute/v2.1 => generated 388 bytes in 2 msecs (HTTP/1.1 200) 9 headers in 357 bytes (1 switches on core 0)
Jul 22 20:08:38.492788 n-d-800089-13 devstack@n-api.service[93237]: DEBUG nova.api.openstack.wsgi [None req-dd24ea1e-5f52-45fd-a0fd-d57a107d9cae admin admin] Action: 'create', calling method: >, body: {"flavor": {"name": "m1.heat", "ram": 512, "vcpus": 1, "disk": 1, "id": "451", "swap": 0, "OS-FLV-EXT-DATA:ephemeral": 0, "rxtx_factor": 1.0, "os-flavor-access:is_public": true}} {{(pid=93237) _process_stack /opt/stack/nova/nova/api/openstack/wsgi.py:511}}
Jul 22 20:08:38.511705 n-d-800089-13 devstack@n-api.service[93237]: INFO nova.api.openstack.requestlog [None req-dd24ea1e-5f52-45fd-a0fd-d57a107d9cae admin admin] 10.222.0.35 "POST /compute/v2.1/flavors" status: 200 len: 407 microversion: 2.88 time: 0.067519
Jul 22 20:08:38.512168 n-d-800089-13 devstack@n-api.service[93237]: [pid: 93237|app: 0|req: 29/58] 10.222.0.35 () {64 vars in 1236 bytes} [Thu Jul 22 20:08:38 2021] POST /compute/v2.1/flavors => generated 407 bytes in 69 msecs (HTTP/1.1 200) 9 headers in 359 bytes (1 switches on core 0)
Jul 22 20:08:39.847026 n-d-800089-13 devstack@n-api.service[93236]: DEBUG nova.api.openstack.wsgi [None req-1a96a047-4fd0-4939-a402-b7b92d9e9693 admin admin] Calling method '>' {{(pid=93236) _process_stack /opt/stack/nova/nova/api/openstack/wsgi.py:513}}
Jul 22 20:08:39.848047 n-d-800089-13 devstack@n-api.service[93236]: INFO nova.api.openstack.requestlog [None req-1a96a047-4fd0-4939-a402-b7b92d9e9693 admin admin] 10.222.0.35 "GET /compute/v2.1" status: 200 len: 388 microversion: 2.1 time: 0.001424
Jul 22 20:08:39.848438 n-d-800089-13 devstack@n-api.service[93236]: [pid: 93236|app: 0|req: 30/59] 10.222.0.35 () {56 vars in 1075 bytes} [Thu Jul 22 20:08:39 2021] GET /compute/v2.1 => generated 388 bytes in 2 msecs (HTTP/1.1 200) 9 headers in 357 bytes (1 switches on core 0)
Jul 22 20:08:40.034906 n-d-800089-13 devstack@n-api.service[93237]: DEBUG nova.api.openstack.wsgi [None req-e32408bd-fedb-4342-bbca-dff081994aef admin admin] Action: 'create', calling method: >, body: {"flavor": {"name": "m1.heat2", "ram": 1024, "vcpus": 1, "disk": 1, "id": "452", "swap": 0, "OS-FLV-EXT-DATA:ephemeral": 0, "rxtx_factor": 1.0, "os-flavor-access:is_public": true}} {{(pid=93237) _process_stack /opt/stack/nova/nova/api/openstack/wsgi.py:511}}
Jul 22 20:08:40.052127 n-d-800089-13 devstack@n-api.service[93237]: INFO nova.api.openstack.requestlog [None req-e32408bd-fedb-4342-bbca-dff081994aef admin admin] 10.222.0.35 "POST /compute/v2.1/flavors" status: 200 len: 409 microversion: 2.88 time: 0.065176
Jul 22 20:08:40.052659 n-d-800089-13 devstack@n-api.service[93237]: [pid: 93237|app: 0|req: 30/60] 10.222.0.35 () {64 vars in 1236 bytes} [Thu Jul 22 20:08:39 2021] POST /compute/v2.1/flavors => generated 409 bytes in 66 msecs (HTTP/1.1 200) 9 headers in 359 bytes (1 switches on core 0)
Jul 22 20:08:41.368361 n-d-800089-13 devstack@n-api.service[93236]: DEBUG nova.api.openstack.wsgi [None req-1a96a047-4fd0-4939-a402-b7b92d9e9693 admin admin] Calling method '>' {{(pid=93236) _process_stack /opt/stack/nova/nova/api/openstack/wsgi.py:513}}
Jul 22 20:08:41.369356 n-d-800089-13 devstack@n-api.service[93236]: INFO nova.api.openstack.requestlog [None req-1a96a047-4fd0-4939-a402-b7b92d9e9693 admin admin] 10.222.0.35 "GET /compute/v2.1" status: 200 len: 388 microversion: 2.1 time: 0.001410
Jul 22 20:08:41.369744 n-d-800089-13 devstack@n-api.service[93236]: [pid: 93236|app: 0|req: 31/61] 10.222.0.35 () {56 vars in 1075 bytes} [Thu Jul 22 20:08:41 2021] GET /compute/v2.1 => generated 388 bytes in 2 msecs (HTTP/1.1 200) 9 headers in 357 bytes (1 switches on core 0)
Jul 22 20:08:41.562620 n-d-800089-13 devstack@n-api.service[93237]: DEBUG nova.api.openstack.wsgi [None req-4bce74ac-7ea2-4db1-b643-ccd03de4a2d1 admin admin] Calling method '>' {{(pid=93237) _process_stack /opt/stack/nova/nova/api/openstack/wsgi.py:513}}
Jul 22 20:08:41.581822 n-d-800089-13 devstack@n-api.service[93237]: INFO nova.api.openstack.requestlog [None req-4bce74ac-7ea2-4db1-b643-ccd03de4a2d1 admin admin] 10.222.0.35 "GET /compute/v2.1/flavors/detail" status: 200 len: 5777 microversion: 2.88 time: 0.075554
Jul 22 20:08:41.582304 n-d-800089-13 devstack@n-api.service[93237]: [pid: 93237|app: 0|req: 31/62] 10.222.0.35 () {60 vars in 1203 bytes} [Thu Jul 22 20:08:41 2021] GET /compute/v2.1/flavors/detail => generated 5777 bytes in 77 msecs (HTTP/1.1 200) 9 headers in 360 bytes (1 switches on core 0)
Jul 22 20:09:26.653245 n-d-800089-13 devstack@n-api.service[93236]: DEBUG nova.api.openstack.wsgi [None req-1a96a047-4fd0-4939-a402-b7b92d9e9693 admin admin] Calling method '>' {{(pid=93236) _process_stack /opt/stack/nova/nova/api/openstack/wsgi.py:513}}
Jul 22 20:09:26.654237 n-d-800089-13 devstack@n-api.service[93236]: INFO nova.api.openstack.requestlog [None req-1a96a047-4fd0-4939-a402-b7b92d9e9693 admin admin] 10.222.0.35 "GET /compute/v2.1" status: 200 len: 388 microversion: 2.1 time: 0.001408
Jul 22 20:09:26.654631 n-d-800089-13 devstack@n-api.service[93236]: [pid: 93236|app: 0|req: 32/63] 10.222.0.35 () {54 vars in 931 bytes} [Thu Jul 22 20:09:26 2021] GET /compute/v2.1 => generated 388 bytes in 2 msecs (HTTP/1.1 200) 9 headers in 357 bytes (1 switches on core 0)
Jul 22 20:09:26.709296 n-d-800089-13 devstack@n-api.service[93237]: DEBUG nova.api.openstack.wsgi [None req-9b6f4ee0-f939-4696-b368-1f5669d8bbfd admin admin] Calling method '>' {{(pid=93237) _process_stack /opt/stack/nova/nova/api/openstack/wsgi.py:513}}
Jul 22 20:09:26.727790 n-d-800089-13 devstack@n-api.service[93237]: INFO nova.api.openstack.requestlog [None req-9b6f4ee0-f939-4696-b368-1f5669d8bbfd admin admin] 10.222.0.35 "GET /compute/v2.1/flavors/detail?is_public=True" status: 200 len: 5791 microversion: 2.61 time: 0.067339
Jul 22 20:09:26.728315 n-d-800089-13 devstack@n-api.service[93237]: [pid: 93237|app: 0|req: 32/64] 10.222.0.35 () {60 vars in 1292 bytes} [Thu Jul 22 20:09:26 2021] GET /compute/v2.1/flavors/detail?is_public=True => generated 5791 bytes in 68 msecs (HTTP/1.1 200) 9 headers in 360 bytes (1 switches on core 0)
Jul 22 20:09:26.750577 n-d-800089-13 devstack@n-api.service[93236]: DEBUG nova.api.openstack.wsgi [None req-c3521454-72ce-435b-8df9-dbac625fad25 admin admin] Calling method '>' {{(pid=93236) _process_stack /opt/stack/nova/nova/api/openstack/wsgi.py:513}}
Jul 22 20:09:26.758228 n-d-800089-13 devstack@n-api.service[93236]: INFO nova.api.openstack.requestlog [None req-c3521454-72ce-435b-8df9-dbac625fad25 admin admin] 10.222.0.35 "GET /compute/v2.1/flavors/42/os-extra_specs" status: 200 len: 19 microversion: 2.61 time: 0.012038
Jul 22 20:09:26.758737 n-d-800089-13 devstack@n-api.service[93236]: [pid: 93236|app: 0|req: 33/65] 10.222.0.35 () {60 vars in 1283 bytes} [Thu Jul 22 20:09:26 2021] GET /compute/v2.1/flavors/42/os-extra_specs => generated 19 bytes in 13 msecs (HTTP/1.1 200) 9 headers in 358 bytes (1 switches on core 0)
Jul 22 20:09:26.770084 n-d-800089-13 devstack@n-api.service[93237]: DEBUG nova.api.openstack.wsgi [None req-ddd4b016-6e8e-4ffa-bfe8-2cee027a7f32 admin admin] Calling method '>' {{(pid=93237) _process_stack /opt/stack/nova/nova/api/openstack/wsgi.py:513}}
Jul 22 20:09:26.777413 n-d-800089-13 devstack@n-api.service[93237]: INFO nova.api.openstack.requestlog [None req-ddd4b016-6e8e-4ffa-bfe8-2cee027a7f32 admin admin] 10.222.0.35 "GET /compute/v2.1/flavors/451/os-extra_specs" status: 200 len: 19 microversion: 2.61 time: 0.010769
Jul 22 20:09:26.777906 n-d-800089-13 devstack@n-api.service[93237]: [pid: 93237|app: 0|req: 33/66] 10.222.0.35 () {60 vars in 1286 bytes} [Thu Jul 22 20:09:26 2021] GET /compute/v2.1/flavors/451/os-extra_specs => generated 19 bytes in 12 msecs (HTTP/1.1 200) 9 headers in 358 bytes (1 switches on core 0)
Jul 22 20:09:26.788388 n-d-800089-13 devstack@n-api.service[93236]: DEBUG nova.api.openstack.wsgi [None req-f7463101-3e71-48c5-b05e-f2a5bc21636d admin admin] Calling method '>' {{(pid=93236) _process_stack /opt/stack/nova/nova/api/openstack/wsgi.py:513}}
Jul 22 20:09:26.795839 n-d-800089-13 devstack@n-api.service[93236]: INFO nova.api.openstack.requestlog [None req-f7463101-3e71-48c5-b05e-f2a5bc21636d admin admin] 10.222.0.35 "GET /compute/v2.1/flavors/452/os-extra_specs" status: 200 len: 19 microversion: 2.61 time: 0.010834
Jul 22 20:09:26.796343 n-d-800089-13 devstack@n-api.service[93236]: [pid: 93236|app: 0|req: 34/67] 10.222.0.35 () {60 vars in 1286 bytes} [Thu Jul 22 20:09:26 2021] GET /compute/v2.1/flavors/452/os-extra_specs => generated 19 bytes in 12 msecs (HTTP/1.1 200) 9 headers in 358 bytes (1 switches on core 0)
Jul 22 20:09:26.806449 n-d-800089-13 devstack@n-api.service[93237]: DEBUG nova.api.openstack.wsgi [None req-befc0642-e9a0-4881-bf84-536acb8bc1f0 admin admin] Calling method '>' {{(pid=93237) _process_stack /opt/stack/nova/nova/api/openstack/wsgi.py:513}}
Jul 22 20:09:26.814063 n-d-800089-13 devstack@n-api.service[93237]: INFO nova.api.openstack.requestlog [None req-befc0642-e9a0-4881-bf84-536acb8bc1f0 admin admin] 10.222.0.35 "GET /compute/v2.1/flavors/84/os-extra_specs" status: 200 len: 19 microversion: 2.61 time: 0.010922
Jul 22 20:09:26.814559 n-d-800089-13 devstack@n-api.service[93237]: [pid: 93237|app: 0|req: 34/68] 10.222.0.35 () {60 vars in 1283 bytes} [Thu Jul 22 20:09:26 2021] GET /compute/v2.1/flavors/84/os-extra_specs => generated 19 bytes in 12 msecs (HTTP/1.1 200) 9 headers in 358 bytes (1 switches on core 0)
Jul 22 20:10:47.930135 n-d-800089-13 devstack@n-api.service[93236]: DEBUG nova.api.openstack.wsgi [None req-0cb5d5fd-f672-44ad-aeb2-3f1754110a09 tempest-verify_tempest_config-1795711076 tempest-verify_tempest_config-1795711076-project] Calling method '>' {{(pid=93236) _process_stack /opt/stack/nova/nova/api/openstack/wsgi.py:513}}
Jul 22 20:10:47.932195 n-d-800089-13 devstack@n-api.service[93236]: INFO nova.api.openstack.requestlog [None req-0cb5d5fd-f672-44ad-aeb2-3f1754110a09 tempest-verify_tempest_config-1795711076 tempest-verify_tempest_config-1795711076-project] 10.222.0.35 "GET /compute/v2.1/extensions" status: 200 len: 22700 microversion: 2.1 time: 0.106266
Jul 22 20:10:47.932720 n-d-800089-13 devstack@n-api.service[93236]: [pid: 93236|app: 0|req: 35/69] 10.222.0.35 () {58 vars in 1134 bytes} [Thu Jul 22 20:10:47 2021] GET /compute/v2.1/extensions => generated 22700 bytes in 107 msecs (HTTP/1.1 200) 9 headers in 359 bytes (1 switches on core 0)
Jul 22 20:14:17.288971 n-d-800089-13 devstack@n-api.service[93237]: DEBUG nova.api.openstack.wsgi [None req-befc0642-e9a0-4881-bf84-536acb8bc1f0 admin admin] Calling method '>' {{(pid=93237) _process_stack /opt/stack/nova/nova/api/openstack/wsgi.py:513}}
Jul 22 20:14:17.289969 n-d-800089-13 devstack@n-api.service[93237]: INFO nova.api.openstack.requestlog [None req-befc0642-e9a0-4881-bf84-536acb8bc1f0 admin admin] 10.222.0.35 "GET /compute/v2.1" status: 200 len: 388 microversion: 2.1 time: 0.001425
Jul 22 20:14:17.290359 n-d-800089-13 devstack@n-api.service[93237]: [pid: 93237|app: 0|req: 35/70] 10.222.0.35 () {56 vars in 1075 bytes} [Thu Jul 22 20:14:17 2021] GET /compute/v2.1 => generated 388 bytes in 2 msecs (HTTP/1.1 200) 9 headers in 357 bytes (1 switches on core 0)
Jul 22 20:14:17.532834 n-d-800089-13 devstack@n-api.service[93236]: DEBUG nova.api.openstack.wsgi [None req-9b7140c9-3dbe-48bd-9a9c-42a11b32f1ab admin admin] Calling method '>' {{(pid=93236) _process_stack /opt/stack/nova/nova/api/openstack/wsgi.py:513}}
Jul 22 20:14:17.533971 n-d-800089-13 devstack@n-api.service[93236]: /usr/local/lib/python3.8/dist-packages/oslo_policy/policy.py:1064: UserWarning: Policy os_compute_api:os-services:list failed scope check. The token used to make the request was project scoped but the policy requires ['system'] scope. This behavior may change in the future where using the intended scope is required
Jul 22 20:14:17.533971 n-d-800089-13 devstack@n-api.service[93236]: warnings.warn(msg)
Jul 22 20:14:17.535553 n-d-800089-13 devstack@n-api.service[93236]: DEBUG oslo_concurrency.lockutils [None req-9b7140c9-3dbe-48bd-9a9c-42a11b32f1ab admin admin] Lock "00000000-0000-0000-0000-000000000000" acquired by "nova.context.set_target_cell..get_or_set_cached_cell_and_set_connections" :: waited 0.000s {{(pid=93236) inner /usr/local/lib/python3.8/dist-packages/oslo_concurrency/lockutils.py:355}}
Jul 22 20:14:17.536015 n-d-800089-13 devstack@n-api.service[93236]: DEBUG oslo_concurrency.lockutils [None req-9b7140c9-3dbe-48bd-9a9c-42a11b32f1ab admin admin] Lock "00000000-0000-0000-0000-000000000000" released by "nova.context.set_target_cell..get_or_set_cached_cell_and_set_connections" :: held 0.001s {{(pid=93236) inner /usr/local/lib/python3.8/dist-packages/oslo_concurrency/lockutils.py:367}}
Jul 22 20:14:17.536825 n-d-800089-13 devstack@n-api.service[93236]: DEBUG oslo_concurrency.lockutils [None req-9b7140c9-3dbe-48bd-9a9c-42a11b32f1ab admin admin] Lock "2b6d729c-0011-45e1-bfad-9ea35ed3255e" acquired by "nova.context.set_target_cell..get_or_set_cached_cell_and_set_connections" :: waited 0.000s {{(pid=93236) inner /usr/local/lib/python3.8/dist-packages/oslo_concurrency/lockutils.py:355}}
Jul 22 20:14:17.537242 n-d-800089-13 devstack@n-api.service[93236]: DEBUG oslo_concurrency.lockutils [None req-9b7140c9-3dbe-48bd-9a9c-42a11b32f1ab admin admin] Lock "2b6d729c-0011-45e1-bfad-9ea35ed3255e" released by "nova.context.set_target_cell..get_or_set_cached_cell_and_set_connections" :: held 0.000s {{(pid=93236) inner /usr/local/lib/python3.8/dist-packages/oslo_concurrency/lockutils.py:367}}
Jul 22 20:14:17.579733 n-d-800089-13 devstack@n-api.service[93236]: INFO nova.api.openstack.requestlog [None req-9b7140c9-3dbe-48bd-9a9c-42a11b32f1ab admin admin] 10.222.0.35 "GET /compute/v2.1/os-services" status: 200 len: 1244 microversion: 2.88 time: 0.152872
Jul 22 20:14:17.580308 n-d-800089-13 devstack@n-api.service[93236]: [pid: 93236|app: 0|req: 36/71] 10.222.0.35 () {60 vars in 1194 bytes} [Thu Jul 22 20:14:17 2021] GET /compute/v2.1/os-services => generated 1244 bytes in 154 msecs (HTTP/1.1 200) 9 headers in 360 bytes (1 switches on core 0)
Jul 22 20:14:18.908928 n-d-800089-13 devstack@n-api.service[93237]: DEBUG nova.api.openstack.wsgi [None req-befc0642-e9a0-4881-bf84-536acb8bc1f0 admin admin] Calling method '>' {{(pid=93237) _process_stack /opt/stack/nova/nova/api/openstack/wsgi.py:513}}
Jul 22 20:14:18.910496 n-d-800089-13 devstack@n-api.service[93237]: INFO nova.api.openstack.requestlog [None req-befc0642-e9a0-4881-bf84-536acb8bc1f0 admin admin] 10.222.0.35 "GET /compute/v2.1" status: 200 len: 388 microversion: 2.1 time: 0.001969
Jul 22 20:14:18.911047 n-d-800089-13 devstack@n-api.service[93237]: [pid: 93237|app: 0|req: 36/72] 10.222.0.35 () {56 vars in 1075 bytes} [Thu Jul 22 20:14:18 2021] GET /compute/v2.1 => generated 388 bytes in 3 msecs (HTTP/1.1 200) 9 headers in 357 bytes (1 switches on core 0)
Jul 22 20:14:19.097848 n-d-800089-13 devstack@n-api.service[93236]: DEBUG nova.api.openstack.wsgi [None req-e103def1-cd90-4bf8-b996-1e239afbdd05 admin admin] Calling method '>' {{(pid=93236) _process_stack /opt/stack/nova/nova/api/openstack/wsgi.py:513}}
Jul 22 20:14:19.098984 n-d-800089-13 devstack@n-api.service[93236]: /usr/local/lib/python3.8/dist-packages/oslo_policy/policy.py:1064: UserWarning: Policy os_compute_api:os-services:list failed scope check. The token used to make the request was project scoped but the policy requires ['system'] scope. This behavior may change in the future where using the intended scope is required
Jul 22 20:14:19.098984 n-d-800089-13 devstack@n-api.service[93236]: warnings.warn(msg)
Jul 22 20:14:19.100525 n-d-800089-13 devstack@n-api.service[93236]: DEBUG oslo_concurrency.lockutils [None req-e103def1-cd90-4bf8-b996-1e239afbdd05 admin admin] Lock "00000000-0000-0000-0000-000000000000" acquired by "nova.context.set_target_cell..get_or_set_cached_cell_and_set_connections" :: waited 0.000s {{(pid=93236) inner /usr/local/lib/python3.8/dist-packages/oslo_concurrency/lockutils.py:355}}
Jul 22 20:14:19.100960 n-d-800089-13 devstack@n-api.service[93236]: DEBUG oslo_concurrency.lockutils [None req-e103def1-cd90-4bf8-b996-1e239afbdd05 admin admin] Lock "00000000-0000-0000-0000-000000000000" released by "nova.context.set_target_cell..get_or_set_cached_cell_and_set_connections" :: held 0.000s {{(pid=93236) inner /usr/local/lib/python3.8/dist-packages/oslo_concurrency/lockutils.py:367}}
Jul 22 20:14:19.101735 n-d-800089-13 devstack@n-api.service[93236]: DEBUG oslo_concurrency.lockutils [None req-e103def1-cd90-4bf8-b996-1e239afbdd05 admin admin] Lock "2b6d729c-0011-45e1-bfad-9ea35ed3255e" acquired by "nova.context.set_target_cell..get_or_set_cached_cell_and_set_connections" :: waited 0.000s {{(pid=93236) inner /usr/local/lib/python3.8/dist-packages/oslo_concurrency/lockutils.py:355}}
Jul 22 20:14:19.102186 n-d-800089-13 devstack@n-api.service[93236]: DEBUG oslo_concurrency.lockutils [None req-e103def1-cd90-4bf8-b996-1e239afbdd05 admin admin] Lock "2b6d729c-0011-45e1-bfad-9ea35ed3255e" released by "nova.context.set_target_cell..get_or_set_cached_cell_and_set_connections" :: held 0.000s {{(pid=93236) inner /usr/local/lib/python3.8/dist-packages/oslo_concurrency/lockutils.py:367}}
Jul 22 20:14:19.123974 n-d-800089-13 devstack@n-api.service[93236]: INFO nova.api.openstack.requestlog [None req-e103def1-cd90-4bf8-b996-1e239afbdd05 admin admin] 10.222.0.35 "GET /compute/v2.1/os-services" status: 200 len: 1244 microversion: 2.88 time: 0.074713
