Jul 16 22:08:59.075827 n-d-800088-7 devstack@placement-api.service[94462]: DEBUG placement.handlers.allocation [req-9fce8ea3-a33e-4878-aa46-5a9b34b365d2 req-0da61ed1-f8fd-4265-8aa6-517499fb398a service placement] Successfully wrote allocations [, , ] {{(pid=94462) _create_allocations /opt/stack/placement/placement/handlers/allocation.py:435}}
Jul 16 22:08:59.076225 n-d-800088-7 devstack@placement-api.service[94462]: INFO placement.requestlog [req-9fce8ea3-a33e-4878-aa46-5a9b34b365d2 req-0da61ed1-f8fd-4265-8aa6-517499fb398a service placement] 10.222.0.13 "PUT /placement/allocations/5771cefd-a6a9-457d-ae8e-887bd6a55ec2" status: 204 len: 0 microversion: 1.28
Jul 16 22:08:59.076906 n-d-800088-7 devstack@placement-api.service[94462]: [pid: 94462|app: 0|req: 112/225] 10.222.0.13 () {64 vars in 1431 bytes} [Fri Jul 16 22:08:58 2021] PUT /placement/allocations/5771cefd-a6a9-457d-ae8e-887bd6a55ec2 => generated 0 bytes in 78 msecs (HTTP/1.1 204) 5 headers in 199 bytes (1 switches on core 0)
Jul 16 22:08:59.619307 n-d-800088-7 devstack@placement-api.service[94461]: DEBUG placement.requestlog [req-f16634f8-a791-462e-903e-02e37a34d7a3 req-55d7edd6-6386-475e-9e78-e63b64a48cb9 None None] Starting request: 10.222.0.48 "GET /placement/allocation_candidates?limit=1000&resources=DISK_GB%3A1%2CMEMORY_MB%3A1024%2CVCPU%3A1&root_required=%21COMPUTE_STATUS_DISABLED" {{(pid=94461) __call__ /opt/stack/placement/placement/requestlog.py:55}}
Jul 16 22:08:59.655109 n-d-800088-7 devstack@placement-api.service[94461]: DEBUG placement.objects.research_context [req-f16634f8-a791-462e-903e-02e37a34d7a3 req-55d7edd6-6386-475e-9e78-e63b64a48cb9 service placement] getting providers with 1 DISK_GB {{(pid=94461) __init__ /opt/stack/placement/placement/objects/research_context.py:126}}
Jul 16 22:08:59.662861 n-d-800088-7 devstack@placement-api.service[94461]: DEBUG placement.objects.research_context [req-f16634f8-a791-462e-903e-02e37a34d7a3 req-55d7edd6-6386-475e-9e78-e63b64a48cb9 service placement] getting providers with 1024 MEMORY_MB {{(pid=94461) __init__ /opt/stack/placement/placement/objects/research_context.py:126}}
Jul 16 22:08:59.676818 n-d-800088-7 devstack@placement-api.service[94461]: DEBUG placement.objects.research_context [req-f16634f8-a791-462e-903e-02e37a34d7a3 req-55d7edd6-6386-475e-9e78-e63b64a48cb9 service placement] getting providers with 1 VCPU {{(pid=94461) __init__ /opt/stack/placement/placement/objects/research_context.py:126}}
Jul 16 22:08:59.688452 n-d-800088-7 devstack@placement-api.service[94461]: DEBUG placement.objects.research_context [req-f16634f8-a791-462e-903e-02e37a34d7a3 req-55d7edd6-6386-475e-9e78-e63b64a48cb9 service placement] found 2 providers with available 1 DISK_GB {{(pid=94461) get_provider_ids_matching /opt/stack/placement/placement/objects/research_context.py:549}}
Jul 16 22:08:59.688723 n-d-800088-7 devstack@placement-api.service[94461]: DEBUG placement.objects.research_context [req-f16634f8-a791-462e-903e-02e37a34d7a3 req-55d7edd6-6386-475e-9e78-e63b64a48cb9 service placement] found 2 providers with available 1024 MEMORY_MB {{(pid=94461) get_provider_ids_matching /opt/stack/placement/placement/objects/research_context.py:549}}
Jul 16 22:08:59.689003 n-d-800088-7 devstack@placement-api.service[94461]: DEBUG placement.objects.research_context [req-f16634f8-a791-462e-903e-02e37a34d7a3 req-55d7edd6-6386-475e-9e78-e63b64a48cb9 service placement] found 2 providers after filtering by previous result {{(pid=94461) get_provider_ids_matching /opt/stack/placement/placement/objects/research_context.py:580}}
Jul 16 22:08:59.689252 n-d-800088-7 devstack@placement-api.service[94461]: DEBUG placement.objects.research_context [req-f16634f8-a791-462e-903e-02e37a34d7a3 req-55d7edd6-6386-475e-9e78-e63b64a48cb9 service placement] found 2 providers with available 1 VCPU {{(pid=94461) get_provider_ids_matching /opt/stack/placement/placement/objects/research_context.py:549}}
Jul 16 22:08:59.695697 n-d-800088-7 devstack@placement-api.service[94461]: DEBUG placement.objects.research_context [req-f16634f8-a791-462e-903e-02e37a34d7a3 req-55d7edd6-6386-475e-9e78-e63b64a48cb9 service placement] found 2 providers after filtering by previous result {{(pid=94461) get_provider_ids_matching /opt/stack/placement/placement/objects/research_context.py:580}}
Jul 16 22:08:59.729008 n-d-800088-7 devstack@placement-api.service[94461]: DEBUG placement.objects.allocation_candidate [req-f16634f8-a791-462e-903e-02e37a34d7a3 req-55d7edd6-6386-475e-9e78-e63b64a48cb9 service placement] RequestGroup(use_same_provider=False, resources={DISK_GB:1, MEMORY_MB:1024, VCPU:1}, traits=[], aggregates=[]) (suffix '') returned 2 matches {{(pid=94461) _get_by_requests /opt/stack/placement/placement/objects/allocation_candidate.py:145}}
Jul 16 22:08:59.729726 n-d-800088-7 devstack@placement-api.service[94461]: DEBUG placement.objects.allocation_candidate [req-f16634f8-a791-462e-903e-02e37a34d7a3 req-55d7edd6-6386-475e-9e78-e63b64a48cb9 service placement] Merging candidates yields 2 allocation requests and 2 provider summaries {{(pid=94461) _merge_candidates /opt/stack/placement/placement/objects/allocation_candidate.py:783}}
Jul 16 22:08:59.731862 n-d-800088-7 devstack@placement-api.service[94461]: INFO placement.requestlog [req-f16634f8-a791-462e-903e-02e37a34d7a3 req-55d7edd6-6386-475e-9e78-e63b64a48cb9 service placement] 10.222.0.48 "GET /placement/allocation_candidates?limit=1000&resources=DISK_GB%3A1%2CMEMORY_MB%3A1024%2CVCPU%3A1&root_required=%21COMPUTE_STATUS_DISABLED" status: 200 len: 1309 microversion: 1.36
Jul 16 22:08:59.732846 n-d-800088-7 devstack@placement-api.service[94461]: [pid: 94461|app: 0|req: 114/226] 10.222.0.48 () {60 vars in 1507 bytes} [Fri Jul 16 22:08:59 2021] GET /placement/allocation_candidates?limit=1000&resources=DISK_GB%3A1%2CMEMORY_MB%3A1024%2CVCPU%3A1&root_required=%21COMPUTE_STATUS_DISABLED => generated 1309 bytes in 114 msecs (HTTP/1.1 200) 8 headers in 297 bytes (1 switches on core 0)
Jul 16 22:08:59.868498 n-d-800088-7 devstack@placement-api.service[94462]: DEBUG placement.requestlog [req-f16634f8-a791-462e-903e-02e37a34d7a3 req-59f32534-1f00-4906-9a8f-c0a89829a787 None None] Starting request: 10.222.0.48 "GET /placement/allocations/2bfb87d4-0fca-4f6b-b1de-2d210e318735" {{(pid=94462) __call__ /opt/stack/placement/placement/requestlog.py:55}}
Jul 16 22:08:59.882429 n-d-800088-7 devstack@placement-api.service[94462]: INFO placement.requestlog [req-f16634f8-a791-462e-903e-02e37a34d7a3 req-59f32534-1f00-4906-9a8f-c0a89829a787 service placement] 10.222.0.48 "GET /placement/allocations/2bfb87d4-0fca-4f6b-b1de-2d210e318735" status: 200 len: 19 microversion: 1.28
Jul 16 22:08:59.885080 n-d-800088-7 devstack@placement-api.service[94462]: [pid: 94462|app: 0|req: 113/227] 10.222.0.48 () {60 vars in 1381 bytes} [Fri Jul 16 22:08:59 2021] GET /placement/allocations/2bfb87d4-0fca-4f6b-b1de-2d210e318735 => generated 19 bytes in 16 msecs (HTTP/1.1 200) 8 headers in 295 bytes (1 switches on core 0)
Jul 16 22:08:59.891111 n-d-800088-7 devstack@placement-api.service[94461]: DEBUG placement.requestlog [req-f16634f8-a791-462e-903e-02e37a34d7a3 req-b18dbee9-5d9b-4f3e-b0dc-c160ed245ee3 None None] Starting request: 10.222.0.48 "PUT /placement/allocations/2bfb87d4-0fca-4f6b-b1de-2d210e318735" {{(pid=94461) __call__ /opt/stack/placement/placement/requestlog.py:55}}
Jul 16 22:08:59.977825 n-d-800088-7 devstack@placement-api.service[94461]: DEBUG placement.handlers.allocation [req-f16634f8-a791-462e-903e-02e37a34d7a3 req-b18dbee9-5d9b-4f3e-b0dc-c160ed245ee3 service placement] Successfully wrote allocations [, , ] {{(pid=94461) _create_allocations /opt/stack/placement/placement/handlers/allocation.py:435}}
Jul 16 22:08:59.979303 n-d-800088-7 devstack@placement-api.service[94461]: INFO placement.requestlog [req-f16634f8-a791-462e-903e-02e37a34d7a3 req-b18dbee9-5d9b-4f3e-b0dc-c160ed245ee3 service placement] 10.222.0.48 "PUT /placement/allocations/2bfb87d4-0fca-4f6b-b1de-2d210e318735" status: 204 len: 0 microversion: 1.36
Jul 16 22:08:59.980054 n-d-800088-7 devstack@placement-api.service[94461]: [pid: 94461|app: 0|req: 115/228] 10.222.0.48 () {64 vars in 1434 bytes} [Fri Jul 16 22:08:59 2021] PUT /placement/allocations/2bfb87d4-0fca-4f6b-b1de-2d210e318735 => generated 0 bytes in 89 msecs (HTTP/1.1 204) 5 headers in 199 bytes (1 switches on core 0)
Jul 16 22:09:00.536125 n-d-800088-7 devstack@placement-api.service[94462]: DEBUG placement.requestlog [req-f16634f8-a791-462e-903e-02e37a34d7a3 req-2ba0a8aa-717f-4a4c-a5cc-7c79b77e412d None None] Starting request: 10.222.0.13 "GET /placement/allocations/2bfb87d4-0fca-4f6b-b1de-2d210e318735" {{(pid=94462) __call__ /opt/stack/placement/placement/requestlog.py:55}}
Jul 16 22:09:00.585468 n-d-800088-7 devstack@placement-api.service[94462]: INFO placement.requestlog [req-f16634f8-a791-462e-903e-02e37a34d7a3 req-2ba0a8aa-717f-4a4c-a5cc-7c79b77e412d service placement] 10.222.0.13 "GET /placement/allocations/2bfb87d4-0fca-4f6b-b1de-2d210e318735" status: 200 len: 259 microversion: 1.28
Jul 16 22:09:00.585729 n-d-800088-7 devstack@placement-api.service[94462]: [pid: 94462|app: 0|req: 114/229] 10.222.0.13 () {60 vars in 1378 bytes} [Fri Jul 16 22:09:00 2021] GET /placement/allocations/2bfb87d4-0fca-4f6b-b1de-2d210e318735 => generated 259 bytes in 51 msecs (HTTP/1.1 200) 8 headers in 296 bytes (1 switches on core 0)
Jul 16 22:09:02.453244 n-d-800088-7 devstack@placement-api.service[94461]: DEBUG placement.requestlog [req-dc4bf611-03b0-449f-a12c-bc54b7970fbe req-228382f6-e4da-49f0-a430-c8e7c020e5e3 None None] Starting request: 10.222.0.48 "GET /placement/allocation_candidates?limit=1000&resources=DISK_GB%3A1%2CMEMORY_MB%3A1024%2CVCPU%3A1&root_required=%21COMPUTE_STATUS_DISABLED" {{(pid=94461) __call__ /opt/stack/placement/placement/requestlog.py:55}}
Jul 16 22:09:02.530559 n-d-800088-7 devstack@placement-api.service[94461]: DEBUG placement.objects.research_context [req-dc4bf611-03b0-449f-a12c-bc54b7970fbe req-228382f6-e4da-49f0-a430-c8e7c020e5e3 service placement] getting providers with 1 DISK_GB {{(pid=94461) __init__ /opt/stack/placement/placement/objects/research_context.py:126}}
Jul 16 22:09:02.562036 n-d-800088-7 devstack@placement-api.service[94461]: DEBUG placement.objects.research_context [req-dc4bf611-03b0-449f-a12c-bc54b7970fbe req-228382f6-e4da-49f0-a430-c8e7c020e5e3 service placement] getting providers with 1024 MEMORY_MB {{(pid=94461) __init__ /opt/stack/placement/placement/objects/research_context.py:126}}
Jul 16 22:09:02.582757 n-d-800088-7 devstack@placement-api.service[94461]: DEBUG placement.objects.research_context [req-dc4bf611-03b0-449f-a12c-bc54b7970fbe req-228382f6-e4da-49f0-a430-c8e7c020e5e3 service placement] getting providers with 1 VCPU {{(pid=94461) __init__ /opt/stack/placement/placement/objects/research_context.py:126}}
Jul 16 22:09:02.598851 n-d-800088-7 devstack@placement-api.service[94461]: DEBUG placement.objects.research_context [req-dc4bf611-03b0-449f-a12c-bc54b7970fbe req-228382f6-e4da-49f0-a430-c8e7c020e5e3 service placement] found 2 providers with available 1 DISK_GB {{(pid=94461) get_provider_ids_matching /opt/stack/placement/placement/objects/research_context.py:549}}
Jul 16 22:09:02.599352 n-d-800088-7 devstack@placement-api.service[94461]: DEBUG placement.objects.research_context [req-dc4bf611-03b0-449f-a12c-bc54b7970fbe req-228382f6-e4da-49f0-a430-c8e7c020e5e3 service placement] found 2 providers with available 1024 MEMORY_MB {{(pid=94461) get_provider_ids_matching /opt/stack/placement/placement/objects/research_context.py:549}}
Jul 16 22:09:02.599827 n-d-800088-7 devstack@placement-api.service[94461]: DEBUG placement.objects.research_context [req-dc4bf611-03b0-449f-a12c-bc54b7970fbe req-228382f6-e4da-49f0-a430-c8e7c020e5e3 service placement] found 2 providers after filtering by previous result {{(pid=94461) get_provider_ids_matching /opt/stack/placement/placement/objects/research_context.py:580}}
Jul 16 22:09:02.600292 n-d-800088-7 devstack@placement-api.service[94461]: DEBUG placement.objects.research_context [req-dc4bf611-03b0-449f-a12c-bc54b7970fbe req-228382f6-e4da-49f0-a430-c8e7c020e5e3 service placement] found 2 providers with available 1 VCPU {{(pid=94461) get_provider_ids_matching /opt/stack/placement/placement/objects/research_context.py:549}}
Jul 16 22:09:02.600834 n-d-800088-7 devstack@placement-api.service[94461]: DEBUG placement.objects.research_context [req-dc4bf611-03b0-449f-a12c-bc54b7970fbe req-228382f6-e4da-49f0-a430-c8e7c020e5e3 service placement] found 2 providers after filtering by previous result {{(pid=94461) get_provider_ids_matching /opt/stack/placement/placement/objects/research_context.py:580}}
Jul 16 22:09:02.619553 n-d-800088-7 devstack@placement-api.service[94461]: DEBUG placement.objects.allocation_candidate [req-dc4bf611-03b0-449f-a12c-bc54b7970fbe req-228382f6-e4da-49f0-a430-c8e7c020e5e3 service placement] RequestGroup(use_same_provider=False, resources={DISK_GB:1, MEMORY_MB:1024, VCPU:1}, traits=[], aggregates=[]) (suffix '') returned 2 matches {{(pid=94461) _get_by_requests /opt/stack/placement/placement/objects/allocation_candidate.py:145}}
Jul 16 22:09:02.620327 n-d-800088-7 devstack@placement-api.service[94461]: DEBUG placement.objects.allocation_candidate [req-dc4bf611-03b0-449f-a12c-bc54b7970fbe req-228382f6-e4da-49f0-a430-c8e7c020e5e3 service placement] Merging candidates yields 2 allocation requests and 2 provider summaries {{(pid=94461) _merge_candidates /opt/stack/placement/placement/objects/allocation_candidate.py:783}}
Jul 16 22:09:02.622231 n-d-800088-7 devstack@placement-api.service[94461]: INFO placement.requestlog [req-dc4bf611-03b0-449f-a12c-bc54b7970fbe req-228382f6-e4da-49f0-a430-c8e7c020e5e3 service placement] 10.222.0.48 "GET /placement/allocation_candidates?limit=1000&resources=DISK_GB%3A1%2CMEMORY_MB%3A1024%2CVCPU%3A1&root_required=%21COMPUTE_STATUS_DISABLED" status: 200 len: 1309 microversion: 1.36
Jul 16 22:09:02.622934 n-d-800088-7 devstack@placement-api.service[94461]: [pid: 94461|app: 0|req: 116/230] 10.222.0.48 () {60 vars in 1507 bytes} [Fri Jul 16 22:09:02 2021] GET /placement/allocation_candidates?limit=1000&resources=DISK_GB%3A1%2CMEMORY_MB%3A1024%2CVCPU%3A1&root_required=%21COMPUTE_STATUS_DISABLED => generated 1309 bytes in 170 msecs (HTTP/1.1 200) 8 headers in 297 bytes (1 switches on core 0)
Jul 16 22:09:02.680139 n-d-800088-7 devstack@placement-api.service[94462]: DEBUG placement.requestlog [req-dc4bf611-03b0-449f-a12c-bc54b7970fbe req-a6eb450d-77a3-4495-a0f4-88cd6921b5c6 None None] Starting request: 10.222.0.48 "GET /placement/allocations/03a8ac82-b601-420d-916e-4d4b567a1b09" {{(pid=94462) __call__ /opt/stack/placement/placement/requestlog.py:55}}
Jul 16 22:09:02.692757 n-d-800088-7 devstack@placement-api.service[94462]: INFO placement.requestlog [req-dc4bf611-03b0-449f-a12c-bc54b7970fbe req-a6eb450d-77a3-4495-a0f4-88cd6921b5c6 service placement] 10.222.0.48 "GET /placement/allocations/03a8ac82-b601-420d-916e-4d4b567a1b09" status: 200 len: 19 microversion: 1.28
Jul 16 22:09:02.693797 n-d-800088-7 devstack@placement-api.service[94462]: [pid: 94462|app: 0|req: 115/231] 10.222.0.48 () {60 vars in 1381 bytes} [Fri Jul 16 22:09:02 2021] GET /placement/allocations/03a8ac82-b601-420d-916e-4d4b567a1b09 => generated 19 bytes in 14 msecs (HTTP/1.1 200) 8 headers in 295 bytes (1 switches on core 0)
Jul 16 22:09:02.699060 n-d-800088-7 devstack@placement-api.service[94461]: DEBUG placement.requestlog [req-dc4bf611-03b0-449f-a12c-bc54b7970fbe req-1c1b4261-4a90-452e-a1ed-2ffbf850e5c3 None None] Starting request: 10.222.0.48 "PUT /placement/allocations/03a8ac82-b601-420d-916e-4d4b567a1b09" {{(pid=94461) __call__ /opt/stack/placement/placement/requestlog.py:55}}
Jul 16 22:09:02.785291 n-d-800088-7 devstack@placement-api.service[94461]: DEBUG placement.handlers.allocation [req-dc4bf611-03b0-449f-a12c-bc54b7970fbe req-1c1b4261-4a90-452e-a1ed-2ffbf850e5c3 service placement] Successfully wrote allocations [, , ] {{(pid=94461) _create_allocations /opt/stack/placement/placement/handlers/allocation.py:435}}
Jul 16 22:09:02.786221 n-d-800088-7 devstack@placement-api.service[94461]: INFO placement.requestlog [req-dc4bf611-03b0-449f-a12c-bc54b7970fbe req-1c1b4261-4a90-452e-a1ed-2ffbf850e5c3 service placement] 10.222.0.48 "PUT /placement/allocations/03a8ac82-b601-420d-916e-4d4b567a1b09" status: 204 len: 0 microversion: 1.36
Jul 16 22:09:02.797226 n-d-800088-7 devstack@placement-api.service[94461]: [pid: 94461|app: 0|req: 117/232] 10.222.0.48 () {64 vars in 1434 bytes} [Fri Jul 16 22:09:02 2021] PUT /placement/allocations/03a8ac82-b601-420d-916e-4d4b567a1b09 => generated 0 bytes in 88 msecs (HTTP/1.1 204) 5 headers in 199 bytes (1 switches on core 0)
Jul 16 22:09:03.283149 n-d-800088-7 devstack@placement-api.service[94462]: DEBUG placement.requestlog [req-dc4bf611-03b0-449f-a12c-bc54b7970fbe req-6c480733-387e-4224-81a0-43d75c5ef898 None None] Starting request: 10.222.0.60 "GET /placement/allocations/03a8ac82-b601-420d-916e-4d4b567a1b09" {{(pid=94462) __call__ /opt/stack/placement/placement/requestlog.py:55}}
Jul 16 22:09:03.311478 n-d-800088-7 devstack@placement-api.service[94462]: INFO placement.requestlog [req-dc4bf611-03b0-449f-a12c-bc54b7970fbe req-6c480733-387e-4224-81a0-43d75c5ef898 service placement] 10.222.0.60 "GET /placement/allocations/03a8ac82-b601-420d-916e-4d4b567a1b09" status: 200 len: 259 microversion: 1.28
Jul 16 22:09:03.312298 n-d-800088-7 devstack@placement-api.service[94462]: [pid: 94462|app: 0|req: 116/233] 10.222.0.60 () {60 vars in 1378 bytes} [Fri Jul 16 22:09:03 2021] GET /placement/allocations/03a8ac82-b601-420d-916e-4d4b567a1b09 => generated 259 bytes in 29 msecs (HTTP/1.1 200) 8 headers in 296 bytes (1 switches on core 0)
Jul 16 22:09:13.877511 n-d-800088-7 devstack@placement-api.service[94461]: DEBUG placement.requestlog [req-507cd50d-e96d-4fcc-bc89-15359377de1a req-212ba55a-dc4e-4b74-afd9-22ac46ac0e64 None None] Starting request: 10.222.0.60 "GET /placement/allocations/616a9b7c-0a71-4865-a065-e40efc8aa837" {{(pid=94461) __call__ /opt/stack/placement/placement/requestlog.py:55}}
Jul 16 22:09:13.906658 n-d-800088-7 devstack@placement-api.service[94461]: INFO placement.requestlog [req-507cd50d-e96d-4fcc-bc89-15359377de1a req-212ba55a-dc4e-4b74-afd9-22ac46ac0e64 service placement] 10.222.0.60 "GET /placement/allocations/616a9b7c-0a71-4865-a065-e40efc8aa837" status: 200 len: 259 microversion: 1.28
Jul 16 22:09:13.906895 n-d-800088-7 devstack@placement-api.service[94461]: [pid: 94461|app: 0|req: 118/234] 10.222.0.60 () {60 vars in 1378 bytes} [Fri Jul 16 22:09:13 2021] GET /placement/allocations/616a9b7c-0a71-4865-a065-e40efc8aa837 => generated 259 bytes in 30 msecs (HTTP/1.1 200) 8 headers in 296 bytes (1 switches on core 0)
Jul 16 22:09:13.933451 n-d-800088-7 devstack@placement-api.service[94462]: DEBUG placement.requestlog [req-507cd50d-e96d-4fcc-bc89-15359377de1a req-876bbec5-b59b-4e4a-b76a-0011032bb56a None None] Starting request: 10.222.0.60 "PUT /placement/allocations/616a9b7c-0a71-4865-a065-e40efc8aa837" {{(pid=94462) __call__ /opt/stack/placement/placement/requestlog.py:55}}
Jul 16 22:09:14.031986 n-d-800088-7 devstack@placement-api.service[94462]: DEBUG placement.handlers.allocation [req-507cd50d-e96d-4fcc-bc89-15359377de1a req-876bbec5-b59b-4e4a-b76a-0011032bb56a service placement] Successfully wrote allocations [, , ] {{(pid=94462) _create_allocations /opt/stack/placement/placement/handlers/allocation.py:435}}
Jul 16 22:09:14.032626 n-d-800088-7 devstack@placement-api.service[94462]: INFO placement.requestlog [req-507cd50d-e96d-4fcc-bc89-15359377de1a req-876bbec5-b59b-4e4a-b76a-0011032bb56a service placement] 10.222.0.60 "PUT /placement/allocations/616a9b7c-0a71-4865-a065-e40efc8aa837" status: 204 len: 0 microversion: 1.28
Jul 16 22:09:14.032996 n-d-800088-7 devstack@placement-api.service[94462]: [pid: 94462|app: 0|req: 117/235] 10.222.0.60 () {64 vars in 1431 bytes} [Fri Jul 16 22:09:13 2021] PUT /placement/allocations/616a9b7c-0a71-4865-a065-e40efc8aa837 => generated 0 bytes in 100 msecs (HTTP/1.1 204) 5 headers in 199 bytes (1 switches on core 0)
Jul 16 22:09:19.293060 n-d-800088-7 devstack@placement-api.service[94461]: DEBUG placement.requestlog [req-e561005c-3e26-432e-b835-becada3e18c3 req-0827b167-3545-4db5-9f0e-18552a43b0c6 None None] Starting request: 10.222.0.13 "GET /placement/allocations/8a42a451-e30e-42e9-afc5-e86dce35fdbf" {{(pid=94461) __call__ /opt/stack/placement/placement/requestlog.py:55}}
Jul 16 22:09:19.333640 n-d-800088-7 devstack@placement-api.service[94461]: INFO placement.requestlog [req-e561005c-3e26-432e-b835-becada3e18c3 req-0827b167-3545-4db5-9f0e-18552a43b0c6 service placement] 10.222.0.13 "GET /placement/allocations/8a42a451-e30e-42e9-afc5-e86dce35fdbf" status: 200 len: 259 microversion: 1.28
Jul 16 22:09:19.334413 n-d-800088-7 devstack@placement-api.service[94461]: [pid: 94461|app: 0|req: 119/236] 10.222.0.13 () {60 vars in 1378 bytes} [Fri Jul 16 22:09:19 2021] GET /placement/allocations/8a42a451-e30e-42e9-afc5-e86dce35fdbf => generated 259 bytes in 42 msecs (HTTP/1.1 200) 8 headers in 296 bytes (1 switches on core 0)
Jul 16 22:09:19.344745 n-d-800088-7 devstack@placement-api.service[94462]: DEBUG placement.requestlog [req-e561005c-3e26-432e-b835-becada3e18c3 req-06d3b00f-4414-405c-8cf4-9d900f6759c6 None None] Starting request: 10.222.0.13 "PUT /placement/allocations/8a42a451-e30e-42e9-afc5-e86dce35fdbf" {{(pid=94462) __call__ /opt/stack/placement/placement/requestlog.py:55}}
Jul 16 22:09:19.415480 n-d-800088-7 devstack@placement-api.service[94462]: DEBUG placement.handlers.allocation [req-e561005c-3e26-432e-b835-becada3e18c3 req-06d3b00f-4414-405c-8cf4-9d900f6759c6 service placement] Successfully wrote allocations [, , ] {{(pid=94462) _create_allocations /opt/stack/placement/placement/handlers/allocation.py:435}}
Jul 16 22:09:19.416427 n-d-800088-7 devstack@placement-api.service[94462]: INFO placement.requestlog [req-e561005c-3e26-432e-b835-becada3e18c3 req-06d3b00f-4414-405c-8cf4-9d900f6759c6 service placement] 10.222.0.13 "PUT /placement/allocations/8a42a451-e30e-42e9-afc5-e86dce35fdbf" status: 204 len: 0 microversion: 1.28
Jul 16 22:09:19.416649 n-d-800088-7 devstack@placement-api.service[94462]: [pid: 94462|app: 0|req: 118/237] 10.222.0.13 () {64 vars in 1431 bytes} [Fri Jul 16 22:09:19 2021] PUT /placement/allocations/8a42a451-e30e-42e9-afc5-e86dce35fdbf => generated 0 bytes in 72 msecs (HTTP/1.1 204) 5 headers in 199 bytes (1 switches on core 0)
Jul 16 22:09:21.644248 n-d-800088-7 devstack@placement-api.service[94461]: DEBUG placement.requestlog [None req-6ff00f34-524e-4ab7-99de-e3f09b25e0d2 None None] Starting request: 10.222.0.48 "GET /placement/" {{(pid=94461) __call__ /opt/stack/placement/placement/requestlog.py:55}}
Jul 16 22:09:21.645311 n-d-800088-7 devstack@placement-api.service[94461]: INFO placement.requestlog [None req-6ff00f34-524e-4ab7-99de-e3f09b25e0d2 None None] 10.222.0.48 "GET /placement/" status: 200 len: 136 microversion: 1.0
Jul 16 22:09:21.645488 n-d-800088-7 devstack@placement-api.service[94461]: [pid: 94461|app: 0|req: 120/238] 10.222.0.48 () {54 vars in 916 bytes} [Fri Jul 16 22:09:21 2021] GET /placement => generated 136 bytes in 1 msecs (HTTP/1.1 200) 6 headers in 224 bytes (1 switches on core 0)
Jul 16 22:09:21.657006 n-d-800088-7 devstack@placement-api.service[94462]: DEBUG placement.requestlog [req-86a5385a-f345-40e8-8ed1-be2ab68b1e29 req-d07961c1-7c83-449a-8a70-08b14550e163 None None] Starting request: 10.222.0.48 "GET /placement/allocations/2bfb87d4-0fca-4f6b-b1de-2d210e318735" {{(pid=94462) __call__ /opt/stack/placement/placement/requestlog.py:55}}
Jul 16 22:09:21.838891 n-d-800088-7 devstack@placement-api.service[94462]: INFO placement.requestlog [req-86a5385a-f345-40e8-8ed1-be2ab68b1e29 req-d07961c1-7c83-449a-8a70-08b14550e163 service placement] 10.222.0.48 "GET /placement/allocations/2bfb87d4-0fca-4f6b-b1de-2d210e318735" status: 200 len: 259 microversion: 1.28
Jul 16 22:09:21.839733 n-d-800088-7 devstack@placement-api.service[94462]: [pid: 94462|app: 0|req: 119/239] 10.222.0.48 () {60 vars in 1381 bytes} [Fri Jul 16 22:09:21 2021] GET /placement/allocations/2bfb87d4-0fca-4f6b-b1de-2d210e318735 => generated 259 bytes in 183 msecs (HTTP/1.1 200) 8 headers in 296 bytes (2 switches on core 0)
Jul 16 22:09:21.846638 n-d-800088-7 devstack@placement-api.service[94461]: DEBUG placement.requestlog [req-86a5385a-f345-40e8-8ed1-be2ab68b1e29 req-0205052b-721d-49a7-a233-490702cfab32 None None] Starting request: 10.222.0.48 "GET /placement/allocations/2bfb87d4-0fca-4f6b-b1de-2d210e318735" {{(pid=94461) __call__ /opt/stack/placement/placement/requestlog.py:55}}
Jul 16 22:09:21.863979 n-d-800088-7 devstack@placement-api.service[94461]: INFO placement.requestlog [req-86a5385a-f345-40e8-8ed1-be2ab68b1e29 req-0205052b-721d-49a7-a233-490702cfab32 service placement] 10.222.0.48 "GET /placement/allocations/2bfb87d4-0fca-4f6b-b1de-2d210e318735" status: 200 len: 259 microversion: 1.28
Jul 16 22:09:21.869975 n-d-800088-7 devstack@placement-api.service[94462]: DEBUG placement.requestlog [req-86a5385a-f345-40e8-8ed1-be2ab68b1e29 req-3915fe35-f748-4d77-9a3e-c8a4c734d32a None None] Starting request: 10.222.0.48 "GET /placement/allocations/e791739d-a39f-4d8f-8285-aba140411d28" {{(pid=94462) __call__ /opt/stack/placement/placement/requestlog.py:55}}
Jul 16 22:09:21.877624 n-d-800088-7 devstack@placement-api.service[94461]: [pid: 94461|app: 0|req: 121/240] 10.222.0.48 () {60 vars in 1381 bytes} [Fri Jul 16 22:09:21 2021] GET /placement/allocations/2bfb87d4-0fca-4f6b-b1de-2d210e318735 => generated 259 bytes in 31 msecs (HTTP/1.1 200) 8 headers in 296 bytes (1 switches on core 0)
Jul 16 22:09:21.881465 n-d-800088-7 devstack@placement-api.service[94462]: INFO placement.requestlog [req-86a5385a-f345-40e8-8ed1-be2ab68b1e29 req-3915fe35-f748-4d77-9a3e-c8a4c734d32a service placement] 10.222.0.48 "GET /placement/allocations/e791739d-a39f-4d8f-8285-aba140411d28" status: 200 len: 19 microversion: 1.28
Jul 16 22:09:21.899630 n-d-800088-7 devstack@placement-api.service[94461]: DEBUG placement.requestlog [req-86a5385a-f345-40e8-8ed1-be2ab68b1e29 req-c13fb81e-7b90-4c8e-a743-bd21c707b5a2 None None] Starting request: 10.222.0.48 "POST /placement/allocations" {{(pid=94461) __call__ /opt/stack/placement/placement/requestlog.py:55}}
Jul 16 22:09:21.905431 n-d-800088-7 devstack@placement-api.service[94462]: [pid: 94462|app: 0|req: 120/241] 10.222.0.48 () {60 vars in 1381 bytes} [Fri Jul 16 22:09:21 2021] GET /placement/allocations/e791739d-a39f-4d8f-8285-aba140411d28 => generated 19 bytes in 31 msecs (HTTP/1.1 200) 8 headers in 295 bytes (1 switches on core 0)
Jul 16 22:09:21.996530 n-d-800088-7 devstack@placement-api.service[94461]: DEBUG placement.handlers.allocation [req-86a5385a-f345-40e8-8ed1-be2ab68b1e29 req-c13fb81e-7b90-4c8e-a743-bd21c707b5a2 service placement] Successfully wrote allocations [, , , , , ] {{(pid=94461) _create_allocations /opt/stack/placement/placement/handlers/allocation.py:524}}
Jul 16 22:09:21.997764 n-d-800088-7 devstack@placement-api.service[94461]: INFO placement.requestlog [req-86a5385a-f345-40e8-8ed1-be2ab68b1e29 req-c13fb81e-7b90-4c8e-a743-bd21c707b5a2 service placement] 10.222.0.48 "POST /placement/allocations" status: 204 len: 0 microversion: 1.28
Jul 16 22:09:21.998102 n-d-800088-7 devstack@placement-api.service[94461]: [pid: 94461|app: 0|req: 122/242] 10.222.0.48 () {64 vars in 1324 bytes} [Fri Jul 16 22:09:21 2021] POST /placement/allocations => generated 0 bytes in 99 msecs (HTTP/1.1 204) 5 headers in 199 bytes (1 switches on core 0)
Jul 16 22:09:22.020439 n-d-800088-7 devstack@placement-api.service[94462]: DEBUG placement.requestlog [req-86a5385a-f345-40e8-8ed1-be2ab68b1e29 req-b56b25df-e0c7-4d6e-b312-f44d0213cef2 None None] Starting request: 10.222.0.48 "GET /placement/allocation_candidates?limit=1000&resources=DISK_GB%3A1%2CMEMORY_MB%3A512%2CVCPU%3A1&root_required=%21COMPUTE_STATUS_DISABLED" {{(pid=94462) __call__ /opt/stack/placement/placement/requestlog.py:55}}
Jul 16 22:09:22.051823 n-d-800088-7 devstack@placement-api.service[94462]: DEBUG placement.objects.research_context [req-86a5385a-f345-40e8-8ed1-be2ab68b1e29 req-b56b25df-e0c7-4d6e-b312-f44d0213cef2 service placement] getting providers with 1 DISK_GB {{(pid=94462) __init__ /opt/stack/placement/placement/objects/research_context.py:126}}
Jul 16 22:09:22.059884 n-d-800088-7 devstack@placement-api.service[94462]: DEBUG placement.objects.research_context [req-86a5385a-f345-40e8-8ed1-be2ab68b1e29 req-b56b25df-e0c7-4d6e-b312-f44d0213cef2 service placement] getting providers with 512 MEMORY_MB {{(pid=94462) __init__ /opt/stack/placement/placement/objects/research_context.py:126}}
Jul 16 22:09:22.067023 n-d-800088-7 devstack@placement-api.service[94462]: DEBUG placement.objects.research_context [req-86a5385a-f345-40e8-8ed1-be2ab68b1e29 req-b56b25df-e0c7-4d6e-b312-f44d0213cef2 service placement] getting providers with 1 VCPU {{(pid=94462) __init__ /opt/stack/placement/placement/objects/research_context.py:126}}
Jul 16 22:09:22.075473 n-d-800088-7 devstack@placement-api.service[94462]: DEBUG placement.objects.research_context [req-86a5385a-f345-40e8-8ed1-be2ab68b1e29 req-b56b25df-e0c7-4d6e-b312-f44d0213cef2 service placement] found 2 providers with available 1 DISK_GB {{(pid=94462) get_provider_ids_matching /opt/stack/placement/placement/objects/research_context.py:549}}
Jul 16 22:09:22.076103 n-d-800088-7 devstack@placement-api.service[94462]: DEBUG placement.objects.research_context [req-86a5385a-f345-40e8-8ed1-be2ab68b1e29 req-b56b25df-e0c7-4d6e-b312-f44d0213cef2 service placement] found 2 providers with available 512 MEMORY_MB {{(pid=94462) get_provider_ids_matching /opt/stack/placement/placement/objects/research_context.py:549}}
Jul 16 22:09:22.077113 n-d-800088-7 devstack@placement-api.service[94462]: DEBUG placement.objects.research_context [req-86a5385a-f345-40e8-8ed1-be2ab68b1e29 req-b56b25df-e0c7-4d6e-b312-f44d0213cef2 service placement] found 2 providers after filtering by previous result {{(pid=94462) get_provider_ids_matching /opt/stack/placement/placement/objects/research_context.py:580}}
Jul 16 22:09:22.078165 n-d-800088-7 devstack@placement-api.service[94462]: DEBUG placement.objects.research_context [req-86a5385a-f345-40e8-8ed1-be2ab68b1e29 req-b56b25df-e0c7-4d6e-b312-f44d0213cef2 service placement] found 2 providers with available 1 VCPU {{(pid=94462) get_provider_ids_matching /opt/stack/placement/placement/objects/research_context.py:549}}
Jul 16 22:09:22.078662 n-d-800088-7 devstack@placement-api.service[94462]: DEBUG placement.objects.research_context [req-86a5385a-f345-40e8-8ed1-be2ab68b1e29 req-b56b25df-e0c7-4d6e-b312-f44d0213cef2 service placement] found 2 providers after filtering by previous result {{(pid=94462) get_provider_ids_matching /opt/stack/placement/placement/objects/research_context.py:580}}
Jul 16 22:09:22.099836 n-d-800088-7 devstack@placement-api.service[94462]: DEBUG placement.objects.allocation_candidate [req-86a5385a-f345-40e8-8ed1-be2ab68b1e29 req-b56b25df-e0c7-4d6e-b312-f44d0213cef2 service placement] RequestGroup(use_same_provider=False, resources={DISK_GB:1, MEMORY_MB:512, VCPU:1}, traits=[], aggregates=[]) (suffix '') returned 2 matches {{(pid=94462) _get_by_requests /opt/stack/placement/placement/objects/allocation_candidate.py:145}}
Jul 16 22:09:22.100496 n-d-800088-7 devstack@placement-api.service[94462]: DEBUG placement.objects.allocation_candidate [req-86a5385a-f345-40e8-8ed1-be2ab68b1e29 req-b56b25df-e0c7-4d6e-b312-f44d0213cef2 service placement] Merging candidates yields 2 allocation requests and 2 provider summaries {{(pid=94462) _merge_candidates /opt/stack/placement/placement/objects/allocation_candidate.py:783}}
Jul 16 22:09:22.102585 n-d-800088-7 devstack@placement-api.service[94462]: INFO placement.requestlog [req-86a5385a-f345-40e8-8ed1-be2ab68b1e29 req-b56b25df-e0c7-4d6e-b312-f44d0213cef2 service placement] 10.222.0.48 "GET /placement/allocation_candidates?limit=1000&resources=DISK_GB%3A1%2CMEMORY_MB%3A512%2CVCPU%3A1&root_required=%21COMPUTE_STATUS_DISABLED" status: 200 len: 1307 microversion: 1.36
Jul 16 22:09:22.105884 n-d-800088-7 devstack@placement-api.service[94462]: [pid: 94462|app: 0|req: 121/243] 10.222.0.48 () {60 vars in 1505 bytes} [Fri Jul 16 22:09:22 2021] GET /placement/allocation_candidates?limit=1000&resources=DISK_GB%3A1%2CMEMORY_MB%3A512%2CVCPU%3A1&root_required=%21COMPUTE_STATUS_DISABLED => generated 1307 bytes in 86 msecs (HTTP/1.1 200) 8 headers in 297 bytes (1 switches on core 0)
Jul 16 22:09:22.177172 n-d-800088-7 devstack@placement-api.service[94461]: DEBUG placement.requestlog [req-86a5385a-f345-40e8-8ed1-be2ab68b1e29 req-b9c26b58-b494-430e-9eed-5ab204776765 None None] Starting request: 10.222.0.48 "GET /placement/allocations/2bfb87d4-0fca-4f6b-b1de-2d210e318735" {{(pid=94461) __call__ /opt/stack/placement/placement/requestlog.py:55}}
Jul 16 22:09:22.200423 n-d-800088-7 devstack@placement-api.service[94461]: INFO placement.requestlog [req-86a5385a-f345-40e8-8ed1-be2ab68b1e29 req-b9c26b58-b494-430e-9eed-5ab204776765 service placement] 10.222.0.48 "GET /placement/allocations/2bfb87d4-0fca-4f6b-b1de-2d210e318735" status: 200 len: 19 microversion: 1.28
Jul 16 22:09:22.200910 n-d-800088-7 devstack@placement-api.service[94461]: [pid: 94461|app: 0|req: 123/244] 10.222.0.48 () {60 vars in 1381 bytes} [Fri Jul 16 22:09:22 2021] GET /placement/allocations/2bfb87d4-0fca-4f6b-b1de-2d210e318735 => generated 19 bytes in 24 msecs (HTTP/1.1 200) 8 headers in 295 bytes (1 switches on core 0)
Jul 16 22:09:22.219617 n-d-800088-7 devstack@placement-api.service[94462]: DEBUG placement.requestlog [req-86a5385a-f345-40e8-8ed1-be2ab68b1e29 req-7e990ca5-0cab-4562-ac19-2d84822e22f2 None None] Starting request: 10.222.0.48 "PUT /placement/allocations/2bfb87d4-0fca-4f6b-b1de-2d210e318735" {{(pid=94462) __call__ /opt/stack/placement/placement/requestlog.py:55}}
Jul 16 22:09:22.300115 n-d-800088-7 devstack@placement-api.service[94462]: DEBUG placement.handlers.allocation [req-86a5385a-f345-40e8-8ed1-be2ab68b1e29 req-7e990ca5-0cab-4562-ac19-2d84822e22f2 service placement] Successfully wrote allocations [, , ] {{(pid=94462) _create_allocations /opt/stack/placement/placement/handlers/allocation.py:435}}
Jul 16 22:09:22.300627 n-d-800088-7 devstack@placement-api.service[94462]: INFO placement.requestlog [req-86a5385a-f345-40e8-8ed1-be2ab68b1e29 req-7e990ca5-0cab-4562-ac19-2d84822e22f2 service placement] 10.222.0.48 "PUT /placement/allocations/2bfb87d4-0fca-4f6b-b1de-2d210e318735" status: 204 len: 0 microversion: 1.36
Jul 16 22:09:22.301194 n-d-800088-7 devstack@placement-api.service[94462]: [pid: 94462|app: 0|req: 122/245] 10.222.0.48 () {64 vars in 1434 bytes} [Fri Jul 16 22:09:22 2021] PUT /placement/allocations/2bfb87d4-0fca-4f6b-b1de-2d210e318735 => generated 0 bytes in 82 msecs (HTTP/1.1 204) 5 headers in 199 bytes (1 switches on core 0)
Jul 16 22:09:22.555978 n-d-800088-7 devstack@placement-api.service[94461]: DEBUG placement.requestlog [req-86a5385a-f345-40e8-8ed1-be2ab68b1e29 req-74b988e6-be43-42ef-a31b-c025ef5f0527 None None] Starting request: 10.222.0.13 "GET /placement/allocations/2bfb87d4-0fca-4f6b-b1de-2d210e318735" {{(pid=94461) __call__ /opt/stack/placement/placement/requestlog.py:55}}
Jul 16 22:09:22.585257 n-d-800088-7 devstack@placement-api.service[94461]: INFO placement.requestlog [req-86a5385a-f345-40e8-8ed1-be2ab68b1e29 req-74b988e6-be43-42ef-a31b-c025ef5f0527 service placement] 10.222.0.13 "GET /placement/allocations/2bfb87d4-0fca-4f6b-b1de-2d210e318735" status: 200 len: 258 microversion: 1.28
Jul 16 22:09:22.585647 n-d-800088-7 devstack@placement-api.service[94461]: [pid: 94461|app: 0|req: 124/246] 10.222.0.13 () {60 vars in 1378 bytes} [Fri Jul 16 22:09:22 2021] GET /placement/allocations/2bfb87d4-0fca-4f6b-b1de-2d210e318735 => generated 258 bytes in 30 msecs (HTTP/1.1 200) 8 headers in 296 bytes (2 switches on core 0)
Jul 16 22:09:25.732881 n-d-800088-7 devstack@placement-api.service[94462]: DEBUG placement.requestlog [req-1a3ebbbb-1884-4bb9-a95d-5c906bd457c6 req-5a8ea492-cbb7-4a97-a27a-8957bd3da040 None None] Starting request: 10.222.0.60 "GET /placement/allocations/03a8ac82-b601-420d-916e-4d4b567a1b09" {{(pid=94462) __call__ /opt/stack/placement/placement/requestlog.py:55}}
Jul 16 22:09:25.758940 n-d-800088-7 devstack@placement-api.service[94462]: INFO placement.requestlog [req-1a3ebbbb-1884-4bb9-a95d-5c906bd457c6 req-5a8ea492-cbb7-4a97-a27a-8957bd3da040 service placement] 10.222.0.60 "GET /placement/allocations/03a8ac82-b601-420d-916e-4d4b567a1b09" status: 200 len: 259 microversion: 1.28
Jul 16 22:09:25.759783 n-d-800088-7 devstack@placement-api.service[94462]: [pid: 94462|app: 0|req: 123/247] 10.222.0.60 () {60 vars in 1378 bytes} [Fri Jul 16 22:09:25 2021] GET /placement/allocations/03a8ac82-b601-420d-916e-4d4b567a1b09 => generated 259 bytes in 27 msecs (HTTP/1.1 200) 8 headers in 296 bytes (1 switches on core 0)
Jul 16 22:09:25.771321 n-d-800088-7 devstack@placement-api.service[94461]: DEBUG placement.requestlog [req-1a3ebbbb-1884-4bb9-a95d-5c906bd457c6 req-4696e38a-0a39-4891-bf48-dcbd1e2d05de None None] Starting request: 10.222.0.60 "PUT /placement/allocations/03a8ac82-b601-420d-916e-4d4b567a1b09" {{(pid=94461) __call__ /opt/stack/placement/placement/requestlog.py:55}}
Jul 16 22:09:25.863884 n-d-800088-7 devstack@placement-api.service[94461]: DEBUG placement.handlers.allocation [req-1a3ebbbb-1884-4bb9-a95d-5c906bd457c6 req-4696e38a-0a39-4891-bf48-dcbd1e2d05de service placement] Successfully wrote allocations [, , ] {{(pid=94461) _create_allocations /opt/stack/placement/placement/handlers/allocation.py:435}}
Jul 16 22:09:25.865079 n-d-800088-7 devstack@placement-api.service[94461]: INFO placement.requestlog [req-1a3ebbbb-1884-4bb9-a95d-5c906bd457c6 req-4696e38a-0a39-4891-bf48-dcbd1e2d05de service placement] 10.222.0.60 "PUT /placement/allocations/03a8ac82-b601-420d-916e-4d4b567a1b09" status: 204 len: 0 microversion: 1.28
Jul 16 22:09:25.865650 n-d-800088-7 devstack@placement-api.service[94461]: [pid: 94461|app: 0|req: 125/248] 10.222.0.60 () {64 vars in 1431 bytes} [Fri Jul 16 22:09:25 2021] PUT /placement/allocations/03a8ac82-b601-420d-916e-4d4b567a1b09 => generated 0 bytes in 94 msecs (HTTP/1.1 204) 5 headers in 199 bytes (2 switches on core 0)
Jul 16 22:09:27.196012 n-d-800088-7 devstack@placement-api.service[94462]: DEBUG placement.requestlog [None req-9d114b06-28f1-43d2-b9c2-ffdddce97041 None None] Starting request: 10.222.0.48 "GET /placement/" {{(pid=94462) __call__ /opt/stack/placement/placement/requestlog.py:55}}
Jul 16 22:09:27.197498 n-d-800088-7 devstack@placement-api.service[94462]: INFO placement.requestlog [None req-9d114b06-28f1-43d2-b9c2-ffdddce97041 None None] 10.222.0.48 "GET /placement/" status: 200 len: 136 microversion: 1.0
Jul 16 22:09:27.198022 n-d-800088-7 devstack@placement-api.service[94462]: [pid: 94462|app: 0|req: 124/249] 10.222.0.48 () {54 vars in 916 bytes} [Fri Jul 16 22:09:27 2021] GET /placement => generated 136 bytes in 2 msecs (HTTP/1.1 200) 6 headers in 224 bytes (1 switches on core 0)
Jul 16 22:09:27.215823 n-d-800088-7 devstack@placement-api.service[94461]: DEBUG placement.requestlog [req-abc0dcf0-3b24-41a9-8abc-e452b8b9cfab req-e11543bb-62e4-4492-8400-a1ebf5c179e4 None None] Starting request: 10.222.0.48 "GET /placement/allocations/063c16ad-fbe3-4a4f-a0e1-4a49ae8fd25b" {{(pid=94461) __call__ /opt/stack/placement/placement/requestlog.py:55}}
Jul 16 22:09:27.409151 n-d-800088-7 devstack@placement-api.service[94461]: INFO placement.requestlog [req-abc0dcf0-3b24-41a9-8abc-e452b8b9cfab req-e11543bb-62e4-4492-8400-a1ebf5c179e4 service placement] 10.222.0.48 "GET /placement/allocations/063c16ad-fbe3-4a4f-a0e1-4a49ae8fd25b" status: 200 len: 259 microversion: 1.28
Jul 16 22:09:27.409701 n-d-800088-7 devstack@placement-api.service[94461]: [pid: 94461|app: 0|req: 126/250] 10.222.0.48 () {60 vars in 1381 bytes} [Fri Jul 16 22:09:27 2021] GET /placement/allocations/063c16ad-fbe3-4a4f-a0e1-4a49ae8fd25b => generated 259 bytes in 194 msecs (HTTP/1.1 200) 8 headers in 296 bytes (1 switches on core 0)
Jul 16 22:09:27.418083 n-d-800088-7 devstack@placement-api.service[94462]: DEBUG placement.requestlog [req-abc0dcf0-3b24-41a9-8abc-e452b8b9cfab req-d93adfe6-d3ec-4534-abdd-c11b5c0a536b None None] Starting request: 10.222.0.48 "GET /placement/allocations/063c16ad-fbe3-4a4f-a0e1-4a49ae8fd25b" {{(pid=94462) __call__ /opt/stack/placement/placement/requestlog.py:55}}
Jul 16 22:09:27.454259 n-d-800088-7 devstack@placement-api.service[94462]: INFO placement.requestlog [req-abc0dcf0-3b24-41a9-8abc-e452b8b9cfab req-d93adfe6-d3ec-4534-abdd-c11b5c0a536b service placement] 10.222.0.48 "GET /placement/allocations/063c16ad-fbe3-4a4f-a0e1-4a49ae8fd25b" status: 200 len: 259 microversion: 1.28
Jul 16 22:09:27.459960 n-d-800088-7 devstack@placement-api.service[94461]: DEBUG placement.requestlog [req-abc0dcf0-3b24-41a9-8abc-e452b8b9cfab req-750164ec-67d7-4636-ad68-88e86d91f5a2 None None] Starting request: 10.222.0.48 "GET /placement/allocations/caa49b8b-45b7-4fb1-9ebf-2763c1ae95a1" {{(pid=94461) __call__ /opt/stack/placement/placement/requestlog.py:55}}
Jul 16 22:09:27.468654 n-d-800088-7 devstack@placement-api.service[94462]: [pid: 94462|app: 0|req: 125/251] 10.222.0.48 () {60 vars in 1381 bytes} [Fri Jul 16 22:09:27 2021] GET /placement/allocations/063c16ad-fbe3-4a4f-a0e1-4a49ae8fd25b => generated 259 bytes in 51 msecs (HTTP/1.1 200) 8 headers in 296 bytes (2 switches on core 0)
Jul 16 22:09:27.483178 n-d-800088-7 devstack@placement-api.service[94461]: INFO placement.requestlog [req-abc0dcf0-3b24-41a9-8abc-e452b8b9cfab req-750164ec-67d7-4636-ad68-88e86d91f5a2 service placement] 10.222.0.48 "GET /placement/allocations/caa49b8b-45b7-4fb1-9ebf-2763c1ae95a1" status: 200 len: 19 microversion: 1.28
Jul 16 22:09:27.490257 n-d-800088-7 devstack@placement-api.service[94462]: DEBUG placement.requestlog [req-abc0dcf0-3b24-41a9-8abc-e452b8b9cfab req-8f2657e3-c784-428d-b36f-f804b3c3c01a None None] Starting request: 10.222.0.48 "POST /placement/allocations" {{(pid=94462) __call__ /opt/stack/placement/placement/requestlog.py:55}}
Jul 16 22:09:27.499287 n-d-800088-7 devstack@placement-api.service[94461]: [pid: 94461|app: 0|req: 127/252] 10.222.0.48 () {60 vars in 1381 bytes} [Fri Jul 16 22:09:27 2021] GET /placement/allocations/caa49b8b-45b7-4fb1-9ebf-2763c1ae95a1 => generated 19 bytes in 39 msecs (HTTP/1.1 200) 8 headers in 295 bytes (1 switches on core 0)
Jul 16 22:09:27.583072 n-d-800088-7 devstack@placement-api.service[94462]: DEBUG placement.handlers.allocation [req-abc0dcf0-3b24-41a9-8abc-e452b8b9cfab req-8f2657e3-c784-428d-b36f-f804b3c3c01a service placement] Successfully wrote allocations [, , , , , ] {{(pid=94462) _create_allocations /opt/stack/placement/placement/handlers/allocation.py:524}}
Jul 16 22:09:27.583740 n-d-800088-7 devstack@placement-api.service[94462]: INFO placement.requestlog [req-abc0dcf0-3b24-41a9-8abc-e452b8b9cfab req-8f2657e3-c784-428d-b36f-f804b3c3c01a service placement] 10.222.0.48 "POST /placement/allocations" status: 204 len: 0 microversion: 1.28
Jul 16 22:09:27.584653 n-d-800088-7 devstack@placement-api.service[94462]: [pid: 94462|app: 0|req: 126/253] 10.222.0.48 () {64 vars in 1324 bytes} [Fri Jul 16 22:09:27 2021] POST /placement/allocations => generated 0 bytes in 94 msecs (HTTP/1.1 204) 5 headers in 199 bytes (1 switches on core 0)
Jul 16 22:09:27.625223 n-d-800088-7 devstack@placement-api.service[94461]: DEBUG placement.requestlog [req-abc0dcf0-3b24-41a9-8abc-e452b8b9cfab req-5e54429c-12f5-47f5-87f8-ff2112f74703 None None] Starting request: 10.222.0.48 "GET /placement/allocations/063c16ad-fbe3-4a4f-a0e1-4a49ae8fd25b" {{(pid=94461) __call__ /opt/stack/placement/placement/requestlog.py:55}}
Jul 16 22:09:27.636298 n-d-800088-7 devstack@placement-api.service[94461]: INFO placement.requestlog [req-abc0dcf0-3b24-41a9-8abc-e452b8b9cfab req-5e54429c-12f5-47f5-87f8-ff2112f74703 service placement] 10.222.0.48 "GET /placement/allocations/063c16ad-fbe3-4a4f-a0e1-4a49ae8fd25b" status: 200 len: 19 microversion: 1.28
Jul 16 22:09:27.639699 n-d-800088-7 devstack@placement-api.service[94461]: [pid: 94461|app: 0|req: 128/254] 10.222.0.48 () {60 vars in 1381 bytes} [Fri Jul 16 22:09:27 2021] GET /placement/allocations/063c16ad-fbe3-4a4f-a0e1-4a49ae8fd25b => generated 19 bytes in 15 msecs (HTTP/1.1 200) 8 headers in 295 bytes (1 switches on core 0)
Jul 16 22:09:27.644022 n-d-800088-7 devstack@placement-api.service[94462]: DEBUG placement.requestlog [req-abc0dcf0-3b24-41a9-8abc-e452b8b9cfab req-d5da4a8c-5eb2-498b-88f5-0cec5b342cf2 None None] Starting request: 10.222.0.48 "PUT /placement/allocations/063c16ad-fbe3-4a4f-a0e1-4a49ae8fd25b" {{(pid=94462) __call__ /opt/stack/placement/placement/requestlog.py:55}}
Jul 16 22:09:27.670040 n-d-800088-7 devstack@placement-api.service[94461]: DEBUG placement.requestlog [req-2116590c-5b3f-4fbf-8971-74a6de07a761 req-453e03db-ba32-4c33-b6d4-d18a6ff37044 None None] Starting request: 10.222.0.48 "GET /placement/allocation_candidates?limit=1000&resources=DISK_GB%3A1%2CMEMORY_MB%3A1024%2CVCPU%3A1&root_required=%21COMPUTE_STATUS_DISABLED" {{(pid=94461) __call__ /opt/stack/placement/placement/requestlog.py:55}}
Jul 16 22:09:27.706847 n-d-800088-7 devstack@placement-api.service[94461]: DEBUG placement.objects.research_context [req-2116590c-5b3f-4fbf-8971-74a6de07a761 req-453e03db-ba32-4c33-b6d4-d18a6ff37044 service placement] getting providers with 1 DISK_GB {{(pid=94461) __init__ /opt/stack/placement/placement/objects/research_context.py:126}}
Jul 16 22:09:27.719732 n-d-800088-7 devstack@placement-api.service[94461]: DEBUG placement.objects.research_context [req-2116590c-5b3f-4fbf-8971-74a6de07a761 req-453e03db-ba32-4c33-b6d4-d18a6ff37044 service placement] getting providers with 1024 MEMORY_MB {{(pid=94461) __init__ /opt/stack/placement/placement/objects/research_context.py:126}}
Jul 16 22:09:27.734372 n-d-800088-7 devstack@placement-api.service[94461]: DEBUG placement.objects.research_context [req-2116590c-5b3f-4fbf-8971-74a6de07a761 req-453e03db-ba32-4c33-b6d4-d18a6ff37044 service placement] getting providers with 1 VCPU {{(pid=94461) __init__ /opt/stack/placement/placement/objects/research_context.py:126}}
Jul 16 22:09:27.749524 n-d-800088-7 devstack@placement-api.service[94461]: DEBUG placement.objects.research_context [req-2116590c-5b3f-4fbf-8971-74a6de07a761 req-453e03db-ba32-4c33-b6d4-d18a6ff37044 service placement] found 2 providers with available 1 DISK_GB {{(pid=94461) get_provider_ids_matching /opt/stack/placement/placement/objects/research_context.py:549}}
Jul 16 22:09:27.751371 n-d-800088-7 devstack@placement-api.service[94461]: DEBUG placement.objects.research_context [req-2116590c-5b3f-4fbf-8971-74a6de07a761 req-453e03db-ba32-4c33-b6d4-d18a6ff37044 service placement] found 2 providers with available 1024 MEMORY_MB {{(pid=94461) get_provider_ids_matching /opt/stack/placement/placement/objects/research_context.py:549}}
Jul 16 22:09:27.751371 n-d-800088-7 devstack@placement-api.service[94461]: DEBUG placement.objects.research_context [req-2116590c-5b3f-4fbf-8971-74a6de07a761 req-453e03db-ba32-4c33-b6d4-d18a6ff37044 service placement] found 2 providers after filtering by previous result {{(pid=94461) get_provider_ids_matching /opt/stack/placement/placement/objects/research_context.py:580}}
Jul 16 22:09:27.751592 n-d-800088-7 devstack@placement-api.service[94461]: DEBUG placement.objects.research_context [req-2116590c-5b3f-4fbf-8971-74a6de07a761 req-453e03db-ba32-4c33-b6d4-d18a6ff37044 service placement] found 2 providers with available 1 VCPU {{(pid=94461) get_provider_ids_matching /opt/stack/placement/placement/objects/research_context.py:549}}
Jul 16 22:09:27.759503 n-d-800088-7 devstack@placement-api.service[94461]: DEBUG placement.objects.research_context [req-2116590c-5b3f-4fbf-8971-74a6de07a761 req-453e03db-ba32-4c33-b6d4-d18a6ff37044 service placement] found 2 providers after filtering by previous result {{(pid=94461) get_provider_ids_matching /opt/stack/placement/placement/objects/research_context.py:580}}
Jul 16 22:09:27.776596 n-d-800088-7 devstack@placement-api.service[94461]: DEBUG placement.objects.allocation_candidate [req-2116590c-5b3f-4fbf-8971-74a6de07a761 req-453e03db-ba32-4c33-b6d4-d18a6ff37044 service placement] RequestGroup(use_same_provider=False, resources={DISK_GB:1, MEMORY_MB:1024, VCPU:1}, traits=[], aggregates=[]) (suffix '') returned 2 matches {{(pid=94461) _get_by_requests /opt/stack/placement/placement/objects/allocation_candidate.py:145}}
Jul 16 22:09:27.777227 n-d-800088-7 devstack@placement-api.service[94461]: DEBUG placement.objects.allocation_candidate [req-2116590c-5b3f-4fbf-8971-74a6de07a761 req-453e03db-ba32-4c33-b6d4-d18a6ff37044 service placement] Merging candidates yields 2 allocation requests and 2 provider summaries {{(pid=94461) _merge_candidates /opt/stack/placement/placement/objects/allocation_candidate.py:783}}
Jul 16 22:09:27.779434 n-d-800088-7 devstack@placement-api.service[94461]: INFO placement.requestlog [req-2116590c-5b3f-4fbf-8971-74a6de07a761 req-453e03db-ba32-4c33-b6d4-d18a6ff37044 service placement] 10.222.0.48 "GET /placement/allocation_candidates?limit=1000&resources=DISK_GB%3A1%2CMEMORY_MB%3A1024%2CVCPU%3A1&root_required=%21COMPUTE_STATUS_DISABLED" status: 200 len: 1309 microversion: 1.36
Jul 16 22:09:27.779952 n-d-800088-7 devstack@placement-api.service[94461]: [pid: 94461|app: 0|req: 129/255] 10.222.0.48 () {60 vars in 1507 bytes} [Fri Jul 16 22:09:27 2021] GET /placement/allocation_candidates?limit=1000&resources=DISK_GB%3A1%2CMEMORY_MB%3A1024%2CVCPU%3A1&root_required=%21COMPUTE_STATUS_DISABLED => generated 1309 bytes in 110 msecs (HTTP/1.1 200) 8 headers in 297 bytes (2 switches on core 0)
