Jul 16 22:16:32.971928 n-d-800088-7 devstack@placement-api.service[94462]: DEBUG placement.objects.research_context [req-887f97dc-1327-41df-b299-10fed1f11965 req-d0769a7c-a969-4530-92db-4a36584d9d65 service placement] getting providers with 1 VCPU {{(pid=94462) __init__ /opt/stack/placement/placement/objects/research_context.py:126}}
Jul 16 22:16:32.984008 n-d-800088-7 devstack@placement-api.service[94462]: DEBUG placement.objects.research_context [req-887f97dc-1327-41df-b299-10fed1f11965 req-d0769a7c-a969-4530-92db-4a36584d9d65 service placement] found 2 providers with available 1 DISK_GB {{(pid=94462) get_provider_ids_matching /opt/stack/placement/placement/objects/research_context.py:549}}
Jul 16 22:16:32.984664 n-d-800088-7 devstack@placement-api.service[94462]: DEBUG placement.objects.research_context [req-887f97dc-1327-41df-b299-10fed1f11965 req-d0769a7c-a969-4530-92db-4a36584d9d65 service placement] found 2 providers with available 1024 MEMORY_MB {{(pid=94462) get_provider_ids_matching /opt/stack/placement/placement/objects/research_context.py:549}}
Jul 16 22:16:32.985353 n-d-800088-7 devstack@placement-api.service[94462]: DEBUG placement.objects.research_context [req-887f97dc-1327-41df-b299-10fed1f11965 req-d0769a7c-a969-4530-92db-4a36584d9d65 service placement] found 2 providers after filtering by previous result {{(pid=94462) get_provider_ids_matching /opt/stack/placement/placement/objects/research_context.py:580}}
Jul 16 22:16:32.986151 n-d-800088-7 devstack@placement-api.service[94462]: DEBUG placement.objects.research_context [req-887f97dc-1327-41df-b299-10fed1f11965 req-d0769a7c-a969-4530-92db-4a36584d9d65 service placement] found 2 providers with available 1 VCPU {{(pid=94462) get_provider_ids_matching /opt/stack/placement/placement/objects/research_context.py:549}}
Jul 16 22:16:32.988232 n-d-800088-7 devstack@placement-api.service[94462]: DEBUG placement.objects.research_context [req-887f97dc-1327-41df-b299-10fed1f11965 req-d0769a7c-a969-4530-92db-4a36584d9d65 service placement] found 2 providers after filtering by previous result {{(pid=94462) get_provider_ids_matching /opt/stack/placement/placement/objects/research_context.py:580}}
Jul 16 22:16:33.025266 n-d-800088-7 devstack@placement-api.service[94462]: DEBUG placement.objects.allocation_candidate [req-887f97dc-1327-41df-b299-10fed1f11965 req-d0769a7c-a969-4530-92db-4a36584d9d65 service placement] RequestGroup(use_same_provider=False, resources={DISK_GB:1, MEMORY_MB:1024, VCPU:1}, traits=[], aggregates=[]) (suffix '') returned 2 matches {{(pid=94462) _get_by_requests /opt/stack/placement/placement/objects/allocation_candidate.py:145}}
Jul 16 22:16:33.026127 n-d-800088-7 devstack@placement-api.service[94462]: DEBUG placement.objects.allocation_candidate [req-887f97dc-1327-41df-b299-10fed1f11965 req-d0769a7c-a969-4530-92db-4a36584d9d65 service placement] Merging candidates yields 2 allocation requests and 2 provider summaries {{(pid=94462) _merge_candidates /opt/stack/placement/placement/objects/allocation_candidate.py:783}}
Jul 16 22:16:33.031597 n-d-800088-7 devstack@placement-api.service[94462]: INFO placement.requestlog [req-887f97dc-1327-41df-b299-10fed1f11965 req-d0769a7c-a969-4530-92db-4a36584d9d65 service placement] 10.222.0.48 "GET /placement/allocation_candidates?limit=1000&resources=DISK_GB%3A1%2CMEMORY_MB%3A1024%2CVCPU%3A1&root_required=%21COMPUTE_STATUS_DISABLED" status: 200 len: 1309 microversion: 1.36
Jul 16 22:16:33.032660 n-d-800088-7 devstack@placement-api.service[94462]: [pid: 94462|app: 0|req: 284/574] 10.222.0.48 () {60 vars in 1507 bytes} [Fri Jul 16 22:16:32 2021] GET /placement/allocation_candidates?limit=1000&resources=DISK_GB%3A1%2CMEMORY_MB%3A1024%2CVCPU%3A1&root_required=%21COMPUTE_STATUS_DISABLED => generated 1309 bytes in 192 msecs (HTTP/1.1 200) 8 headers in 297 bytes (1 switches on core 0)
Jul 16 22:16:33.178363 n-d-800088-7 devstack@placement-api.service[94461]: DEBUG placement.requestlog [req-887f97dc-1327-41df-b299-10fed1f11965 req-f2909fa0-c3c0-4df1-a37f-e42e773838a1 None None] Starting request: 10.222.0.48 "GET /placement/allocations/f42b85ef-de99-4b74-92e5-7c27ddd96467" {{(pid=94461) __call__ /opt/stack/placement/placement/requestlog.py:55}}
Jul 16 22:16:33.203348 n-d-800088-7 devstack@placement-api.service[94461]: INFO placement.requestlog [req-887f97dc-1327-41df-b299-10fed1f11965 req-f2909fa0-c3c0-4df1-a37f-e42e773838a1 service placement] 10.222.0.48 "GET /placement/allocations/f42b85ef-de99-4b74-92e5-7c27ddd96467" status: 200 len: 19 microversion: 1.28
Jul 16 22:16:33.210985 n-d-800088-7 devstack@placement-api.service[94461]: [pid: 94461|app: 0|req: 291/575] 10.222.0.48 () {60 vars in 1381 bytes} [Fri Jul 16 22:16:33 2021] GET /placement/allocations/f42b85ef-de99-4b74-92e5-7c27ddd96467 => generated 19 bytes in 33 msecs (HTTP/1.1 200) 8 headers in 295 bytes (1 switches on core 0)
Jul 16 22:16:33.211420 n-d-800088-7 devstack@placement-api.service[94462]: DEBUG placement.requestlog [req-887f97dc-1327-41df-b299-10fed1f11965 req-9eca6a70-3dfa-474e-9684-a1ecb59f5d7b None None] Starting request: 10.222.0.48 "PUT /placement/allocations/f42b85ef-de99-4b74-92e5-7c27ddd96467" {{(pid=94462) __call__ /opt/stack/placement/placement/requestlog.py:55}}
Jul 16 22:16:33.378146 n-d-800088-7 devstack@placement-api.service[94462]: DEBUG placement.handlers.allocation [req-887f97dc-1327-41df-b299-10fed1f11965 req-9eca6a70-3dfa-474e-9684-a1ecb59f5d7b service placement] Successfully wrote allocations [, , ] {{(pid=94462) _create_allocations /opt/stack/placement/placement/handlers/allocation.py:435}}
Jul 16 22:16:33.378697 n-d-800088-7 devstack@placement-api.service[94462]: INFO placement.requestlog [req-887f97dc-1327-41df-b299-10fed1f11965 req-9eca6a70-3dfa-474e-9684-a1ecb59f5d7b service placement] 10.222.0.48 "PUT /placement/allocations/f42b85ef-de99-4b74-92e5-7c27ddd96467" status: 204 len: 0 microversion: 1.36
Jul 16 22:16:33.379499 n-d-800088-7 devstack@placement-api.service[94462]: [pid: 94462|app: 0|req: 285/576] 10.222.0.48 () {64 vars in 1434 bytes} [Fri Jul 16 22:16:33 2021] PUT /placement/allocations/f42b85ef-de99-4b74-92e5-7c27ddd96467 => generated 0 bytes in 170 msecs (HTTP/1.1 204) 5 headers in 199 bytes (2 switches on core 0)
Jul 16 22:16:34.150677 n-d-800088-7 devstack@placement-api.service[94461]: DEBUG placement.requestlog [req-887f97dc-1327-41df-b299-10fed1f11965 req-b970f09f-3c23-47bb-9141-22676d7ff021 None None] Starting request: 10.222.0.60 "GET /placement/allocations/f42b85ef-de99-4b74-92e5-7c27ddd96467" {{(pid=94461) __call__ /opt/stack/placement/placement/requestlog.py:55}}
Jul 16 22:16:34.178705 n-d-800088-7 devstack@placement-api.service[94461]: INFO placement.requestlog [req-887f97dc-1327-41df-b299-10fed1f11965 req-b970f09f-3c23-47bb-9141-22676d7ff021 service placement] 10.222.0.60 "GET /placement/allocations/f42b85ef-de99-4b74-92e5-7c27ddd96467" status: 200 len: 259 microversion: 1.28
Jul 16 22:16:34.179382 n-d-800088-7 devstack@placement-api.service[94461]: [pid: 94461|app: 0|req: 292/577] 10.222.0.60 () {60 vars in 1378 bytes} [Fri Jul 16 22:16:34 2021] GET /placement/allocations/f42b85ef-de99-4b74-92e5-7c27ddd96467 => generated 259 bytes in 29 msecs (HTTP/1.1 200) 8 headers in 296 bytes (1 switches on core 0)
Jul 16 22:16:53.042100 n-d-800088-7 devstack@placement-api.service[94462]: DEBUG placement.requestlog [req-bd4a2d53-382b-4601-b6f9-4fdbe1e51283 req-d8dfda02-5fbd-4e9b-a88b-90d48145cfbd None None] Starting request: 10.222.0.13 "GET /placement/resource_providers/add4158a-af9c-4bd2-8959-db1c9560c95c/allocations" {{(pid=94462) __call__ /opt/stack/placement/placement/requestlog.py:55}}
Jul 16 22:16:53.069600 n-d-800088-7 devstack@placement-api.service[94462]: INFO placement.requestlog [req-bd4a2d53-382b-4601-b6f9-4fdbe1e51283 req-d8dfda02-5fbd-4e9b-a88b-90d48145cfbd service placement] 10.222.0.13 "GET /placement/resource_providers/add4158a-af9c-4bd2-8959-db1c9560c95c/allocations" status: 200 len: 659 microversion: 1.0
Jul 16 22:16:53.070351 n-d-800088-7 devstack@placement-api.service[94462]: [pid: 94462|app: 0|req: 286/578] 10.222.0.13 () {58 vars in 1391 bytes} [Fri Jul 16 22:16:53 2021] GET /placement/resource_providers/add4158a-af9c-4bd2-8959-db1c9560c95c/allocations => generated 659 bytes in 28 msecs (HTTP/1.1 200) 6 headers in 224 bytes (1 switches on core 0)
Jul 16 22:16:53.989153 n-d-800088-7 devstack@placement-api.service[94461]: DEBUG placement.requestlog [req-b4c125f5-a6c0-4d16-9f8a-d02f2b1b231e req-afd571a1-3fc1-41c8-9918-84afee8262f2 None None] Starting request: 10.222.0.60 "GET /placement/allocations/b9c0b5bf-8d56-4ee9-b304-d6d77d918776" {{(pid=94461) __call__ /opt/stack/placement/placement/requestlog.py:55}}
Jul 16 22:16:54.031323 n-d-800088-7 devstack@placement-api.service[94461]: INFO placement.requestlog [req-b4c125f5-a6c0-4d16-9f8a-d02f2b1b231e req-afd571a1-3fc1-41c8-9918-84afee8262f2 service placement] 10.222.0.60 "GET /placement/allocations/b9c0b5bf-8d56-4ee9-b304-d6d77d918776" status: 200 len: 259 microversion: 1.28
Jul 16 22:16:54.033502 n-d-800088-7 devstack@placement-api.service[94461]: [pid: 94461|app: 0|req: 293/579] 10.222.0.60 () {60 vars in 1378 bytes} [Fri Jul 16 22:16:53 2021] GET /placement/allocations/b9c0b5bf-8d56-4ee9-b304-d6d77d918776 => generated 259 bytes in 44 msecs (HTTP/1.1 200) 8 headers in 296 bytes (1 switches on core 0)
Jul 16 22:16:54.041250 n-d-800088-7 devstack@placement-api.service[94462]: DEBUG placement.requestlog [req-b4c125f5-a6c0-4d16-9f8a-d02f2b1b231e req-a75d571c-91e7-46d3-bc60-89e9d01c7dc1 None None] Starting request: 10.222.0.60 "PUT /placement/allocations/b9c0b5bf-8d56-4ee9-b304-d6d77d918776" {{(pid=94462) __call__ /opt/stack/placement/placement/requestlog.py:55}}
Jul 16 22:16:54.167799 n-d-800088-7 devstack@placement-api.service[94462]: DEBUG placement.handlers.allocation [req-b4c125f5-a6c0-4d16-9f8a-d02f2b1b231e req-a75d571c-91e7-46d3-bc60-89e9d01c7dc1 service placement] Successfully wrote allocations [, , ] {{(pid=94462) _create_allocations /opt/stack/placement/placement/handlers/allocation.py:435}}
Jul 16 22:16:54.168439 n-d-800088-7 devstack@placement-api.service[94462]: INFO placement.requestlog [req-b4c125f5-a6c0-4d16-9f8a-d02f2b1b231e req-a75d571c-91e7-46d3-bc60-89e9d01c7dc1 service placement] 10.222.0.60 "PUT /placement/allocations/b9c0b5bf-8d56-4ee9-b304-d6d77d918776" status: 204 len: 0 microversion: 1.28
Jul 16 22:16:54.168831 n-d-800088-7 devstack@placement-api.service[94462]: [pid: 94462|app: 0|req: 287/580] 10.222.0.60 () {64 vars in 1431 bytes} [Fri Jul 16 22:16:54 2021] PUT /placement/allocations/b9c0b5bf-8d56-4ee9-b304-d6d77d918776 => generated 0 bytes in 128 msecs (HTTP/1.1 204) 5 headers in 199 bytes (1 switches on core 0)
Jul 16 22:16:56.274123 n-d-800088-7 devstack@placement-api.service[94461]: DEBUG placement.requestlog [req-8c76bbab-bf50-4606-9ea7-138fcf4dad5d req-d7b6406d-aca9-4d3b-ae53-3be37d17a425 None None] Starting request: 10.222.0.60 "GET /placement/resource_providers/e03a7120-d135-4316-b6fc-2a756ae1cf31/allocations" {{(pid=94461) __call__ /opt/stack/placement/placement/requestlog.py:55}}
Jul 16 22:16:56.317322 n-d-800088-7 devstack@placement-api.service[94461]: INFO placement.requestlog [req-8c76bbab-bf50-4606-9ea7-138fcf4dad5d req-d7b6406d-aca9-4d3b-ae53-3be37d17a425 service placement] 10.222.0.60 "GET /placement/resource_providers/e03a7120-d135-4316-b6fc-2a756ae1cf31/allocations" status: 200 len: 356 microversion: 1.0
Jul 16 22:16:56.318769 n-d-800088-7 devstack@placement-api.service[94461]: [pid: 94461|app: 0|req: 294/581] 10.222.0.60 () {58 vars in 1391 bytes} [Fri Jul 16 22:16:56 2021] GET /placement/resource_providers/e03a7120-d135-4316-b6fc-2a756ae1cf31/allocations => generated 356 bytes in 45 msecs (HTTP/1.1 200) 6 headers in 224 bytes (1 switches on core 0)
Jul 16 22:17:00.387071 n-d-800088-7 devstack@placement-api.service[94462]: DEBUG placement.requestlog [req-24d317ff-adc4-4ce2-b10d-5a381665e123 req-737b8817-a73c-461f-b1a5-8a4b3c17ff8e None None] Starting request: 10.222.0.48 "GET /placement/allocation_candidates?limit=1000&resources=DISK_GB%3A1%2CMEMORY_MB%3A1024%2CVCPU%3A1&root_required=%21COMPUTE_STATUS_DISABLED" {{(pid=94462) __call__ /opt/stack/placement/placement/requestlog.py:55}}
Jul 16 22:17:00.540279 n-d-800088-7 devstack@placement-api.service[94462]: DEBUG placement.objects.research_context [req-24d317ff-adc4-4ce2-b10d-5a381665e123 req-737b8817-a73c-461f-b1a5-8a4b3c17ff8e service placement] getting providers with 1 DISK_GB {{(pid=94462) __init__ /opt/stack/placement/placement/objects/research_context.py:126}}
Jul 16 22:17:00.567674 n-d-800088-7 devstack@placement-api.service[94462]: DEBUG placement.objects.research_context [req-24d317ff-adc4-4ce2-b10d-5a381665e123 req-737b8817-a73c-461f-b1a5-8a4b3c17ff8e service placement] getting providers with 1024 MEMORY_MB {{(pid=94462) __init__ /opt/stack/placement/placement/objects/research_context.py:126}}
Jul 16 22:17:00.601367 n-d-800088-7 devstack@placement-api.service[94462]: DEBUG placement.objects.research_context [req-24d317ff-adc4-4ce2-b10d-5a381665e123 req-737b8817-a73c-461f-b1a5-8a4b3c17ff8e service placement] getting providers with 1 VCPU {{(pid=94462) __init__ /opt/stack/placement/placement/objects/research_context.py:126}}
Jul 16 22:17:00.614931 n-d-800088-7 devstack@placement-api.service[94462]: DEBUG placement.objects.research_context [req-24d317ff-adc4-4ce2-b10d-5a381665e123 req-737b8817-a73c-461f-b1a5-8a4b3c17ff8e service placement] found 2 providers with available 1 DISK_GB {{(pid=94462) get_provider_ids_matching /opt/stack/placement/placement/objects/research_context.py:549}}
Jul 16 22:17:00.615202 n-d-800088-7 devstack@placement-api.service[94462]: DEBUG placement.objects.research_context [req-24d317ff-adc4-4ce2-b10d-5a381665e123 req-737b8817-a73c-461f-b1a5-8a4b3c17ff8e service placement] found 2 providers with available 1024 MEMORY_MB {{(pid=94462) get_provider_ids_matching /opt/stack/placement/placement/objects/research_context.py:549}}
Jul 16 22:17:00.628849 n-d-800088-7 devstack@placement-api.service[94462]: DEBUG placement.objects.research_context [req-24d317ff-adc4-4ce2-b10d-5a381665e123 req-737b8817-a73c-461f-b1a5-8a4b3c17ff8e service placement] found 2 providers after filtering by previous result {{(pid=94462) get_provider_ids_matching /opt/stack/placement/placement/objects/research_context.py:580}}
Jul 16 22:17:00.629287 n-d-800088-7 devstack@placement-api.service[94462]: DEBUG placement.objects.research_context [req-24d317ff-adc4-4ce2-b10d-5a381665e123 req-737b8817-a73c-461f-b1a5-8a4b3c17ff8e service placement] found 2 providers with available 1 VCPU {{(pid=94462) get_provider_ids_matching /opt/stack/placement/placement/objects/research_context.py:549}}
Jul 16 22:17:00.629763 n-d-800088-7 devstack@placement-api.service[94462]: DEBUG placement.objects.research_context [req-24d317ff-adc4-4ce2-b10d-5a381665e123 req-737b8817-a73c-461f-b1a5-8a4b3c17ff8e service placement] found 2 providers after filtering by previous result {{(pid=94462) get_provider_ids_matching /opt/stack/placement/placement/objects/research_context.py:580}}
Jul 16 22:17:00.661928 n-d-800088-7 devstack@placement-api.service[94462]: DEBUG placement.objects.allocation_candidate [req-24d317ff-adc4-4ce2-b10d-5a381665e123 req-737b8817-a73c-461f-b1a5-8a4b3c17ff8e service placement] RequestGroup(use_same_provider=False, resources={DISK_GB:1, MEMORY_MB:1024, VCPU:1}, traits=[], aggregates=[]) (suffix '') returned 2 matches {{(pid=94462) _get_by_requests /opt/stack/placement/placement/objects/allocation_candidate.py:145}}
Jul 16 22:17:00.662313 n-d-800088-7 devstack@placement-api.service[94462]: DEBUG placement.objects.allocation_candidate [req-24d317ff-adc4-4ce2-b10d-5a381665e123 req-737b8817-a73c-461f-b1a5-8a4b3c17ff8e service placement] Merging candidates yields 2 allocation requests and 2 provider summaries {{(pid=94462) _merge_candidates /opt/stack/placement/placement/objects/allocation_candidate.py:783}}
Jul 16 22:17:00.675445 n-d-800088-7 devstack@placement-api.service[94462]: INFO placement.requestlog [req-24d317ff-adc4-4ce2-b10d-5a381665e123 req-737b8817-a73c-461f-b1a5-8a4b3c17ff8e service placement] 10.222.0.48 "GET /placement/allocation_candidates?limit=1000&resources=DISK_GB%3A1%2CMEMORY_MB%3A1024%2CVCPU%3A1&root_required=%21COMPUTE_STATUS_DISABLED" status: 200 len: 1309 microversion: 1.36
Jul 16 22:17:00.677151 n-d-800088-7 devstack@placement-api.service[94462]: [pid: 94462|app: 0|req: 288/582] 10.222.0.48 () {60 vars in 1507 bytes} [Fri Jul 16 22:17:00 2021] GET /placement/allocation_candidates?limit=1000&resources=DISK_GB%3A1%2CMEMORY_MB%3A1024%2CVCPU%3A1&root_required=%21COMPUTE_STATUS_DISABLED => generated 1309 bytes in 289 msecs (HTTP/1.1 200) 8 headers in 297 bytes (1 switches on core 0)
Jul 16 22:17:00.850665 n-d-800088-7 devstack@placement-api.service[94461]: DEBUG placement.requestlog [req-24d317ff-adc4-4ce2-b10d-5a381665e123 req-c9e80326-0d45-4c40-b08b-b6a8852fd467 None None] Starting request: 10.222.0.48 "GET /placement/allocations/66304018-d377-4a6b-8c69-e06c401972f2" {{(pid=94461) __call__ /opt/stack/placement/placement/requestlog.py:55}}
Jul 16 22:17:00.869368 n-d-800088-7 devstack@placement-api.service[94461]: INFO placement.requestlog [req-24d317ff-adc4-4ce2-b10d-5a381665e123 req-c9e80326-0d45-4c40-b08b-b6a8852fd467 service placement] 10.222.0.48 "GET /placement/allocations/66304018-d377-4a6b-8c69-e06c401972f2" status: 200 len: 19 microversion: 1.28
Jul 16 22:17:00.869368 n-d-800088-7 devstack@placement-api.service[94461]: [pid: 94461|app: 0|req: 295/583] 10.222.0.48 () {60 vars in 1381 bytes} [Fri Jul 16 22:17:00 2021] GET /placement/allocations/66304018-d377-4a6b-8c69-e06c401972f2 => generated 19 bytes in 18 msecs (HTTP/1.1 200) 8 headers in 295 bytes (1 switches on core 0)
Jul 16 22:17:00.884893 n-d-800088-7 devstack@placement-api.service[94462]: DEBUG placement.requestlog [req-24d317ff-adc4-4ce2-b10d-5a381665e123 req-53fcec20-e47e-42cd-baad-e0333ab06dd1 None None] Starting request: 10.222.0.48 "PUT /placement/allocations/66304018-d377-4a6b-8c69-e06c401972f2" {{(pid=94462) __call__ /opt/stack/placement/placement/requestlog.py:55}}
Jul 16 22:17:00.991492 n-d-800088-7 devstack@placement-api.service[94462]: DEBUG placement.handlers.allocation [req-24d317ff-adc4-4ce2-b10d-5a381665e123 req-53fcec20-e47e-42cd-baad-e0333ab06dd1 service placement] Successfully wrote allocations [, , ] {{(pid=94462) _create_allocations /opt/stack/placement/placement/handlers/allocation.py:435}}
Jul 16 22:17:00.992048 n-d-800088-7 devstack@placement-api.service[94462]: INFO placement.requestlog [req-24d317ff-adc4-4ce2-b10d-5a381665e123 req-53fcec20-e47e-42cd-baad-e0333ab06dd1 service placement] 10.222.0.48 "PUT /placement/allocations/66304018-d377-4a6b-8c69-e06c401972f2" status: 204 len: 0 microversion: 1.36
Jul 16 22:17:00.998782 n-d-800088-7 devstack@placement-api.service[94462]: [pid: 94462|app: 0|req: 289/584] 10.222.0.48 () {64 vars in 1434 bytes} [Fri Jul 16 22:17:00 2021] PUT /placement/allocations/66304018-d377-4a6b-8c69-e06c401972f2 => generated 0 bytes in 110 msecs (HTTP/1.1 204) 5 headers in 199 bytes (2 switches on core 0)
Jul 16 22:17:01.800537 n-d-800088-7 devstack@placement-api.service[94461]: DEBUG placement.requestlog [req-24d317ff-adc4-4ce2-b10d-5a381665e123 req-f2b263df-f5d5-484f-8f3c-412973c8b40d None None] Starting request: 10.222.0.60 "GET /placement/allocations/66304018-d377-4a6b-8c69-e06c401972f2" {{(pid=94461) __call__ /opt/stack/placement/placement/requestlog.py:55}}
Jul 16 22:17:01.824236 n-d-800088-7 devstack@placement-api.service[94461]: INFO placement.requestlog [req-24d317ff-adc4-4ce2-b10d-5a381665e123 req-f2b263df-f5d5-484f-8f3c-412973c8b40d service placement] 10.222.0.60 "GET /placement/allocations/66304018-d377-4a6b-8c69-e06c401972f2" status: 200 len: 259 microversion: 1.28
Jul 16 22:17:01.824772 n-d-800088-7 devstack@placement-api.service[94461]: [pid: 94461|app: 0|req: 296/585] 10.222.0.60 () {60 vars in 1378 bytes} [Fri Jul 16 22:17:01 2021] GET /placement/allocations/66304018-d377-4a6b-8c69-e06c401972f2 => generated 259 bytes in 24 msecs (HTTP/1.1 200) 8 headers in 296 bytes (1 switches on core 0)
Jul 16 22:17:04.233252 n-d-800088-7 devstack@placement-api.service[94462]: DEBUG placement.requestlog [req-90780842-51bb-4777-aadd-2b82de8b4e77 req-45c8af1a-4370-4aa3-b12f-fd0fe512ee14 None None] Starting request: 10.222.0.13 "GET /placement/allocations/fd5fa912-66b0-49c5-9041-d173b5e2f84b" {{(pid=94462) __call__ /opt/stack/placement/placement/requestlog.py:55}}
Jul 16 22:17:04.262087 n-d-800088-7 devstack@placement-api.service[94462]: INFO placement.requestlog [req-90780842-51bb-4777-aadd-2b82de8b4e77 req-45c8af1a-4370-4aa3-b12f-fd0fe512ee14 service placement] 10.222.0.13 "GET /placement/allocations/fd5fa912-66b0-49c5-9041-d173b5e2f84b" status: 200 len: 259 microversion: 1.28
Jul 16 22:17:04.263175 n-d-800088-7 devstack@placement-api.service[94462]: [pid: 94462|app: 0|req: 290/586] 10.222.0.13 () {60 vars in 1378 bytes} [Fri Jul 16 22:17:04 2021] GET /placement/allocations/fd5fa912-66b0-49c5-9041-d173b5e2f84b => generated 259 bytes in 35 msecs (HTTP/1.1 200) 8 headers in 296 bytes (1 switches on core 0)
Jul 16 22:17:04.274191 n-d-800088-7 devstack@placement-api.service[94461]: DEBUG placement.requestlog [req-90780842-51bb-4777-aadd-2b82de8b4e77 req-a93a2b5b-db37-4eb7-8636-7502dbbe76b7 None None] Starting request: 10.222.0.13 "PUT /placement/allocations/fd5fa912-66b0-49c5-9041-d173b5e2f84b" {{(pid=94461) __call__ /opt/stack/placement/placement/requestlog.py:55}}
Jul 16 22:17:04.473853 n-d-800088-7 devstack@placement-api.service[94461]: DEBUG placement.handlers.allocation [req-90780842-51bb-4777-aadd-2b82de8b4e77 req-a93a2b5b-db37-4eb7-8636-7502dbbe76b7 service placement] Successfully wrote allocations [, , ] {{(pid=94461) _create_allocations /opt/stack/placement/placement/handlers/allocation.py:435}}
Jul 16 22:17:04.474982 n-d-800088-7 devstack@placement-api.service[94461]: INFO placement.requestlog [req-90780842-51bb-4777-aadd-2b82de8b4e77 req-a93a2b5b-db37-4eb7-8636-7502dbbe76b7 service placement] 10.222.0.13 "PUT /placement/allocations/fd5fa912-66b0-49c5-9041-d173b5e2f84b" status: 204 len: 0 microversion: 1.28
Jul 16 22:17:04.487385 n-d-800088-7 devstack@placement-api.service[94461]: [pid: 94461|app: 0|req: 297/587] 10.222.0.13 () {64 vars in 1431 bytes} [Fri Jul 16 22:17:04 2021] PUT /placement/allocations/fd5fa912-66b0-49c5-9041-d173b5e2f84b => generated 0 bytes in 213 msecs (HTTP/1.1 204) 5 headers in 199 bytes (2 switches on core 0)
Jul 16 22:17:11.036653 n-d-800088-7 devstack@placement-api.service[94462]: DEBUG placement.requestlog [None req-d817fe55-ebef-4c24-b031-a4aa66b873dd None None] Starting request: 10.222.0.48 "GET /placement/" {{(pid=94462) __call__ /opt/stack/placement/placement/requestlog.py:55}}
Jul 16 22:17:11.037530 n-d-800088-7 devstack@placement-api.service[94462]: INFO placement.requestlog [None req-d817fe55-ebef-4c24-b031-a4aa66b873dd None None] 10.222.0.48 "GET /placement/" status: 200 len: 136 microversion: 1.0
Jul 16 22:17:11.037764 n-d-800088-7 devstack@placement-api.service[94462]: [pid: 94462|app: 0|req: 291/588] 10.222.0.48 () {54 vars in 907 bytes} [Fri Jul 16 22:17:11 2021] GET /placement => generated 136 bytes in 1 msecs (HTTP/1.1 200) 6 headers in 224 bytes (1 switches on core 0)
Jul 16 22:17:11.057458 n-d-800088-7 devstack@placement-api.service[94461]: DEBUG placement.requestlog [req-7490e6fb-4840-487b-8678-b44b75ec2734 req-5645bf76-1827-483f-bf13-c71ee34321e5 None None] Starting request: 10.222.0.48 "GET /placement/allocations/fd5fa912-66b0-49c5-9041-d173b5e2f84b" {{(pid=94461) __call__ /opt/stack/placement/placement/requestlog.py:55}}
Jul 16 22:17:11.186621 n-d-800088-7 devstack@placement-api.service[94461]: INFO placement.requestlog [req-7490e6fb-4840-487b-8678-b44b75ec2734 req-5645bf76-1827-483f-bf13-c71ee34321e5 service placement] 10.222.0.48 "GET /placement/allocations/fd5fa912-66b0-49c5-9041-d173b5e2f84b" status: 200 len: 19 microversion: 1.28
Jul 16 22:17:11.186853 n-d-800088-7 devstack@placement-api.service[94461]: [pid: 94461|app: 0|req: 298/589] 10.222.0.48 () {60 vars in 1372 bytes} [Fri Jul 16 22:17:11 2021] GET /placement/allocations/fd5fa912-66b0-49c5-9041-d173b5e2f84b => generated 19 bytes in 130 msecs (HTTP/1.1 200) 8 headers in 295 bytes (1 switches on core 0)
Jul 16 22:17:11.528558 n-d-800088-7 devstack@placement-api.service[94462]: DEBUG placement.requestlog [req-9b44f470-8d37-4c89-8a7f-ea3cc9f2b4db req-55784cb7-a981-487e-8cd1-87bc4337007a None None] Starting request: 10.222.0.48 "GET /placement/allocation_candidates?limit=1000&resources=DISK_GB%3A1%2CMEMORY_MB%3A1024%2CVCPU%3A1&root_required=%21COMPUTE_STATUS_DISABLED" {{(pid=94462) __call__ /opt/stack/placement/placement/requestlog.py:55}}
Jul 16 22:17:11.572465 n-d-800088-7 devstack@placement-api.service[94462]: DEBUG placement.objects.research_context [req-9b44f470-8d37-4c89-8a7f-ea3cc9f2b4db req-55784cb7-a981-487e-8cd1-87bc4337007a service placement] getting providers with 1 DISK_GB {{(pid=94462) __init__ /opt/stack/placement/placement/objects/research_context.py:126}}
Jul 16 22:17:11.578664 n-d-800088-7 devstack@placement-api.service[94462]: DEBUG placement.objects.research_context [req-9b44f470-8d37-4c89-8a7f-ea3cc9f2b4db req-55784cb7-a981-487e-8cd1-87bc4337007a service placement] getting providers with 1024 MEMORY_MB {{(pid=94462) __init__ /opt/stack/placement/placement/objects/research_context.py:126}}
Jul 16 22:17:11.585229 n-d-800088-7 devstack@placement-api.service[94462]: DEBUG placement.objects.research_context [req-9b44f470-8d37-4c89-8a7f-ea3cc9f2b4db req-55784cb7-a981-487e-8cd1-87bc4337007a service placement] getting providers with 1 VCPU {{(pid=94462) __init__ /opt/stack/placement/placement/objects/research_context.py:126}}
Jul 16 22:17:11.603788 n-d-800088-7 devstack@placement-api.service[94462]: DEBUG placement.objects.research_context [req-9b44f470-8d37-4c89-8a7f-ea3cc9f2b4db req-55784cb7-a981-487e-8cd1-87bc4337007a service placement] found 2 providers with available 1 DISK_GB {{(pid=94462) get_provider_ids_matching /opt/stack/placement/placement/objects/research_context.py:549}}
Jul 16 22:17:11.604243 n-d-800088-7 devstack@placement-api.service[94462]: DEBUG placement.objects.research_context [req-9b44f470-8d37-4c89-8a7f-ea3cc9f2b4db req-55784cb7-a981-487e-8cd1-87bc4337007a service placement] found 2 providers with available 1024 MEMORY_MB {{(pid=94462) get_provider_ids_matching /opt/stack/placement/placement/objects/research_context.py:549}}
Jul 16 22:17:11.604603 n-d-800088-7 devstack@placement-api.service[94462]: DEBUG placement.objects.research_context [req-9b44f470-8d37-4c89-8a7f-ea3cc9f2b4db req-55784cb7-a981-487e-8cd1-87bc4337007a service placement] found 2 providers after filtering by previous result {{(pid=94462) get_provider_ids_matching /opt/stack/placement/placement/objects/research_context.py:580}}
Jul 16 22:17:11.604957 n-d-800088-7 devstack@placement-api.service[94462]: DEBUG placement.objects.research_context [req-9b44f470-8d37-4c89-8a7f-ea3cc9f2b4db req-55784cb7-a981-487e-8cd1-87bc4337007a service placement] found 2 providers with available 1 VCPU {{(pid=94462) get_provider_ids_matching /opt/stack/placement/placement/objects/research_context.py:549}}
Jul 16 22:17:11.605322 n-d-800088-7 devstack@placement-api.service[94462]: DEBUG placement.objects.research_context [req-9b44f470-8d37-4c89-8a7f-ea3cc9f2b4db req-55784cb7-a981-487e-8cd1-87bc4337007a service placement] found 2 providers after filtering by previous result {{(pid=94462) get_provider_ids_matching /opt/stack/placement/placement/objects/research_context.py:580}}
Jul 16 22:17:11.609689 n-d-800088-7 devstack@placement-api.service[94461]: DEBUG placement.requestlog [req-3d677c92-4775-4291-9699-d2247d0830fe req-c7e966ac-a4b6-43ef-8759-b1137571c804 None None] Starting request: 10.222.0.60 "GET /placement/allocations/f42b85ef-de99-4b74-92e5-7c27ddd96467" {{(pid=94461) __call__ /opt/stack/placement/placement/requestlog.py:55}}
Jul 16 22:17:11.635630 n-d-800088-7 devstack@placement-api.service[94462]: DEBUG placement.objects.allocation_candidate [req-9b44f470-8d37-4c89-8a7f-ea3cc9f2b4db req-55784cb7-a981-487e-8cd1-87bc4337007a service placement] RequestGroup(use_same_provider=False, resources={DISK_GB:1, MEMORY_MB:1024, VCPU:1}, traits=[], aggregates=[]) (suffix '') returned 2 matches {{(pid=94462) _get_by_requests /opt/stack/placement/placement/objects/allocation_candidate.py:145}}
Jul 16 22:17:11.637315 n-d-800088-7 devstack@placement-api.service[94462]: DEBUG placement.objects.allocation_candidate [req-9b44f470-8d37-4c89-8a7f-ea3cc9f2b4db req-55784cb7-a981-487e-8cd1-87bc4337007a service placement] Merging candidates yields 2 allocation requests and 2 provider summaries {{(pid=94462) _merge_candidates /opt/stack/placement/placement/objects/allocation_candidate.py:783}}
Jul 16 22:17:11.639067 n-d-800088-7 devstack@placement-api.service[94461]: INFO placement.requestlog [req-3d677c92-4775-4291-9699-d2247d0830fe req-c7e966ac-a4b6-43ef-8759-b1137571c804 service placement] 10.222.0.60 "GET /placement/allocations/f42b85ef-de99-4b74-92e5-7c27ddd96467" status: 200 len: 259 microversion: 1.28
Jul 16 22:17:11.639569 n-d-800088-7 devstack@placement-api.service[94461]: [pid: 94461|app: 0|req: 299/590] 10.222.0.60 () {60 vars in 1378 bytes} [Fri Jul 16 22:17:11 2021] GET /placement/allocations/f42b85ef-de99-4b74-92e5-7c27ddd96467 => generated 259 bytes in 30 msecs (HTTP/1.1 200) 8 headers in 296 bytes (2 switches on core 0)
Jul 16 22:17:11.641416 n-d-800088-7 devstack@placement-api.service[94462]: INFO placement.requestlog [req-9b44f470-8d37-4c89-8a7f-ea3cc9f2b4db req-55784cb7-a981-487e-8cd1-87bc4337007a service placement] 10.222.0.48 "GET /placement/allocation_candidates?limit=1000&resources=DISK_GB%3A1%2CMEMORY_MB%3A1024%2CVCPU%3A1&root_required=%21COMPUTE_STATUS_DISABLED" status: 200 len: 1309 microversion: 1.36
Jul 16 22:17:11.652794 n-d-800088-7 devstack@placement-api.service[94462]: [pid: 94462|app: 0|req: 292/591] 10.222.0.48 () {60 vars in 1507 bytes} [Fri Jul 16 22:17:11 2021] GET /placement/allocation_candidates?limit=1000&resources=DISK_GB%3A1%2CMEMORY_MB%3A1024%2CVCPU%3A1&root_required=%21COMPUTE_STATUS_DISABLED => generated 1309 bytes in 118 msecs (HTTP/1.1 200) 8 headers in 297 bytes (1 switches on core 0)
Jul 16 22:17:11.655922 n-d-800088-7 devstack@placement-api.service[94461]: DEBUG placement.requestlog [req-3d677c92-4775-4291-9699-d2247d0830fe req-37c3e88a-4246-4a97-bad1-aa954b77b438 None None] Starting request: 10.222.0.60 "PUT /placement/allocations/f42b85ef-de99-4b74-92e5-7c27ddd96467" {{(pid=94461) __call__ /opt/stack/placement/placement/requestlog.py:55}}
Jul 16 22:17:11.770928 n-d-800088-7 devstack@placement-api.service[94461]: DEBUG placement.handlers.allocation [req-3d677c92-4775-4291-9699-d2247d0830fe req-37c3e88a-4246-4a97-bad1-aa954b77b438 service placement] Successfully wrote allocations [, , ] {{(pid=94461) _create_allocations /opt/stack/placement/placement/handlers/allocation.py:435}}
Jul 16 22:17:11.771717 n-d-800088-7 devstack@placement-api.service[94461]: INFO placement.requestlog [req-3d677c92-4775-4291-9699-d2247d0830fe req-37c3e88a-4246-4a97-bad1-aa954b77b438 service placement] 10.222.0.60 "PUT /placement/allocations/f42b85ef-de99-4b74-92e5-7c27ddd96467" status: 204 len: 0 microversion: 1.28
Jul 16 22:17:11.773037 n-d-800088-7 devstack@placement-api.service[94461]: [pid: 94461|app: 0|req: 300/592] 10.222.0.60 () {64 vars in 1431 bytes} [Fri Jul 16 22:17:11 2021] PUT /placement/allocations/f42b85ef-de99-4b74-92e5-7c27ddd96467 => generated 0 bytes in 119 msecs (HTTP/1.1 204) 5 headers in 199 bytes (1 switches on core 0)
Jul 16 22:17:11.811611 n-d-800088-7 devstack@placement-api.service[94462]: DEBUG placement.requestlog [req-9b44f470-8d37-4c89-8a7f-ea3cc9f2b4db req-8c7a9fcf-70aa-4925-a398-f0063b137d06 None None] Starting request: 10.222.0.48 "GET /placement/allocations/7d399cba-2c04-427a-945b-7d41939489b2" {{(pid=94462) __call__ /opt/stack/placement/placement/requestlog.py:55}}
Jul 16 22:17:11.834774 n-d-800088-7 devstack@placement-api.service[94462]: INFO placement.requestlog [req-9b44f470-8d37-4c89-8a7f-ea3cc9f2b4db req-8c7a9fcf-70aa-4925-a398-f0063b137d06 service placement] 10.222.0.48 "GET /placement/allocations/7d399cba-2c04-427a-945b-7d41939489b2" status: 200 len: 19 microversion: 1.28
Jul 16 22:17:11.836193 n-d-800088-7 devstack@placement-api.service[94462]: [pid: 94462|app: 0|req: 293/593] 10.222.0.48 () {60 vars in 1381 bytes} [Fri Jul 16 22:17:11 2021] GET /placement/allocations/7d399cba-2c04-427a-945b-7d41939489b2 => generated 19 bytes in 26 msecs (HTTP/1.1 200) 8 headers in 295 bytes (1 switches on core 0)
Jul 16 22:17:11.842460 n-d-800088-7 devstack@placement-api.service[94461]: DEBUG placement.requestlog [req-9b44f470-8d37-4c89-8a7f-ea3cc9f2b4db req-e542ddb8-1847-49ee-9267-b1d4c3f2ae12 None None] Starting request: 10.222.0.48 "PUT /placement/allocations/7d399cba-2c04-427a-945b-7d41939489b2" {{(pid=94461) __call__ /opt/stack/placement/placement/requestlog.py:55}}
Jul 16 22:17:12.005431 n-d-800088-7 devstack@placement-api.service[94461]: DEBUG placement.handlers.allocation [req-9b44f470-8d37-4c89-8a7f-ea3cc9f2b4db req-e542ddb8-1847-49ee-9267-b1d4c3f2ae12 service placement] Successfully wrote allocations [, , ] {{(pid=94461) _create_allocations /opt/stack/placement/placement/handlers/allocation.py:435}}
Jul 16 22:17:12.008720 n-d-800088-7 devstack@placement-api.service[94461]: INFO placement.requestlog [req-9b44f470-8d37-4c89-8a7f-ea3cc9f2b4db req-e542ddb8-1847-49ee-9267-b1d4c3f2ae12 service placement] 10.222.0.48 "PUT /placement/allocations/7d399cba-2c04-427a-945b-7d41939489b2" status: 204 len: 0 microversion: 1.36
Jul 16 22:17:12.009867 n-d-800088-7 devstack@placement-api.service[94461]: [pid: 94461|app: 0|req: 301/594] 10.222.0.48 () {64 vars in 1434 bytes} [Fri Jul 16 22:17:11 2021] PUT /placement/allocations/7d399cba-2c04-427a-945b-7d41939489b2 => generated 0 bytes in 168 msecs (HTTP/1.1 204) 5 headers in 199 bytes (1 switches on core 0)
Jul 16 22:17:12.796257 n-d-800088-7 devstack@placement-api.service[94462]: DEBUG placement.requestlog [req-9b44f470-8d37-4c89-8a7f-ea3cc9f2b4db req-6b1ab623-bb77-482e-9fed-76409931b3c6 None None] Starting request: 10.222.0.13 "GET /placement/allocations/7d399cba-2c04-427a-945b-7d41939489b2" {{(pid=94462) __call__ /opt/stack/placement/placement/requestlog.py:55}}
Jul 16 22:17:12.825920 n-d-800088-7 devstack@placement-api.service[94462]: INFO placement.requestlog [req-9b44f470-8d37-4c89-8a7f-ea3cc9f2b4db req-6b1ab623-bb77-482e-9fed-76409931b3c6 service placement] 10.222.0.13 "GET /placement/allocations/7d399cba-2c04-427a-945b-7d41939489b2" status: 200 len: 259 microversion: 1.28
Jul 16 22:17:12.826453 n-d-800088-7 devstack@placement-api.service[94462]: [pid: 94462|app: 0|req: 294/595] 10.222.0.13 () {60 vars in 1378 bytes} [Fri Jul 16 22:17:12 2021] GET /placement/allocations/7d399cba-2c04-427a-945b-7d41939489b2 => generated 259 bytes in 31 msecs (HTTP/1.1 200) 8 headers in 296 bytes (1 switches on core 0)
Jul 16 22:17:15.225829 n-d-800088-7 devstack@placement-api.service[94461]: DEBUG placement.requestlog [req-2bdf256a-a2d1-418c-b58e-8f68884a1083 req-dc6f6dba-3c44-4ddd-b3f1-170d9f09b1ea None None] Starting request: 10.222.0.48 "GET /placement/allocation_candidates?limit=1000&resources=MEMORY_MB%3A1024%2CVCPU%3A1&root_required=%21COMPUTE_STATUS_DISABLED" {{(pid=94461) __call__ /opt/stack/placement/placement/requestlog.py:55}}
Jul 16 22:17:15.280453 n-d-800088-7 devstack@placement-api.service[94461]: DEBUG placement.objects.research_context [req-2bdf256a-a2d1-418c-b58e-8f68884a1083 req-dc6f6dba-3c44-4ddd-b3f1-170d9f09b1ea service placement] getting providers with 1024 MEMORY_MB {{(pid=94461) __init__ /opt/stack/placement/placement/objects/research_context.py:126}}
Jul 16 22:17:15.294111 n-d-800088-7 devstack@placement-api.service[94461]: DEBUG placement.objects.research_context [req-2bdf256a-a2d1-418c-b58e-8f68884a1083 req-dc6f6dba-3c44-4ddd-b3f1-170d9f09b1ea service placement] getting providers with 1 VCPU {{(pid=94461) __init__ /opt/stack/placement/placement/objects/research_context.py:126}}
Jul 16 22:17:15.301868 n-d-800088-7 devstack@placement-api.service[94461]: DEBUG placement.objects.research_context [req-2bdf256a-a2d1-418c-b58e-8f68884a1083 req-dc6f6dba-3c44-4ddd-b3f1-170d9f09b1ea service placement] found 2 providers with available 1024 MEMORY_MB {{(pid=94461) get_provider_ids_matching /opt/stack/placement/placement/objects/research_context.py:549}}
Jul 16 22:17:15.302388 n-d-800088-7 devstack@placement-api.service[94461]: DEBUG placement.objects.research_context [req-2bdf256a-a2d1-418c-b58e-8f68884a1083 req-dc6f6dba-3c44-4ddd-b3f1-170d9f09b1ea service placement] found 2 providers with available 1 VCPU {{(pid=94461) get_provider_ids_matching /opt/stack/placement/placement/objects/research_context.py:549}}
Jul 16 22:17:15.302657 n-d-800088-7 devstack@placement-api.service[94461]: DEBUG placement.objects.research_context [req-2bdf256a-a2d1-418c-b58e-8f68884a1083 req-dc6f6dba-3c44-4ddd-b3f1-170d9f09b1ea service placement] found 2 providers after filtering by previous result {{(pid=94461) get_provider_ids_matching /opt/stack/placement/placement/objects/research_context.py:580}}
Jul 16 22:17:15.317084 n-d-800088-7 devstack@placement-api.service[94461]: DEBUG placement.objects.allocation_candidate [req-2bdf256a-a2d1-418c-b58e-8f68884a1083 req-dc6f6dba-3c44-4ddd-b3f1-170d9f09b1ea service placement] RequestGroup(use_same_provider=False, resources={MEMORY_MB:1024, VCPU:1}, traits=[], aggregates=[]) (suffix '') returned 2 matches {{(pid=94461) _get_by_requests /opt/stack/placement/placement/objects/allocation_candidate.py:145}}
Jul 16 22:17:15.317916 n-d-800088-7 devstack@placement-api.service[94461]: DEBUG placement.objects.allocation_candidate [req-2bdf256a-a2d1-418c-b58e-8f68884a1083 req-dc6f6dba-3c44-4ddd-b3f1-170d9f09b1ea service placement] Merging candidates yields 2 allocation requests and 2 provider summaries {{(pid=94461) _merge_candidates /opt/stack/placement/placement/objects/allocation_candidate.py:783}}
Jul 16 22:17:15.322016 n-d-800088-7 devstack@placement-api.service[94461]: INFO placement.requestlog [req-2bdf256a-a2d1-418c-b58e-8f68884a1083 req-dc6f6dba-3c44-4ddd-b3f1-170d9f09b1ea service placement] 10.222.0.48 "GET /placement/allocation_candidates?limit=1000&resources=MEMORY_MB%3A1024%2CVCPU%3A1&root_required=%21COMPUTE_STATUS_DISABLED" status: 200 len: 1281 microversion: 1.36
Jul 16 22:17:15.323989 n-d-800088-7 devstack@placement-api.service[94461]: [pid: 94461|app: 0|req: 302/596] 10.222.0.48 () {60 vars in 1479 bytes} [Fri Jul 16 22:17:15 2021] GET /placement/allocation_candidates?limit=1000&resources=MEMORY_MB%3A1024%2CVCPU%3A1&root_required=%21COMPUTE_STATUS_DISABLED => generated 1281 bytes in 98 msecs (HTTP/1.1 200) 8 headers in 297 bytes (1 switches on core 0)
Jul 16 22:17:15.436489 n-d-800088-7 devstack@placement-api.service[94462]: DEBUG placement.requestlog [req-2bdf256a-a2d1-418c-b58e-8f68884a1083 req-12062cba-5c8c-4474-be4b-5d98af3f1d45 None None] Starting request: 10.222.0.48 "GET /placement/allocations/3978390d-2b27-4a89-bfc4-e9c1389ef133" {{(pid=94462) __call__ /opt/stack/placement/placement/requestlog.py:55}}
Jul 16 22:17:15.462791 n-d-800088-7 devstack@placement-api.service[94462]: INFO placement.requestlog [req-2bdf256a-a2d1-418c-b58e-8f68884a1083 req-12062cba-5c8c-4474-be4b-5d98af3f1d45 service placement] 10.222.0.48 "GET /placement/allocations/3978390d-2b27-4a89-bfc4-e9c1389ef133" status: 200 len: 19 microversion: 1.28
Jul 16 22:17:15.465802 n-d-800088-7 devstack@placement-api.service[94462]: [pid: 94462|app: 0|req: 295/597] 10.222.0.48 () {60 vars in 1381 bytes} [Fri Jul 16 22:17:15 2021] GET /placement/allocations/3978390d-2b27-4a89-bfc4-e9c1389ef133 => generated 19 bytes in 30 msecs (HTTP/1.1 200) 8 headers in 295 bytes (1 switches on core 0)
Jul 16 22:17:15.471471 n-d-800088-7 devstack@placement-api.service[94461]: DEBUG placement.requestlog [req-2bdf256a-a2d1-418c-b58e-8f68884a1083 req-048a0f06-5386-4a39-b5cd-c8772e8ce567 None None] Starting request: 10.222.0.48 "PUT /placement/allocations/3978390d-2b27-4a89-bfc4-e9c1389ef133" {{(pid=94461) __call__ /opt/stack/placement/placement/requestlog.py:55}}
Jul 16 22:17:15.616688 n-d-800088-7 devstack@placement-api.service[94461]: DEBUG placement.handlers.allocation [req-2bdf256a-a2d1-418c-b58e-8f68884a1083 req-048a0f06-5386-4a39-b5cd-c8772e8ce567 service placement] Successfully wrote allocations [, ] {{(pid=94461) _create_allocations /opt/stack/placement/placement/handlers/allocation.py:435}}
Jul 16 22:17:15.617440 n-d-800088-7 devstack@placement-api.service[94461]: INFO placement.requestlog [req-2bdf256a-a2d1-418c-b58e-8f68884a1083 req-048a0f06-5386-4a39-b5cd-c8772e8ce567 service placement] 10.222.0.48 "PUT /placement/allocations/3978390d-2b27-4a89-bfc4-e9c1389ef133" status: 204 len: 0 microversion: 1.36
Jul 16 22:17:15.618142 n-d-800088-7 devstack@placement-api.service[94461]: [pid: 94461|app: 0|req: 303/598] 10.222.0.48 () {64 vars in 1434 bytes} [Fri Jul 16 22:17:15 2021] PUT /placement/allocations/3978390d-2b27-4a89-bfc4-e9c1389ef133 => generated 0 bytes in 147 msecs (HTTP/1.1 204) 5 headers in 199 bytes (1 switches on core 0)
Jul 16 22:17:16.195362 n-d-800088-7 devstack@placement-api.service[94462]: DEBUG placement.requestlog [req-11e700ae-5ccd-40d0-9255-854a6730a0c4 req-e1c82365-70e4-4ccd-b8f3-ecd958d57af1 None None] Starting request: 10.222.0.48 "GET /placement/allocation_candidates?limit=1000&resources=DISK_GB%3A1%2CMEMORY_MB%3A1024%2CVCPU%3A1&root_required=%21COMPUTE_STATUS_DISABLED" {{(pid=94462) __call__ /opt/stack/placement/placement/requestlog.py:55}}
Jul 16 22:17:16.197979 n-d-800088-7 devstack@placement-api.service[94461]: DEBUG placement.requestlog [req-2bdf256a-a2d1-418c-b58e-8f68884a1083 req-e2735177-a488-4454-8bf8-f4a601608b0b None None] Starting request: 10.222.0.60 "GET /placement/allocations/3978390d-2b27-4a89-bfc4-e9c1389ef133" {{(pid=94461) __call__ /opt/stack/placement/placement/requestlog.py:55}}
Jul 16 22:17:16.238804 n-d-800088-7 devstack@placement-api.service[94461]: INFO placement.requestlog [req-2bdf256a-a2d1-418c-b58e-8f68884a1083 req-e2735177-a488-4454-8bf8-f4a601608b0b service placement] 10.222.0.60 "GET /placement/allocations/3978390d-2b27-4a89-bfc4-e9c1389ef133" status: 200 len: 245 microversion: 1.28
Jul 16 22:17:16.241661 n-d-800088-7 devstack@placement-api.service[94461]: [pid: 94461|app: 0|req: 304/599] 10.222.0.60 () {60 vars in 1378 bytes} [Fri Jul 16 22:17:16 2021] GET /placement/allocations/3978390d-2b27-4a89-bfc4-e9c1389ef133 => generated 245 bytes in 44 msecs (HTTP/1.1 200) 8 headers in 296 bytes (1 switches on core 0)
Jul 16 22:17:16.294281 n-d-800088-7 devstack@placement-api.service[94462]: DEBUG placement.objects.research_context [req-11e700ae-5ccd-40d0-9255-854a6730a0c4 req-e1c82365-70e4-4ccd-b8f3-ecd958d57af1 service placement] getting providers with 1 DISK_GB {{(pid=94462) __init__ /opt/stack/placement/placement/objects/research_context.py:126}}
Jul 16 22:17:16.310536 n-d-800088-7 devstack@placement-api.service[94462]: DEBUG placement.objects.research_context [req-11e700ae-5ccd-40d0-9255-854a6730a0c4 req-e1c82365-70e4-4ccd-b8f3-ecd958d57af1 service placement] getting providers with 1024 MEMORY_MB {{(pid=94462) __init__ /opt/stack/placement/placement/objects/research_context.py:126}}
Jul 16 22:17:16.331997 n-d-800088-7 devstack@placement-api.service[94462]: DEBUG placement.objects.research_context [req-11e700ae-5ccd-40d0-9255-854a6730a0c4 req-e1c82365-70e4-4ccd-b8f3-ecd958d57af1 service placement] getting providers with 1 VCPU {{(pid=94462) __init__ /opt/stack/placement/placement/objects/research_context.py:126}}
Jul 16 22:17:16.355600 n-d-800088-7 devstack@placement-api.service[94462]: DEBUG placement.objects.research_context [req-11e700ae-5ccd-40d0-9255-854a6730a0c4 req-e1c82365-70e4-4ccd-b8f3-ecd958d57af1 service placement] found 2 providers with available 1 DISK_GB {{(pid=94462) get_provider_ids_matching /opt/stack/placement/placement/objects/research_context.py:549}}
Jul 16 22:17:16.356113 n-d-800088-7 devstack@placement-api.service[94462]: DEBUG placement.objects.research_context [req-11e700ae-5ccd-40d0-9255-854a6730a0c4 req-e1c82365-70e4-4ccd-b8f3-ecd958d57af1 service placement] found 2 providers with available 1024 MEMORY_MB {{(pid=94462) get_provider_ids_matching /opt/stack/placement/placement/objects/research_context.py:549}}
Jul 16 22:17:16.356520 n-d-800088-7 devstack@placement-api.service[94462]: DEBUG placement.objects.research_context [req-11e700ae-5ccd-40d0-9255-854a6730a0c4 req-e1c82365-70e4-4ccd-b8f3-ecd958d57af1 service placement] found 2 providers after filtering by previous result {{(pid=94462) get_provider_ids_matching /opt/stack/placement/placement/objects/research_context.py:580}}
Jul 16 22:17:16.357079 n-d-800088-7 devstack@placement-api.service[94462]: DEBUG placement.objects.research_context [req-11e700ae-5ccd-40d0-9255-854a6730a0c4 req-e1c82365-70e4-4ccd-b8f3-ecd958d57af1 service placement] found 2 providers with available 1 VCPU {{(pid=94462) get_provider_ids_matching /opt/stack/placement/placement/objects/research_context.py:549}}
Jul 16 22:17:16.357472 n-d-800088-7 devstack@placement-api.service[94462]: DEBUG placement.objects.research_context [req-11e700ae-5ccd-40d0-9255-854a6730a0c4 req-e1c82365-70e4-4ccd-b8f3-ecd958d57af1 service placement] found 2 providers after filtering by previous result {{(pid=94462) get_provider_ids_matching /opt/stack/placement/placement/objects/research_context.py:580}}
Jul 16 22:17:16.382969 n-d-800088-7 devstack@placement-api.service[94462]: DEBUG placement.objects.allocation_candidate [req-11e700ae-5ccd-40d0-9255-854a6730a0c4 req-e1c82365-70e4-4ccd-b8f3-ecd958d57af1 service placement] RequestGroup(use_same_provider=False, resources={DISK_GB:1, MEMORY_MB:1024, VCPU:1}, traits=[], aggregates=[]) (suffix '') returned 2 matches {{(pid=94462) _get_by_requests /opt/stack/placement/placement/objects/allocation_candidate.py:145}}
Jul 16 22:17:16.384747 n-d-800088-7 devstack@placement-api.service[94462]: DEBUG placement.objects.allocation_candidate [req-11e700ae-5ccd-40d0-9255-854a6730a0c4 req-e1c82365-70e4-4ccd-b8f3-ecd958d57af1 service placement] Merging candidates yields 2 allocation requests and 2 provider summaries {{(pid=94462) _merge_candidates /opt/stack/placement/placement/objects/allocation_candidate.py:783}}
Jul 16 22:17:16.392243 n-d-800088-7 devstack@placement-api.service[94462]: INFO placement.requestlog [req-11e700ae-5ccd-40d0-9255-854a6730a0c4 req-e1c82365-70e4-4ccd-b8f3-ecd958d57af1 service placement] 10.222.0.48 "GET /placement/allocation_candidates?limit=1000&resources=DISK_GB%3A1%2CMEMORY_MB%3A1024%2CVCPU%3A1&root_required=%21COMPUTE_STATUS_DISABLED" status: 200 len: 1309 microversion: 1.36
Jul 16 22:17:16.392938 n-d-800088-7 devstack@placement-api.service[94462]: [pid: 94462|app: 0|req: 296/600] 10.222.0.48 () {60 vars in 1507 bytes} [Fri Jul 16 22:17:16 2021] GET /placement/allocation_candidates?limit=1000&resources=DISK_GB%3A1%2CMEMORY_MB%3A1024%2CVCPU%3A1&root_required=%21COMPUTE_STATUS_DISABLED => generated 1309 bytes in 198 msecs (HTTP/1.1 200) 8 headers in 297 bytes (1 switches on core 0)
Jul 16 22:17:16.514182 n-d-800088-7 devstack@placement-api.service[94461]: DEBUG placement.requestlog [req-11e700ae-5ccd-40d0-9255-854a6730a0c4 req-b02c0fe8-c7e7-4497-8303-91fde8026abc None None] Starting request: 10.222.0.48 "GET /placement/allocations/a6edc890-b28c-4dab-9c9d-8be86fd086d4" {{(pid=94461) __call__ /opt/stack/placement/placement/requestlog.py:55}}
Jul 16 22:17:16.537576 n-d-800088-7 devstack@placement-api.service[94461]: INFO placement.requestlog [req-11e700ae-5ccd-40d0-9255-854a6730a0c4 req-b02c0fe8-c7e7-4497-8303-91fde8026abc service placement] 10.222.0.48 "GET /placement/allocations/a6edc890-b28c-4dab-9c9d-8be86fd086d4" status: 200 len: 19 microversion: 1.28
Jul 16 22:17:16.539274 n-d-800088-7 devstack@placement-api.service[94461]: [pid: 94461|app: 0|req: 305/601] 10.222.0.48 () {60 vars in 1381 bytes} [Fri Jul 16 22:17:16 2021] GET /placement/allocations/a6edc890-b28c-4dab-9c9d-8be86fd086d4 => generated 19 bytes in 25 msecs (HTTP/1.1 200) 8 headers in 295 bytes (1 switches on core 0)
Jul 16 22:17:16.545463 n-d-800088-7 devstack@placement-api.service[94462]: DEBUG placement.requestlog [req-11e700ae-5ccd-40d0-9255-854a6730a0c4 req-6e714b54-d040-4c5b-9fce-30b02e7bf6f0 None None] Starting request: 10.222.0.48 "PUT /placement/allocations/a6edc890-b28c-4dab-9c9d-8be86fd086d4" {{(pid=94462) __call__ /opt/stack/placement/placement/requestlog.py:55}}
Jul 16 22:17:16.713022 n-d-800088-7 devstack@placement-api.service[94462]: DEBUG placement.handlers.allocation [req-11e700ae-5ccd-40d0-9255-854a6730a0c4 req-6e714b54-d040-4c5b-9fce-30b02e7bf6f0 service placement] Successfully wrote allocations [, , ] {{(pid=94462) _create_allocations /opt/stack/placement/placement/handlers/allocation.py:435}}
Jul 16 22:17:16.714518 n-d-800088-7 devstack@placement-api.service[94462]: INFO placement.requestlog [req-11e700ae-5ccd-40d0-9255-854a6730a0c4 req-6e714b54-d040-4c5b-9fce-30b02e7bf6f0 service placement] 10.222.0.48 "PUT /placement/allocations/a6edc890-b28c-4dab-9c9d-8be86fd086d4" status: 204 len: 0 microversion: 1.36
Jul 16 22:17:16.715731 n-d-800088-7 devstack@placement-api.service[94462]: [pid: 94462|app: 0|req: 297/602] 10.222.0.48 () {64 vars in 1434 bytes} [Fri Jul 16 22:17:16 2021] PUT /placement/allocations/a6edc890-b28c-4dab-9c9d-8be86fd086d4 => generated 0 bytes in 170 msecs (HTTP/1.1 204) 5 headers in 199 bytes (1 switches on core 0)
