Jul 16 03:25:16.115635 n-d-800088-6 neutron-server[93768]: DEBUG neutron_lib.callbacks.manager [None req-0e96d15c-f065-4ae6-aac5-dda3fadae76d admin admin] Notify callbacks [] for security_group, before_delete {{(pid=93768) _notify_loop /usr/local/lib/python3.8/dist-packages/neutron_lib/callbacks/manager.py:192}}
Jul 16 03:25:16.184753 n-d-800088-6 neutron-server[93768]: DEBUG neutron_lib.callbacks.manager [None req-0e96d15c-f065-4ae6-aac5-dda3fadae76d admin admin] Notify callbacks [] for security_group, precommit_delete {{(pid=93768) _notify_loop /usr/local/lib/python3.8/dist-packages/neutron_lib/callbacks/manager.py:192}}
Jul 16 03:25:16.188680 n-d-800088-6 neutron-server[93767]: DEBUG neutron_lib.callbacks.manager [None req-a1adc9d4-8921-44e0-808d-cd765976a624 admin admin] Notify callbacks ['neutron.plugins.ml2.plugin.SecurityGroupServerNotifierRpcMixin._notify_sg_on_port_change-33041960', 'neutron.plugins.ml2.ovo_rpc._ObjectChangeHandler.handle_event-942134', 'neutron.api.rpc.agentnotifiers.dhcp_rpc_agent_api.DhcpAgentNotifyAPI._native_event_send_dhcp_notification-653855', 'neutron.db.l3_dvrscheduler_db._notify_l3_agent_new_port-8750206446466'] for port, after_create {{(pid=93767) _notify_loop /usr/local/lib/python3.8/dist-packages/neutron_lib/callbacks/manager.py:192}}
Jul 16 03:25:16.255314 n-d-800088-6 neutron-server[93767]: DEBUG neutron.api.rpc.handlers.resources_rpc [None req-a1adc9d4-8921-44e0-808d-cd765976a624 admin admin] Pushing event updated for resources: {'Port': ['ID=7316cd10-e092-42b5-970a-74ff37861257,revision_number=1']} {{(pid=93767) push /opt/stack/neutron/neutron/api/rpc/handlers/resources_rpc.py:237}}
Jul 16 03:25:16.267946 n-d-800088-6 neutron-server[93767]: DEBUG neutron.scheduler.dhcp_agent_scheduler [None req-a1adc9d4-8921-44e0-808d-cd765976a624 admin admin] Network 7a71964d-15bc-4644-8b2f-0e9909e49799 is already hosted by enough agents. {{(pid=93767) _get_dhcp_agents_hosting_network /opt/stack/neutron/neutron/scheduler/dhcp_agent_scheduler.py:275}}
Jul 16 03:25:16.269498 n-d-800088-6 neutron-server[93767]: DEBUG neutron.scheduler.base_scheduler [None req-a1adc9d4-8921-44e0-808d-cd765976a624 admin admin] Resources bound (agent type, host, resource id): {{(pid=93767) schedule /opt/stack/neutron/neutron/scheduler/base_scheduler.py:57}}
Jul 16 03:25:16.272039 n-d-800088-6 neutron-server[93767]: DEBUG neutron.db.l3_dvrscheduler_db [None req-a1adc9d4-8921-44e0-808d-cd765976a624 admin admin] Received port after_create {{(pid=93767) _notify_l3_agent_new_port /opt/stack/neutron/neutron/db/l3_dvrscheduler_db.py:535}}
Jul 16 03:25:16.310549 n-d-800088-6 neutron-server[93768]: DEBUG neutron_lib.callbacks.manager [None req-0e96d15c-f065-4ae6-aac5-dda3fadae76d admin admin] Notify callbacks ['neutron.plugins.ml2.ovo_rpc._ObjectChangeHandler.handle_event-739962'] for security_group, after_delete {{(pid=93768) _notify_loop /usr/local/lib/python3.8/dist-packages/neutron_lib/callbacks/manager.py:192}}
Jul 16 03:25:16.317066 n-d-800088-6 neutron-server[93768]: DEBUG neutron_lib.callbacks.manager [None req-0e96d15c-f065-4ae6-aac5-dda3fadae76d admin admin] Notify callbacks [] for security_group, before_response {{(pid=93768) _notify_loop /usr/local/lib/python3.8/dist-packages/neutron_lib/callbacks/manager.py:192}}
Jul 16 03:25:16.320155 n-d-800088-6 neutron-server[93768]: INFO neutron.wsgi [None req-0e96d15c-f065-4ae6-aac5-dda3fadae76d admin admin] 10.222.0.18 "DELETE /v2.0/security-groups/e247bb4c-1c0b-4faa-9f9d-74820709aed2 HTTP/1.1" status: 204 len: 168 time: 0.5034242
Jul 16 03:25:16.338089 n-d-800088-6 neutron-server[93768]: DEBUG neutron.api.rpc.handlers.resources_rpc [None req-0e96d15c-f065-4ae6-aac5-dda3fadae76d admin admin] Pushing event deleted for resources: {'SecurityGroup': ['ID=e247bb4c-1c0b-4faa-9f9d-74820709aed2,revision_number=None']} {{(pid=93768) push /opt/stack/neutron/neutron/api/rpc/handlers/resources_rpc.py:237}}
Jul 16 03:25:16.439812 n-d-800088-6 neutron-server[93768]: DEBUG neutron.wsgi [-] (93768) accepted ('10.222.0.18', 45544) {{(pid=93768) server /usr/local/lib/python3.8/dist-packages/eventlet/wsgi.py:982}}
Jul 16 03:25:16.603339 n-d-800088-6 neutron-server[93767]: DEBUG neutron_lib.callbacks.manager [None req-8e340838-2d6e-44dc-a478-cb27bf82e7f7 admin admin] Notify callbacks [] for security_group, before_create {{(pid=93767) _notify_loop /usr/local/lib/python3.8/dist-packages/neutron_lib/callbacks/manager.py:192}}
Jul 16 03:25:16.796607 n-d-800088-6 neutron-server[93768]: DEBUG neutron_lib.callbacks.manager [None req-91e47757-ee2f-4fc3-a8be-ad8b50043c14 admin admin] Notify callbacks [] for security_group, before_create {{(pid=93768) _notify_loop /usr/local/lib/python3.8/dist-packages/neutron_lib/callbacks/manager.py:192}}
Jul 16 03:25:16.864969 n-d-800088-6 neutron-server[93767]: DEBUG neutron_lib.callbacks.manager [None req-a1adc9d4-8921-44e0-808d-cd765976a624 admin admin] Notify callbacks [] for router_gateway, after_create {{(pid=93767) _notify_loop /usr/local/lib/python3.8/dist-packages/neutron_lib/callbacks/manager.py:192}}
Jul 16 03:25:17.029932 n-d-800088-6 neutron-server[93767]: DEBUG neutron_lib.callbacks.manager [None req-8e340838-2d6e-44dc-a478-cb27bf82e7f7 admin admin] Notify callbacks [] for security_group, precommit_create {{(pid=93767) _notify_loop /usr/local/lib/python3.8/dist-packages/neutron_lib/callbacks/manager.py:192}}
Jul 16 03:25:17.038582 n-d-800088-6 neutron-server[93767]: DEBUG neutron_lib.callbacks.manager [None req-8e340838-2d6e-44dc-a478-cb27bf82e7f7 admin admin] Notify callbacks ['neutron.plugins.ml2.ovo_rpc._ObjectChangeHandler.handle_event-739962'] for security_group, after_create {{(pid=93767) _notify_loop /usr/local/lib/python3.8/dist-packages/neutron_lib/callbacks/manager.py:192}}
Jul 16 03:25:17.083381 n-d-800088-6 neutron-server[93767]: DEBUG neutron.wsgi [-] (93767) accepted ('10.222.0.18', 45578) {{(pid=93767) server /usr/local/lib/python3.8/dist-packages/eventlet/wsgi.py:982}}
Jul 16 03:25:17.090866 n-d-800088-6 neutron-server[93767]: INFO neutron.wsgi [None req-8e340838-2d6e-44dc-a478-cb27bf82e7f7 admin admin] 10.222.0.18 "GET /v2.0/security-groups?tenant_id=b99a5e2215e84a5fb85f1da6e004f72b&name=default HTTP/1.1" status: 200 len: 2975 time: 1.1693547
Jul 16 03:25:17.122875 n-d-800088-6 neutron-server[93769]: DEBUG neutron.plugins.ml2.rpc [None req-7e6943d9-127b-481d-b2e9-b020945b6258 None None] Device 2e64a0cc-3986-4d0c-8688-2ecc81a5dfbd up at agent ovs-agent-n-d-800088-6 {{(pid=93769) update_device_up /opt/stack/neutron/neutron/plugins/ml2/rpc.py:296}}
Jul 16 03:25:17.123438 n-d-800088-6 neutron-server[93767]: DEBUG neutron.wsgi [-] (93767) accepted ('10.222.0.18', 45582) {{(pid=93767) server /usr/local/lib/python3.8/dist-packages/eventlet/wsgi.py:982}}
Jul 16 03:25:17.123975 n-d-800088-6 neutron-server[93767]: DEBUG neutron_lib.callbacks.manager [None req-fe50aea5-c5c6-4ed4-bf8d-b1bef6f9ac1f admin admin] Notify callbacks [] for security_group, before_create {{(pid=93767) _notify_loop /usr/local/lib/python3.8/dist-packages/neutron_lib/callbacks/manager.py:192}}
Jul 16 03:25:17.210996 n-d-800088-6 neutron-server[93768]: DEBUG neutron_lib.callbacks.manager [None req-91e47757-ee2f-4fc3-a8be-ad8b50043c14 admin admin] Notify callbacks [] for security_group, precommit_create {{(pid=93768) _notify_loop /usr/local/lib/python3.8/dist-packages/neutron_lib/callbacks/manager.py:192}}
Jul 16 03:25:17.224832 n-d-800088-6 neutron-server[93768]: DEBUG neutron_lib.callbacks.manager [None req-91e47757-ee2f-4fc3-a8be-ad8b50043c14 admin admin] Notify callbacks ['neutron.plugins.ml2.ovo_rpc._ObjectChangeHandler.handle_event-739962'] for security_group, after_create {{(pid=93768) _notify_loop /usr/local/lib/python3.8/dist-packages/neutron_lib/callbacks/manager.py:192}}
Jul 16 03:25:17.242509 n-d-800088-6 neutron-server[93769]: DEBUG neutron.db.provisioning_blocks [None req-7e6943d9-127b-481d-b2e9-b020945b6258 None None] Provisioning for port 2e64a0cc-3986-4d0c-8688-2ecc81a5dfbd completed by entity L2. {{(pid=93769) provisioning_complete /opt/stack/neutron/neutron/db/provisioning_blocks.py:133}}
Jul 16 03:25:17.263674 n-d-800088-6 neutron-server[93768]: INFO neutron.wsgi [None req-91e47757-ee2f-4fc3-a8be-ad8b50043c14 admin admin] 10.222.0.18 "GET /v2.0/security-groups?tenant_id=f9220c4c60534475a820915b768ed326&name=default HTTP/1.1" status: 200 len: 2975 time: 0.8215294
Jul 16 03:25:17.264796 n-d-800088-6 neutron-server[93768]: DEBUG neutron.wsgi [-] (93768) accepted ('10.222.0.18', 45600) {{(pid=93768) server /usr/local/lib/python3.8/dist-packages/eventlet/wsgi.py:982}}
Jul 16 03:25:17.282098 n-d-800088-6 neutron-server[93767]: INFO neutron.wsgi [req-67ad7886-af96-48d6-bbe6-f33bc559cdf1 req-6fa4e199-fa5b-443f-a060-ba3a831d2f49 tempest-MigrationsAdminTest-825834377 tempest-MigrationsAdminTest-825834377-project] 10.222.0.18 "GET /v2.0/ports?device_id=193d2802-2d42-420a-8137-aa81fd2a31b9 HTTP/1.1" status: 200 len: 210 time: 0.0709398
Jul 16 03:25:17.304863 n-d-800088-6 neutron-server[93768]: DEBUG neutron.api.rpc.handlers.resources_rpc [None req-91e47757-ee2f-4fc3-a8be-ad8b50043c14 admin admin] Pushing event updated for resources: {'SecurityGroup': ['ID=7c897ae5-35c3-426c-81be-d73876b3f0d6,revision_number=1']} {{(pid=93768) push /opt/stack/neutron/neutron/api/rpc/handlers/resources_rpc.py:237}}
Jul 16 03:25:17.363702 n-d-800088-6 neutron-server[93768]: DEBUG neutron_lib.callbacks.manager [None req-d1b07f49-13ec-419b-af0a-0d7212fa77a2 admin admin] Notify callbacks [] for security_group, before_delete {{(pid=93768) _notify_loop /usr/local/lib/python3.8/dist-packages/neutron_lib/callbacks/manager.py:192}}
Jul 16 03:25:17.379739 n-d-800088-6 neutron-server[93767]: DEBUG neutron_lib.callbacks.manager [None req-8f928ddc-081f-426f-bee7-ba51deae1a8b admin admin] Notify callbacks [] for security_group, before_delete {{(pid=93767) _notify_loop /usr/local/lib/python3.8/dist-packages/neutron_lib/callbacks/manager.py:192}}
Jul 16 03:25:17.389338 n-d-800088-6 neutron-server[93767]: DEBUG neutron.api.rpc.handlers.resources_rpc [None req-8e340838-2d6e-44dc-a478-cb27bf82e7f7 admin admin] Pushing event updated for resources: {'SecurityGroup': ['ID=2fd85856-8cf4-48c8-ac88-650b70d35971,revision_number=1']} {{(pid=93767) push /opt/stack/neutron/neutron/api/rpc/handlers/resources_rpc.py:237}}
Jul 16 03:25:17.391191 n-d-800088-6 neutron-server[93768]: DEBUG neutron_lib.callbacks.manager [None req-d1b07f49-13ec-419b-af0a-0d7212fa77a2 admin admin] Notify callbacks [] for security_group, precommit_delete {{(pid=93768) _notify_loop /usr/local/lib/python3.8/dist-packages/neutron_lib/callbacks/manager.py:192}}
Jul 16 03:25:17.407564 n-d-800088-6 neutron-server[93769]: DEBUG neutron.api.rpc.handlers.dhcp_rpc [None req-cce37dae-119f-4cb0-ad0f-c884e592f5be None None] Network 3b81a2ed-00e6-441b-ab06-b543304c7c21 requested from n-d-800088-6 {{(pid=93769) get_network_info /opt/stack/neutron/neutron/api/rpc/handlers/dhcp_rpc.py:218}}
Jul 16 03:25:17.452353 n-d-800088-6 neutron-server[93767]: DEBUG neutron_lib.callbacks.manager [None req-8f928ddc-081f-426f-bee7-ba51deae1a8b admin admin] Notify callbacks [] for security_group, precommit_delete {{(pid=93767) _notify_loop /usr/local/lib/python3.8/dist-packages/neutron_lib/callbacks/manager.py:192}}
Jul 16 03:25:17.460659 n-d-800088-6 neutron-server[93768]: DEBUG neutron_lib.callbacks.manager [None req-d1b07f49-13ec-419b-af0a-0d7212fa77a2 admin admin] Notify callbacks ['neutron.plugins.ml2.ovo_rpc._ObjectChangeHandler.handle_event-739962'] for security_group, after_delete {{(pid=93768) _notify_loop /usr/local/lib/python3.8/dist-packages/neutron_lib/callbacks/manager.py:192}}
Jul 16 03:25:17.463733 n-d-800088-6 neutron-server[93768]: DEBUG neutron_lib.callbacks.manager [None req-d1b07f49-13ec-419b-af0a-0d7212fa77a2 admin admin] Notify callbacks [] for security_group, before_response {{(pid=93768) _notify_loop /usr/local/lib/python3.8/dist-packages/neutron_lib/callbacks/manager.py:192}}
Jul 16 03:25:17.465899 n-d-800088-6 neutron-server[93768]: INFO neutron.wsgi [None req-d1b07f49-13ec-419b-af0a-0d7212fa77a2 admin admin] 10.222.0.18 "DELETE /v2.0/security-groups/7c897ae5-35c3-426c-81be-d73876b3f0d6 HTTP/1.1" status: 204 len: 168 time: 0.1969311
Jul 16 03:25:17.488366 n-d-800088-6 neutron-server[93767]: DEBUG neutron_lib.callbacks.manager [None req-a1adc9d4-8921-44e0-808d-cd765976a624 admin admin] Notify callbacks ['neutron.services.l3_router.l3_router_plugin.L3_HA_NAT_db_mixin._after_router_create-370427', 'neutron.services.l3_router.l3_router_plugin.DVRResourceOperationHandler._create_snat_interfaces_after_change-370176'] for router, after_create {{(pid=93767) _notify_loop /usr/local/lib/python3.8/dist-packages/neutron_lib/callbacks/manager.py:192}}
Jul 16 03:25:17.489365 n-d-800088-6 neutron-server[93768]: DEBUG neutron.api.rpc.handlers.resources_rpc [None req-d1b07f49-13ec-419b-af0a-0d7212fa77a2 admin admin] Pushing event deleted for resources: {'SecurityGroup': ['ID=7c897ae5-35c3-426c-81be-d73876b3f0d6,revision_number=None']} {{(pid=93768) push /opt/stack/neutron/neutron/api/rpc/handlers/resources_rpc.py:237}}
Jul 16 03:25:17.538820 n-d-800088-6 neutron-server[93768]: DEBUG neutron.wsgi [-] (93768) accepted ('10.222.0.20', 52331) {{(pid=93768) server /usr/local/lib/python3.8/dist-packages/eventlet/wsgi.py:982}}
Jul 16 03:25:17.597666 n-d-800088-6 neutron-server[93768]: INFO neutron.wsgi [req-8a559181-dfeb-4bdc-803d-9c3dd39545b8 req-2c545d26-1d8d-4745-b333-6a6169a394bf tempest-MigrationsAdminTest-825834377 tempest-MigrationsAdminTest-825834377-project] 10.222.0.20 "GET /v2.0/networks?tenant_id=ad10fbf176f74734b5667b3f7c9813ba&shared=False HTTP/1.1" status: 200 len: 213 time: 0.0561972
Jul 16 03:25:17.636099 n-d-800088-6 neutron-server[93769]: DEBUG neutron.db.provisioning_blocks [None req-c1504180-664c-47c2-aa32-7a63d629ac5b None None] Provisioning for port 2e64a0cc-3986-4d0c-8688-2ecc81a5dfbd completed by entity DHCP. {{(pid=93769) provisioning_complete /opt/stack/neutron/neutron/db/provisioning_blocks.py:133}}
Jul 16 03:25:17.655734 n-d-800088-6 neutron-server[93769]: DEBUG neutron.db.provisioning_blocks [None req-c1504180-664c-47c2-aa32-7a63d629ac5b None None] Provisioning complete for port 2e64a0cc-3986-4d0c-8688-2ecc81a5dfbd triggered by entity DHCP. {{(pid=93769) provisioning_complete /opt/stack/neutron/neutron/db/provisioning_blocks.py:139}}
Jul 16 03:25:17.656148 n-d-800088-6 neutron-server[93769]: DEBUG neutron_lib.callbacks.manager [None req-c1504180-664c-47c2-aa32-7a63d629ac5b None None] Notify callbacks ['neutron.plugins.ml2.plugin.Ml2Plugin._port_provisioned-33214243'] for port, provisioning_complete {{(pid=93769) _notify_loop /usr/local/lib/python3.8/dist-packages/neutron_lib/callbacks/manager.py:192}}
Jul 16 03:25:17.713288 n-d-800088-6 neutron-server[93767]: DEBUG neutron.wsgi [-] (93767) accepted ('10.222.0.18', 45628) {{(pid=93767) server /usr/local/lib/python3.8/dist-packages/eventlet/wsgi.py:982}}
Jul 16 03:25:17.770387 n-d-800088-6 neutron-server[93767]: INFO neutron.wsgi [req-5c5c6621-5ecb-48d4-bf7c-8d523647c7b0 req-e7926da2-d049-4603-926d-770e467405ce tempest-AggregatesAdminTestJSON-23937499 tempest-AggregatesAdminTestJSON-23937499-project] 10.222.0.18 "GET /v2.0/networks?tenant_id=5707ca78be5144f69466174a0194c555&shared=False HTTP/1.1" status: 200 len: 213 time: 0.0552518
Jul 16 03:25:17.833872 n-d-800088-6 neutron-server[93768]: DEBUG neutron.pecan_wsgi.hooks.policy_enforcement [req-8a559181-dfeb-4bdc-803d-9c3dd39545b8 req-54914ded-0ab8-4be7-9003-2499844429dc tempest-MigrationsAdminTest-825834377 tempest-MigrationsAdminTest-825834377-project] Attributes excluded by policy engine: ['standard_attr_id', 'vlan_transparent', 'provider:network_type', 'provider:physical_network', 'provider:segmentation_id'] {{(pid=93768) _exclude_attributes_by_policy /opt/stack/neutron/neutron/pecan_wsgi/hooks/policy_enforcement.py:255}}
Jul 16 03:25:17.835336 n-d-800088-6 neutron-server[93768]: INFO neutron.wsgi [req-8a559181-dfeb-4bdc-803d-9c3dd39545b8 req-54914ded-0ab8-4be7-9003-2499844429dc tempest-MigrationsAdminTest-825834377 tempest-MigrationsAdminTest-825834377-project] 10.222.0.20 "GET /v2.0/networks?shared=True HTTP/1.1" status: 200 len: 769 time: 0.2331295
Jul 16 03:25:17.904045 n-d-800088-6 neutron-server[93768]: DEBUG neutron.api.v2.base [req-8a559181-dfeb-4bdc-803d-9c3dd39545b8 req-6e3815e7-9fdc-4841-89cf-ec382d903d10 tempest-MigrationsAdminTest-825834377 tempest-MigrationsAdminTest-825834377-project] Request body: {'port': {'device_id': '193d2802-2d42-420a-8137-aa81fd2a31b9', 'network_id': '5046f89b-20b3-4180-a1f3-dadee6506ccc', 'admin_state_up': True, 'tenant_id': 'ad10fbf176f74734b5667b3f7c9813ba'}} {{(pid=93768) prepare_request_body /opt/stack/neutron/neutron/api/v2/base.py:729}}
Jul 16 03:25:17.911205 n-d-800088-6 neutron-server[93767]: DEBUG neutron_lib.callbacks.manager [None req-8f928ddc-081f-426f-bee7-ba51deae1a8b admin admin] Notify callbacks ['neutron.plugins.ml2.ovo_rpc._ObjectChangeHandler.handle_event-739962'] for security_group, after_delete {{(pid=93767) _notify_loop /usr/local/lib/python3.8/dist-packages/neutron_lib/callbacks/manager.py:192}}
Jul 16 03:25:17.913773 n-d-800088-6 neutron-server[93767]: DEBUG neutron_lib.callbacks.manager [None req-8f928ddc-081f-426f-bee7-ba51deae1a8b admin admin] Notify callbacks [] for security_group, before_response {{(pid=93767) _notify_loop /usr/local/lib/python3.8/dist-packages/neutron_lib/callbacks/manager.py:192}}
Jul 16 03:25:17.914951 n-d-800088-6 neutron-server[93767]: INFO neutron.wsgi [None req-8f928ddc-081f-426f-bee7-ba51deae1a8b admin admin] 10.222.0.18 "DELETE /v2.0/security-groups/2fd85856-8cf4-48c8-ac88-650b70d35971 HTTP/1.1" status: 204 len: 168 time: 0.7831764
Jul 16 03:25:17.961333 n-d-800088-6 neutron-server[93769]: DEBUG neutron_lib.callbacks.manager [None req-c1504180-664c-47c2-aa32-7a63d629ac5b None None] Notify callbacks ['neutron.plugins.ml2.plugin.SecurityGroupDbMixin._ensure_default_security_group_handler-33041363'] for port, before_update {{(pid=93769) _notify_loop /usr/local/lib/python3.8/dist-packages/neutron_lib/callbacks/manager.py:192}}
Jul 16 03:25:18.014445 n-d-800088-6 neutron-server[93769]: DEBUG neutron.plugins.ml2.db [None req-c1504180-664c-47c2-aa32-7a63d629ac5b None None] For port 2e64a0cc-3986-4d0c-8688-2ecc81a5dfbd, host n-d-800088-6, got binding levels [PortBindingLevel(driver='openvswitch',host='n-d-800088-6',level=0,port_id=2e64a0cc-3986-4d0c-8688-2ecc81a5dfbd,segment=NetworkSegment(cf4c20ae-f7b5-4c08-a929-0fbe5656de6d),segment_id=cf4c20ae-f7b5-4c08-a929-0fbe5656de6d)] {{(pid=93769) get_binding_level_objs /opt/stack/neutron/neutron/plugins/ml2/db.py:74}}
Jul 16 03:25:18.025684 n-d-800088-6 neutron-server[93769]: DEBUG neutron_lib.callbacks.manager [None req-c1504180-664c-47c2-aa32-7a63d629ac5b None None] Notify callbacks ['neutron.plugins.ml2.plugin.SecurityGroupServerNotifierRpcMixin._notify_sg_on_port_change-33041960', 'neutron.plugins.ml2.ovo_rpc._ObjectChangeHandler.handle_event-942134', 'neutron.api.rpc.agentnotifiers.dhcp_rpc_agent_api.DhcpAgentNotifyAPI._native_event_send_dhcp_notification-653855', 'neutron.db.l3_db.L3RpcNotifierMixin._notify_gateway_port_ip_changed-8750206847061', 'neutron.db.l3_dvrscheduler_db._notify_l3_agent_port_update-8750206446484', 'neutron.db.l3_hascheduler_db._notify_l3_agent_ha_port_update-8750206446502'] for port, after_update {{(pid=93769) _notify_loop /usr/local/lib/python3.8/dist-packages/neutron_lib/callbacks/manager.py:192}}
Jul 16 03:25:18.041254 n-d-800088-6 neutron-server[93767]: DEBUG neutron.pecan_wsgi.hooks.policy_enforcement [req-5c5c6621-5ecb-48d4-bf7c-8d523647c7b0 req-92efdab7-0dec-438f-b67e-fe0e1ba2e19f tempest-AggregatesAdminTestJSON-23937499 tempest-AggregatesAdminTestJSON-23937499-project] Attributes excluded by policy engine: ['standard_attr_id', 'vlan_transparent', 'provider:network_type', 'provider:physical_network', 'provider:segmentation_id'] {{(pid=93767) _exclude_attributes_by_policy /opt/stack/neutron/neutron/pecan_wsgi/hooks/policy_enforcement.py:255}}
Jul 16 03:25:18.048868 n-d-800088-6 neutron-server[93767]: INFO neutron.wsgi [req-5c5c6621-5ecb-48d4-bf7c-8d523647c7b0 req-92efdab7-0dec-438f-b67e-fe0e1ba2e19f tempest-AggregatesAdminTestJSON-23937499 tempest-AggregatesAdminTestJSON-23937499-project] 10.222.0.18 "GET /v2.0/networks?shared=True HTTP/1.1" status: 200 len: 769 time: 0.2771018
Jul 16 03:25:18.076084 n-d-800088-6 neutron-server[93767]: DEBUG neutron.api.rpc.handlers.resources_rpc [None req-8f928ddc-081f-426f-bee7-ba51deae1a8b admin admin] Pushing event deleted for resources: {'SecurityGroup': ['ID=2fd85856-8cf4-48c8-ac88-650b70d35971,revision_number=None']} {{(pid=93767) push /opt/stack/neutron/neutron/api/rpc/handlers/resources_rpc.py:237}}
Jul 16 03:25:18.107091 n-d-800088-6 neutron-server[93767]: DEBUG neutron.scheduler.l3_agent_scheduler [None req-a1adc9d4-8921-44e0-808d-cd765976a624 admin admin] Router ba25c532-4f8b-4fa0-b272-c4c82d1d3b62 is scheduled to L3 agent b0cb038f-eafe-4e46-aa86-bebaae8e3627 with binding_index 1 {{(pid=93767) bind_router /opt/stack/neutron/neutron/scheduler/l3_agent_scheduler.py:210}}
Jul 16 03:25:18.109357 n-d-800088-6 neutron-server[93769]: DEBUG neutron.api.rpc.handlers.resources_rpc [None req-c1504180-664c-47c2-aa32-7a63d629ac5b None None] Pushing event updated for resources: {'Port': ['ID=2e64a0cc-3986-4d0c-8688-2ecc81a5dfbd,revision_number=3']} {{(pid=93769) push /opt/stack/neutron/neutron/api/rpc/handlers/resources_rpc.py:237}}
Jul 16 03:25:18.127791 n-d-800088-6 neutron-server[93767]: DEBUG neutron_lib.callbacks.manager [None req-fe50aea5-c5c6-4ed4-bf8d-b1bef6f9ac1f admin admin] Notify callbacks [] for security_group, precommit_create {{(pid=93767) _notify_loop /usr/local/lib/python3.8/dist-packages/neutron_lib/callbacks/manager.py:192}}
Jul 16 03:25:18.152637 n-d-800088-6 neutron-server[93767]: DEBUG neutron_lib.callbacks.manager [None req-fe50aea5-c5c6-4ed4-bf8d-b1bef6f9ac1f admin admin] Notify callbacks ['neutron.plugins.ml2.ovo_rpc._ObjectChangeHandler.handle_event-739962'] for security_group, after_create {{(pid=93767) _notify_loop /usr/local/lib/python3.8/dist-packages/neutron_lib/callbacks/manager.py:192}}
Jul 16 03:25:18.188620 n-d-800088-6 neutron-server[93767]: INFO neutron.wsgi [req-5c5c6621-5ecb-48d4-bf7c-8d523647c7b0 req-8d2d6cb9-b312-4d42-b86d-2e3bda7400c5 tempest-AggregatesAdminTestJSON-23937499 tempest-AggregatesAdminTestJSON-23937499-project] 10.222.0.18 "GET /v2.0/quotas/5707ca78be5144f69466174a0194c555 HTTP/1.1" status: 200 len: 375 time: 0.1387243
Jul 16 03:25:18.196142 n-d-800088-6 neutron-server[93768]: DEBUG neutron.pecan_wsgi.hooks.quota_enforcement [req-8a559181-dfeb-4bdc-803d-9c3dd39545b8 req-6e3815e7-9fdc-4841-89cf-ec382d903d10 tempest-MigrationsAdminTest-825834377 tempest-MigrationsAdminTest-825834377-project] Made reservation on behalf of ad10fbf176f74734b5667b3f7c9813ba for: {'port': 1} {{(pid=93768) before /opt/stack/neutron/neutron/pecan_wsgi/hooks/quota_enforcement.py:53}}
Jul 16 03:25:18.200516 n-d-800088-6 neutron-server[93768]: DEBUG neutron_lib.callbacks.manager [req-8a559181-dfeb-4bdc-803d-9c3dd39545b8 req-6e3815e7-9fdc-4841-89cf-ec382d903d10 tempest-MigrationsAdminTest-825834377 tempest-MigrationsAdminTest-825834377-project] Notify callbacks ['neutron.plugins.ml2.plugin.SecurityGroupDbMixin._ensure_default_security_group_handler-33041363'] for port, before_create {{(pid=93768) _notify_loop /usr/local/lib/python3.8/dist-packages/neutron_lib/callbacks/manager.py:192}}
Jul 16 03:25:18.217991 n-d-800088-6 neutron-server[93768]: DEBUG neutron.wsgi [-] (93768) accepted ('10.222.0.18', 45656) {{(pid=93768) server /usr/local/lib/python3.8/dist-packages/eventlet/wsgi.py:982}}
Jul 16 03:25:18.218869 n-d-800088-6 neutron-server[93768]: DEBUG neutron_lib.callbacks.manager [req-8a559181-dfeb-4bdc-803d-9c3dd39545b8 req-6e3815e7-9fdc-4841-89cf-ec382d903d10 tempest-MigrationsAdminTest-825834377 tempest-MigrationsAdminTest-825834377-project] Notify callbacks [] for security_group, before_create {{(pid=93768) _notify_loop /usr/local/lib/python3.8/dist-packages/neutron_lib/callbacks/manager.py:192}}
Jul 16 03:25:18.300559 n-d-800088-6 neutron-server[93768]: DEBUG neutron_lib.callbacks.manager [None req-7a94b2f4-f47c-49b5-8d77-c8172443ad80 admin admin] Notify callbacks [] for security_group, before_create {{(pid=93768) _notify_loop /usr/local/lib/python3.8/dist-packages/neutron_lib/callbacks/manager.py:192}}
Jul 16 03:25:18.362185 n-d-800088-6 neutron-server[93767]: INFO neutron.wsgi [req-5c5c6621-5ecb-48d4-bf7c-8d523647c7b0 req-9a79d11c-d0c0-458e-986a-bbfb58ab69e5 tempest-AggregatesAdminTestJSON-23937499 tempest-AggregatesAdminTestJSON-23937499-project] 10.222.0.18 "GET /v2.0/ports?tenant_id=5707ca78be5144f69466174a0194c555&fields=id HTTP/1.1" status: 200 len: 210 time: 0.1721931
Jul 16 03:25:18.366148 n-d-800088-6 neutron-server[93767]: INFO neutron.wsgi [None req-fe50aea5-c5c6-4ed4-bf8d-b1bef6f9ac1f admin admin] 10.222.0.18 "GET /v2.0/security-groups?tenant_id=93794ac5e11c4863b4f89e3eeffea052&name=default HTTP/1.1" status: 200 len: 2975 time: 1.2742381
Jul 16 03:25:18.368887 n-d-800088-6 neutron-server[93768]: DEBUG neutron.wsgi [-] (93768) accepted ('10.222.0.18', 45668) {{(pid=93768) server /usr/local/lib/python3.8/dist-packages/eventlet/wsgi.py:982}}
Jul 16 03:25:18.371872 n-d-800088-6 neutron-server[93769]: DEBUG neutron.db.provisioning_blocks [None req-66e962b7-1bf3-4295-99e5-782f2bc40e18 None None] Provisioning complete for port 2e64a0cc-3986-4d0c-8688-2ecc81a5dfbd triggered by entity DHCP. {{(pid=93769) provisioning_complete /opt/stack/neutron/neutron/db/provisioning_blocks.py:139}}
Jul 16 03:25:18.372290 n-d-800088-6 neutron-server[93769]: DEBUG neutron_lib.callbacks.manager [None req-66e962b7-1bf3-4295-99e5-782f2bc40e18 None None] Notify callbacks ['neutron.plugins.ml2.plugin.Ml2Plugin._port_provisioned-33214243'] for port, provisioning_complete {{(pid=93769) _notify_loop /usr/local/lib/python3.8/dist-packages/neutron_lib/callbacks/manager.py:192}}
Jul 16 03:25:18.384769 n-d-800088-6 neutron-server[93768]: DEBUG neutron_lib.callbacks.manager [req-8a559181-dfeb-4bdc-803d-9c3dd39545b8 req-6e3815e7-9fdc-4841-89cf-ec382d903d10 tempest-MigrationsAdminTest-825834377 tempest-MigrationsAdminTest-825834377-project] Notify callbacks [] for security_group, precommit_create {{(pid=93768) _notify_loop /usr/local/lib/python3.8/dist-packages/neutron_lib/callbacks/manager.py:192}}
Jul 16 03:25:18.403633 n-d-800088-6 neutron-server[93767]: DEBUG neutron.api.rpc.handlers.resources_rpc [None req-fe50aea5-c5c6-4ed4-bf8d-b1bef6f9ac1f admin admin] Pushing event updated for resources: {'SecurityGroup': ['ID=09be3ce1-a9ef-437e-9cb4-a6896cd5c3b3,revision_number=1']} {{(pid=93767) push /opt/stack/neutron/neutron/api/rpc/handlers/resources_rpc.py:237}}
Jul 16 03:25:18.449867 n-d-800088-6 neutron-server[93768]: DEBUG neutron_lib.callbacks.manager [req-8a559181-dfeb-4bdc-803d-9c3dd39545b8 req-6e3815e7-9fdc-4841-89cf-ec382d903d10 tempest-MigrationsAdminTest-825834377 tempest-MigrationsAdminTest-825834377-project] Notify callbacks ['neutron.plugins.ml2.ovo_rpc._ObjectChangeHandler.handle_event-739962'] for security_group, after_create {{(pid=93768) _notify_loop /usr/local/lib/python3.8/dist-packages/neutron_lib/callbacks/manager.py:192}}
Jul 16 03:25:18.497642 n-d-800088-6 neutron-server[93768]: DEBUG neutron.api.rpc.handlers.resources_rpc [None req-6e3815e7-9fdc-4841-89cf-ec382d903d10 tempest-MigrationsAdminTest-825834377 tempest-MigrationsAdminTest-825834377-project] Pushing event updated for resources: {'SecurityGroup': ['ID=b4daf2d2-377a-4d0f-b76a-6680243cbf8e,revision_number=1']} {{(pid=93768) push /opt/stack/neutron/neutron/api/rpc/handlers/resources_rpc.py:237}}
Jul 16 03:25:18.566600 n-d-800088-6 neutron-server[93767]: INFO neutron.wsgi [req-ed7c4ee7-78cc-411f-b82a-600f625098d5 req-d2d6879d-f021-4474-9e38-11458c3c1242 tempest-MigrationsAdminTest-825834377 tempest-MigrationsAdminTest-825834377-project] 10.222.0.18 "GET /v2.0/ports?device_id=193d2802-2d42-420a-8137-aa81fd2a31b9 HTTP/1.1" status: 200 len: 210 time: 0.0521004
Jul 16 03:25:18.596634 n-d-800088-6 neutron-server[93767]: DEBUG neutron.api.rpc.agentnotifiers.l3_rpc_agent_api [None req-a1adc9d4-8921-44e0-808d-cd765976a624 admin admin] Notify agent at l3_agent.n-d-800088-6 the message routers_updated {{(pid=93767) _agent_notification /opt/stack/neutron/neutron/api/rpc/agentnotifiers/l3_rpc_agent_api.py:65}}
Jul 16 03:25:18.611659 n-d-800088-6 neutron-server[93770]: DEBUG neutron.api.rpc.handlers.l3_rpc [None req-1e76bf53-5d64-40ab-88b2-993ac6f56fa1 None None] Sync routers for ids ['ba25c532-4f8b-4fa0-b272-c4c82d1d3b62'] in n-d-800088-6 {{(pid=93770) sync_routers /opt/stack/neutron/neutron/api/rpc/handlers/l3_rpc.py:125}}
Jul 16 03:25:18.632691 n-d-800088-6 neutron-server[93770]: DEBUG neutron.db.l3_dvrscheduler_db [None req-1e76bf53-5d64-40ab-88b2-993ac6f56fa1 None None] Routers {'ba25c532-4f8b-4fa0-b272-c4c82d1d3b62'} bound to L3 agent in host n-d-800088-6 {{(pid=93770) _get_router_ids_for_agent /opt/stack/neutron/neutron/db/l3_dvrscheduler_db.py:420}}
Jul 16 03:25:18.633537 n-d-800088-6 neutron-server[93770]: DEBUG neutron.db.l3_hamode_db [None req-1e76bf53-5d64-40ab-88b2-993ac6f56fa1 None None] neutron.services.l3_router.l3_router_plugin.L3RouterPlugin method get_ha_sync_data_for_host called with arguments (, 'n-d-800088-6', Agent(admin_state_up=True,agent_type='L3 agent',availability_zone='nova',binary='neutron-l3-agent',configurations={"agent_mode": "legacy", "ex_gw_ports": 1, "extensions": [], "floating_ips": 0, "handle_internal_only_routers": true, "interface_driver": "openvswitch", "interfaces": 1, "log_agent_heartbeats": false, "routers": 1},created_at=2021-07-16T03:15:33Z,description=,heartbeat_timestamp=2021-07-16T03:25:03Z,host='n-d-800088-6',id=b0cb038f-eafe-4e46-aa86-bebaae8e3627,load=0,resource_versions=,resources_synced=,started_at=2021-07-16T03:15:33Z,topic='l3_agent')) {'router_ids': ['ba25c532-4f8b-4fa0-b272-c4c82d1d3b62'], 'active': True} {{(pid=93770) wrapper /usr/local/lib/python3.8/dist-packages/oslo_log/helpers.py:65}}
Jul 16 03:25:18.650283 n-d-800088-6 neutron-server[93767]: DEBUG neutron.wsgi [-] (93767) accepted ('10.222.0.18', 45692) {{(pid=93767) server /usr/local/lib/python3.8/dist-packages/eventlet/wsgi.py:982}}
Jul 16 03:25:18.670513 n-d-800088-6 neutron-server[93767]: DEBUG neutron_lib.callbacks.manager [None req-eb3b6499-e228-4c38-abac-bb3dc7253bd3 admin admin] Notify callbacks [] for security_group, before_create {{(pid=93767) _notify_loop /usr/local/lib/python3.8/dist-packages/neutron_lib/callbacks/manager.py:192}}
Jul 16 03:25:18.718285 n-d-800088-6 neutron-server[93768]: DEBUG neutron_lib.callbacks.manager [None req-99290977-c637-443c-aa09-c369cf901c03 admin admin] Notify callbacks [] for security_group, before_delete {{(pid=93768) _notify_loop /usr/local/lib/python3.8/dist-packages/neutron_lib/callbacks/manager.py:192}}
Jul 16 03:25:18.773498 n-d-800088-6 neutron-server[93768]: DEBUG neutron_lib.callbacks.manager [None req-99290977-c637-443c-aa09-c369cf901c03 admin admin] Notify callbacks [] for security_group, precommit_delete {{(pid=93768) _notify_loop /usr/local/lib/python3.8/dist-packages/neutron_lib/callbacks/manager.py:192}}
Jul 16 03:25:18.803208 n-d-800088-6 neutron-server[93767]: INFO neutron.wsgi [req-0bd90eba-1a15-49e1-a2af-94f06282063f req-1a91b86b-45ea-4f9c-bbd2-29f68a18d4e0 tempest-AggregatesAdminTestJSON-23937499 tempest-AggregatesAdminTestJSON-23937499-project] 10.222.0.18 "GET /v2.0/ports?device_id=5f2d070e-3742-4d4c-bc2c-07c65b76f7a6 HTTP/1.1" status: 200 len: 210 time: 0.0627115
Jul 16 03:25:18.887049 n-d-800088-6 neutron-server[93768]: DEBUG neutron_lib.callbacks.manager [None req-7a94b2f4-f47c-49b5-8d77-c8172443ad80 admin admin] Notify callbacks [] for security_group, precommit_create {{(pid=93768) _notify_loop /usr/local/lib/python3.8/dist-packages/neutron_lib/callbacks/manager.py:192}}
Jul 16 03:25:18.909397 n-d-800088-6 neutron-server[93767]: DEBUG neutron_lib.callbacks.manager [None req-a1adc9d4-8921-44e0-808d-cd765976a624 admin admin] Notify callbacks [] for router, before_response {{(pid=93767) _notify_loop /usr/local/lib/python3.8/dist-packages/neutron_lib/callbacks/manager.py:192}}
Jul 16 03:25:18.909626 n-d-800088-6 neutron-server[93770]: DEBUG neutron.db.l3_dvr_db [None req-1e76bf53-5d64-40ab-88b2-993ac6f56fa1 None None] Set router ba25c532-4f8b-4fa0-b272-c4c82d1d3b62 gateway port host: n-d-800088-6 {{(pid=93770) _build_routers_list /opt/stack/neutron/neutron/db/l3_dvr_db.py:894}}
Jul 16 03:25:18.911408 n-d-800088-6 neutron-server[93767]: INFO neutron.wsgi [None req-a1adc9d4-8921-44e0-808d-cd765976a624 admin admin] 10.222.0.18 "POST /v2.0/routers HTTP/1.1" status: 201 len: 935 time: 4.3145685
Jul 16 03:25:18.914680 n-d-800088-6 neutron-server[93767]: DEBUG neutron.wsgi [-] (93767) accepted ('10.222.0.18', 45710) {{(pid=93767) server /usr/local/lib/python3.8/dist-packages/eventlet/wsgi.py:982}}
Jul 16 03:25:18.921378 n-d-800088-6 neutron-server[93768]: DEBUG neutron_lib.callbacks.manager [None req-7a94b2f4-f47c-49b5-8d77-c8172443ad80 admin admin] Notify callbacks ['neutron.plugins.ml2.ovo_rpc._ObjectChangeHandler.handle_event-739962'] for security_group, after_create {{(pid=93768) _notify_loop /usr/local/lib/python3.8/dist-packages/neutron_lib/callbacks/manager.py:192}}
Jul 16 03:25:19.071325 n-d-800088-6 neutron-server[93769]: DEBUG neutron.plugins.ml2.rpc [None req-7e6943d9-127b-481d-b2e9-b020945b6258 None None] Device 2e64a0cc-3986-4d0c-8688-2ecc81a5dfbd up at agent ovs-agent-n-d-800088-6 {{(pid=93769) update_device_up /opt/stack/neutron/neutron/plugins/ml2/rpc.py:296}}
Jul 16 03:25:19.120351 n-d-800088-6 neutron-server[93768]: INFO neutron.wsgi [None req-7a94b2f4-f47c-49b5-8d77-c8172443ad80 admin admin] 10.222.0.18 "GET /v2.0/security-groups?tenant_id=08bac691a7cb4b31985e9a5c9250d11d&name=default HTTP/1.1" status: 200 len: 2975 time: 0.8920698
Jul 16 03:25:19.127372 n-d-800088-6 neutron-server[93768]: DEBUG neutron.api.rpc.handlers.resources_rpc [None req-7a94b2f4-f47c-49b5-8d77-c8172443ad80 admin admin] Pushing event updated for resources: {'SecurityGroup': ['ID=1b078230-f925-4c65-b149-e3b53839df25,revision_number=1']} {{(pid=93768) push /opt/stack/neutron/neutron/api/rpc/handlers/resources_rpc.py:237}}
Jul 16 03:25:19.135302 n-d-800088-6 neutron-server[93768]: DEBUG neutron.wsgi [-] (93768) accepted ('10.222.0.18', 45718) {{(pid=93768) server /usr/local/lib/python3.8/dist-packages/eventlet/wsgi.py:982}}
Jul 16 03:25:19.162029 n-d-800088-6 neutron-server[93768]: DEBUG neutron.db.db_base_plugin_common [req-8a559181-dfeb-4bdc-803d-9c3dd39545b8 req-6e3815e7-9fdc-4841-89cf-ec382d903d10 tempest-MigrationsAdminTest-825834377 tempest-MigrationsAdminTest-825834377-project] Allocated IP 192.168.233.61 (5046f89b-20b3-4180-a1f3-dadee6506ccc/f9da83f0-c928-45aa-a280-bd1dd288df27/4be59503-333b-4779-be07-46d349b2f71f) {{(pid=93768) _store_ip_allocation /opt/stack/neutron/neutron/db/db_base_plugin_common.py:131}}
Jul 16 03:25:19.207170 n-d-800088-6 neutron-server[93768]: DEBUG neutron_lib.callbacks.manager [None req-99290977-c637-443c-aa09-c369cf901c03 admin admin] Notify callbacks ['neutron.plugins.ml2.ovo_rpc._ObjectChangeHandler.handle_event-739962'] for security_group, after_delete {{(pid=93768) _notify_loop /usr/local/lib/python3.8/dist-packages/neutron_lib/callbacks/manager.py:192}}
Jul 16 03:25:19.211163 n-d-800088-6 neutron-server[93768]: DEBUG neutron_lib.callbacks.manager [None req-99290977-c637-443c-aa09-c369cf901c03 admin admin] Notify callbacks [] for security_group, before_response {{(pid=93768) _notify_loop /usr/local/lib/python3.8/dist-packages/neutron_lib/callbacks/manager.py:192}}
Jul 16 03:25:19.212480 n-d-800088-6 neutron-server[93768]: INFO neutron.wsgi [None req-99290977-c637-443c-aa09-c369cf901c03 admin admin] 10.222.0.18 "DELETE /v2.0/security-groups/09be3ce1-a9ef-437e-9cb4-a6896cd5c3b3 HTTP/1.1" status: 204 len: 168 time: 0.8404732
Jul 16 03:25:19.214829 n-d-800088-6 neutron-server[93767]: DEBUG neutron_lib.callbacks.manager [None req-eb3b6499-e228-4c38-abac-bb3dc7253bd3 admin admin] Notify callbacks [] for security_group, precommit_create {{(pid=93767) _notify_loop /usr/local/lib/python3.8/dist-packages/neutron_lib/callbacks/manager.py:192}}
Jul 16 03:25:19.224745 n-d-800088-6 neutron-server[93769]: DEBUG neutron.db.provisioning_blocks [None req-7e6943d9-127b-481d-b2e9-b020945b6258 None None] Provisioning complete for port 2e64a0cc-3986-4d0c-8688-2ecc81a5dfbd triggered by entity L2. {{(pid=93769) provisioning_complete /opt/stack/neutron/neutron/db/provisioning_blocks.py:139}}
Jul 16 03:25:19.226522 n-d-800088-6 neutron-server[93769]: DEBUG neutron_lib.callbacks.manager [None req-7e6943d9-127b-481d-b2e9-b020945b6258 None None] Notify callbacks ['neutron.plugins.ml2.plugin.Ml2Plugin._port_provisioned-33214243'] for port, provisioning_complete {{(pid=93769) _notify_loop /usr/local/lib/python3.8/dist-packages/neutron_lib/callbacks/manager.py:192}}
Jul 16 03:25:19.269979 n-d-800088-6 neutron-server[93768]: DEBUG neutron.api.rpc.handlers.resources_rpc [None req-99290977-c637-443c-aa09-c369cf901c03 admin admin] Pushing event deleted for resources: {'SecurityGroup': ['ID=09be3ce1-a9ef-437e-9cb4-a6896cd5c3b3,revision_number=None']} {{(pid=93768) push /opt/stack/neutron/neutron/api/rpc/handlers/resources_rpc.py:237}}
Jul 16 03:25:19.340159 n-d-800088-6 neutron-server[93768]: DEBUG neutron_lib.callbacks.manager [None req-068823da-7b88-4081-aa17-b4519d66e04e admin admin] Notify callbacks [] for security_group, before_delete {{(pid=93768) _notify_loop /usr/local/lib/python3.8/dist-packages/neutron_lib/callbacks/manager.py:192}}
Jul 16 03:25:19.341922 n-d-800088-6 neutron-server[93767]: DEBUG neutron_lib.callbacks.manager [None req-eb3b6499-e228-4c38-abac-bb3dc7253bd3 admin admin] Notify callbacks ['neutron.plugins.ml2.ovo_rpc._ObjectChangeHandler.handle_event-739962'] for security_group, after_create {{(pid=93767) _notify_loop /usr/local/lib/python3.8/dist-packages/neutron_lib/callbacks/manager.py:192}}
Jul 16 03:25:19.347183 n-d-800088-6 neutron-server[93768]: DEBUG neutron.wsgi [-] (93768) accepted ('10.222.0.18', 45726) {{(pid=93768) server /usr/local/lib/python3.8/dist-packages/eventlet/wsgi.py:982}}
Jul 16 03:25:19.467857 n-d-800088-6 neutron-server[93768]: DEBUG neutron_lib.callbacks.manager [None req-068823da-7b88-4081-aa17-b4519d66e04e admin admin] Notify callbacks [] for security_group, precommit_delete {{(pid=93768) _notify_loop /usr/local/lib/python3.8/dist-packages/neutron_lib/callbacks/manager.py:192}}
Jul 16 03:25:19.482252 n-d-800088-6 neutron-server[93770]: DEBUG neutron.db.l3_hamode_db [None req-1e76bf53-5d64-40ab-88b2-993ac6f56fa1 None None] neutron.services.l3_router.l3_router_plugin.L3RouterPlugin method _process_sync_ha_data called with arguments (, [{'id': 'ba25c532-4f8b-4fa0-b272-c4c82d1d3b62', 'name': 'tempest-ServersWithSpecificFlavorTestJSON-1154412891-router', 'tenant_id': '13e9c7f1e5614f26a30fc46498692a08', 'admin_state_up': True, 'status': 'ACTIVE', 'external_gateway_info': {'network_id': '7a71964d-15bc-4644-8b2f-0e9909e49799', 'external_fixed_ips': [{'subnet_id': '188a12a3-58e3-4ffe-963e-3f4948ae4745', 'ip_address': '172.25.3.47'}], 'enable_snat': True}, 'gw_port_id': '7316cd10-e092-42b5-970a-74ff37861257', 'description': '', 'availability_zones': ['nova'], 'distributed': False, 'ha': False, 'ha_vr_id': 0, 'availability_zone_hints': [], 'routes': [], 'flavor_id': None, 'tags': [], 'created_at': '2021-07-16T03:25:14Z', 'updated_at': '2021-07-16T03:25:16Z', 'revision_number': 3, 'project_id': '13e9c7f1e5614f26a30fc46498692a08', 'gw_port': {'id': '7316cd10-e092-42b5-970a-74ff37861257', 'name': '', 'network_id': '7a71964d-15bc-4644-8b2f-0e9909e49799', 'tenant_id': '', 'mac_address': 'fa:16:3e:83:4e:49', 'admin_state_up': True, 'status': 'DOWN', 'device_id': 'ba25c532-4f8b-4fa0-b272-c4c82d1d3b62', 'device_owner': 'network:router_gateway', 'standard_attr_id': 46, 'fixed_ips': [{'subnet_id': '188a12a3-58e3-4ffe-963e-3f4948ae4745', 'ip_address': '172.25.3.47', 'prefixlen': 24}], 'allowed_address_pairs': [], 'extra_dhcp_opts': [], 'security_groups': [], 'description': '', 'binding:vnic_type': 'normal', 'binding:profile': {}, 'binding:host_id': '', 'binding:vif_type': 'unbound', 'binding:vif_details': {}, 'port_security_enabled': False, 'tags': [], 'created_at': '2021-07-16T03:25:15Z', 'updated_at': '2021-07-16T03:25:15Z', 'revision_number': 1, 'project_id': '', 'subnets': [{'id': '188a12a3-58e3-4ffe-963e-3f4948ae4745', 'cidr': '172.25.3.0/24', 'gateway_ip': '172.25.3.1', 'dns_nameservers': [], 'ipv6_ra_mode': None, 'subnetpool_id': None}], 'extra_subnets': [], 'address_scopes': {4: None, 6: None}, 'mtu': 1500}, 'enable_snat': True, 'gw_port_host': 'n-d-800088-6'}], 'n-d-800088-6', False) {} {{(pid=93770) wrapper /usr/local/lib/python3.8/dist-packages/oslo_log/helpers.py:65}}
Jul 16 03:25:19.525359 n-d-800088-6 neutron-server[93767]: DEBUG neutron.api.rpc.handlers.resources_rpc [None req-eb3b6499-e228-4c38-abac-bb3dc7253bd3 admin admin] Pushing event updated for resources: {'SecurityGroup': ['ID=bc103afe-1a67-46d5-bb4c-b426105c6713,revision_number=1']} {{(pid=93767) push /opt/stack/neutron/neutron/api/rpc/handlers/resources_rpc.py:237}}
Jul 16 03:25:19.568047 n-d-800088-6 neutron-server[93767]: INFO neutron.wsgi [None req-eb3b6499-e228-4c38-abac-bb3dc7253bd3 admin admin] 10.222.0.18 "GET /v2.0/security-groups?tenant_id=0ebce4a61ff94d2f83f131240a977a8e&name=default HTTP/1.1" status: 200 len: 2975 time: 0.9164858
Jul 16 03:25:19.571009 n-d-800088-6 neutron-server[93767]: DEBUG neutron.wsgi [-] (93767) accepted ('10.222.0.18', 45732) {{(pid=93767) server /usr/local/lib/python3.8/dist-packages/eventlet/wsgi.py:982}}
Jul 16 03:25:19.599290 n-d-800088-6 neutron-server[93770]: DEBUG neutron.api.rpc.handlers.l3_rpc [None req-1e76bf53-5d64-40ab-88b2-993ac6f56fa1 None None] Checking router: ba25c532-4f8b-4fa0-b272-c4c82d1d3b62 for host: n-d-800088-6 {{(pid=93770) _ensure_host_set_on_ports /opt/stack/neutron/neutron/api/rpc/handlers/l3_rpc.py:155}}
Jul 16 03:25:19.599914 n-d-800088-6 neutron-server[93770]: DEBUG neutron.api.rpc.handlers.l3_rpc [None req-1e76bf53-5d64-40ab-88b2-993ac6f56fa1 None None] Updating router ba25c532-4f8b-4fa0-b272-c4c82d1d3b62 port 7316cd10-e092-42b5-970a-74ff37861257 binding host n-d-800088-6 {{(pid=93770) _ensure_host_set_on_port /opt/stack/neutron/neutron/api/rpc/handlers/l3_rpc.py:205}}
Jul 16 03:25:19.603146 n-d-800088-6 neutron-server[93770]: DEBUG neutron.db.agents_db [None req-53a43c93-d9be-4cd8-a1b8-e7af3609c7ed None None] Agent healthcheck: found 7 active agents {{(pid=93770) agent_health_check /opt/stack/neutron/neutron/db/agents_db.py:317}}
Jul 16 03:25:19.645862 n-d-800088-6 neutron-server[93770]: DEBUG neutron_lib.callbacks.manager [None req-1e76bf53-5d64-40ab-88b2-993ac6f56fa1 None None] Notify callbacks ['neutron.plugins.ml2.plugin.SecurityGroupDbMixin._ensure_default_security_group_handler-33041363'] for port, before_update {{(pid=93770) _notify_loop /usr/local/lib/python3.8/dist-packages/neutron_lib/callbacks/manager.py:192}}
Jul 16 03:25:19.779636 n-d-800088-6 neutron-server[93768]: DEBUG neutron_lib.callbacks.manager [None req-068823da-7b88-4081-aa17-b4519d66e04e admin admin] Notify callbacks ['neutron.plugins.ml2.ovo_rpc._ObjectChangeHandler.handle_event-739962'] for security_group, after_delete {{(pid=93768) _notify_loop /usr/local/lib/python3.8/dist-packages/neutron_lib/callbacks/manager.py:192}}
Jul 16 03:25:19.782514 n-d-800088-6 neutron-server[93768]: DEBUG neutron_lib.callbacks.manager [None req-068823da-7b88-4081-aa17-b4519d66e04e admin admin] Notify callbacks [] for security_group, before_response {{(pid=93768) _notify_loop /usr/local/lib/python3.8/dist-packages/neutron_lib/callbacks/manager.py:192}}
Jul 16 03:25:19.783807 n-d-800088-6 neutron-server[93768]: INFO neutron.wsgi [None req-068823da-7b88-4081-aa17-b4519d66e04e admin admin] 10.222.0.18 "DELETE /v2.0/security-groups/1b078230-f925-4c65-b149-e3b53839df25 HTTP/1.1" status: 204 len: 168 time: 0.6467745
Jul 16 03:25:19.791124 n-d-800088-6 neutron-server[93768]: DEBUG neutron_lib.callbacks.manager [None req-f883f6ab-37a3-4adb-beef-2e06e20b9b66 admin admin] Notify callbacks [] for security_group, before_create {{(pid=93768) _notify_loop /usr/local/lib/python3.8/dist-packages/neutron_lib/callbacks/manager.py:192}}
Jul 16 03:25:19.814753 n-d-800088-6 neutron-server[93768]: DEBUG neutron.api.rpc.handlers.resources_rpc [None req-068823da-7b88-4081-aa17-b4519d66e04e admin admin] Pushing event deleted for resources: {'SecurityGroup': ['ID=1b078230-f925-4c65-b149-e3b53839df25,revision_number=None']} {{(pid=93768) push /opt/stack/neutron/neutron/api/rpc/handlers/resources_rpc.py:237}}
Jul 16 03:25:19.935655 n-d-800088-6 neutron-server[93768]: DEBUG neutron_lib.callbacks.manager [req-8a559181-dfeb-4bdc-803d-9c3dd39545b8 req-6e3815e7-9fdc-4841-89cf-ec382d903d10 tempest-MigrationsAdminTest-825834377 tempest-MigrationsAdminTest-825834377-project] Notify callbacks [] for port, precommit_create {{(pid=93768) _notify_loop /usr/local/lib/python3.8/dist-packages/neutron_lib/callbacks/manager.py:192}}
Jul 16 03:25:20.153611 n-d-800088-6 neutron-server[93768]: DEBUG neutron_lib.callbacks.manager [None req-f883f6ab-37a3-4adb-beef-2e06e20b9b66 admin admin] Notify callbacks [] for security_group, precommit_create {{(pid=93768) _notify_loop /usr/local/lib/python3.8/dist-packages/neutron_lib/callbacks/manager.py:192}}
Jul 16 03:25:20.166864 n-d-800088-6 neutron-server[93768]: DEBUG neutron_lib.callbacks.manager [None req-f883f6ab-37a3-4adb-beef-2e06e20b9b66 admin admin] Notify callbacks ['neutron.plugins.ml2.ovo_rpc._ObjectChangeHandler.handle_event-739962'] for security_group, after_create {{(pid=93768) _notify_loop /usr/local/lib/python3.8/dist-packages/neutron_lib/callbacks/manager.py:192}}
Jul 16 03:25:20.194524 n-d-800088-6 neutron-server[93768]: DEBUG neutron.db.provisioning_blocks [req-8a559181-dfeb-4bdc-803d-9c3dd39545b8 req-6e3815e7-9fdc-4841-89cf-ec382d903d10 tempest-MigrationsAdminTest-825834377 tempest-MigrationsAdminTest-825834377-project] Transition to ACTIVE for port object 4be59503-333b-4779-be07-46d349b2f71f will not be triggered until provisioned by entity DHCP. {{(pid=93768) add_provisioning_component /opt/stack/neutron/neutron/db/provisioning_blocks.py:73}}
Jul 16 03:25:20.358258 n-d-800088-6 neutron-server[93770]: DEBUG neutron_lib.callbacks.manager [None req-1e76bf53-5d64-40ab-88b2-993ac6f56fa1 None None] Notify callbacks [] for port, precommit_update {{(pid=93770) _notify_loop /usr/local/lib/python3.8/dist-packages/neutron_lib/callbacks/manager.py:192}}
Jul 16 03:25:20.368702 n-d-800088-6 neutron-server[93767]: INFO neutron.wsgi [req-958eacaa-f231-4d40-8429-e4064f031239 req-79bb3016-02ac-4056-a7f9-4eb224274de8 tempest-AggregatesAdminTestJSON-23937499 tempest-AggregatesAdminTestJSON-23937499-project] 10.222.0.18 "GET /v2.0/ports?device_id=5f2d070e-3742-4d4c-bc2c-07c65b76f7a6 HTTP/1.1" status: 200 len: 210 time: 0.2046392
Jul 16 03:25:20.383981 n-d-800088-6 neutron-server[93767]: INFO neutron.wsgi [req-caac2eb7-fd0d-456b-8a93-f126a400886e req-f79e5567-0fe3-4c7d-a5c7-c63b9c91fc9b tempest-MigrationsAdminTest-825834377 tempest-MigrationsAdminTest-825834377-project] 10.222.0.18 "GET /v2.0/ports?device_id=193d2802-2d42-420a-8137-aa81fd2a31b9 HTTP/1.1" status: 200 len: 210 time: 0.2140601
Jul 16 03:25:20.394397 n-d-800088-6 neutron-server[93770]: DEBUG neutron.db.provisioning_blocks [None req-1e76bf53-5d64-40ab-88b2-993ac6f56fa1 None None] Transition to ACTIVE for port object 7316cd10-e092-42b5-970a-74ff37861257 will not be triggered until provisioned by entity L2. {{(pid=93770) add_provisioning_component /opt/stack/neutron/neutron/db/provisioning_blocks.py:73}}
Jul 16 03:25:20.419817 n-d-800088-6 neutron-server[93770]: DEBUG neutron_lib.callbacks.manager [None req-1e76bf53-5d64-40ab-88b2-993ac6f56fa1 None None] Notify callbacks ['neutron.plugins.ml2.plugin.SecurityGroupServerNotifierRpcMixin._notify_sg_on_port_change-33041960', 'neutron.plugins.ml2.ovo_rpc._ObjectChangeHandler.handle_event-942134', 'neutron.api.rpc.agentnotifiers.dhcp_rpc_agent_api.DhcpAgentNotifyAPI._native_event_send_dhcp_notification-653855', 'neutron.db.l3_db.L3RpcNotifierMixin._notify_gateway_port_ip_changed-8750206847061', 'neutron.db.l3_dvrscheduler_db._notify_l3_agent_port_update-8750206446484', 'neutron.db.l3_hascheduler_db._notify_l3_agent_ha_port_update-8750206446502'] for port, after_update {{(pid=93770) _notify_loop /usr/local/lib/python3.8/dist-packages/neutron_lib/callbacks/manager.py:192}}
Jul 16 03:25:20.447141 n-d-800088-6 neutron-server[93767]: DEBUG neutron_lib.callbacks.manager [None req-7d98e364-d59f-4bb2-8086-e30d73703952 admin admin] Notify callbacks [] for security_group, before_delete {{(pid=93767) _notify_loop /usr/local/lib/python3.8/dist-packages/neutron_lib/callbacks/manager.py:192}}
Jul 16 03:25:20.523723 n-d-800088-6 neutron-server[93768]: INFO neutron.wsgi [None req-f883f6ab-37a3-4adb-beef-2e06e20b9b66 admin admin] 10.222.0.18 "GET /v2.0/security-groups?tenant_id=2270e8bfd8194ac1836cb2c2b1da9bcc&name=default HTTP/1.1" status: 200 len: 2975 time: 1.1681838
Jul 16 03:25:20.523723 n-d-800088-6 neutron-server[93768]: DEBUG neutron.api.rpc.handlers.resources_rpc [None req-f883f6ab-37a3-4adb-beef-2e06e20b9b66 admin admin] Pushing event updated for resources: {'SecurityGroup': ['ID=7b9c612a-f955-4466-a239-cd4f13158010,revision_number=1']} {{(pid=93768) push /opt/stack/neutron/neutron/api/rpc/handlers/resources_rpc.py:237}}
Jul 16 03:25:20.528439 n-d-800088-6 neutron-server[93767]: DEBUG neutron.wsgi [-] (93767) accepted ('10.222.0.18', 45766) {{(pid=93767) server /usr/local/lib/python3.8/dist-packages/eventlet/wsgi.py:982}}
