Sep 01 09:35:07.659089 n-d-800088-24 neutron-server[95252]: INFO neutron.wsgi [req-470f986d-07fd-4277-9af5-c505ea5b3bd8 req-11069944-c36a-4c8b-b88b-9c4a4ab5a052 service neutron] 10.222.0.13 "GET /v2.0/subnets?id=87007b17-bf83-4650-afb0-7f697385d5a3 HTTP/1.1" status: 200 len: 843 time: 0.0861714
Sep 01 09:35:07.958136 n-d-800088-24 neutron-server[95252]: DEBUG neutron.pecan_wsgi.hooks.policy_enforcement [req-589cb242-6a25-442e-acfb-8a0de7167da4 req-c8d48656-ab31-4467-a90e-4a4425d59e4a tempest-MigrationsAdminTest-496412302 tempest-MigrationsAdminTest-496412302-project] Attributes excluded by policy engine: ['standard_attr_id', 'binding:profile', 'binding:host_id', 'binding:vif_type', 'binding:vif_details'] {{(pid=95252) _exclude_attributes_by_policy /opt/stack/neutron/neutron/pecan_wsgi/hooks/policy_enforcement.py:255}}
Sep 01 09:35:07.959752 n-d-800088-24 neutron-server[95252]: INFO neutron.wsgi [req-589cb242-6a25-442e-acfb-8a0de7167da4 req-c8d48656-ab31-4467-a90e-4a4425d59e4a tempest-MigrationsAdminTest-496412302 tempest-MigrationsAdminTest-496412302-project] 10.222.0.44 "GET /v2.0/ports?device_id=06ce189b-34a5-4290-b9a4-90412694829c HTTP/1.1" status: 200 len: 947 time: 0.2997611
Sep 01 09:35:07.967056 n-d-800088-24 neutron-server[95252]: DEBUG neutron.pecan_wsgi.hooks.policy_enforcement [req-470f986d-07fd-4277-9af5-c505ea5b3bd8 req-5d5a2e78-aaed-4811-a921-3d1f8960b041 service neutron] Attributes excluded by policy engine: ['standard_attr_id'] {{(pid=95252) _exclude_attributes_by_policy /opt/stack/neutron/neutron/pecan_wsgi/hooks/policy_enforcement.py:255}}
Sep 01 09:35:07.975712 n-d-800088-24 neutron-server[95252]: INFO neutron.wsgi [req-470f986d-07fd-4277-9af5-c505ea5b3bd8 req-5d5a2e78-aaed-4811-a921-3d1f8960b041 service neutron] 10.222.0.13 "GET /v2.0/ports?network_id=319adb70-d2f8-4709-b2b6-905327ae3a7f&device_owner=network%3Adhcp HTTP/1.1" status: 200 len: 1167 time: 0.2910447
Sep 01 09:35:08.054819 n-d-800088-24 neutron-server[95252]: INFO neutron.wsgi [req-731d2005-8ddf-4132-bc60-6425fe4ce479 req-55ebed27-4c38-4dc9-b1c6-f266b81ef591 service neutron] 10.222.0.44 "GET /v2.0/networks/76a1c9e1-8b23-472f-a476-f8077e208e88?fields=segments HTTP/1.1" status: 200 len: 212 time: 0.4064770
Sep 01 09:35:08.134524 n-d-800088-24 neutron-server[95252]: INFO neutron.wsgi [req-589cb242-6a25-442e-acfb-8a0de7167da4 req-b4962470-0d90-4737-a9a6-67e87512a77d tempest-MigrationsAdminTest-496412302 tempest-MigrationsAdminTest-496412302-project] 10.222.0.44 "GET /v2.0/security-groups?id=a752ca62-47d5-49b2-94e5-5fbbcb9c332b&fields=id&fields=name HTTP/1.1" status: 200 len: 286 time: 0.1615794
Sep 01 09:35:08.207058 n-d-800088-24 neutron-server[95252]: INFO neutron.wsgi [req-470f986d-07fd-4277-9af5-c505ea5b3bd8 req-e7241abb-c570-489d-88a7-290ff849f2d1 service neutron] 10.222.0.13 "GET /v2.0/networks/319adb70-d2f8-4709-b2b6-905327ae3a7f?fields=segments HTTP/1.1" status: 200 len: 212 time: 0.2304068
Sep 01 09:35:08.275159 n-d-800088-24 neutron-server[95252]: INFO neutron.wsgi [req-731d2005-8ddf-4132-bc60-6425fe4ce479 req-58cc332e-e6c0-4da1-8c0a-73a29591de66 service neutron] 10.222.0.44 "GET /v2.0/networks/76a1c9e1-8b23-472f-a476-f8077e208e88?fields=provider%3Aphysical_network&fields=provider%3Anetwork_type HTTP/1.1" status: 200 len: 281 time: 0.2102797
Sep 01 09:35:08.321981 n-d-800088-24 neutron-server[95252]: INFO neutron.wsgi [req-470f986d-07fd-4277-9af5-c505ea5b3bd8 req-2161795a-bfdf-4b64-80fa-da8f2942d3e1 service neutron] 10.222.0.13 "GET /v2.0/networks/319adb70-d2f8-4709-b2b6-905327ae3a7f?fields=provider%3Aphysical_network&fields=provider%3Anetwork_type HTTP/1.1" status: 200 len: 281 time: 0.1056640
Sep 01 09:35:08.594926 n-d-800088-24 neutron-server[95252]: INFO neutron.wsgi [req-c4b8fa67-3326-45a4-90d6-f845c021a37d req-f6076c8c-1a71-4c1d-90e8-db1c31fb6855 tempest-ServersWithSpecificFlavorTestJSON-178115002 tempest-ServersWithSpecificFlavorTestJSON-178115002-project] 10.222.0.44 "GET /v2.0/ports?device_id=96ae831d-6e43-4469-95d0-8b3632cad17a HTTP/1.1" status: 200 len: 210 time: 0.0458267
Sep 01 09:35:08.760928 n-d-800088-24 neutron-server[95254]: DEBUG neutron.plugins.ml2.rpc [None req-9b7d5dbf-0c37-4375-ae2f-1df3157a4069 None None] Device b48dc72b-0d1c-4937-97e7-1644e0f18530 details requested by agent hyperv_n-h1-800088-24 with host n-h1-800088-24 {{(pid=95254) get_device_details /opt/stack/neutron/neutron/plugins/ml2/rpc.py:102}}
Sep 01 09:35:08.814246 n-d-800088-24 neutron-server[95252]: DEBUG neutron.pecan_wsgi.hooks.policy_enforcement [req-8c656228-29a6-42b0-b25b-6a6f07ec5390 req-3dd1e642-bbcc-416f-adc7-c667e3f63c6a tempest-AggregatesAdminTestJSON-645633902 tempest-AggregatesAdminTestJSON-645633902-project] Attributes excluded by policy engine: ['standard_attr_id', 'binding:profile', 'binding:host_id', 'binding:vif_type', 'binding:vif_details'] {{(pid=95252) _exclude_attributes_by_policy /opt/stack/neutron/neutron/pecan_wsgi/hooks/policy_enforcement.py:255}}
Sep 01 09:35:08.816855 n-d-800088-24 neutron-server[95252]: INFO neutron.wsgi [req-8c656228-29a6-42b0-b25b-6a6f07ec5390 req-3dd1e642-bbcc-416f-adc7-c667e3f63c6a tempest-AggregatesAdminTestJSON-645633902 tempest-AggregatesAdminTestJSON-645633902-project] 10.222.0.44 "GET /v2.0/ports?device_id=75776ef2-e0f3-4f9a-8806-9bd0a4fa9707 HTTP/1.1" status: 200 len: 970 time: 0.0707209
Sep 01 09:35:08.861686 n-d-800088-24 neutron-server[95252]: INFO neutron.wsgi [req-8c656228-29a6-42b0-b25b-6a6f07ec5390 req-460fcd41-64d0-4d04-a870-d40d31877d1a tempest-AggregatesAdminTestJSON-645633902 tempest-AggregatesAdminTestJSON-645633902-project] 10.222.0.44 "GET /v2.0/security-groups?id=1095e89f-a926-4236-ad53-7e0802d901d0&fields=id&fields=name HTTP/1.1" status: 200 len: 286 time: 0.0378366
Sep 01 09:35:08.877952 n-d-800088-24 neutron-server[95254]: DEBUG neutron.plugins.ml2.db [None req-9b7d5dbf-0c37-4375-ae2f-1df3157a4069 None None] For port b48dc72b-0d1c-4937-97e7-1644e0f18530, host n-h1-800088-24, got binding levels [PortBindingLevel(driver='hyperv',host='n-h1-800088-24',level=0,port_id=b48dc72b-0d1c-4937-97e7-1644e0f18530,segment=NetworkSegment(9574254c-eb9a-4c90-b547-b819b06ce414),segment_id=9574254c-eb9a-4c90-b547-b819b06ce414)] {{(pid=95254) get_binding_level_objs /opt/stack/neutron/neutron/plugins/ml2/db.py:74}}
Sep 01 09:35:08.894197 n-d-800088-24 neutron-server[95254]: DEBUG neutron.plugins.ml2.rpc [None req-9b7d5dbf-0c37-4375-ae2f-1df3157a4069 None None] Returning: {'device': 'b48dc72b-0d1c-4937-97e7-1644e0f18530', 'network_id': '319adb70-d2f8-4709-b2b6-905327ae3a7f', 'port_id': 'b48dc72b-0d1c-4937-97e7-1644e0f18530', 'mac_address': 'fa:16:3e:cf:e0:21', 'admin_state_up': True, 'network_type': 'vlan', 'segmentation_id': 166, 'physical_network': 'physnet1', 'mtu': 1500, 'fixed_ips': [{'subnet_id': '87007b17-bf83-4650-afb0-7f697385d5a3', 'ip_address': '192.168.233.99'}], 'device_owner': 'compute:nova', 'allowed_address_pairs': [], 'port_security_enabled': True, 'qos_policy_id': None, 'network_qos_policy_id': None, 'profile': {}, 'propagate_uplink_status': False} {{(pid=95254) _get_device_details /opt/stack/neutron/neutron/plugins/ml2/rpc.py:184}}
Sep 01 09:35:08.947872 n-d-800088-24 neutron-server[95254]: DEBUG neutron_lib.callbacks.manager [None req-9b7d5dbf-0c37-4375-ae2f-1df3157a4069 None None] Notify callbacks ['neutron.plugins.ml2.plugin.SecurityGroupDbMixin._ensure_default_security_group_handler-1625952'] for port, before_update {{(pid=95254) _notify_loop /usr/local/lib/python3.8/dist-packages/neutron_lib/callbacks/manager.py:192}}
Sep 01 09:35:08.972753 n-d-800088-24 neutron-server[95254]: DEBUG neutron.notifiers.nova [None req-9b7d5dbf-0c37-4375-ae2f-1df3157a4069 None None] Ignoring state change previous_port_status: DOWN current_port_status: BUILD port_id b48dc72b-0d1c-4937-97e7-1644e0f18530 {{(pid=95254) record_port_status_changed /opt/stack/neutron/neutron/notifiers/nova.py:224}}
Sep 01 09:35:08.999069 n-d-800088-24 neutron-server[95254]: DEBUG neutron.plugins.ml2.db [None req-9b7d5dbf-0c37-4375-ae2f-1df3157a4069 None None] For port b48dc72b-0d1c-4937-97e7-1644e0f18530, host n-h1-800088-24, got binding levels [PortBindingLevel(driver='hyperv',host='n-h1-800088-24',level=0,port_id=b48dc72b-0d1c-4937-97e7-1644e0f18530,segment=NetworkSegment(9574254c-eb9a-4c90-b547-b819b06ce414),segment_id=9574254c-eb9a-4c90-b547-b819b06ce414)] {{(pid=95254) get_binding_level_objs /opt/stack/neutron/neutron/plugins/ml2/db.py:74}}
Sep 01 09:35:09.119236 n-d-800088-24 neutron-server[95254]: DEBUG neutron_lib.callbacks.manager [None req-9b7d5dbf-0c37-4375-ae2f-1df3157a4069 None None] Notify callbacks ['neutron.plugins.ml2.plugin.SecurityGroupServerNotifierRpcMixin._notify_sg_on_port_change-1625895', 'neutron.plugins.ml2.ovo_rpc._ObjectChangeHandler.handle_event-99094', 'neutron.api.rpc.agentnotifiers.dhcp_rpc_agent_api.DhcpAgentNotifyAPI._native_event_send_dhcp_notification-753257', 'neutron.db.l3_db.L3RpcNotifierMixin._notify_gateway_port_ip_changed-8785039429331', 'neutron.db.l3_dvrscheduler_db._notify_l3_agent_port_update-8785039043112', 'neutron.db.l3_hascheduler_db._notify_l3_agent_ha_port_update-8785039043130'] for port, after_update {{(pid=95254) _notify_loop /usr/local/lib/python3.8/dist-packages/neutron_lib/callbacks/manager.py:192}}
Sep 01 09:35:09.171625 n-d-800088-24 neutron-server[95254]: DEBUG neutron.api.rpc.handlers.resources_rpc [None req-9b7d5dbf-0c37-4375-ae2f-1df3157a4069 None None] Pushing event updated for resources: {'Port': ['ID=b48dc72b-0d1c-4937-97e7-1644e0f18530,revision_number=4']} {{(pid=95254) push /opt/stack/neutron/neutron/api/rpc/handlers/resources_rpc.py:237}}
Sep 01 09:35:09.329871 n-d-800088-24 neutron-server[95252]: DEBUG neutron.pecan_wsgi.hooks.policy_enforcement [req-9de5f6ee-8821-44c8-8ab2-361303ce9cd8 req-92841d9c-a1c8-4b45-abde-259a67b31267 tempest-MigrationsAdminTest-496412302 tempest-MigrationsAdminTest-496412302-project] Attributes excluded by policy engine: ['standard_attr_id', 'binding:profile', 'binding:host_id', 'binding:vif_type', 'binding:vif_details'] {{(pid=95252) _exclude_attributes_by_policy /opt/stack/neutron/neutron/pecan_wsgi/hooks/policy_enforcement.py:255}}
Sep 01 09:35:09.331939 n-d-800088-24 neutron-server[95252]: INFO neutron.wsgi [req-9de5f6ee-8821-44c8-8ab2-361303ce9cd8 req-92841d9c-a1c8-4b45-abde-259a67b31267 tempest-MigrationsAdminTest-496412302 tempest-MigrationsAdminTest-496412302-project] 10.222.0.44 "GET /v2.0/ports?device_id=06ce189b-34a5-4290-b9a4-90412694829c HTTP/1.1" status: 200 len: 948 time: 0.1045189
Sep 01 09:35:09.386797 n-d-800088-24 neutron-server[95252]: INFO neutron.wsgi [req-9de5f6ee-8821-44c8-8ab2-361303ce9cd8 req-a9953243-2499-40a2-88a5-3487e151cd58 tempest-MigrationsAdminTest-496412302 tempest-MigrationsAdminTest-496412302-project] 10.222.0.44 "GET /v2.0/security-groups?id=a752ca62-47d5-49b2-94e5-5fbbcb9c332b&fields=id&fields=name HTTP/1.1" status: 200 len: 286 time: 0.0484276
Sep 01 09:35:09.557041 n-d-800088-24 neutron-server[95253]: DEBUG neutron.wsgi [-] (95253) accepted ('10.222.0.44', 42876) {{(pid=95253) server /usr/local/lib/python3.8/dist-packages/eventlet/wsgi.py:982}}
Sep 01 09:35:09.709422 n-d-800088-24 neutron-server[95253]: DEBUG neutron_lib.callbacks.manager [None req-aaca7c95-690a-4c44-b423-eda9976415bc admin admin] Notify callbacks [] for security_group, before_create {{(pid=95253) _notify_loop /usr/local/lib/python3.8/dist-packages/neutron_lib/callbacks/manager.py:192}}
Sep 01 09:35:09.711593 n-d-800088-24 neutron-server[95252]: INFO neutron.wsgi [req-67aa3ad8-0d95-416e-b7b9-3144c93d6072 req-d1a961b7-5faf-4397-bd73-bb716a4e5e2e tempest-ServersWithSpecificFlavorTestJSON-178115002 tempest-ServersWithSpecificFlavorTestJSON-178115002-project] 10.222.0.44 "GET /v2.0/ports?device_id=96ae831d-6e43-4469-95d0-8b3632cad17a HTTP/1.1" status: 200 len: 210 time: 0.0362518
Sep 01 09:35:09.846427 n-d-800088-24 neutron-server[95253]: DEBUG neutron_lib.callbacks.manager [None req-aaca7c95-690a-4c44-b423-eda9976415bc admin admin] Notify callbacks [] for security_group, precommit_create {{(pid=95253) _notify_loop /usr/local/lib/python3.8/dist-packages/neutron_lib/callbacks/manager.py:192}}
Sep 01 09:35:09.923370 n-d-800088-24 neutron-server[95253]: DEBUG neutron_lib.callbacks.manager [None req-aaca7c95-690a-4c44-b423-eda9976415bc admin admin] Notify callbacks ['neutron.plugins.ml2.ovo_rpc._ObjectChangeHandler.handle_event-587971'] for security_group, after_create {{(pid=95253) _notify_loop /usr/local/lib/python3.8/dist-packages/neutron_lib/callbacks/manager.py:192}}
Sep 01 09:35:09.957662 n-d-800088-24 neutron-server[95254]: DEBUG neutron.plugins.ml2.db [None req-9b7d5dbf-0c37-4375-ae2f-1df3157a4069 None None] get_ports_and_sgs() called for port_ids ['b48dc72b-0d1c-4937-97e7-1644e0f18530'] {{(pid=95254) get_ports_and_sgs /opt/stack/neutron/neutron/plugins/ml2/db.py:156}}
Sep 01 09:35:09.974817 n-d-800088-24 neutron-server[95253]: INFO neutron.wsgi [None req-aaca7c95-690a-4c44-b423-eda9976415bc admin admin] 10.222.0.44 "GET /v2.0/security-groups?tenant_id=954e663497324b0da5438ab7346a8ffb&name=default HTTP/1.1" status: 200 len: 2979 time: 0.4157479
Sep 01 09:35:09.975758 n-d-800088-24 neutron-server[95253]: DEBUG neutron.wsgi [-] (95253) accepted ('10.222.0.44', 42900) {{(pid=95253) server /usr/local/lib/python3.8/dist-packages/eventlet/wsgi.py:982}}
Sep 01 09:35:09.986855 n-d-800088-24 neutron-server[95253]: DEBUG neutron.api.rpc.handlers.resources_rpc [None req-aaca7c95-690a-4c44-b423-eda9976415bc admin admin] Pushing event updated for resources: {'SecurityGroup': ['ID=22e08229-d220-4e31-9db1-79eb491c9ae7,revision_number=1']} {{(pid=95253) push /opt/stack/neutron/neutron/api/rpc/handlers/resources_rpc.py:237}}
Sep 01 09:35:10.065531 n-d-800088-24 neutron-server[95252]: DEBUG neutron.pecan_wsgi.hooks.policy_enforcement [req-eb883e7b-8a2e-4f37-9265-540937ff8fc4 req-816e830d-fc65-4bf8-b669-11a64f00018c tempest-AggregatesAdminTestJSON-645633902 tempest-AggregatesAdminTestJSON-645633902-project] Attributes excluded by policy engine: ['standard_attr_id', 'binding:profile', 'binding:host_id', 'binding:vif_type', 'binding:vif_details'] {{(pid=95252) _exclude_attributes_by_policy /opt/stack/neutron/neutron/pecan_wsgi/hooks/policy_enforcement.py:255}}
Sep 01 09:35:10.075523 n-d-800088-24 neutron-server[95252]: INFO neutron.wsgi [req-eb883e7b-8a2e-4f37-9265-540937ff8fc4 req-816e830d-fc65-4bf8-b669-11a64f00018c tempest-AggregatesAdminTestJSON-645633902 tempest-AggregatesAdminTestJSON-645633902-project] 10.222.0.44 "GET /v2.0/ports?device_id=75776ef2-e0f3-4f9a-8806-9bd0a4fa9707 HTTP/1.1" status: 200 len: 970 time: 0.1390927
Sep 01 09:35:10.078346 n-d-800088-24 neutron-server[95253]: DEBUG neutron_lib.callbacks.manager [None req-4470884b-d302-4bdd-868c-8a07b122b3e2 admin admin] Notify callbacks [] for security_group, before_delete {{(pid=95253) _notify_loop /usr/local/lib/python3.8/dist-packages/neutron_lib/callbacks/manager.py:192}}
Sep 01 09:35:10.130200 n-d-800088-24 neutron-server[95252]: INFO neutron.wsgi [req-eb883e7b-8a2e-4f37-9265-540937ff8fc4 req-676817c6-293b-422d-ad9c-5aae62cc344f tempest-AggregatesAdminTestJSON-645633902 tempest-AggregatesAdminTestJSON-645633902-project] 10.222.0.44 "GET /v2.0/security-groups?id=1095e89f-a926-4236-ad53-7e0802d901d0&fields=id&fields=name HTTP/1.1" status: 200 len: 286 time: 0.0536132
Sep 01 09:35:10.130685 n-d-800088-24 neutron-server[95253]: DEBUG neutron_lib.callbacks.manager [None req-4470884b-d302-4bdd-868c-8a07b122b3e2 admin admin] Notify callbacks [] for security_group, precommit_delete {{(pid=95253) _notify_loop /usr/local/lib/python3.8/dist-packages/neutron_lib/callbacks/manager.py:192}}
Sep 01 09:35:10.306546 n-d-800088-24 neutron-server[95253]: DEBUG neutron_lib.callbacks.manager [None req-4470884b-d302-4bdd-868c-8a07b122b3e2 admin admin] Notify callbacks ['neutron.plugins.ml2.ovo_rpc._ObjectChangeHandler.handle_event-587971'] for security_group, after_delete {{(pid=95253) _notify_loop /usr/local/lib/python3.8/dist-packages/neutron_lib/callbacks/manager.py:192}}
Sep 01 09:35:10.310083 n-d-800088-24 neutron-server[95253]: DEBUG neutron_lib.callbacks.manager [None req-4470884b-d302-4bdd-868c-8a07b122b3e2 admin admin] Notify callbacks [] for security_group, before_response {{(pid=95253) _notify_loop /usr/local/lib/python3.8/dist-packages/neutron_lib/callbacks/manager.py:192}}
Sep 01 09:35:10.311404 n-d-800088-24 neutron-server[95253]: INFO neutron.wsgi [None req-4470884b-d302-4bdd-868c-8a07b122b3e2 admin admin] 10.222.0.44 "DELETE /v2.0/security-groups/22e08229-d220-4e31-9db1-79eb491c9ae7 HTTP/1.1" status: 204 len: 168 time: 0.3346729
Sep 01 09:35:10.319873 n-d-800088-24 neutron-server[95253]: DEBUG neutron.api.rpc.handlers.resources_rpc [None req-4470884b-d302-4bdd-868c-8a07b122b3e2 admin admin] Pushing event deleted for resources: {'SecurityGroup': ['ID=22e08229-d220-4e31-9db1-79eb491c9ae7,revision_number=None']} {{(pid=95253) push /opt/stack/neutron/neutron/api/rpc/handlers/resources_rpc.py:237}}
Sep 01 09:35:10.583741 n-d-800088-24 neutron-server[95252]: DEBUG neutron.pecan_wsgi.hooks.policy_enforcement [req-bae854b0-9997-4b1a-9dc8-bbc731314f07 req-e5d3e9e7-b792-4e54-9b15-3e9f46af8a16 tempest-MigrationsAdminTest-496412302 tempest-MigrationsAdminTest-496412302-project] Attributes excluded by policy engine: ['standard_attr_id', 'binding:profile', 'binding:host_id', 'binding:vif_type', 'binding:vif_details'] {{(pid=95252) _exclude_attributes_by_policy /opt/stack/neutron/neutron/pecan_wsgi/hooks/policy_enforcement.py:255}}
Sep 01 09:35:10.585766 n-d-800088-24 neutron-server[95252]: INFO neutron.wsgi [req-bae854b0-9997-4b1a-9dc8-bbc731314f07 req-e5d3e9e7-b792-4e54-9b15-3e9f46af8a16 tempest-MigrationsAdminTest-496412302 tempest-MigrationsAdminTest-496412302-project] 10.222.0.44 "GET /v2.0/ports?device_id=06ce189b-34a5-4290-b9a4-90412694829c HTTP/1.1" status: 200 len: 948 time: 0.0801964
Sep 01 09:35:10.635870 n-d-800088-24 neutron-server[95252]: INFO neutron.wsgi [req-bae854b0-9997-4b1a-9dc8-bbc731314f07 req-43197c0d-78f5-4fff-91fd-0bbe800fb557 tempest-MigrationsAdminTest-496412302 tempest-MigrationsAdminTest-496412302-project] 10.222.0.44 "GET /v2.0/security-groups?id=a752ca62-47d5-49b2-94e5-5fbbcb9c332b&fields=id&fields=name HTTP/1.1" status: 200 len: 286 time: 0.0412517
Sep 01 09:35:10.918847 n-d-800088-24 neutron-server[95252]: INFO neutron.wsgi [req-f4dfe487-32e1-4954-9946-b09d1243bfa0 req-2113c75c-7fad-4b0a-a55d-6c8d3060b987 tempest-ServersWithSpecificFlavorTestJSON-178115002 tempest-ServersWithSpecificFlavorTestJSON-178115002-project] 10.222.0.44 "GET /v2.0/ports?device_id=96ae831d-6e43-4469-95d0-8b3632cad17a HTTP/1.1" status: 200 len: 210 time: 0.0325174
Sep 01 09:35:11.073098 n-d-800088-24 neutron-server[95252]: DEBUG neutron.wsgi [-] (95252) accepted ('10.222.0.23', 50059) {{(pid=95252) server /usr/local/lib/python3.8/dist-packages/eventlet/wsgi.py:982}}
Sep 01 09:35:11.256293 n-d-800088-24 neutron-server[95252]: DEBUG neutron.pecan_wsgi.hooks.policy_enforcement [req-731d2005-8ddf-4132-bc60-6425fe4ce479 req-48945c95-8e59-4d08-8185-1ee6362502bc tempest-ServersWithSpecificFlavorTestJSON-178115002 tempest-ServersWithSpecificFlavorTestJSON-178115002-project] Attributes excluded by policy engine: ['standard_attr_id', 'vlan_transparent', 'provider:network_type', 'provider:physical_network', 'provider:segmentation_id'] {{(pid=95252) _exclude_attributes_by_policy /opt/stack/neutron/neutron/pecan_wsgi/hooks/policy_enforcement.py:255}}
Sep 01 09:35:11.258437 n-d-800088-24 neutron-server[95252]: INFO neutron.wsgi [req-731d2005-8ddf-4132-bc60-6425fe4ce479 req-48945c95-8e59-4d08-8185-1ee6362502bc tempest-ServersWithSpecificFlavorTestJSON-178115002 tempest-ServersWithSpecificFlavorTestJSON-178115002-project] 10.222.0.23 "GET /v2.0/networks?id=76a1c9e1-8b23-472f-a476-f8077e208e88 HTTP/1.1" status: 200 len: 824 time: 0.1837466
Sep 01 09:35:11.295213 n-d-800088-24 neutron-server[95252]: DEBUG neutron.pecan_wsgi.hooks.policy_enforcement [req-a8f2c052-53f1-454f-ba90-8fb797efd42c req-d2a21d90-b1f7-434a-a197-862baa29d65d tempest-AggregatesAdminTestJSON-645633902 tempest-AggregatesAdminTestJSON-645633902-project] Attributes excluded by policy engine: ['standard_attr_id', 'binding:profile', 'binding:host_id', 'binding:vif_type', 'binding:vif_details'] {{(pid=95252) _exclude_attributes_by_policy /opt/stack/neutron/neutron/pecan_wsgi/hooks/policy_enforcement.py:255}}
Sep 01 09:35:11.296677 n-d-800088-24 neutron-server[95252]: INFO neutron.wsgi [req-a8f2c052-53f1-454f-ba90-8fb797efd42c req-d2a21d90-b1f7-434a-a197-862baa29d65d tempest-AggregatesAdminTestJSON-645633902 tempest-AggregatesAdminTestJSON-645633902-project] 10.222.0.44 "GET /v2.0/ports?device_id=75776ef2-e0f3-4f9a-8806-9bd0a4fa9707 HTTP/1.1" status: 200 len: 970 time: 0.0608811
Sep 01 09:35:11.335659 n-d-800088-24 neutron-server[95252]: INFO neutron.wsgi [req-a8f2c052-53f1-454f-ba90-8fb797efd42c req-a8c6f939-7745-49ed-8724-b37734f93779 tempest-AggregatesAdminTestJSON-645633902 tempest-AggregatesAdminTestJSON-645633902-project] 10.222.0.44 "GET /v2.0/security-groups?id=1095e89f-a926-4236-ad53-7e0802d901d0&fields=id&fields=name HTTP/1.1" status: 200 len: 286 time: 0.0330250
Sep 01 09:35:11.390212 n-d-800088-24 neutron-server[95253]: DEBUG neutron.wsgi [-] (95253) accepted ('10.222.0.44', 42960) {{(pid=95253) server /usr/local/lib/python3.8/dist-packages/eventlet/wsgi.py:982}}
Sep 01 09:35:11.406201 n-d-800088-24 neutron-server[95252]: INFO neutron.wsgi [req-731d2005-8ddf-4132-bc60-6425fe4ce479 req-94e593d3-1374-4043-850f-60c8e94fbbdc tempest-ServersWithSpecificFlavorTestJSON-178115002 tempest-ServersWithSpecificFlavorTestJSON-178115002-project] 10.222.0.23 "GET /v2.0/security-groups?fields=id&fields=name&tenant_id=def8eed5718c46aea22e271b86c324dd HTTP/1.1" status: 200 len: 379 time: 0.0488946
Sep 01 09:35:11.417011 n-d-800088-24 neutron-server[95253]: DEBUG neutron_lib.callbacks.manager [None req-078127dd-b5eb-4c09-8842-f65051cae574 admin admin] Notify callbacks [] for security_group, before_create {{(pid=95253) _notify_loop /usr/local/lib/python3.8/dist-packages/neutron_lib/callbacks/manager.py:192}}
Sep 01 09:35:11.420243 n-d-800088-24 neutron-server[95252]: DEBUG neutron.api.v2.base [req-731d2005-8ddf-4132-bc60-6425fe4ce479 req-2487a8dc-24c4-4369-a070-ecbf2745768c tempest-ServersWithSpecificFlavorTestJSON-178115002 tempest-ServersWithSpecificFlavorTestJSON-178115002-project] Request body: {'port': {'device_id': '96ae831d-6e43-4469-95d0-8b3632cad17a', 'network_id': '76a1c9e1-8b23-472f-a476-f8077e208e88', 'admin_state_up': True, 'tenant_id': 'def8eed5718c46aea22e271b86c324dd', 'security_groups': ['8e98d748-d40c-4698-902a-4106261e9e2a']}} {{(pid=95252) prepare_request_body /opt/stack/neutron/neutron/api/v2/base.py:730}}
Sep 01 09:35:11.533892 n-d-800088-24 neutron-server[95253]: DEBUG neutron_lib.callbacks.manager [None req-078127dd-b5eb-4c09-8842-f65051cae574 admin admin] Notify callbacks [] for security_group, precommit_create {{(pid=95253) _notify_loop /usr/local/lib/python3.8/dist-packages/neutron_lib/callbacks/manager.py:192}}
Sep 01 09:35:11.659854 n-d-800088-24 neutron-server[95253]: DEBUG neutron_lib.callbacks.manager [None req-078127dd-b5eb-4c09-8842-f65051cae574 admin admin] Notify callbacks ['neutron.plugins.ml2.ovo_rpc._ObjectChangeHandler.handle_event-587971'] for security_group, after_create {{(pid=95253) _notify_loop /usr/local/lib/python3.8/dist-packages/neutron_lib/callbacks/manager.py:192}}
Sep 01 09:35:11.680456 n-d-800088-24 neutron-server[95253]: DEBUG neutron.wsgi [-] (95253) accepted ('10.222.0.44', 42972) {{(pid=95253) server /usr/local/lib/python3.8/dist-packages/eventlet/wsgi.py:982}}
Sep 01 09:35:11.713817 n-d-800088-24 neutron-server[95253]: INFO neutron.wsgi [None req-078127dd-b5eb-4c09-8842-f65051cae574 admin admin] 10.222.0.44 "GET /v2.0/security-groups?tenant_id=ffb4224086754ecc8728170dca3bd8de&name=default HTTP/1.1" status: 200 len: 2979 time: 0.3186224
Sep 01 09:35:11.713817 n-d-800088-24 neutron-server[95253]: DEBUG neutron.api.rpc.handlers.resources_rpc [None req-078127dd-b5eb-4c09-8842-f65051cae574 admin admin] Pushing event updated for resources: {'SecurityGroup': ['ID=2739fd94-a225-4da3-b227-be9df61fff3b,revision_number=1']} {{(pid=95253) push /opt/stack/neutron/neutron/api/rpc/handlers/resources_rpc.py:237}}
Sep 01 09:35:11.715678 n-d-800088-24 neutron-server[95252]: DEBUG neutron.wsgi [-] (95252) accepted ('10.222.0.44', 42976) {{(pid=95252) server /usr/local/lib/python3.8/dist-packages/eventlet/wsgi.py:982}}
Sep 01 09:35:11.813685 n-d-800088-24 neutron-server[95252]: DEBUG neutron.pecan_wsgi.hooks.quota_enforcement [req-731d2005-8ddf-4132-bc60-6425fe4ce479 req-2487a8dc-24c4-4369-a070-ecbf2745768c tempest-ServersWithSpecificFlavorTestJSON-178115002 tempest-ServersWithSpecificFlavorTestJSON-178115002-project] Made reservation on behalf of def8eed5718c46aea22e271b86c324dd for: {'port': 1} {{(pid=95252) before /opt/stack/neutron/neutron/pecan_wsgi/hooks/quota_enforcement.py:53}}
Sep 01 09:35:11.815724 n-d-800088-24 neutron-server[95252]: DEBUG neutron_lib.callbacks.manager [req-731d2005-8ddf-4132-bc60-6425fe4ce479 req-2487a8dc-24c4-4369-a070-ecbf2745768c tempest-ServersWithSpecificFlavorTestJSON-178115002 tempest-ServersWithSpecificFlavorTestJSON-178115002-project] Notify callbacks ['neutron.plugins.ml2.plugin.SecurityGroupDbMixin._ensure_default_security_group_handler-1625952'] for port, before_create {{(pid=95252) _notify_loop /usr/local/lib/python3.8/dist-packages/neutron_lib/callbacks/manager.py:192}}
Sep 01 09:35:11.855567 n-d-800088-24 neutron-server[95252]: DEBUG neutron_lib.callbacks.manager [None req-52376d8d-d4f1-42b1-b9cb-0910cbe562ad admin admin] Notify callbacks [] for security_group, before_delete {{(pid=95252) _notify_loop /usr/local/lib/python3.8/dist-packages/neutron_lib/callbacks/manager.py:192}}
Sep 01 09:35:11.928320 n-d-800088-24 neutron-server[95252]: DEBUG neutron_lib.callbacks.manager [None req-52376d8d-d4f1-42b1-b9cb-0910cbe562ad admin admin] Notify callbacks [] for security_group, precommit_delete {{(pid=95252) _notify_loop /usr/local/lib/python3.8/dist-packages/neutron_lib/callbacks/manager.py:192}}
Sep 01 09:35:11.956778 n-d-800088-24 neutron-server[95252]: DEBUG neutron.pecan_wsgi.hooks.policy_enforcement [req-9451d9e7-ff2a-4c18-a104-69507ce536b9 req-1e438d9d-2f3f-469a-8492-1eaa9e838420 tempest-MigrationsAdminTest-496412302 tempest-MigrationsAdminTest-496412302-project] Attributes excluded by policy engine: ['standard_attr_id', 'binding:profile', 'binding:host_id', 'binding:vif_type', 'binding:vif_details'] {{(pid=95252) _exclude_attributes_by_policy /opt/stack/neutron/neutron/pecan_wsgi/hooks/policy_enforcement.py:255}}
Sep 01 09:35:11.956778 n-d-800088-24 neutron-server[95252]: INFO neutron.wsgi [req-9451d9e7-ff2a-4c18-a104-69507ce536b9 req-1e438d9d-2f3f-469a-8492-1eaa9e838420 tempest-MigrationsAdminTest-496412302 tempest-MigrationsAdminTest-496412302-project] 10.222.0.44 "GET /v2.0/ports?device_id=06ce189b-34a5-4290-b9a4-90412694829c HTTP/1.1" status: 200 len: 948 time: 0.1675370
Sep 01 09:35:12.071800 n-d-800088-24 neutron-server[95253]: DEBUG neutron_lib.callbacks.manager [None req-61db036d-ba54-4c36-a0fe-ba42457baec8 admin admin] Notify callbacks [] for security_group, before_create {{(pid=95253) _notify_loop /usr/local/lib/python3.8/dist-packages/neutron_lib/callbacks/manager.py:192}}
Sep 01 09:35:12.075737 n-d-800088-24 neutron-server[95252]: INFO neutron.wsgi [req-9451d9e7-ff2a-4c18-a104-69507ce536b9 req-45ee0681-c6a6-4662-8060-616cef852430 tempest-MigrationsAdminTest-496412302 tempest-MigrationsAdminTest-496412302-project] 10.222.0.44 "GET /v2.0/security-groups?id=a752ca62-47d5-49b2-94e5-5fbbcb9c332b&fields=id&fields=name HTTP/1.1" status: 200 len: 286 time: 0.1050673
Sep 01 09:35:12.101672 n-d-800088-24 neutron-server[95252]: INFO neutron.wsgi [req-041e6160-c82e-4eac-b453-a3fe9be11a5a req-9e781319-4b9a-4dd6-aedc-fee44e7bdb39 tempest-ServersWithSpecificFlavorTestJSON-178115002 tempest-ServersWithSpecificFlavorTestJSON-178115002-project] 10.222.0.44 "GET /v2.0/ports?device_id=96ae831d-6e43-4469-95d0-8b3632cad17a HTTP/1.1" status: 200 len: 210 time: 0.0541992
Sep 01 09:35:12.184061 n-d-800088-24 neutron-server[95252]: DEBUG neutron.db.db_base_plugin_common [req-731d2005-8ddf-4132-bc60-6425fe4ce479 req-2487a8dc-24c4-4369-a070-ecbf2745768c tempest-ServersWithSpecificFlavorTestJSON-178115002 tempest-ServersWithSpecificFlavorTestJSON-178115002-project] Allocated IP 172.20.0.9 (76a1c9e1-8b23-472f-a476-f8077e208e88/267cf6e6-c2d9-42d0-800b-70b72272c056/3d886450-1b02-4b87-9e74-a2eb0e3a6249) {{(pid=95252) _store_ip_allocation /opt/stack/neutron/neutron/db/db_base_plugin_common.py:131}}
Sep 01 09:35:12.206153 n-d-800088-24 neutron-server[95252]: DEBUG neutron.wsgi [-] (95252) accepted ('10.222.0.44', 42984) {{(pid=95252) server /usr/local/lib/python3.8/dist-packages/eventlet/wsgi.py:982}}
Sep 01 09:35:12.208311 n-d-800088-24 neutron-server[95252]: DEBUG neutron_lib.callbacks.manager [None req-52376d8d-d4f1-42b1-b9cb-0910cbe562ad admin admin] Notify callbacks ['neutron.plugins.ml2.ovo_rpc._ObjectChangeHandler.handle_event-587971'] for security_group, after_delete {{(pid=95252) _notify_loop /usr/local/lib/python3.8/dist-packages/neutron_lib/callbacks/manager.py:192}}
Sep 01 09:35:12.212201 n-d-800088-24 neutron-server[95252]: DEBUG neutron_lib.callbacks.manager [None req-52376d8d-d4f1-42b1-b9cb-0910cbe562ad admin admin] Notify callbacks [] for security_group, before_response {{(pid=95252) _notify_loop /usr/local/lib/python3.8/dist-packages/neutron_lib/callbacks/manager.py:192}}
Sep 01 09:35:12.213631 n-d-800088-24 neutron-server[95252]: INFO neutron.wsgi [None req-52376d8d-d4f1-42b1-b9cb-0910cbe562ad admin admin] 10.222.0.44 "DELETE /v2.0/security-groups/2739fd94-a225-4da3-b227-be9df61fff3b HTTP/1.1" status: 204 len: 168 time: 0.4965055
Sep 01 09:35:12.239359 n-d-800088-24 neutron-server[95252]: DEBUG neutron.api.rpc.handlers.resources_rpc [None req-52376d8d-d4f1-42b1-b9cb-0910cbe562ad admin admin] Pushing event deleted for resources: {'SecurityGroup': ['ID=2739fd94-a225-4da3-b227-be9df61fff3b,revision_number=None']} {{(pid=95252) push /opt/stack/neutron/neutron/api/rpc/handlers/resources_rpc.py:237}}
Sep 01 09:35:12.327016 n-d-800088-24 neutron-server[95253]: DEBUG neutron_lib.callbacks.manager [None req-61db036d-ba54-4c36-a0fe-ba42457baec8 admin admin] Notify callbacks [] for security_group, precommit_create {{(pid=95253) _notify_loop /usr/local/lib/python3.8/dist-packages/neutron_lib/callbacks/manager.py:192}}
Sep 01 09:35:12.381436 n-d-800088-24 neutron-server[95252]: DEBUG neutron_lib.callbacks.manager [req-731d2005-8ddf-4132-bc60-6425fe4ce479 req-2487a8dc-24c4-4369-a070-ecbf2745768c tempest-ServersWithSpecificFlavorTestJSON-178115002 tempest-ServersWithSpecificFlavorTestJSON-178115002-project] Notify callbacks [] for port, precommit_create {{(pid=95252) _notify_loop /usr/local/lib/python3.8/dist-packages/neutron_lib/callbacks/manager.py:192}}
Sep 01 09:35:12.430823 n-d-800088-24 neutron-server[95252]: DEBUG neutron_lib.callbacks.manager [None req-5da994ed-50ee-4272-962b-34338a320a88 admin admin] Notify callbacks [] for security_group, before_create {{(pid=95252) _notify_loop /usr/local/lib/python3.8/dist-packages/neutron_lib/callbacks/manager.py:192}}
Sep 01 09:35:12.443114 n-d-800088-24 neutron-server[95253]: DEBUG neutron_lib.callbacks.manager [None req-61db036d-ba54-4c36-a0fe-ba42457baec8 admin admin] Notify callbacks ['neutron.plugins.ml2.ovo_rpc._ObjectChangeHandler.handle_event-587971'] for security_group, after_create {{(pid=95253) _notify_loop /usr/local/lib/python3.8/dist-packages/neutron_lib/callbacks/manager.py:192}}
Sep 01 09:35:12.453534 n-d-800088-24 neutron-server[95252]: DEBUG neutron.db.provisioning_blocks [req-731d2005-8ddf-4132-bc60-6425fe4ce479 req-2487a8dc-24c4-4369-a070-ecbf2745768c tempest-ServersWithSpecificFlavorTestJSON-178115002 tempest-ServersWithSpecificFlavorTestJSON-178115002-project] Transition to ACTIVE for port object 3d886450-1b02-4b87-9e74-a2eb0e3a6249 will not be triggered until provisioned by entity DHCP. {{(pid=95252) add_provisioning_component /opt/stack/neutron/neutron/db/provisioning_blocks.py:73}}
Sep 01 09:35:12.495313 n-d-800088-24 neutron-server[95253]: INFO neutron.wsgi [None req-61db036d-ba54-4c36-a0fe-ba42457baec8 admin admin] 10.222.0.44 "GET /v2.0/security-groups?tenant_id=50e9ebf0849e4eb5b5b2f59e96423761&name=default HTTP/1.1" status: 200 len: 2979 time: 0.8127954
Sep 01 09:35:12.496552 n-d-800088-24 neutron-server[95253]: DEBUG neutron.api.rpc.handlers.resources_rpc [None req-61db036d-ba54-4c36-a0fe-ba42457baec8 admin admin] Pushing event updated for resources: {'SecurityGroup': ['ID=1b122fe6-62eb-4c70-b147-387621abc109,revision_number=1']} {{(pid=95253) push /opt/stack/neutron/neutron/api/rpc/handlers/resources_rpc.py:237}}
Sep 01 09:35:12.505297 n-d-800088-24 neutron-server[95252]: DEBUG neutron.pecan_wsgi.hooks.policy_enforcement [req-b5738eb7-3744-4bb4-8d73-28cd9f3b220c req-d60d8b3c-7d43-4a53-820f-1c177a2cb729 tempest-AggregatesAdminTestJSON-645633902 tempest-AggregatesAdminTestJSON-645633902-project] Attributes excluded by policy engine: ['standard_attr_id', 'binding:profile', 'binding:host_id', 'binding:vif_type', 'binding:vif_details'] {{(pid=95252) _exclude_attributes_by_policy /opt/stack/neutron/neutron/pecan_wsgi/hooks/policy_enforcement.py:255}}
Sep 01 09:35:12.507156 n-d-800088-24 neutron-server[95252]: INFO neutron.wsgi [req-b5738eb7-3744-4bb4-8d73-28cd9f3b220c req-d60d8b3c-7d43-4a53-820f-1c177a2cb729 tempest-AggregatesAdminTestJSON-645633902 tempest-AggregatesAdminTestJSON-645633902-project] 10.222.0.44 "GET /v2.0/ports?device_id=75776ef2-e0f3-4f9a-8806-9bd0a4fa9707 HTTP/1.1" status: 200 len: 970 time: 0.0970037
Sep 01 09:35:12.512437 n-d-800088-24 neutron-server[95253]: DEBUG neutron.wsgi [-] (95253) accepted ('10.222.0.44', 43002) {{(pid=95253) server /usr/local/lib/python3.8/dist-packages/eventlet/wsgi.py:982}}
Sep 01 09:35:12.604289 n-d-800088-24 neutron-server[95252]: INFO neutron.wsgi [req-b5738eb7-3744-4bb4-8d73-28cd9f3b220c req-3cf9c202-f356-42a6-a89c-13aba3abcc79 tempest-AggregatesAdminTestJSON-645633902 tempest-AggregatesAdminTestJSON-645633902-project] 10.222.0.44 "GET /v2.0/security-groups?id=1095e89f-a926-4236-ad53-7e0802d901d0&fields=id&fields=name HTTP/1.1" status: 200 len: 286 time: 0.0813308
Sep 01 09:35:12.604469 n-d-800088-24 neutron-server[95253]: DEBUG neutron_lib.callbacks.manager [None req-f380d2e0-5f4b-4212-af6f-c136baa151fb admin admin] Notify callbacks [] for security_group, before_delete {{(pid=95253) _notify_loop /usr/local/lib/python3.8/dist-packages/neutron_lib/callbacks/manager.py:192}}
Sep 01 09:35:12.632546 n-d-800088-24 neutron-server[95253]: DEBUG neutron_lib.callbacks.manager [None req-f380d2e0-5f4b-4212-af6f-c136baa151fb admin admin] Notify callbacks [] for security_group, precommit_delete {{(pid=95253) _notify_loop /usr/local/lib/python3.8/dist-packages/neutron_lib/callbacks/manager.py:192}}
Sep 01 09:35:12.641098 n-d-800088-24 neutron-server[95252]: DEBUG neutron_lib.callbacks.manager [req-731d2005-8ddf-4132-bc60-6425fe4ce479 req-2487a8dc-24c4-4369-a070-ecbf2745768c tempest-ServersWithSpecificFlavorTestJSON-178115002 tempest-ServersWithSpecificFlavorTestJSON-178115002-project] Notify callbacks ['neutron.plugins.ml2.plugin.SecurityGroupServerNotifierRpcMixin._notify_sg_on_port_change-1625895', 'neutron.plugins.ml2.ovo_rpc._ObjectChangeHandler.handle_event-99094', 'neutron.api.rpc.agentnotifiers.dhcp_rpc_agent_api.DhcpAgentNotifyAPI._native_event_send_dhcp_notification-753257', 'neutron.db.l3_dvrscheduler_db._notify_l3_agent_new_port-8785039043094', 'neutron.services.segments.plugin.NovaSegmentNotifier._notify_port_created_or_deleted-2866967'] for port, after_create {{(pid=95252) _notify_loop /usr/local/lib/python3.8/dist-packages/neutron_lib/callbacks/manager.py:192}}
Sep 01 09:35:12.693711 n-d-800088-24 neutron-server[95252]: DEBUG neutron_lib.callbacks.manager [None req-5da994ed-50ee-4272-962b-34338a320a88 admin admin] Notify callbacks [] for security_group, precommit_create {{(pid=95252) _notify_loop /usr/local/lib/python3.8/dist-packages/neutron_lib/callbacks/manager.py:192}}
Sep 01 09:35:12.713634 n-d-800088-24 neutron-server[95252]: DEBUG neutron.scheduler.dhcp_agent_scheduler [req-731d2005-8ddf-4132-bc60-6425fe4ce479 req-2487a8dc-24c4-4369-a070-ecbf2745768c tempest-ServersWithSpecificFlavorTestJSON-178115002 tempest-ServersWithSpecificFlavorTestJSON-178115002-project] Network 76a1c9e1-8b23-472f-a476-f8077e208e88 is already hosted by enough agents. {{(pid=95252) _get_dhcp_agents_hosting_network /opt/stack/neutron/neutron/scheduler/dhcp_agent_scheduler.py:275}}
Sep 01 09:35:12.719570 n-d-800088-24 neutron-server[95252]: DEBUG neutron.scheduler.base_scheduler [req-731d2005-8ddf-4132-bc60-6425fe4ce479 req-2487a8dc-24c4-4369-a070-ecbf2745768c tempest-ServersWithSpecificFlavorTestJSON-178115002 tempest-ServersWithSpecificFlavorTestJSON-178115002-project] Resources bound (agent type, host, resource id): {{(pid=95252) schedule /opt/stack/neutron/neutron/scheduler/base_scheduler.py:57}}
Sep 01 09:35:12.724529 n-d-800088-24 neutron-server[95252]: DEBUG neutron.db.l3_dvrscheduler_db [req-731d2005-8ddf-4132-bc60-6425fe4ce479 req-2487a8dc-24c4-4369-a070-ecbf2745768c tempest-ServersWithSpecificFlavorTestJSON-178115002 tempest-ServersWithSpecificFlavorTestJSON-178115002-project] Received port after_create {{(pid=95252) _notify_l3_agent_new_port /opt/stack/neutron/neutron/db/l3_dvrscheduler_db.py:535}}
Sep 01 09:35:12.730932 n-d-800088-24 neutron-server[95252]: DEBUG neutron.api.rpc.handlers.resources_rpc [None req-2487a8dc-24c4-4369-a070-ecbf2745768c tempest-ServersWithSpecificFlavorTestJSON-178115002 tempest-ServersWithSpecificFlavorTestJSON-178115002-project] Pushing event updated for resources: {'Port': ['ID=3d886450-1b02-4b87-9e74-a2eb0e3a6249,revision_number=1']} {{(pid=95252) push /opt/stack/neutron/neutron/api/rpc/handlers/resources_rpc.py:237}}
Sep 01 09:35:12.763944 n-d-800088-24 neutron-server[95254]: DEBUG neutron.plugins.ml2.rpc [None req-9b7d5dbf-0c37-4375-ae2f-1df3157a4069 None None] Device d8ae5971-5495-4fd9-8491-25265ab07b1e details requested by agent hyperv_n-h1-800088-24 with host n-h1-800088-24 {{(pid=95254) get_device_details /opt/stack/neutron/neutron/plugins/ml2/rpc.py:102}}
Sep 01 09:35:12.774799 n-d-800088-24 neutron-server[95252]: DEBUG neutron_lib.callbacks.manager [None req-5da994ed-50ee-4272-962b-34338a320a88 admin admin] Notify callbacks ['neutron.plugins.ml2.ovo_rpc._ObjectChangeHandler.handle_event-587971'] for security_group, after_create {{(pid=95252) _notify_loop /usr/local/lib/python3.8/dist-packages/neutron_lib/callbacks/manager.py:192}}
Sep 01 09:35:12.786855 n-d-800088-24 neutron-server[95253]: DEBUG neutron_lib.callbacks.manager [None req-f380d2e0-5f4b-4212-af6f-c136baa151fb admin admin] Notify callbacks ['neutron.plugins.ml2.ovo_rpc._ObjectChangeHandler.handle_event-587971'] for security_group, after_delete {{(pid=95253) _notify_loop /usr/local/lib/python3.8/dist-packages/neutron_lib/callbacks/manager.py:192}}
Sep 01 09:35:12.792660 n-d-800088-24 neutron-server[95253]: DEBUG neutron_lib.callbacks.manager [None req-f380d2e0-5f4b-4212-af6f-c136baa151fb admin admin] Notify callbacks [] for security_group, before_response {{(pid=95253) _notify_loop /usr/local/lib/python3.8/dist-packages/neutron_lib/callbacks/manager.py:192}}
Sep 01 09:35:12.793905 n-d-800088-24 neutron-server[95253]: INFO neutron.wsgi [None req-f380d2e0-5f4b-4212-af6f-c136baa151fb admin admin] 10.222.0.44 "DELETE /v2.0/security-groups/1b122fe6-62eb-4c70-b147-387621abc109 HTTP/1.1" status: 204 len: 168 time: 0.2738731
Sep 01 09:35:12.832835 n-d-800088-24 neutron-server[95253]: DEBUG neutron.api.rpc.handlers.resources_rpc [None req-f380d2e0-5f4b-4212-af6f-c136baa151fb admin admin] Pushing event deleted for resources: {'SecurityGroup': ['ID=1b122fe6-62eb-4c70-b147-387621abc109,revision_number=None']} {{(pid=95253) push /opt/stack/neutron/neutron/api/rpc/handlers/resources_rpc.py:237}}
Sep 01 09:35:12.842720 n-d-800088-24 neutron-server[95254]: DEBUG neutron.plugins.ml2.rpc [None req-9b7d5dbf-0c37-4375-ae2f-1df3157a4069 None None] Device b48dc72b-0d1c-4937-97e7-1644e0f18530 up at agent hyperv_n-h1-800088-24 {{(pid=95254) update_device_up /opt/stack/neutron/neutron/plugins/ml2/rpc.py:296}}
Sep 01 09:35:12.853009 n-d-800088-24 neutron-server[95252]: DEBUG neutron.pecan_wsgi.hooks.policy_enforcement [req-731d2005-8ddf-4132-bc60-6425fe4ce479 req-2487a8dc-24c4-4369-a070-ecbf2745768c tempest-ServersWithSpecificFlavorTestJSON-178115002 tempest-ServersWithSpecificFlavorTestJSON-178115002-project] Attributes excluded by policy engine: ['standard_attr_id', 'binding:profile', 'binding:host_id', 'binding:vif_type', 'binding:vif_details', 'network'] {{(pid=95252) _exclude_attributes_by_policy /opt/stack/neutron/neutron/pecan_wsgi/hooks/policy_enforcement.py:255}}
Sep 01 09:35:12.854435 n-d-800088-24 neutron-server[95252]: DEBUG neutron_lib.callbacks.manager [req-731d2005-8ddf-4132-bc60-6425fe4ce479 req-2487a8dc-24c4-4369-a070-ecbf2745768c tempest-ServersWithSpecificFlavorTestJSON-178115002 tempest-ServersWithSpecificFlavorTestJSON-178115002-project] Notify callbacks ['neutron.notifiers.nova.Notifier._send_nova_notification-98077', 'neutron.api.rpc.agentnotifiers.dhcp_rpc_agent_api.DhcpAgentNotifyAPI._send_dhcp_notification-753307'] for port, before_response {{(pid=95252) _notify_loop /usr/local/lib/python3.8/dist-packages/neutron_lib/callbacks/manager.py:192}}
Sep 01 09:35:12.863632 n-d-800088-24 neutron-server[95252]: INFO neutron.wsgi [None req-5da994ed-50ee-4272-962b-34338a320a88 admin admin] 10.222.0.44 "GET /v2.0/security-groups?tenant_id=66262b4c84db425e8e92a61a3dedfb88&name=default HTTP/1.1" status: 200 len: 2979 time: 0.6640737
Sep 01 09:35:12.866522 n-d-800088-24 neutron-server[95253]: DEBUG neutron.wsgi [-] (95253) accepted ('10.222.0.44', 43008) {{(pid=95253) server /usr/local/lib/python3.8/dist-packages/eventlet/wsgi.py:982}}
Sep 01 09:35:12.893123 n-d-800088-24 neutron-server[95252]: DEBUG neutron.api.rpc.handlers.resources_rpc [None req-5da994ed-50ee-4272-962b-34338a320a88 admin admin] Pushing event updated for resources: {'SecurityGroup': ['ID=2e98ab05-7012-4be8-b144-db7d98714bb6,revision_number=1']} {{(pid=95252) push /opt/stack/neutron/neutron/api/rpc/handlers/resources_rpc.py:237}}
Sep 01 09:35:12.952127 n-d-800088-24 neutron-server[95252]: INFO neutron.wsgi [req-731d2005-8ddf-4132-bc60-6425fe4ce479 req-2487a8dc-24c4-4369-a070-ecbf2745768c tempest-ServersWithSpecificFlavorTestJSON-178115002 tempest-ServersWithSpecificFlavorTestJSON-178115002-project] 10.222.0.23 "POST /v2.0/ports HTTP/1.1" status: 201 len: 933 time: 1.5386353
Sep 01 09:35:12.963644 n-d-800088-24 neutron-server[95253]: DEBUG neutron_lib.callbacks.manager [None req-16423515-0da0-4d5e-b08b-b4a15c7483a1 admin admin] Notify callbacks [] for security_group, before_delete {{(pid=95253) _notify_loop /usr/local/lib/python3.8/dist-packages/neutron_lib/callbacks/manager.py:192}}
Sep 01 09:35:12.991213 n-d-800088-24 neutron-server[95253]: DEBUG neutron_lib.callbacks.manager [None req-16423515-0da0-4d5e-b08b-b4a15c7483a1 admin admin] Notify callbacks [] for security_group, precommit_delete {{(pid=95253) _notify_loop /usr/local/lib/python3.8/dist-packages/neutron_lib/callbacks/manager.py:192}}
Sep 01 09:35:13.110535 n-d-800088-24 neutron-server[95254]: DEBUG neutron.plugins.ml2.db [None req-9b7d5dbf-0c37-4375-ae2f-1df3157a4069 None None] For port d8ae5971-5495-4fd9-8491-25265ab07b1e, host n-h1-800088-24, got binding levels [PortBindingLevel(driver='hyperv',host='n-h1-800088-24',level=0,port_id=d8ae5971-5495-4fd9-8491-25265ab07b1e,segment=NetworkSegment(9574254c-eb9a-4c90-b547-b819b06ce414),segment_id=9574254c-eb9a-4c90-b547-b819b06ce414)] {{(pid=95254) get_binding_level_objs /opt/stack/neutron/neutron/plugins/ml2/db.py:74}}
Sep 01 09:35:13.121952 n-d-800088-24 neutron-server[95254]: DEBUG neutron.plugins.ml2.rpc [None req-9b7d5dbf-0c37-4375-ae2f-1df3157a4069 None None] Returning: {'device': 'd8ae5971-5495-4fd9-8491-25265ab07b1e', 'network_id': '319adb70-d2f8-4709-b2b6-905327ae3a7f', 'port_id': 'd8ae5971-5495-4fd9-8491-25265ab07b1e', 'mac_address': 'fa:16:3e:f7:2a:56', 'admin_state_up': True, 'network_type': 'vlan', 'segmentation_id': 166, 'physical_network': 'physnet1', 'mtu': 1500, 'fixed_ips': [{'subnet_id': '87007b17-bf83-4650-afb0-7f697385d5a3', 'ip_address': '192.168.233.250'}], 'device_owner': 'compute:tempest-test_az-2047224593', 'allowed_address_pairs': [], 'port_security_enabled': True, 'qos_policy_id': None, 'network_qos_policy_id': None, 'profile': {}, 'propagate_uplink_status': False} {{(pid=95254) _get_device_details /opt/stack/neutron/neutron/plugins/ml2/rpc.py:184}}
Sep 01 09:35:13.130857 n-d-800088-24 neutron-server[95253]: DEBUG neutron_lib.callbacks.manager [None req-16423515-0da0-4d5e-b08b-b4a15c7483a1 admin admin] Notify callbacks ['neutron.plugins.ml2.ovo_rpc._ObjectChangeHandler.handle_event-587971'] for security_group, after_delete {{(pid=95253) _notify_loop /usr/local/lib/python3.8/dist-packages/neutron_lib/callbacks/manager.py:192}}
Sep 01 09:35:13.134186 n-d-800088-24 neutron-server[95253]: DEBUG neutron_lib.callbacks.manager [None req-16423515-0da0-4d5e-b08b-b4a15c7483a1 admin admin] Notify callbacks [] for security_group, before_response {{(pid=95253) _notify_loop /usr/local/lib/python3.8/dist-packages/neutron_lib/callbacks/manager.py:192}}
Sep 01 09:35:13.135541 n-d-800088-24 neutron-server[95253]: INFO neutron.wsgi [None req-16423515-0da0-4d5e-b08b-b4a15c7483a1 admin admin] 10.222.0.44 "DELETE /v2.0/security-groups/2e98ab05-7012-4be8-b144-db7d98714bb6 HTTP/1.1" status: 204 len: 168 time: 0.2673521
Sep 01 09:35:13.145098 n-d-800088-24 neutron-server[95253]: DEBUG neutron.api.rpc.handlers.resources_rpc [None req-16423515-0da0-4d5e-b08b-b4a15c7483a1 admin admin] Pushing event deleted for resources: {'SecurityGroup': ['ID=2e98ab05-7012-4be8-b144-db7d98714bb6,revision_number=None']} {{(pid=95253) push /opt/stack/neutron/neutron/api/rpc/handlers/resources_rpc.py:237}}
Sep 01 09:35:13.280345 n-d-800088-24 neutron-server[95254]: DEBUG neutron.db.provisioning_blocks [None req-9b7d5dbf-0c37-4375-ae2f-1df3157a4069 None None] Provisioning for port b48dc72b-0d1c-4937-97e7-1644e0f18530 completed by entity L2. {{(pid=95254) provisioning_complete /opt/stack/neutron/neutron/db/provisioning_blocks.py:133}}
Sep 01 09:35:13.284219 n-d-800088-24 neutron-server[95252]: DEBUG neutron.pecan_wsgi.hooks.policy_enforcement [req-e68af3be-5561-444a-b9ad-49184f42a1c8 req-18719c3d-d8fd-49aa-8c7d-ae51195d529c tempest-MigrationsAdminTest-496412302 tempest-MigrationsAdminTest-496412302-project] Attributes excluded by policy engine: ['standard_attr_id', 'binding:profile', 'binding:host_id', 'binding:vif_type', 'binding:vif_details'] {{(pid=95252) _exclude_attributes_by_policy /opt/stack/neutron/neutron/pecan_wsgi/hooks/policy_enforcement.py:255}}
Sep 01 09:35:13.297227 n-d-800088-24 neutron-server[95252]: INFO neutron.wsgi [req-e68af3be-5561-444a-b9ad-49184f42a1c8 req-18719c3d-d8fd-49aa-8c7d-ae51195d529c tempest-MigrationsAdminTest-496412302 tempest-MigrationsAdminTest-496412302-project] 10.222.0.44 "GET /v2.0/ports?device_id=06ce189b-34a5-4290-b9a4-90412694829c HTTP/1.1" status: 200 len: 948 time: 0.0801053
Sep 01 09:35:13.306851 n-d-800088-24 neutron-server[95254]: DEBUG neutron.db.provisioning_blocks [None req-9b7d5dbf-0c37-4375-ae2f-1df3157a4069 None None] Provisioning complete for port b48dc72b-0d1c-4937-97e7-1644e0f18530 triggered by entity L2. {{(pid=95254) provisioning_complete /opt/stack/neutron/neutron/db/provisioning_blocks.py:139}}
Sep 01 09:35:13.307043 n-d-800088-24 neutron-server[95254]: DEBUG neutron_lib.callbacks.manager [None req-9b7d5dbf-0c37-4375-ae2f-1df3157a4069 None None] Notify callbacks ['neutron.plugins.ml2.plugin.Ml2Plugin._port_provisioned-1699255'] for port, provisioning_complete {{(pid=95254) _notify_loop /usr/local/lib/python3.8/dist-packages/neutron_lib/callbacks/manager.py:192}}
Sep 01 09:35:13.352835 n-d-800088-24 neutron-server[95254]: DEBUG neutron_lib.callbacks.manager [None req-9b7d5dbf-0c37-4375-ae2f-1df3157a4069 None None] Notify callbacks ['neutron.plugins.ml2.plugin.SecurityGroupDbMixin._ensure_default_security_group_handler-1625952'] for port, before_update {{(pid=95254) _notify_loop /usr/local/lib/python3.8/dist-packages/neutron_lib/callbacks/manager.py:192}}
Sep 01 09:35:13.357967 n-d-800088-24 neutron-server[95252]: INFO neutron.wsgi [req-e68af3be-5561-444a-b9ad-49184f42a1c8 req-0a665c21-575b-4080-9c33-ec31a56ee84e tempest-MigrationsAdminTest-496412302 tempest-MigrationsAdminTest-496412302-project] 10.222.0.44 "GET /v2.0/security-groups?id=a752ca62-47d5-49b2-94e5-5fbbcb9c332b&fields=id&fields=name HTTP/1.1" status: 200 len: 286 time: 0.0540628
Sep 01 09:35:13.384277 n-d-800088-24 neutron-server[95254]: DEBUG neutron.db.provisioning_blocks [None req-3593e797-acff-4f2d-9e0f-fadf51a68d34 None None] Provisioning for port 3d886450-1b02-4b87-9e74-a2eb0e3a6249 completed by entity DHCP. {{(pid=95254) provisioning_complete /opt/stack/neutron/neutron/db/provisioning_blocks.py:133}}
Sep 01 09:35:13.393231 n-d-800088-24 neutron-server[95254]: DEBUG neutron.db.provisioning_blocks [None req-3593e797-acff-4f2d-9e0f-fadf51a68d34 None None] Provisioning complete for port 3d886450-1b02-4b87-9e74-a2eb0e3a6249 triggered by entity DHCP. {{(pid=95254) provisioning_complete /opt/stack/neutron/neutron/db/provisioning_blocks.py:139}}
Sep 01 09:35:13.393231 n-d-800088-24 neutron-server[95254]: DEBUG neutron_lib.callbacks.manager [None req-3593e797-acff-4f2d-9e0f-fadf51a68d34 None None] Notify callbacks ['neutron.plugins.ml2.plugin.Ml2Plugin._port_provisioned-1699255'] for port, provisioning_complete {{(pid=95254) _notify_loop /usr/local/lib/python3.8/dist-packages/neutron_lib/callbacks/manager.py:192}}
