Aug 16 23:50:29.197492 n-d-800088-20 neutron-server[101405]: DEBUG neutron.db.l3_hamode_db [None req-5f11574e-69c9-4d3a-b75d-76633b92deb0 None None] neutron.services.l3_router.l3_router_plugin.L3RouterPlugin method _process_sync_ha_data called with arguments (, [{'id': '03548ba5-494d-4910-98a3-332a7396d317', 'name': 'tempest-ServersWithSpecificFlavorTestJSON-929718497-router', 'tenant_id': '93628eca11dd4df499895f1c0f0c82e3', 'admin_state_up': True, 'status': 'ACTIVE', 'external_gateway_info': {'network_id': 'f9960621-448c-44b3-8317-7433dc6ce660', 'external_fixed_ips': [{'subnet_id': '89cf5db6-ab6a-4bdc-a689-bca2bef22be4', 'ip_address': '172.25.3.93'}], 'enable_snat': True}, 'gw_port_id': '972ec198-6d70-4427-bbc6-fcc3b847223f', 'description': '', 'availability_zones': ['nova'], 'distributed': False, 'ha': False, 'ha_vr_id': 0, 'availability_zone_hints': [], 'routes': [], 'flavor_id': None, 'tags': [], 'created_at': '2021-08-16T23:49:24Z', 'updated_at': '2021-08-16T23:49:28Z', 'revision_number': 4, 'project_id': '93628eca11dd4df499895f1c0f0c82e3', 'gw_port': {'id': '972ec198-6d70-4427-bbc6-fcc3b847223f', 'name': '', 'network_id': 'f9960621-448c-44b3-8317-7433dc6ce660', 'tenant_id': '', 'mac_address': 'fa:16:3e:d5:91:d5', 'admin_state_up': True, 'status': 'ACTIVE', 'device_id': '03548ba5-494d-4910-98a3-332a7396d317', 'device_owner': 'network:router_gateway', 'standard_attr_id': 41, 'fixed_ips': [{'subnet_id': '89cf5db6-ab6a-4bdc-a689-bca2bef22be4', 'ip_address': '172.25.3.93', 'prefixlen': 24}], 'allowed_address_pairs': [], 'extra_dhcp_opts': [], 'security_groups': [], 'description': '', 'binding:vnic_type': 'normal', 'binding:profile': {}, 'binding:host_id': 'n-d-800088-20', 'binding:vif_type': 'ovs', 'binding:vif_details': {'connectivity': 'l2', 'port_filter': True, 'ovs_hybrid_plug': False, 'datapath_type': 'system', 'bridge_name': 'br-int'}, 'port_security_enabled': False, 'tags': [], 'created_at': '2021-08-16T23:49:24Z', 'updated_at': '2021-08-16T23:49:29Z', 'revision_number': 4, 'project_id': '', 'subnets': [{'id': '89cf5db6-ab6a-4bdc-a689-bca2bef22be4', 'cidr': '172.25.3.0/24', 'gateway_ip': '172.25.3.1', 'dns_nameservers': [], 'ipv6_ra_mode': None, 'subnetpool_id': None}], 'extra_subnets': [], 'address_scopes': {4: None, 6: None}, 'mtu': 1500}, 'enable_snat': True, 'gw_port_host': 'n-d-800088-20', '_floatingips': [{'id': 'b716a6ef-26cf-40db-930b-5ec95d67e1f1', 'tenant_id': '93628eca11dd4df499895f1c0f0c82e3', 'floating_ip_address': '172.25.3.230', 'floating_network_id': 'f9960621-448c-44b3-8317-7433dc6ce660', 'router_id': '03548ba5-494d-4910-98a3-332a7396d317', 'port_id': '445e3097-e62b-415b-8136-451ef3dbd608', 'fixed_ip_address': '172.20.0.14', 'status': 'DOWN', 'standard_attr_id': 158, 'description': '', 'qos_policy_id': None, 'port_details': {'name': '', 'network_id': '94cccefc-4269-48cf-98bd-8abcbe14edad', 'mac_address': 'fa:16:3e:2f:ad:15', 'admin_state_up': True, 'status': 'ACTIVE', 'device_id': '2cd26234-e165-4fe4-b21d-335d5d9a7fd7', 'device_owner': 'compute:nova'}, 'dns_domain': '', 'dns_name': '', 'tags': [], 'created_at': '2021-08-16T23:49:53Z', 'updated_at': '2021-08-16T23:50:26Z', 'revision_number': 1, 'project_id': '93628eca11dd4df499895f1c0f0c82e3', 'fixed_ip_address_scope': None}], '_interfaces': [{'id': '01e1c983-b2cb-4eb2-b1ab-dff3afef6e01', 'name': '', 'network_id': '94cccefc-4269-48cf-98bd-8abcbe14edad', 'tenant_id': '93628eca11dd4df499895f1c0f0c82e3', 'mac_address': 'fa:16:3e:20:ea:ee', 'admin_state_up': True, 'status': 'ACTIVE', 'device_id': '03548ba5-494d-4910-98a3-332a7396d317', 'device_owner': 'network:router_interface', 'standard_attr_id': 47, 'fixed_ips': [{'subnet_id': 'e84fba67-0d47-488c-bc23-642dedf3f16b', 'ip_address': '172.20.0.1', 'prefixlen': 28}], 'allowed_address_pairs': [], 'extra_dhcp_opts': [], 'security_groups': [], 'description': '', 'binding:vnic_type': 'normal', 'binding:profile': {}, 'binding:host_id': 'n-d-800088-20', 'binding:vif_type': 'ovs', 'binding:vif_details': {'connectivity': 'l2', 'port_filter': True, 'ovs_hybrid_plug': False, 'datapath_type': 'system', 'bridge_name': 'br-int'}, 'port_security_enabled': False, 'tags': [], 'created_at': '2021-08-16T23:49:27Z', 'updated_at': '2021-08-16T23:49:36Z', 'revision_number': 5, 'project_id': '93628eca11dd4df499895f1c0f0c82e3', 'subnets': [{'id': 'e84fba67-0d47-488c-bc23-642dedf3f16b', 'cidr': '172.20.0.0/28', 'gateway_ip': '172.20.0.1', 'dns_nameservers': [], 'ipv6_ra_mode': None, 'subnetpool_id': None}], 'extra_subnets': [], 'address_scopes': {4: None, 6: None}, 'mtu': 1500}]}], 'n-d-800088-20', False) {} {{(pid=101405) wrapper /usr/local/lib/python3.8/dist-packages/oslo_log/helpers.py:65}}
Aug 16 23:50:29.201735 n-d-800088-20 neutron-server[101402]: DEBUG neutron_lib.callbacks.manager [None req-412c4783-2d39-4333-bed0-5014e8a3e17c admin admin] Notify callbacks [] for security_group, precommit_create {{(pid=101402) _notify_loop /usr/local/lib/python3.8/dist-packages/neutron_lib/callbacks/manager.py:192}}
Aug 16 23:50:29.274140 n-d-800088-20 neutron-server[101405]: DEBUG neutron.api.rpc.handlers.l3_rpc [None req-5f11574e-69c9-4d3a-b75d-76633b92deb0 None None] The sync data for ids ['03548ba5-494d-4910-98a3-332a7396d317'] in n-d-800088-20 is: [{'id': '03548ba5-494d-4910-98a3-332a7396d317', 'name': 'tempest-ServersWithSpecificFlavorTestJSON-929718497-router', 'tenant_id': '93628eca11dd4df499895f1c0f0c82e3', 'admin_state_up': True, 'status': 'ACTIVE', 'external_gateway_info': {'network_id': 'f9960621-448c-44b3-8317-7433dc6ce660', 'external_fixed_ips': [{'subnet_id': '89cf5db6-ab6a-4bdc-a689-bca2bef22be4', 'ip_address': '172.25.3.93'}], 'enable_snat': True}, 'gw_port_id': '972ec198-6d70-4427-bbc6-fcc3b847223f', 'description': '', 'availability_zones': ['nova'], 'distributed': False, 'ha': False, 'ha_vr_id': 0, 'availability_zone_hints': [], 'routes': [], 'flavor_id': None, 'tags': [], 'created_at': '2021-08-16T23:49:24Z', 'updated_at': '2021-08-16T23:49:28Z', 'revision_number': 4, 'project_id': '93628eca11dd4df499895f1c0f0c82e3', 'gw_port': {'id': '972ec198-6d70-4427-bbc6-fcc3b847223f', 'name': '', 'network_id': 'f9960621-448c-44b3-8317-7433dc6ce660', 'tenant_id': '', 'mac_address': 'fa:16:3e:d5:91:d5', 'admin_state_up': True, 'status': 'ACTIVE', 'device_id': '03548ba5-494d-4910-98a3-332a7396d317', 'device_owner': 'network:router_gateway', 'standard_attr_id': 41, 'fixed_ips': [{'subnet_id': '89cf5db6-ab6a-4bdc-a689-bca2bef22be4', 'ip_address': '172.25.3.93', 'prefixlen': 24}], 'allowed_address_pairs': [], 'extra_dhcp_opts': [], 'security_groups': [], 'description': '', 'binding:vnic_type': 'normal', 'binding:profile': {}, 'binding:host_id': 'n-d-800088-20', 'binding:vif_type': 'ovs', 'binding:vif_details': {'connectivity': 'l2', 'port_filter': True, 'ovs_hybrid_plug': False, 'datapath_type': 'system', 'bridge_name': 'br-int'}, 'port_security_enabled': False, 'tags': [], 'created_at': '2021-08-16T23:49:24Z', 'updated_at': '2021-08-16T23:49:29Z', 'revision_number': 4, 'project_id': '', 'subnets': [{'id': '89cf5db6-ab6a-4bdc-a689-bca2bef22be4', 'cidr': '172.25.3.0/24', 'gateway_ip': '172.25.3.1', 'dns_nameservers': [], 'ipv6_ra_mode': None, 'subnetpool_id': None}], 'extra_subnets': [], 'address_scopes': {4: None, 6: None}, 'mtu': 1500}, 'enable_snat': True, 'gw_port_host': 'n-d-800088-20', '_floatingips': [{'id': 'b716a6ef-26cf-40db-930b-5ec95d67e1f1', 'tenant_id': '93628eca11dd4df499895f1c0f0c82e3', 'floating_ip_address': '172.25.3.230', 'floating_network_id': 'f9960621-448c-44b3-8317-7433dc6ce660', 'router_id': '03548ba5-494d-4910-98a3-332a7396d317', 'port_id': '445e3097-e62b-415b-8136-451ef3dbd608', 'fixed_ip_address': '172.20.0.14', 'status': 'DOWN', 'standard_attr_id': 158, 'description': '', 'qos_policy_id': None, 'port_details': {'name': '', 'network_id': '94cccefc-4269-48cf-98bd-8abcbe14edad', 'mac_address': 'fa:16:3e:2f:ad:15', 'admin_state_up': True, 'status': 'ACTIVE', 'device_id': '2cd26234-e165-4fe4-b21d-335d5d9a7fd7', 'device_owner': 'compute:nova'}, 'dns_domain': '', 'dns_name': '', 'tags': [], 'created_at': '2021-08-16T23:49:53Z', 'updated_at': '2021-08-16T23:50:26Z', 'revision_number': 1, 'project_id': '93628eca11dd4df499895f1c0f0c82e3', 'fixed_ip_address_scope': None}], '_interfaces': [{'id': '01e1c983-b2cb-4eb2-b1ab-dff3afef6e01', 'name': '', 'network_id': '94cccefc-4269-48cf-98bd-8abcbe14edad', 'tenant_id': '93628eca11dd4df499895f1c0f0c82e3', 'mac_address': 'fa:16:3e:20:ea:ee', 'admin_state_up': True, 'status': 'ACTIVE', 'device_id': '03548ba5-494d-4910-98a3-332a7396d317', 'device_owner': 'network:router_interface', 'standard_attr_id': 47, 'fixed_ips': [{'subnet_id': 'e84fba67-0d47-488c-bc23-642dedf3f16b', 'ip_address': '172.20.0.1', 'prefixlen': 28}], 'allowed_address_pairs': [], 'extra_dhcp_opts': [], 'security_groups': [], 'description': '', 'binding:vnic_type': 'normal', 'binding:profile': {}, 'binding:host_id': 'n-d-800088-20', 'binding:vif_type': 'ovs', 'binding:vif_details': {'connectivity': 'l2', 'port_filter': True, 'ovs_hybrid_plug': False, 'datapath_type': 'system', 'bridge_name': 'br-int'}, 'port_security_enabled': False, 'tags': [], 'created_at': '2021-08-16T23:49:27Z', 'updated_at': '2021-08-16T23:49:36Z', 'revision_number': 5, 'project_id': '93628eca11dd4df499895f1c0f0c82e3', 'subnets': [{'id': 'e84fba67-0d47-488c-bc23-642dedf3f16b', 'cidr': '172.20.0.0/28', 'gateway_ip': '172.20.0.1', 'dns_nameservers': [], 'ipv6_ra_mode': None, 'subnetpool_id': None}], 'extra_subnets': [], 'address_scopes': {4: None, 6: None}, 'mtu': 1500}]}] {{(pid=101405) sync_routers /opt/stack/neutron/neutron/api/rpc/handlers/l3_rpc.py:137}}
Aug 16 23:50:29.325351 n-d-800088-20 neutron-server[101402]: DEBUG neutron_lib.callbacks.manager [None req-412c4783-2d39-4333-bed0-5014e8a3e17c admin admin] Notify callbacks ['neutron.plugins.ml2.ovo_rpc._ObjectChangeHandler.handle_event-1666545'] for security_group, after_create {{(pid=101402) _notify_loop /usr/local/lib/python3.8/dist-packages/neutron_lib/callbacks/manager.py:192}}
Aug 16 23:50:29.355990 n-d-800088-20 neutron-server[101402]: DEBUG novaclient.v2.client [-] RESP: [200] Connection: close Content-Length: 179 Content-Type: application/json Date: Mon, 16 Aug 2021 23:50:27 GMT OpenStack-API-Version: compute 2.1 Server: Apache/2.4.41 (Ubuntu) Vary: OpenStack-API-Version,X-OpenStack-Nova-API-Version X-OpenStack-Nova-API-Version: 2.1 x-compute-request-id: req-7263f0b3-d671-4bc4-8a91-ee2e3f5cb5a1 x-openstack-request-id: req-7263f0b3-d671-4bc4-8a91-ee2e3f5cb5a1 {{(pid=101402) _http_log_response /usr/local/lib/python3.8/dist-packages/keystoneauth1/session.py:550}}
Aug 16 23:50:29.356293 n-d-800088-20 neutron-server[101402]: DEBUG novaclient.v2.client [-] RESP BODY: {"events": [{"name": "network-changed", "server_uuid": "2cd26234-e165-4fe4-b21d-335d5d9a7fd7", "tag": "445e3097-e62b-415b-8136-451ef3dbd608", "status": "completed", "code": 200}]} {{(pid=101402) _http_log_response /usr/local/lib/python3.8/dist-packages/keystoneauth1/session.py:582}}
Aug 16 23:50:29.356547 n-d-800088-20 neutron-server[101402]: DEBUG novaclient.v2.client [-] POST call to compute for http://10.222.0.60/compute/v2.1/os-server-external-events used request id req-7263f0b3-d671-4bc4-8a91-ee2e3f5cb5a1 {{(pid=101402) request /usr/local/lib/python3.8/dist-packages/keystoneauth1/session.py:954}}
Aug 16 23:50:29.356966 n-d-800088-20 neutron-server[101402]: INFO neutron.notifiers.nova [-] Nova event response: {'name': 'network-changed', 'server_uuid': '2cd26234-e165-4fe4-b21d-335d5d9a7fd7', 'tag': '445e3097-e62b-415b-8136-451ef3dbd608', 'status': 'completed', 'code': 200}
Aug 16 23:50:29.374646 n-d-800088-20 neutron-server[101403]: DEBUG neutron.wsgi [-] (101403) accepted ('10.222.0.60', 42608) {{(pid=101403) server /usr/local/lib/python3.8/dist-packages/eventlet/wsgi.py:982}}
Aug 16 23:50:29.509446 n-d-800088-20 neutron-server[101403]: DEBUG neutron.pecan_wsgi.hooks.policy_enforcement [req-643239ea-2440-4816-97b7-5e813f792d0a req-dba72e8d-6b0b-4a02-8b78-f539b67abf99 tempest-DeleteServersAdminTestJSON-1242193828 tempest-DeleteServersAdminTestJSON-1242193828-project] Attributes excluded by policy engine: ['standard_attr_id', 'binding:profile', 'binding:host_id', 'binding:vif_type', 'binding:vif_details'] {{(pid=101403) _exclude_attributes_by_policy /opt/stack/neutron/neutron/pecan_wsgi/hooks/policy_enforcement.py:255}}
Aug 16 23:50:29.511034 n-d-800088-20 neutron-server[101403]: INFO neutron.wsgi [req-643239ea-2440-4816-97b7-5e813f792d0a req-dba72e8d-6b0b-4a02-8b78-f539b67abf99 tempest-DeleteServersAdminTestJSON-1242193828 tempest-DeleteServersAdminTestJSON-1242193828-project] 10.222.0.60 "GET /v2.0/ports?device_id=3c99f063-fe33-4ea7-b3f4-6651239f7aaa HTTP/1.1" status: 200 len: 949 time: 0.0898252
Aug 16 23:50:29.590510 n-d-800088-20 neutron-server[101402]: DEBUG neutron.api.rpc.handlers.resources_rpc [None req-412c4783-2d39-4333-bed0-5014e8a3e17c admin admin] Pushing event updated for resources: {'SecurityGroup': ['ID=f25f141c-c219-487e-ba55-06d225db5060,revision_number=1']} {{(pid=101402) push /opt/stack/neutron/neutron/api/rpc/handlers/resources_rpc.py:237}}
Aug 16 23:50:29.612332 n-d-800088-20 neutron-server[101402]: DEBUG neutron_lib.callbacks.manager [None req-dd6855c4-39a0-4356-9987-dc635a333ee3 admin admin] Notify callbacks [] for security_group, before_delete {{(pid=101402) _notify_loop /usr/local/lib/python3.8/dist-packages/neutron_lib/callbacks/manager.py:192}}
Aug 16 23:50:29.613829 n-d-800088-20 neutron-server[101403]: INFO neutron.wsgi [req-643239ea-2440-4816-97b7-5e813f792d0a req-7f96432f-bf62-4b83-a648-3331a1567fda tempest-DeleteServersAdminTestJSON-1242193828 tempest-DeleteServersAdminTestJSON-1242193828-project] 10.222.0.60 "GET /v2.0/security-groups?id=19f8caff-4a70-4d6e-8a64-b2997578bdd1&fields=id&fields=name HTTP/1.1" status: 200 len: 286 time: 0.0937350
Aug 16 23:50:29.665069 n-d-800088-20 neutron-server[101402]: DEBUG neutron_lib.callbacks.manager [None req-dd6855c4-39a0-4356-9987-dc635a333ee3 admin admin] Notify callbacks [] for security_group, precommit_delete {{(pid=101402) _notify_loop /usr/local/lib/python3.8/dist-packages/neutron_lib/callbacks/manager.py:192}}
Aug 16 23:50:29.757362 n-d-800088-20 neutron-server[101404]: DEBUG neutron.api.rpc.handlers.l3_rpc [None req-e15f4add-aa71-4158-a14b-68b62b7ee628 None None] New status for floating IP b716a6ef-26cf-40db-930b-5ec95d67e1f1: ACTIVE {{(pid=101404) update_floatingip_statuses /opt/stack/neutron/neutron/api/rpc/handlers/l3_rpc.py:270}}
Aug 16 23:50:29.776593 n-d-800088-20 neutron-server[101402]: INFO neutron.wsgi [None req-412c4783-2d39-4333-bed0-5014e8a3e17c admin admin] 10.222.0.60 "GET /v2.0/security-groups?tenant_id=20628c8b6de84819bc7714dedf938e19&name=default HTTP/1.1" status: 200 len: 2979 time: 0.7652035
Aug 16 23:50:29.787763 n-d-800088-20 neutron-server[101402]: DEBUG neutron.wsgi [-] (101402) accepted ('10.222.0.60', 42628) {{(pid=101402) server /usr/local/lib/python3.8/dist-packages/eventlet/wsgi.py:982}}
Aug 16 23:50:29.797224 n-d-800088-20 neutron-server[101403]: DEBUG neutron.wsgi [req-b362eb2c-9872-4f79-b08e-49f2e2324ab2 req-bc96bb3a-57af-4a5f-9622-5aa5d97f94b2 tempest-LiveAutoBlockMigrationV225Test-105772114 tempest-LiveAutoBlockMigrationV225Test-105772114-project-admin] http://10.222.0.60:9696/v2.0/extensions returned with HTTP 200 {{(pid=101403) __call__ /opt/stack/neutron/neutron/wsgi.py:729}}
Aug 16 23:50:29.798802 n-d-800088-20 neutron-server[101403]: INFO neutron.wsgi [req-b362eb2c-9872-4f79-b08e-49f2e2324ab2 req-bc96bb3a-57af-4a5f-9622-5aa5d97f94b2 tempest-LiveAutoBlockMigrationV225Test-105772114 tempest-LiveAutoBlockMigrationV225Test-105772114-project-admin] 10.222.0.60 "GET /v2.0/extensions HTTP/1.1" status: 200 len: 13640 time: 0.4230678
Aug 16 23:50:29.824528 n-d-800088-20 neutron-server[101402]: DEBUG neutron_lib.callbacks.manager [None req-dd6855c4-39a0-4356-9987-dc635a333ee3 admin admin] Notify callbacks ['neutron.plugins.ml2.ovo_rpc._ObjectChangeHandler.handle_event-1666545'] for security_group, after_delete {{(pid=101402) _notify_loop /usr/local/lib/python3.8/dist-packages/neutron_lib/callbacks/manager.py:192}}
Aug 16 23:50:29.827194 n-d-800088-20 neutron-server[101402]: DEBUG neutron_lib.callbacks.manager [None req-dd6855c4-39a0-4356-9987-dc635a333ee3 admin admin] Notify callbacks [] for security_group, before_response {{(pid=101402) _notify_loop /usr/local/lib/python3.8/dist-packages/neutron_lib/callbacks/manager.py:192}}
Aug 16 23:50:29.831241 n-d-800088-20 neutron-server[101402]: INFO neutron.wsgi [None req-dd6855c4-39a0-4356-9987-dc635a333ee3 admin admin] 10.222.0.60 "DELETE /v2.0/security-groups/ee1607ea-cdcf-41fc-b889-129a2a8cc1dc HTTP/1.1" status: 204 len: 168 time: 0.7664962
Aug 16 23:50:29.875371 n-d-800088-20 neutron-server[101403]: DEBUG neutron.pecan_wsgi.hooks.policy_enforcement [req-f72f658f-1c4c-46e1-84d2-a2c3177ffb2e req-e668005f-a7bd-4b13-8397-4f406942f4ff tempest-ServerDiagnosticsNegativeTest-1916787769 tempest-ServerDiagnosticsNegativeTest-1916787769-project] Attributes excluded by policy engine: ['standard_attr_id', 'binding:profile', 'binding:host_id', 'binding:vif_type', 'binding:vif_details'] {{(pid=101403) _exclude_attributes_by_policy /opt/stack/neutron/neutron/pecan_wsgi/hooks/policy_enforcement.py:255}}
Aug 16 23:50:29.877677 n-d-800088-20 neutron-server[101403]: INFO neutron.wsgi [req-f72f658f-1c4c-46e1-84d2-a2c3177ffb2e req-e668005f-a7bd-4b13-8397-4f406942f4ff tempest-ServerDiagnosticsNegativeTest-1916787769 tempest-ServerDiagnosticsNegativeTest-1916787769-project] 10.222.0.60 "GET /v2.0/ports?device_id=c5302c95-195b-41a5-9820-7f44d802dd67 HTTP/1.1" status: 200 len: 950 time: 0.1442914
Aug 16 23:50:29.878855 n-d-800088-20 neutron-server[101403]: DEBUG neutron.pecan_wsgi.hooks.policy_enforcement [req-b362eb2c-9872-4f79-b08e-49f2e2324ab2 req-994fa39f-b204-4c4f-9cf5-23c76d1f59a4 tempest-LiveAutoBlockMigrationV225Test-105772114 tempest-LiveAutoBlockMigrationV225Test-105772114-project-admin] Attributes excluded by policy engine: ['standard_attr_id'] {{(pid=101403) _exclude_attributes_by_policy /opt/stack/neutron/neutron/pecan_wsgi/hooks/policy_enforcement.py:255}}
Aug 16 23:50:29.880562 n-d-800088-20 neutron-server[101403]: INFO neutron.wsgi [req-b362eb2c-9872-4f79-b08e-49f2e2324ab2 req-994fa39f-b204-4c4f-9cf5-23c76d1f59a4 tempest-LiveAutoBlockMigrationV225Test-105772114 tempest-LiveAutoBlockMigrationV225Test-105772114-project-admin] 10.222.0.60 "GET /v2.0/ports/a7dbf29f-c990-453c-8b9a-4537c6e199d9 HTTP/1.1" status: 200 len: 1095 time: 0.0747621
Aug 16 23:50:29.931312 n-d-800088-20 neutron-server[101402]: DEBUG neutron.api.rpc.handlers.resources_rpc [None req-dd6855c4-39a0-4356-9987-dc635a333ee3 admin admin] Pushing event deleted for resources: {'SecurityGroup': ['ID=ee1607ea-cdcf-41fc-b889-129a2a8cc1dc,revision_number=None']} {{(pid=101402) push /opt/stack/neutron/neutron/api/rpc/handlers/resources_rpc.py:237}}
Aug 16 23:50:29.936446 n-d-800088-20 neutron-server[101402]: DEBUG neutron.pecan_wsgi.hooks.policy_enforcement [req-2c28243f-f65e-4ab1-a945-81d0d36538a3 req-36dcbf64-82bb-4ae2-a1ec-8a04934a6937 service neutron] Attributes excluded by policy engine: ['standard_attr_id'] {{(pid=101402) _exclude_attributes_by_policy /opt/stack/neutron/neutron/pecan_wsgi/hooks/policy_enforcement.py:255}}
Aug 16 23:50:29.938857 n-d-800088-20 neutron-server[101402]: INFO neutron.wsgi [req-2c28243f-f65e-4ab1-a945-81d0d36538a3 req-36dcbf64-82bb-4ae2-a1ec-8a04934a6937 service neutron] 10.222.0.69 "GET /v2.0/ports?tenant_id=93628eca11dd4df499895f1c0f0c82e3&device_id=2cd26234-e165-4fe4-b21d-335d5d9a7fd7 HTTP/1.1" status: 200 len: 1098 time: 0.5643463
Aug 16 23:50:29.962700 n-d-800088-20 neutron-server[101402]: DEBUG neutron.plugins.ml2.plugin [req-f91250a2-8864-4e8b-a489-765067b819f7 req-2c40583c-2a02-4852-9b3b-ddf8d947d17c tempest-ServerDiagnosticsNegativeTest-1916787769 tempest-ServerDiagnosticsNegativeTest-1916787769-project] Deleting port 9f4f2ef9-9312-4b5e-b951-ec1f69ba4f26 {{(pid=101402) _pre_delete_port /opt/stack/neutron/neutron/plugins/ml2/plugin.py:1917}}
Aug 16 23:50:29.963637 n-d-800088-20 neutron-server[101402]: DEBUG neutron_lib.callbacks.manager [req-f91250a2-8864-4e8b-a489-765067b819f7 req-2c40583c-2a02-4852-9b3b-ddf8d947d17c tempest-ServerDiagnosticsNegativeTest-1916787769 tempest-ServerDiagnosticsNegativeTest-1916787769-project] Notify callbacks ['neutron.db.l3_db.L3_NAT_dbonly_mixin._prevent_l3_port_delete_callback-8730304381269'] for port, before_delete {{(pid=101402) _notify_loop /usr/local/lib/python3.8/dist-packages/neutron_lib/callbacks/manager.py:192}}
Aug 16 23:50:29.965939 n-d-800088-20 neutron-server[101403]: INFO neutron.wsgi [req-f72f658f-1c4c-46e1-84d2-a2c3177ffb2e req-f109f66c-720d-43a3-8aa4-ef7f3a3270c6 tempest-ServerDiagnosticsNegativeTest-1916787769 tempest-ServerDiagnosticsNegativeTest-1916787769-project] 10.222.0.60 "GET /v2.0/security-groups?id=7b49f97d-71fa-47f4-b285-f017b932b82a&fields=id&fields=name HTTP/1.1" status: 200 len: 286 time: 0.0766702
Aug 16 23:50:30.125580 n-d-800088-20 neutron-server[101402]: DEBUG neutron_lib.callbacks.manager [None req-a8b77ab5-59d1-4b7e-b9ec-ae7004c1e8c0 admin admin] Notify callbacks [] for security_group, before_delete {{(pid=101402) _notify_loop /usr/local/lib/python3.8/dist-packages/neutron_lib/callbacks/manager.py:192}}
Aug 16 23:50:30.151523 n-d-800088-20 neutron-server[101403]: INFO neutron.wsgi [req-0f8ec3be-a5f4-4c83-9097-33cf9c025f4d req-446c289b-cd21-44b7-90c7-04bf9542013f tempest-ServersAdminTestJSON-2073567486 tempest-ServersAdminTestJSON-2073567486-project] 10.222.0.60 "GET /v2.0/ports?device_id=0d859cb0-2f3c-4c5d-8c3c-74a4a595e13d HTTP/1.1" status: 200 len: 210 time: 0.0471926
Aug 16 23:50:30.253910 n-d-800088-20 neutron-server[101402]: DEBUG neutron_lib.callbacks.manager [None req-a8b77ab5-59d1-4b7e-b9ec-ae7004c1e8c0 admin admin] Notify callbacks [] for security_group, precommit_delete {{(pid=101402) _notify_loop /usr/local/lib/python3.8/dist-packages/neutron_lib/callbacks/manager.py:192}}
Aug 16 23:50:30.291672 n-d-800088-20 neutron-server[101402]: DEBUG neutron.plugins.ml2.db [req-f91250a2-8864-4e8b-a489-765067b819f7 req-2c40583c-2a02-4852-9b3b-ddf8d947d17c tempest-ServerDiagnosticsNegativeTest-1916787769 tempest-ServerDiagnosticsNegativeTest-1916787769-project] For port 9f4f2ef9-9312-4b5e-b951-ec1f69ba4f26, host n-h1-800088-20, got binding levels [PortBindingLevel(driver='hyperv',host='n-h1-800088-20',level=0,port_id=9f4f2ef9-9312-4b5e-b951-ec1f69ba4f26,segment=NetworkSegment(4e3ad541-a927-449f-ad5e-82349e327db6),segment_id=4e3ad541-a927-449f-ad5e-82349e327db6)] {{(pid=101402) get_binding_level_objs /opt/stack/neutron/neutron/plugins/ml2/db.py:74}}
Aug 16 23:50:30.293246 n-d-800088-20 neutron-server[101402]: DEBUG neutron_lib.callbacks.manager [req-f91250a2-8864-4e8b-a489-765067b819f7 req-2c40583c-2a02-4852-9b3b-ddf8d947d17c tempest-ServerDiagnosticsNegativeTest-1916787769 tempest-ServerDiagnosticsNegativeTest-1916787769-project] Notify callbacks ['neutron.services.l3_router.l3_router_plugin.L3_NAT_dbonly_mixin._precommit_delete_port_callback-1630969'] for port, precommit_delete {{(pid=101402) _notify_loop /usr/local/lib/python3.8/dist-packages/neutron_lib/callbacks/manager.py:192}}
Aug 16 23:50:30.295991 n-d-800088-20 neutron-server[101402]: DEBUG neutron_lib.callbacks.manager [req-2f8bc9c5-fc77-4d99-b09c-595e752e81b8 req-5c15e252-2ea3-4799-8fe6-f44a57510348 tempest-DeleteServersAdminTestJSON-1242193828 tempest-DeleteServersAdminTestJSON-1242193828-project] Notify callbacks ['neutron.plugins.ml2.plugin.SecurityGroupServerNotifierRpcMixin._notify_sg_on_port_change-1440779', 'neutron.plugins.ml2.ovo_rpc._ObjectChangeHandler.handle_event-34005', 'neutron.api.rpc.agentnotifiers.dhcp_rpc_agent_api.DhcpAgentNotifyAPI._native_event_send_dhcp_notification-1580592', 'neutron.db.l3_db.L3RpcNotifierMixin._notify_routers_callback-8730304384121', 'neutron.db.l3_dvrscheduler_db._notify_port_delete-8730303882060'] for port, after_delete {{(pid=101402) _notify_loop /usr/local/lib/python3.8/dist-packages/neutron_lib/callbacks/manager.py:192}}
Aug 16 23:50:30.326438 n-d-800088-20 neutron-server[101404]: DEBUG neutron.plugins.ml2.db [None req-27ec4144-f4f3-47e0-818b-8eccbc2e0091 None None] get_ports_and_sgs() called for port_ids ['2108fc65-6e5a-471c-a4c9-394e8556c3d9'] {{(pid=101404) get_ports_and_sgs /opt/stack/neutron/neutron/plugins/ml2/db.py:156}}
Aug 16 23:50:30.340960 n-d-800088-20 neutron-server[101402]: DEBUG neutron.plugins.ml2.plugin [req-f91250a2-8864-4e8b-a489-765067b819f7 req-2c40583c-2a02-4852-9b3b-ddf8d947d17c tempest-ServerDiagnosticsNegativeTest-1916787769 tempest-ServerDiagnosticsNegativeTest-1916787769-project] Calling delete_port for 9f4f2ef9-9312-4b5e-b951-ec1f69ba4f26 owned by compute:nova {{(pid=101402) delete_port /opt/stack/neutron/neutron/plugins/ml2/plugin.py:1995}}
Aug 16 23:50:30.383892 n-d-800088-20 neutron-server[101402]: DEBUG neutron.pecan_wsgi.hooks.policy_enforcement [req-2c28243f-f65e-4ab1-a945-81d0d36538a3 req-a7b9ae05-b13c-4809-9cc8-bed8a89d5c50 service neutron] Attributes excluded by policy engine: ['standard_attr_id', 'vlan_transparent'] {{(pid=101402) _exclude_attributes_by_policy /opt/stack/neutron/neutron/pecan_wsgi/hooks/policy_enforcement.py:255}}
Aug 16 23:50:30.385771 n-d-800088-20 neutron-server[101402]: INFO neutron.wsgi [req-2c28243f-f65e-4ab1-a945-81d0d36538a3 req-a7b9ae05-b13c-4809-9cc8-bed8a89d5c50 service neutron] 10.222.0.69 "GET /v2.0/networks?id=94cccefc-4269-48cf-98bd-8abcbe14edad HTTP/1.1" status: 200 len: 924 time: 0.4381416
Aug 16 23:50:30.386671 n-d-800088-20 neutron-server[101402]: DEBUG neutron.api.rpc.handlers.resources_rpc [None req-5c15e252-2ea3-4799-8fe6-f44a57510348 tempest-DeleteServersAdminTestJSON-1242193828 tempest-DeleteServersAdminTestJSON-1242193828-project] Pushing event deleted for resources: {'Port': ['ID=2108fc65-6e5a-471c-a4c9-394e8556c3d9,revision_number=None']} {{(pid=101402) push /opt/stack/neutron/neutron/api/rpc/handlers/resources_rpc.py:237}}
Aug 16 23:50:30.432317 n-d-800088-20 neutron-server[101403]: DEBUG neutron.api.v2.base [req-b362eb2c-9872-4f79-b08e-49f2e2324ab2 req-fb78da9a-e64e-4543-b24e-c6888d4c33d9 service neutron] Request body: {'binding': {'host': 'n-h2-800088-20', 'vnic_type': 'normal', 'profile': {}}} {{(pid=101403) prepare_request_body /opt/stack/neutron/neutron/api/v2/base.py:730}}
Aug 16 23:50:30.432839 n-d-800088-20 neutron-server[101403]: DEBUG neutron.api.v2.base [req-b362eb2c-9872-4f79-b08e-49f2e2324ab2 req-fb78da9a-e64e-4543-b24e-c6888d4c33d9 service neutron] Unknown quota resources ['binding']. {{(pid=101403) _create /opt/stack/neutron/neutron/api/v2/base.py:496}}
Aug 16 23:50:30.673523 n-d-800088-20 neutron-server[101403]: DEBUG neutron.plugins.ml2.managers [req-b362eb2c-9872-4f79-b08e-49f2e2324ab2 req-fb78da9a-e64e-4543-b24e-c6888d4c33d9 service neutron] Attempting to bind port a7dbf29f-c990-453c-8b9a-4537c6e199d9 on host n-h2-800088-20 for vnic_type normal with profile None {{(pid=101403) bind_port /opt/stack/neutron/neutron/plugins/ml2/managers.py:790}}
Aug 16 23:50:30.674131 n-d-800088-20 neutron-server[101403]: DEBUG neutron.plugins.ml2.managers [req-b362eb2c-9872-4f79-b08e-49f2e2324ab2 req-fb78da9a-e64e-4543-b24e-c6888d4c33d9 service neutron] Attempting to bind port a7dbf29f-c990-453c-8b9a-4537c6e199d9 by drivers openvswitch,hyperv on host n-h2-800088-20 at level 0 using segments [{'id': 'f15d0fcb-453a-4c98-b8bc-de3984678c08', 'network_type': 'vlan', 'physical_network': 'physnet1', 'segmentation_id': 573, 'network_id': '5dc1690b-6624-46fa-a54a-7524bbadf6de'}] {{(pid=101403) _bind_port_level /opt/stack/neutron/neutron/plugins/ml2/managers.py:815}}
Aug 16 23:50:30.674224 n-d-800088-20 neutron-server[101403]: DEBUG neutron.plugins.ml2.drivers.mech_agent [req-b362eb2c-9872-4f79-b08e-49f2e2324ab2 req-fb78da9a-e64e-4543-b24e-c6888d4c33d9 service neutron] Attempting to bind port a7dbf29f-c990-453c-8b9a-4537c6e199d9 on network 5dc1690b-6624-46fa-a54a-7524bbadf6de {{(pid=101403) bind_port /opt/stack/neutron/neutron/plugins/ml2/drivers/mech_agent.py:85}}
Aug 16 23:50:30.678994 n-d-800088-20 neutron-server[101403]: DEBUG neutron.plugins.ml2.drivers.mech_agent [req-b362eb2c-9872-4f79-b08e-49f2e2324ab2 req-fb78da9a-e64e-4543-b24e-c6888d4c33d9 service neutron] Port a7dbf29f-c990-453c-8b9a-4537c6e199d9 on network 5dc1690b-6624-46fa-a54a-7524bbadf6de not bound, no agent of type Open vSwitch agent registered on host n-h2-800088-20 {{(pid=101403) bind_port /opt/stack/neutron/neutron/plugins/ml2/drivers/mech_agent.py:97}}
Aug 16 23:50:30.679320 n-d-800088-20 neutron-server[101403]: DEBUG neutron.plugins.ml2.drivers.mech_agent [req-b362eb2c-9872-4f79-b08e-49f2e2324ab2 req-fb78da9a-e64e-4543-b24e-c6888d4c33d9 service neutron] Attempting to bind port a7dbf29f-c990-453c-8b9a-4537c6e199d9 on network 5dc1690b-6624-46fa-a54a-7524bbadf6de {{(pid=101403) bind_port /opt/stack/neutron/neutron/plugins/ml2/drivers/mech_agent.py:85}}
Aug 16 23:50:30.697326 n-d-800088-20 neutron-server[101403]: DEBUG neutron.plugins.ml2.drivers.mech_agent [req-b362eb2c-9872-4f79-b08e-49f2e2324ab2 req-fb78da9a-e64e-4543-b24e-c6888d4c33d9 service neutron] Checking agent: {'id': '31e544b4-53f6-49f6-9f41-77d52049ca3b', 'agent_type': 'HyperV agent', 'binary': 'neutron-hyperv-agent', 'topic': 'N/A', 'host': 'n-h2-800088-20', 'admin_state_up': True, 'created_at': datetime.datetime(2021, 8, 16, 23, 47, 10), 'started_at': datetime.datetime(2021, 8, 16, 23, 47, 10), 'heartbeat_timestamp': datetime.datetime(2021, 8, 16, 23, 50, 10), 'description': None, 'resources_synced': None, 'availability_zone': None, 'alive': True, 'configurations': {'vswitch_mappings': {'physnet1$': 'br-data'}}, 'resource_versions': {}} {{(pid=101403) bind_port /opt/stack/neutron/neutron/plugins/ml2/drivers/mech_agent.py:104}}
Aug 16 23:50:30.697656 n-d-800088-20 neutron-server[101403]: DEBUG neutron.plugins.ml2.drivers.mech_agent [req-b362eb2c-9872-4f79-b08e-49f2e2324ab2 req-fb78da9a-e64e-4543-b24e-c6888d4c33d9 service neutron] Checking segment: {'id': 'f15d0fcb-453a-4c98-b8bc-de3984678c08', 'network_type': 'vlan', 'physical_network': 'physnet1', 'segmentation_id': 573, 'network_id': '5dc1690b-6624-46fa-a54a-7524bbadf6de'} for mappings: {'physnet1$': 'br-data'} with network types: ['local', 'flat', 'vlan'] {{(pid=101403) check_segment_for_agent /opt/stack/neutron/neutron/plugins/ml2/drivers/mech_agent.py:352}}
Aug 16 23:50:30.698248 n-d-800088-20 neutron-server[101403]: DEBUG neutron.plugins.ml2.drivers.mech_agent [req-b362eb2c-9872-4f79-b08e-49f2e2324ab2 req-fb78da9a-e64e-4543-b24e-c6888d4c33d9 service neutron] Bound using segment: {'id': 'f15d0fcb-453a-4c98-b8bc-de3984678c08', 'network_type': 'vlan', 'physical_network': 'physnet1', 'segmentation_id': 573, 'network_id': '5dc1690b-6624-46fa-a54a-7524bbadf6de'} {{(pid=101403) bind_port /opt/stack/neutron/neutron/plugins/ml2/drivers/mech_agent.py:114}}
Aug 16 23:50:30.699105 n-d-800088-20 neutron-server[101403]: DEBUG neutron.plugins.ml2.managers [req-b362eb2c-9872-4f79-b08e-49f2e2324ab2 req-fb78da9a-e64e-4543-b24e-c6888d4c33d9 service neutron] Bound port: a7dbf29f-c990-453c-8b9a-4537c6e199d9, host: n-h2-800088-20, vif_type: hyperv, vif_details: {"connectivity": "legacy", "port_filter": false}, binding_levels: [{'bound_driver': 'hyperv', 'bound_segment': {'id': 'f15d0fcb-453a-4c98-b8bc-de3984678c08', 'network_type': 'vlan', 'physical_network': 'physnet1', 'segmentation_id': 573, 'network_id': '5dc1690b-6624-46fa-a54a-7524bbadf6de'}}] {{(pid=101403) _bind_port_level /opt/stack/neutron/neutron/plugins/ml2/managers.py:928}}
Aug 16 23:50:30.750104 n-d-800088-20 neutron-server[101402]: DEBUG neutron_lib.callbacks.manager [req-f91250a2-8864-4e8b-a489-765067b819f7 req-2c40583c-2a02-4852-9b3b-ddf8d947d17c tempest-ServerDiagnosticsNegativeTest-1916787769 tempest-ServerDiagnosticsNegativeTest-1916787769-project] Notify callbacks ['neutron.plugins.ml2.plugin.SecurityGroupServerNotifierRpcMixin._notify_sg_on_port_change-1440779', 'neutron.plugins.ml2.ovo_rpc._ObjectChangeHandler.handle_event-34005', 'neutron.api.rpc.agentnotifiers.dhcp_rpc_agent_api.DhcpAgentNotifyAPI._native_event_send_dhcp_notification-1580592', 'neutron.db.l3_db.L3RpcNotifierMixin._notify_routers_callback-8730304384121', 'neutron.db.l3_dvrscheduler_db._notify_port_delete-8730303882060'] for port, after_delete {{(pid=101402) _notify_loop /usr/local/lib/python3.8/dist-packages/neutron_lib/callbacks/manager.py:192}}
Aug 16 23:50:30.793003 n-d-800088-20 neutron-server[101402]: DEBUG neutron_lib.callbacks.manager [None req-a8b77ab5-59d1-4b7e-b9ec-ae7004c1e8c0 admin admin] Notify callbacks ['neutron.plugins.ml2.ovo_rpc._ObjectChangeHandler.handle_event-1666545'] for security_group, after_delete {{(pid=101402) _notify_loop /usr/local/lib/python3.8/dist-packages/neutron_lib/callbacks/manager.py:192}}
Aug 16 23:50:30.796647 n-d-800088-20 neutron-server[101402]: DEBUG neutron_lib.callbacks.manager [None req-a8b77ab5-59d1-4b7e-b9ec-ae7004c1e8c0 admin admin] Notify callbacks [] for security_group, before_response {{(pid=101402) _notify_loop /usr/local/lib/python3.8/dist-packages/neutron_lib/callbacks/manager.py:192}}
Aug 16 23:50:30.799282 n-d-800088-20 neutron-server[101402]: INFO neutron.wsgi [None req-a8b77ab5-59d1-4b7e-b9ec-ae7004c1e8c0 admin admin] 10.222.0.60 "DELETE /v2.0/security-groups/f25f141c-c219-487e-ba55-06d225db5060 HTTP/1.1" status: 204 len: 168 time: 1.0103402
Aug 16 23:50:30.800650 n-d-800088-20 neutron-server[101402]: DEBUG neutron.db.l3_dvrscheduler_db [req-2f8bc9c5-fc77-4d99-b09c-595e752e81b8 req-5c15e252-2ea3-4799-8fe6-f44a57510348 tempest-DeleteServersAdminTestJSON-1242193828 tempest-DeleteServersAdminTestJSON-1242193828-project] No DVR routers for this DVR port 2108fc65-6e5a-471c-a4c9-394e8556c3d9 on host n-h2-800088-20 {{(pid=101402) get_dvr_routers_to_remove /opt/stack/neutron/neutron/db/l3_dvrscheduler_db.py:214}}
Aug 16 23:50:30.878897 n-d-800088-20 neutron-server[101403]: INFO neutron.wsgi [req-43a30c8e-80fd-4fb9-9361-626d8ac4307d req-37f3a558-a45a-47c4-a026-4b847e77a420 tempest-ServersAdminTestJSON-2073567486 tempest-ServersAdminTestJSON-2073567486-project] 10.222.0.64 "GET /v2.0/networks?tenant_id=acebb709ed4d446eb7d3c128b0012b0b&shared=False HTTP/1.1" status: 200 len: 213 time: 0.0909290
Aug 16 23:50:30.880622 n-d-800088-20 neutron-server[101403]: INFO neutron.wsgi [req-70a0f14e-1169-45a2-9eff-dbe12699febd req-e0f55229-84da-47dd-abb6-1db7460b5d70 tempest-DeleteServersAdminTestJSON-1242193828 tempest-DeleteServersAdminTestJSON-1242193828-project] 10.222.0.60 "GET /v2.0/ports?device_id=3c99f063-fe33-4ea7-b3f4-6651239f7aaa HTTP/1.1" status: 200 len: 210 time: 0.0938644
Aug 16 23:50:30.912536 n-d-800088-20 neutron-server[101402]: DEBUG neutron.api.rpc.handlers.resources_rpc [None req-2c40583c-2a02-4852-9b3b-ddf8d947d17c tempest-ServerDiagnosticsNegativeTest-1916787769 tempest-ServerDiagnosticsNegativeTest-1916787769-project] Pushing event deleted for resources: {'Port': ['ID=9f4f2ef9-9312-4b5e-b951-ec1f69ba4f26,revision_number=None']} {{(pid=101402) push /opt/stack/neutron/neutron/api/rpc/handlers/resources_rpc.py:237}}
Aug 16 23:50:30.925819 n-d-800088-20 neutron-server[101402]: DEBUG neutron_lib.callbacks.manager [req-2f8bc9c5-fc77-4d99-b09c-595e752e81b8 req-5c15e252-2ea3-4799-8fe6-f44a57510348 tempest-DeleteServersAdminTestJSON-1242193828 tempest-DeleteServersAdminTestJSON-1242193828-project] Notify callbacks ['neutron.notifiers.nova.Notifier._send_nova_notification-2030278'] for port, before_response {{(pid=101402) _notify_loop /usr/local/lib/python3.8/dist-packages/neutron_lib/callbacks/manager.py:192}}
Aug 16 23:50:30.928141 n-d-800088-20 neutron-server[101402]: INFO neutron.wsgi [req-2f8bc9c5-fc77-4d99-b09c-595e752e81b8 req-5c15e252-2ea3-4799-8fe6-f44a57510348 tempest-DeleteServersAdminTestJSON-1242193828 tempest-DeleteServersAdminTestJSON-1242193828-project] 10.222.0.64 "DELETE /v2.0/ports/2108fc65-6e5a-471c-a4c9-394e8556c3d9 HTTP/1.1" status: 204 len: 173 time: 2.3932965
Aug 16 23:50:30.958526 n-d-800088-20 neutron-server[101402]: INFO neutron.wsgi [req-2c28243f-f65e-4ab1-a945-81d0d36538a3 req-1dd7146a-d7b4-4180-95b8-bbe4ba4eeec0 service neutron] 10.222.0.69 "GET /v2.0/floatingips?fixed_ip_address=172.20.0.14&port_id=445e3097-e62b-415b-8136-451ef3dbd608 HTTP/1.1" status: 200 len: 1002 time: 0.5557296
Aug 16 23:50:31.007094 n-d-800088-20 neutron-server[101402]: DEBUG neutron.api.rpc.handlers.resources_rpc [None req-a8b77ab5-59d1-4b7e-b9ec-ae7004c1e8c0 admin admin] Pushing event deleted for resources: {'SecurityGroup': ['ID=f25f141c-c219-487e-ba55-06d225db5060,revision_number=None']} {{(pid=101402) push /opt/stack/neutron/neutron/api/rpc/handlers/resources_rpc.py:237}}
Aug 16 23:50:31.039289 n-d-800088-20 neutron-server[101402]: DEBUG neutron.db.l3_dvrscheduler_db [req-f91250a2-8864-4e8b-a489-765067b819f7 req-2c40583c-2a02-4852-9b3b-ddf8d947d17c tempest-ServerDiagnosticsNegativeTest-1916787769 tempest-ServerDiagnosticsNegativeTest-1916787769-project] No DVR routers for this DVR port 9f4f2ef9-9312-4b5e-b951-ec1f69ba4f26 on host n-h1-800088-20 {{(pid=101402) get_dvr_routers_to_remove /opt/stack/neutron/neutron/db/l3_dvrscheduler_db.py:214}}
Aug 16 23:50:31.042439 n-d-800088-20 neutron-server[101403]: DEBUG neutron.pecan_wsgi.hooks.policy_enforcement [req-43a30c8e-80fd-4fb9-9361-626d8ac4307d req-b2d4c76b-e4a0-43cf-aca4-4a1a3f949a60 tempest-ServersAdminTestJSON-2073567486 tempest-ServersAdminTestJSON-2073567486-project] Attributes excluded by policy engine: ['standard_attr_id', 'vlan_transparent', 'provider:network_type', 'provider:physical_network', 'provider:segmentation_id'] {{(pid=101403) _exclude_attributes_by_policy /opt/stack/neutron/neutron/pecan_wsgi/hooks/policy_enforcement.py:255}}
Aug 16 23:50:31.044025 n-d-800088-20 neutron-server[101403]: INFO neutron.wsgi [req-43a30c8e-80fd-4fb9-9361-626d8ac4307d req-b2d4c76b-e4a0-43cf-aca4-4a1a3f949a60 tempest-ServersAdminTestJSON-2073567486 tempest-ServersAdminTestJSON-2073567486-project] 10.222.0.64 "GET /v2.0/networks?shared=True HTTP/1.1" status: 200 len: 769 time: 0.1555810
Aug 16 23:50:31.074550 n-d-800088-20 neutron-server[101402]: DEBUG neutron_lib.callbacks.manager [req-f91250a2-8864-4e8b-a489-765067b819f7 req-2c40583c-2a02-4852-9b3b-ddf8d947d17c tempest-ServerDiagnosticsNegativeTest-1916787769 tempest-ServerDiagnosticsNegativeTest-1916787769-project] Notify callbacks ['neutron.notifiers.nova.Notifier._send_nova_notification-2030278'] for port, before_response {{(pid=101402) _notify_loop /usr/local/lib/python3.8/dist-packages/neutron_lib/callbacks/manager.py:192}}
Aug 16 23:50:31.076650 n-d-800088-20 neutron-server[101402]: INFO neutron.wsgi [req-f91250a2-8864-4e8b-a489-765067b819f7 req-2c40583c-2a02-4852-9b3b-ddf8d947d17c tempest-ServerDiagnosticsNegativeTest-1916787769 tempest-ServerDiagnosticsNegativeTest-1916787769-project] 10.222.0.69 "DELETE /v2.0/ports/9f4f2ef9-9312-4b5e-b951-ec1f69ba4f26 HTTP/1.1" status: 204 len: 173 time: 2.1237013
Aug 16 23:50:31.089068 n-d-800088-20 neutron-server[101403]: DEBUG neutron.api.v2.base [req-43a30c8e-80fd-4fb9-9361-626d8ac4307d req-6b9a5ad5-4ccf-49e2-86ef-cc293e32b1f9 tempest-ServersAdminTestJSON-2073567486 tempest-ServersAdminTestJSON-2073567486-project] Request body: {'port': {'device_id': '0d859cb0-2f3c-4c5d-8c3c-74a4a595e13d', 'network_id': 'b23323b2-9331-4fe7-8416-b51ac1e935ab', 'admin_state_up': True, 'tenant_id': 'acebb709ed4d446eb7d3c128b0012b0b'}} {{(pid=101403) prepare_request_body /opt/stack/neutron/neutron/api/v2/base.py:730}}
Aug 16 23:50:31.105439 n-d-800088-20 neutron-server[101403]: DEBUG neutron.plugins.ml2.db [req-b362eb2c-9872-4f79-b08e-49f2e2324ab2 req-fb78da9a-e64e-4543-b24e-c6888d4c33d9 service neutron] For port a7dbf29f-c990-453c-8b9a-4537c6e199d9, host n-h2-800088-20, set binding levels [PortBindingLevel(driver='hyperv',host='n-h2-800088-20',level=0,port_id=a7dbf29f-c990-453c-8b9a-4537c6e199d9,segment=NetworkSegment(f15d0fcb-453a-4c98-b8bc-de3984678c08),segment_id=f15d0fcb-453a-4c98-b8bc-de3984678c08)] {{(pid=101403) set_binding_levels /opt/stack/neutron/neutron/plugins/ml2/db.py:59}}
Aug 16 23:50:31.116752 n-d-800088-20 neutron-server[101402]: DEBUG neutron.pecan_wsgi.hooks.policy_enforcement [req-2c28243f-f65e-4ab1-a945-81d0d36538a3 req-dbee70db-7539-47ce-8edf-5a2d284b04c0 service neutron] Attributes excluded by policy engine: ['standard_attr_id', 'shared'] {{(pid=101402) _exclude_attributes_by_policy /opt/stack/neutron/neutron/pecan_wsgi/hooks/policy_enforcement.py:255}}
Aug 16 23:50:31.118363 n-d-800088-20 neutron-server[101402]: INFO neutron.wsgi [req-2c28243f-f65e-4ab1-a945-81d0d36538a3 req-dbee70db-7539-47ce-8edf-5a2d284b04c0 service neutron] 10.222.0.69 "GET /v2.0/subnets?id=e84fba67-0d47-488c-bc23-642dedf3f16b HTTP/1.1" status: 200 len: 862 time: 0.1434631
Aug 16 23:50:31.185750 n-d-800088-20 neutron-server[101403]: DEBUG neutron_lib.callbacks.manager [req-b362eb2c-9872-4f79-b08e-49f2e2324ab2 req-fb78da9a-e64e-4543-b24e-c6888d4c33d9 service neutron] Notify callbacks [] for binding, before_response {{(pid=101403) _notify_loop /usr/local/lib/python3.8/dist-packages/neutron_lib/callbacks/manager.py:192}}
Aug 16 23:50:31.196081 n-d-800088-20 neutron-server[101403]: INFO neutron.wsgi [req-b362eb2c-9872-4f79-b08e-49f2e2324ab2 req-fb78da9a-e64e-4543-b24e-c6888d4c33d9 service neutron] 10.222.0.60 "POST /v2.0/ports/a7dbf29f-c990-453c-8b9a-4537c6e199d9/bindings HTTP/1.1" status: 201 len: 390 time: 1.0974815
Aug 16 23:50:31.203091 n-d-800088-20 neutron-server[101403]: INFO neutron.wsgi [req-16ab9039-85e7-4cb6-8cb4-fa9b66beeebd req-30060ca6-1a55-4c7e-919f-c34e6a3b2d69 tempest-ServerDiagnosticsNegativeTest-1916787769 tempest-ServerDiagnosticsNegativeTest-1916787769-project] 10.222.0.60 "GET /v2.0/ports?device_id=c5302c95-195b-41a5-9820-7f44d802dd67 HTTP/1.1" status: 200 len: 210 time: 0.0657444
Aug 16 23:50:31.209263 n-d-800088-20 neutron-server[101402]: DEBUG neutron.pecan_wsgi.hooks.policy_enforcement [req-2c28243f-f65e-4ab1-a945-81d0d36538a3 req-875e01f9-744f-4b25-8224-abc89fcbb1fc service neutron] Attributes excluded by policy engine: ['standard_attr_id'] {{(pid=101402) _exclude_attributes_by_policy /opt/stack/neutron/neutron/pecan_wsgi/hooks/policy_enforcement.py:255}}
Aug 16 23:50:31.213248 n-d-800088-20 neutron-server[101402]: INFO neutron.wsgi [req-2c28243f-f65e-4ab1-a945-81d0d36538a3 req-875e01f9-744f-4b25-8224-abc89fcbb1fc service neutron] 10.222.0.69 "GET /v2.0/ports?network_id=94cccefc-4269-48cf-98bd-8abcbe14edad&device_owner=network%3Adhcp HTTP/1.1" status: 200 len: 1164 time: 0.0855927
Aug 16 23:50:31.367777 n-d-800088-20 neutron-server[101402]: DEBUG neutron.notifiers.nova [-] Sending events: [{'server_uuid': '3c99f063-fe33-4ea7-b3f4-6651239f7aaa', 'name': 'network-vif-deleted', 'tag': '2108fc65-6e5a-471c-a4c9-394e8556c3d9'}, {'server_uuid': 'c5302c95-195b-41a5-9820-7f44d802dd67', 'name': 'network-vif-deleted', 'tag': '9f4f2ef9-9312-4b5e-b951-ec1f69ba4f26'}] {{(pid=101402) send_events /opt/stack/neutron/neutron/notifiers/nova.py:262}}
Aug 16 23:50:31.370096 n-d-800088-20 neutron-server[101402]: DEBUG novaclient.v2.client [-] REQ: curl -g -i --cacert "/opt/stack/data/ca-bundle.pem" -X POST http://10.222.0.60/compute/v2.1/os-server-external-events -H "Accept: application/json" -H "Content-Type: application/json" -H "User-Agent: python-novaclient" -H "X-Auth-Token: {SHA256}42282cb78130a5f102744ff579853e2d4493f86a67a4ed9a824153e24c00aea9" -H "X-OpenStack-Nova-API-Version: 2.1" -H "X-OpenStack-Request-ID: req-d75b7be5-a538-4c94-b9a7-f6d732bf8c37" -d '{"events": [{"server_uuid": "3c99f063-fe33-4ea7-b3f4-6651239f7aaa", "name": "network-vif-deleted", "tag": "2108fc65-6e5a-471c-a4c9-394e8556c3d9"}, {"server_uuid": "c5302c95-195b-41a5-9820-7f44d802dd67", "name": "network-vif-deleted", "tag": "9f4f2ef9-9312-4b5e-b951-ec1f69ba4f26"}]}' {{(pid=101402) _http_log_request /usr/local/lib/python3.8/dist-packages/keystoneauth1/session.py:519}}
Aug 16 23:50:31.385827 n-d-800088-20 neutron-server[101403]: DEBUG neutron.pecan_wsgi.hooks.quota_enforcement [req-43a30c8e-80fd-4fb9-9361-626d8ac4307d req-6b9a5ad5-4ccf-49e2-86ef-cc293e32b1f9 tempest-ServersAdminTestJSON-2073567486 tempest-ServersAdminTestJSON-2073567486-project] Made reservation on behalf of acebb709ed4d446eb7d3c128b0012b0b for: {'port': 1} {{(pid=101403) before /opt/stack/neutron/neutron/pecan_wsgi/hooks/quota_enforcement.py:53}}
Aug 16 23:50:31.389315 n-d-800088-20 neutron-server[101403]: DEBUG neutron_lib.callbacks.manager [req-43a30c8e-80fd-4fb9-9361-626d8ac4307d req-6b9a5ad5-4ccf-49e2-86ef-cc293e32b1f9 tempest-ServersAdminTestJSON-2073567486 tempest-ServersAdminTestJSON-2073567486-project] Notify callbacks ['neutron.plugins.ml2.plugin.SecurityGroupDbMixin._ensure_default_security_group_handler-1440842'] for port, before_create {{(pid=101403) _notify_loop /usr/local/lib/python3.8/dist-packages/neutron_lib/callbacks/manager.py:192}}
Aug 16 23:50:31.425623 n-d-800088-20 neutron-server[101403]: INFO neutron.wsgi [req-ed3c96ca-743a-4278-abe5-5ad6f568c24d req-54e0c8c3-64a1-4446-a2b8-2b8803d0862c tempest-ServersAdminTestJSON-2073567486 tempest-ServersAdminTestJSON-2073567486-project] 10.222.0.60 "GET /v2.0/ports?device_id=0d859cb0-2f3c-4c5d-8c3c-74a4a595e13d HTTP/1.1" status: 200 len: 210 time: 0.0594628
Aug 16 23:50:31.467353 n-d-800088-20 neutron-server[101402]: INFO neutron.wsgi [req-2c28243f-f65e-4ab1-a945-81d0d36538a3 req-b0fbf2a5-88ef-4bb4-a79a-07b49376b832 service neutron] 10.222.0.69 "GET /v2.0/networks/94cccefc-4269-48cf-98bd-8abcbe14edad?fields=segments HTTP/1.1" status: 200 len: 212 time: 0.2395542
Aug 16 23:50:31.658617 n-d-800088-20 neutron-server[101402]: DEBUG novaclient.v2.client [-] RESP: [200] Connection: close Content-Length: 354 Content-Type: application/json Date: Mon, 16 Aug 2021 23:50:31 GMT OpenStack-API-Version: compute 2.1 Server: Apache/2.4.41 (Ubuntu) Vary: OpenStack-API-Version,X-OpenStack-Nova-API-Version X-OpenStack-Nova-API-Version: 2.1 x-compute-request-id: req-709f6f7a-3f78-42e6-839c-fa266fe40e5f x-openstack-request-id: req-709f6f7a-3f78-42e6-839c-fa266fe40e5f {{(pid=101402) _http_log_response /usr/local/lib/python3.8/dist-packages/keystoneauth1/session.py:550}}
Aug 16 23:50:31.659023 n-d-800088-20 neutron-server[101402]: DEBUG novaclient.v2.client [-] RESP BODY: {"events": [{"server_uuid": "3c99f063-fe33-4ea7-b3f4-6651239f7aaa", "name": "network-vif-deleted", "tag": "2108fc65-6e5a-471c-a4c9-394e8556c3d9", "status": "completed", "code": 200}, {"server_uuid": "c5302c95-195b-41a5-9820-7f44d802dd67", "name": "network-vif-deleted", "tag": "9f4f2ef9-9312-4b5e-b951-ec1f69ba4f26", "status": "completed", "code": 200}]} {{(pid=101402) _http_log_response /usr/local/lib/python3.8/dist-packages/keystoneauth1/session.py:582}}
Aug 16 23:50:31.659170 n-d-800088-20 neutron-server[101402]: DEBUG novaclient.v2.client [-] POST call to compute for http://10.222.0.60/compute/v2.1/os-server-external-events used request id req-709f6f7a-3f78-42e6-839c-fa266fe40e5f {{(pid=101402) request /usr/local/lib/python3.8/dist-packages/keystoneauth1/session.py:954}}
Aug 16 23:50:31.659737 n-d-800088-20 neutron-server[101402]: INFO neutron.notifiers.nova [-] Nova event response: {'server_uuid': '3c99f063-fe33-4ea7-b3f4-6651239f7aaa', 'name': 'network-vif-deleted', 'tag': '2108fc65-6e5a-471c-a4c9-394e8556c3d9', 'status': 'completed', 'code': 200}
Aug 16 23:50:31.660165 n-d-800088-20 neutron-server[101402]: INFO neutron.notifiers.nova [-] Nova event response: {'server_uuid': 'c5302c95-195b-41a5-9820-7f44d802dd67', 'name': 'network-vif-deleted', 'tag': '9f4f2ef9-9312-4b5e-b951-ec1f69ba4f26', 'status': 'completed', 'code': 200}
Aug 16 23:50:31.696821 n-d-800088-20 neutron-server[101402]: DEBUG neutron.pecan_wsgi.hooks.policy_enforcement [req-b362eb2c-9872-4f79-b08e-49f2e2324ab2 req-a5a4e665-3a77-4c6a-926c-f7c9e1b310f5 service neutron] Attributes excluded by policy engine: ['standard_attr_id'] {{(pid=101402) _exclude_attributes_by_policy /opt/stack/neutron/neutron/pecan_wsgi/hooks/policy_enforcement.py:255}}
Aug 16 23:50:31.699218 n-d-800088-20 neutron-server[101402]: INFO neutron.wsgi [req-b362eb2c-9872-4f79-b08e-49f2e2324ab2 req-a5a4e665-3a77-4c6a-926c-f7c9e1b310f5 service neutron] 10.222.0.64 "GET /v2.0/ports?tenant_id=b30c0e442778419181d2ad6b2586afae&device_id=3172430f-31a9-46dd-ac81-4e9d0e31a8ab HTTP/1.1" status: 200 len: 1098 time: 0.0960298
Aug 16 23:50:31.777805 n-d-800088-20 neutron-server[101402]: INFO neutron.wsgi [req-2c28243f-f65e-4ab1-a945-81d0d36538a3 req-4c0bd42c-0e70-4bc0-b9bb-c0f74e86d83f service neutron] 10.222.0.69 "GET /v2.0/networks/94cccefc-4269-48cf-98bd-8abcbe14edad?fields=provider%3Aphysical_network&fields=provider%3Anetwork_type HTTP/1.1" status: 200 len: 281 time: 0.3006601
Aug 16 23:50:31.842349 n-d-800088-20 neutron-server[101403]: DEBUG neutron.pecan_wsgi.hooks.policy_enforcement [req-73f9fc37-4013-49c8-8bf1-93611ed03445 req-d972de02-91f0-4e59-8260-5a73adbfb3a1 tempest-LiveAutoBlockMigrationV225Test-551118717 tempest-LiveAutoBlockMigrationV225Test-551118717-project] Attributes excluded by policy engine: ['standard_attr_id', 'binding:profile', 'binding:host_id', 'binding:vif_type', 'binding:vif_details'] {{(pid=101403) _exclude_attributes_by_policy /opt/stack/neutron/neutron/pecan_wsgi/hooks/policy_enforcement.py:255}}
Aug 16 23:50:31.850720 n-d-800088-20 neutron-server[101403]: INFO neutron.wsgi [req-73f9fc37-4013-49c8-8bf1-93611ed03445 req-d972de02-91f0-4e59-8260-5a73adbfb3a1 tempest-LiveAutoBlockMigrationV225Test-551118717 tempest-LiveAutoBlockMigrationV225Test-551118717-project] 10.222.0.60 "GET /v2.0/ports?device_id=3172430f-31a9-46dd-ac81-4e9d0e31a8ab HTTP/1.1" status: 200 len: 946 time: 0.1088660
