Aug 16 23:49:51.503241 n-d-800088-20 neutron-server[101402]: INFO neutron.wsgi [None req-f3d18039-9366-4603-81fd-56c1173eacdf admin admin] 10.222.0.60 "GET /v2.0/security-groups?tenant_id=5293378276034a2b90c04de4e5b728d2&name=default HTTP/1.1" status: 200 len: 2979 time: 0.4001186
Aug 16 23:49:51.509884 n-d-800088-20 neutron-server[101402]: DEBUG neutron.wsgi [-] (101402) accepted ('10.222.0.60', 41152) {{(pid=101402) server /usr/local/lib/python3.8/dist-packages/eventlet/wsgi.py:982}}
Aug 16 23:49:51.512922 n-d-800088-20 neutron-server[101404]: DEBUG neutron.plugins.ml2.rpc [None req-1c2ae541-33fd-43b4-bbcc-8c9ca7275cd6 None None] Device d87df9f6-5413-408d-9124-2921ce8bcc10 up at agent ovs-agent-n-d-800088-20 {{(pid=101404) update_device_up /opt/stack/neutron/neutron/plugins/ml2/rpc.py:296}}
Aug 16 23:49:51.515687 n-d-800088-20 neutron-server[101403]: DEBUG neutron.pecan_wsgi.hooks.policy_enforcement [req-5113f27e-e5ca-4d56-84ab-7809420a73e2 req-67e86306-5482-4d14-99a5-5417f28256a7 tempest-DeleteServersAdminTestJSON-1242193828 tempest-DeleteServersAdminTestJSON-1242193828-project] Attributes excluded by policy engine: ['standard_attr_id', 'binding:profile', 'binding:host_id', 'binding:vif_type', 'binding:vif_details'] {{(pid=101403) _exclude_attributes_by_policy /opt/stack/neutron/neutron/pecan_wsgi/hooks/policy_enforcement.py:255}}
Aug 16 23:49:51.526854 n-d-800088-20 neutron-server[101403]: INFO neutron.wsgi [req-5113f27e-e5ca-4d56-84ab-7809420a73e2 req-67e86306-5482-4d14-99a5-5417f28256a7 tempest-DeleteServersAdminTestJSON-1242193828 tempest-DeleteServersAdminTestJSON-1242193828-project] 10.222.0.60 "GET /v2.0/ports?device_id=6ace346d-777d-42db-8a7a-c3ebe15c8ce7 HTTP/1.1" status: 200 len: 968 time: 0.1333253
Aug 16 23:49:51.564860 n-d-800088-20 neutron-server[101402]: DEBUG neutron.api.rpc.handlers.resources_rpc [None req-f3d18039-9366-4603-81fd-56c1173eacdf admin admin] Pushing event updated for resources: {'SecurityGroup': ['ID=59dbb182-430e-4362-86fd-606fc2b3ff1c,revision_number=1']} {{(pid=101402) push /opt/stack/neutron/neutron/api/rpc/handlers/resources_rpc.py:237}}
Aug 16 23:49:51.598791 n-d-800088-20 neutron-server[101403]: INFO neutron.wsgi [req-5113f27e-e5ca-4d56-84ab-7809420a73e2 req-611e25b6-33e2-4685-a972-3aaf759d9ef9 tempest-DeleteServersAdminTestJSON-1242193828 tempest-DeleteServersAdminTestJSON-1242193828-project] 10.222.0.60 "GET /v2.0/security-groups?id=19f8caff-4a70-4d6e-8a64-b2997578bdd1&fields=id&fields=name HTTP/1.1" status: 200 len: 286 time: 0.0709255
Aug 16 23:49:51.631772 n-d-800088-20 neutron-server[101402]: DEBUG neutron_lib.callbacks.manager [None req-d9c73833-5f22-4ca1-90e8-4bc8a090c871 tempest-ServersWithSpecificFlavorTestJSON-1444097 tempest-ServersWithSpecificFlavorTestJSON-1444097-project] Notify callbacks [] for security_group_rule, before_create {{(pid=101402) _notify_loop /usr/local/lib/python3.8/dist-packages/neutron_lib/callbacks/manager.py:192}}
Aug 16 23:49:51.660172 n-d-800088-20 neutron-server[101404]: DEBUG neutron.db.provisioning_blocks [None req-1c2ae541-33fd-43b4-bbcc-8c9ca7275cd6 None None] Provisioning for port d87df9f6-5413-408d-9124-2921ce8bcc10 completed by entity L2. {{(pid=101404) provisioning_complete /opt/stack/neutron/neutron/db/provisioning_blocks.py:133}}
Aug 16 23:49:51.665020 n-d-800088-20 neutron-server[101404]: DEBUG neutron.db.provisioning_blocks [None req-1c2ae541-33fd-43b4-bbcc-8c9ca7275cd6 None None] Provisioning complete for port d87df9f6-5413-408d-9124-2921ce8bcc10 triggered by entity L2. {{(pid=101404) provisioning_complete /opt/stack/neutron/neutron/db/provisioning_blocks.py:139}}
Aug 16 23:49:51.665440 n-d-800088-20 neutron-server[101404]: DEBUG neutron_lib.callbacks.manager [None req-1c2ae541-33fd-43b4-bbcc-8c9ca7275cd6 None None] Notify callbacks ['neutron.plugins.ml2.plugin.Ml2Plugin._port_provisioned-1351405'] for port, provisioning_complete {{(pid=101404) _notify_loop /usr/local/lib/python3.8/dist-packages/neutron_lib/callbacks/manager.py:192}}
Aug 16 23:49:51.714826 n-d-800088-20 neutron-server[101402]: DEBUG neutron_lib.callbacks.manager [None req-5cc13849-e2f3-4270-a1db-1e172f66562b admin admin] Notify callbacks [] for security_group, before_delete {{(pid=101402) _notify_loop /usr/local/lib/python3.8/dist-packages/neutron_lib/callbacks/manager.py:192}}
Aug 16 23:49:51.770381 n-d-800088-20 neutron-server[101402]: DEBUG neutron_lib.callbacks.manager [None req-5cc13849-e2f3-4270-a1db-1e172f66562b admin admin] Notify callbacks [] for security_group, precommit_delete {{(pid=101402) _notify_loop /usr/local/lib/python3.8/dist-packages/neutron_lib/callbacks/manager.py:192}}
Aug 16 23:49:51.792492 n-d-800088-20 neutron-server[101402]: DEBUG neutron_lib.callbacks.manager [None req-d9c73833-5f22-4ca1-90e8-4bc8a090c871 tempest-ServersWithSpecificFlavorTestJSON-1444097 tempest-ServersWithSpecificFlavorTestJSON-1444097-project] Notify callbacks [] for security_group_rule, precommit_create {{(pid=101402) _notify_loop /usr/local/lib/python3.8/dist-packages/neutron_lib/callbacks/manager.py:192}}
Aug 16 23:49:51.806585 n-d-800088-20 neutron-server[101402]: DEBUG neutron_lib.callbacks.manager [None req-d9c73833-5f22-4ca1-90e8-4bc8a090c871 tempest-ServersWithSpecificFlavorTestJSON-1444097 tempest-ServersWithSpecificFlavorTestJSON-1444097-project] Notify callbacks ['neutron.plugins.ml2.ovo_rpc._ObjectChangeHandler.handle_event-1662559'] for security_group_rule, after_create {{(pid=101402) _notify_loop /usr/local/lib/python3.8/dist-packages/neutron_lib/callbacks/manager.py:192}}
Aug 16 23:49:51.816169 n-d-800088-20 neutron-server[101404]: DEBUG neutron_lib.callbacks.manager [None req-1c2ae541-33fd-43b4-bbcc-8c9ca7275cd6 None None] Notify callbacks ['neutron.plugins.ml2.plugin.SecurityGroupDbMixin._ensure_default_security_group_handler-1440842'] for port, before_update {{(pid=101404) _notify_loop /usr/local/lib/python3.8/dist-packages/neutron_lib/callbacks/manager.py:192}}
Aug 16 23:49:51.844540 n-d-800088-20 neutron-server[101402]: DEBUG neutron.api.rpc.handlers.resources_rpc [None req-d9c73833-5f22-4ca1-90e8-4bc8a090c871 tempest-ServersWithSpecificFlavorTestJSON-1444097 tempest-ServersWithSpecificFlavorTestJSON-1444097-project] Pushing event updated for resources: {'SecurityGroupRule': ['ID=1e6ebcae-4c6e-454c-8dc0-9d9d7aee14e5,revision_number=0']} {{(pid=101402) push /opt/stack/neutron/neutron/api/rpc/handlers/resources_rpc.py:237}}
Aug 16 23:49:51.871683 n-d-800088-20 neutron-server[101402]: DEBUG neutron_lib.callbacks.manager [None req-d9c73833-5f22-4ca1-90e8-4bc8a090c871 tempest-ServersWithSpecificFlavorTestJSON-1444097 tempest-ServersWithSpecificFlavorTestJSON-1444097-project] Notify callbacks [] for security_group_rule, before_response {{(pid=101402) _notify_loop /usr/local/lib/python3.8/dist-packages/neutron_lib/callbacks/manager.py:192}}
Aug 16 23:49:51.873081 n-d-800088-20 neutron-server[101402]: INFO neutron.wsgi [None req-d9c73833-5f22-4ca1-90e8-4bc8a090c871 tempest-ServersWithSpecificFlavorTestJSON-1444097 tempest-ServersWithSpecificFlavorTestJSON-1444097-project] 10.222.0.60 "POST /v2.0/security-group-rules HTTP/1.1" status: 201 len: 764 time: 0.3985155
Aug 16 23:49:51.878457 n-d-800088-20 neutron-server[101403]: DEBUG neutron.wsgi [-] (101403) accepted ('10.222.0.60', 41160) {{(pid=101403) server /usr/local/lib/python3.8/dist-packages/eventlet/wsgi.py:982}}
Aug 16 23:49:51.885873 n-d-800088-20 neutron-server[101403]: DEBUG neutron.api.v2.base [None req-9d19452d-e757-43a2-aa9d-bcc6447a7d57 tempest-ServersWithSpecificFlavorTestJSON-1444097 tempest-ServersWithSpecificFlavorTestJSON-1444097-project] Request body: {'security_group_rule': {'security_group_id': '924a7a98-9eb5-4373-9821-9ef20d002319', 'protocol': 'icmp', 'ethertype': 'IPv4', 'direction': 'ingress'}} {{(pid=101403) prepare_request_body /opt/stack/neutron/neutron/api/v2/base.py:730}}
Aug 16 23:49:51.889196 n-d-800088-20 neutron-server[101402]: DEBUG neutron_lib.callbacks.manager [None req-5cc13849-e2f3-4270-a1db-1e172f66562b admin admin] Notify callbacks ['neutron.plugins.ml2.ovo_rpc._ObjectChangeHandler.handle_event-1666545'] for security_group, after_delete {{(pid=101402) _notify_loop /usr/local/lib/python3.8/dist-packages/neutron_lib/callbacks/manager.py:192}}
Aug 16 23:49:51.892280 n-d-800088-20 neutron-server[101402]: DEBUG neutron_lib.callbacks.manager [None req-5cc13849-e2f3-4270-a1db-1e172f66562b admin admin] Notify callbacks [] for security_group, before_response {{(pid=101402) _notify_loop /usr/local/lib/python3.8/dist-packages/neutron_lib/callbacks/manager.py:192}}
Aug 16 23:49:51.898541 n-d-800088-20 neutron-server[101402]: INFO neutron.wsgi [None req-5cc13849-e2f3-4270-a1db-1e172f66562b admin admin] 10.222.0.60 "DELETE /v2.0/security-groups/59dbb182-430e-4362-86fd-606fc2b3ff1c HTTP/1.1" status: 204 len: 168 time: 0.3693128
Aug 16 23:49:51.899423 n-d-800088-20 neutron-server[101404]: DEBUG neutron.plugins.ml2.db [None req-1c2ae541-33fd-43b4-bbcc-8c9ca7275cd6 None None] For port d87df9f6-5413-408d-9124-2921ce8bcc10, host n-d-800088-20, got binding levels [PortBindingLevel(driver='openvswitch',host='n-d-800088-20',level=0,port_id=d87df9f6-5413-408d-9124-2921ce8bcc10,segment=NetworkSegment(92e22e42-7323-4e1a-80fa-e9b0c6166fd4),segment_id=92e22e42-7323-4e1a-80fa-e9b0c6166fd4)] {{(pid=101404) get_binding_level_objs /opt/stack/neutron/neutron/plugins/ml2/db.py:74}}
Aug 16 23:49:51.909824 n-d-800088-20 neutron-server[101402]: DEBUG neutron.api.rpc.handlers.resources_rpc [None req-5cc13849-e2f3-4270-a1db-1e172f66562b admin admin] Pushing event deleted for resources: {'SecurityGroup': ['ID=59dbb182-430e-4362-86fd-606fc2b3ff1c,revision_number=None']} {{(pid=101402) push /opt/stack/neutron/neutron/api/rpc/handlers/resources_rpc.py:237}}
Aug 16 23:49:51.941165 n-d-800088-20 neutron-server[101404]: DEBUG neutron_lib.callbacks.manager [None req-1c2ae541-33fd-43b4-bbcc-8c9ca7275cd6 None None] Notify callbacks ['neutron.plugins.ml2.plugin.SecurityGroupServerNotifierRpcMixin._notify_sg_on_port_change-1440779', 'neutron.plugins.ml2.ovo_rpc._ObjectChangeHandler.handle_event-34005', 'neutron.api.rpc.agentnotifiers.dhcp_rpc_agent_api.DhcpAgentNotifyAPI._native_event_send_dhcp_notification-1580592', 'neutron.db.l3_db.L3RpcNotifierMixin._notify_gateway_port_ip_changed-8730304384112', 'neutron.db.l3_dvrscheduler_db._notify_l3_agent_port_update-8730303882069', 'neutron.db.l3_hascheduler_db._notify_l3_agent_ha_port_update-8730303882087'] for port, after_update {{(pid=101404) _notify_loop /usr/local/lib/python3.8/dist-packages/neutron_lib/callbacks/manager.py:192}}
Aug 16 23:49:51.964794 n-d-800088-20 neutron-server[101403]: DEBUG neutron_lib.callbacks.manager [None req-9d19452d-e757-43a2-aa9d-bcc6447a7d57 tempest-ServersWithSpecificFlavorTestJSON-1444097 tempest-ServersWithSpecificFlavorTestJSON-1444097-project] Notify callbacks [] for security_group_rule, before_create {{(pid=101403) _notify_loop /usr/local/lib/python3.8/dist-packages/neutron_lib/callbacks/manager.py:192}}
Aug 16 23:49:52.029892 n-d-800088-20 neutron-server[101404]: DEBUG neutron.api.rpc.handlers.resources_rpc [None req-1c2ae541-33fd-43b4-bbcc-8c9ca7275cd6 None None] Pushing event updated for resources: {'Port': ['ID=d87df9f6-5413-408d-9124-2921ce8bcc10,revision_number=5']} {{(pid=101404) push /opt/stack/neutron/neutron/api/rpc/handlers/resources_rpc.py:237}}
Aug 16 23:49:52.041352 n-d-800088-20 neutron-server[101404]: DEBUG neutron_lib.callbacks.manager [None req-3c699d08-b89e-437e-8a9c-623c3a233147 None None] Notify callbacks ['neutron.services.segments.db._update_segment_host_mapping_for_agent-8730304400083', 'neutron.plugins.ml2.plugin.Ml2Plugin._retry_binding_revived_agents-1347672'] for agent, after_update {{(pid=101404) _notify_loop /usr/local/lib/python3.8/dist-packages/neutron_lib/callbacks/manager.py:192}}
Aug 16 23:49:52.142040 n-d-800088-20 neutron-server[101403]: DEBUG neutron_lib.callbacks.manager [None req-9d19452d-e757-43a2-aa9d-bcc6447a7d57 tempest-ServersWithSpecificFlavorTestJSON-1444097 tempest-ServersWithSpecificFlavorTestJSON-1444097-project] Notify callbacks [] for security_group_rule, precommit_create {{(pid=101403) _notify_loop /usr/local/lib/python3.8/dist-packages/neutron_lib/callbacks/manager.py:192}}
Aug 16 23:49:52.150050 n-d-800088-20 neutron-server[101403]: DEBUG neutron_lib.callbacks.manager [None req-9d19452d-e757-43a2-aa9d-bcc6447a7d57 tempest-ServersWithSpecificFlavorTestJSON-1444097 tempest-ServersWithSpecificFlavorTestJSON-1444097-project] Notify callbacks ['neutron.plugins.ml2.ovo_rpc._ObjectChangeHandler.handle_event-1662559'] for security_group_rule, after_create {{(pid=101403) _notify_loop /usr/local/lib/python3.8/dist-packages/neutron_lib/callbacks/manager.py:192}}
Aug 16 23:49:52.198695 n-d-800088-20 neutron-server[101403]: DEBUG neutron.api.rpc.handlers.resources_rpc [None req-9d19452d-e757-43a2-aa9d-bcc6447a7d57 tempest-ServersWithSpecificFlavorTestJSON-1444097 tempest-ServersWithSpecificFlavorTestJSON-1444097-project] Pushing event updated for resources: {'SecurityGroupRule': ['ID=98178864-4bfa-4579-a5cc-529a45d92b35,revision_number=0']} {{(pid=101403) push /opt/stack/neutron/neutron/api/rpc/handlers/resources_rpc.py:237}}
Aug 16 23:49:52.202986 n-d-800088-20 neutron-server[101403]: DEBUG neutron_lib.callbacks.manager [None req-9d19452d-e757-43a2-aa9d-bcc6447a7d57 tempest-ServersWithSpecificFlavorTestJSON-1444097 tempest-ServersWithSpecificFlavorTestJSON-1444097-project] Notify callbacks [] for security_group_rule, before_response {{(pid=101403) _notify_loop /usr/local/lib/python3.8/dist-packages/neutron_lib/callbacks/manager.py:192}}
Aug 16 23:49:52.206300 n-d-800088-20 neutron-server[101403]: INFO neutron.wsgi [None req-9d19452d-e757-43a2-aa9d-bcc6447a7d57 tempest-ServersWithSpecificFlavorTestJSON-1444097 tempest-ServersWithSpecificFlavorTestJSON-1444097-project] 10.222.0.60 "POST /v2.0/security-group-rules HTTP/1.1" status: 201 len: 769 time: 0.3259280
Aug 16 23:49:52.210100 n-d-800088-20 neutron-server[101402]: DEBUG neutron.wsgi [-] (101402) accepted ('10.222.0.60', 41170) {{(pid=101402) server /usr/local/lib/python3.8/dist-packages/eventlet/wsgi.py:982}}
Aug 16 23:49:52.224349 n-d-800088-20 neutron-server[101402]: DEBUG neutron.api.v2.base [None req-bec6b5a0-b40b-42cc-8e94-f3b9dfe4b6fa tempest-ServersWithSpecificFlavorTestJSON-1444097 tempest-ServersWithSpecificFlavorTestJSON-1444097-project] Request body: {'floatingip': {'floating_network_id': 'f9960621-448c-44b3-8317-7433dc6ce660'}} {{(pid=101402) prepare_request_body /opt/stack/neutron/neutron/api/v2/base.py:730}}
Aug 16 23:49:52.271021 n-d-800088-20 neutron-server[101402]: DEBUG neutron_lib.callbacks.manager [None req-bec6b5a0-b40b-42cc-8e94-f3b9dfe4b6fa tempest-ServersWithSpecificFlavorTestJSON-1444097 tempest-ServersWithSpecificFlavorTestJSON-1444097-project] Notify callbacks [] for floatingip, before_create {{(pid=101402) _notify_loop /usr/local/lib/python3.8/dist-packages/neutron_lib/callbacks/manager.py:192}}
Aug 16 23:49:52.332891 n-d-800088-20 neutron-server[101403]: DEBUG neutron.wsgi [-] (101403) accepted ('10.222.0.60', 41176) {{(pid=101403) server /usr/local/lib/python3.8/dist-packages/eventlet/wsgi.py:982}}
Aug 16 23:49:52.363616 n-d-800088-20 neutron-server[101404]: DEBUG neutron.plugins.ml2.rpc [None req-27ec4144-f4f3-47e0-818b-8eccbc2e0091 None None] Device 8504e8ea-50a8-45b1-8044-540d300fceb9 details requested by agent hyperv_n-h2-800088-20 with host n-h2-800088-20 {{(pid=101404) get_device_details /opt/stack/neutron/neutron/plugins/ml2/rpc.py:102}}
Aug 16 23:49:52.433307 n-d-800088-20 neutron-server[101403]: DEBUG neutron.pecan_wsgi.hooks.policy_enforcement [req-1fa9540d-e966-466e-a92f-a187f66d5bc8 req-e215cb15-4b0c-43f7-8693-bd8d44e00f97 tempest-AggregatesAdminTestJSON-1786735894 tempest-AggregatesAdminTestJSON-1786735894-project] Attributes excluded by policy engine: ['standard_attr_id', 'binding:profile', 'binding:host_id', 'binding:vif_type', 'binding:vif_details'] {{(pid=101403) _exclude_attributes_by_policy /opt/stack/neutron/neutron/pecan_wsgi/hooks/policy_enforcement.py:255}}
Aug 16 23:49:52.444460 n-d-800088-20 neutron-server[101403]: INFO neutron.wsgi [req-1fa9540d-e966-466e-a92f-a187f66d5bc8 req-e215cb15-4b0c-43f7-8693-bd8d44e00f97 tempest-AggregatesAdminTestJSON-1786735894 tempest-AggregatesAdminTestJSON-1786735894-project] 10.222.0.60 "GET /v2.0/ports?device_id=286e9da5-691b-4bf5-b654-3f6d285be9fb HTTP/1.1" status: 200 len: 969 time: 0.1043355
Aug 16 23:49:52.509267 n-d-800088-20 neutron-server[101402]: DEBUG neutron_lib.callbacks.manager [None req-bec6b5a0-b40b-42cc-8e94-f3b9dfe4b6fa tempest-ServersWithSpecificFlavorTestJSON-1444097 tempest-ServersWithSpecificFlavorTestJSON-1444097-project] Notify callbacks ['neutron.plugins.ml2.plugin.SecurityGroupDbMixin._ensure_default_security_group_handler-1440842'] for port, before_create {{(pid=101402) _notify_loop /usr/local/lib/python3.8/dist-packages/neutron_lib/callbacks/manager.py:192}}
Aug 16 23:49:52.522211 n-d-800088-20 neutron-server[101403]: INFO neutron.wsgi [req-1fa9540d-e966-466e-a92f-a187f66d5bc8 req-6a3c9c08-877c-4c3d-9a72-43d01c33562a tempest-AggregatesAdminTestJSON-1786735894 tempest-AggregatesAdminTestJSON-1786735894-project] 10.222.0.60 "GET /v2.0/security-groups?id=a8df3ecd-5d64-4454-9561-c1d89fb28407&fields=id&fields=name HTTP/1.1" status: 200 len: 286 time: 0.0767481
Aug 16 23:49:52.573613 n-d-800088-20 neutron-server[101404]: DEBUG neutron.plugins.ml2.db [None req-27ec4144-f4f3-47e0-818b-8eccbc2e0091 None None] For port 8504e8ea-50a8-45b1-8044-540d300fceb9, host n-h2-800088-20, got binding levels [PortBindingLevel(driver='hyperv',host='n-h2-800088-20',level=0,port_id=8504e8ea-50a8-45b1-8044-540d300fceb9,segment=NetworkSegment(4e3ad541-a927-449f-ad5e-82349e327db6),segment_id=4e3ad541-a927-449f-ad5e-82349e327db6)] {{(pid=101404) get_binding_level_objs /opt/stack/neutron/neutron/plugins/ml2/db.py:74}}
Aug 16 23:49:52.604077 n-d-800088-20 neutron-server[101404]: DEBUG neutron.plugins.ml2.rpc [None req-27ec4144-f4f3-47e0-818b-8eccbc2e0091 None None] Returning: {'device': '8504e8ea-50a8-45b1-8044-540d300fceb9', 'network_id': 'b23323b2-9331-4fe7-8416-b51ac1e935ab', 'port_id': '8504e8ea-50a8-45b1-8044-540d300fceb9', 'mac_address': 'fa:16:3e:d2:f8:86', 'admin_state_up': True, 'network_type': 'vlan', 'segmentation_id': 587, 'physical_network': 'physnet1', 'mtu': 1500, 'fixed_ips': [{'subnet_id': 'b6792702-f3c3-43f8-b0ec-c781b07a7ce2', 'ip_address': '192.168.233.70'}], 'device_owner': 'compute:tempest-test_az-236785673', 'allowed_address_pairs': [], 'port_security_enabled': True, 'qos_policy_id': None, 'network_qos_policy_id': None, 'profile': {}, 'propagate_uplink_status': False} {{(pid=101404) _get_device_details /opt/stack/neutron/neutron/plugins/ml2/rpc.py:184}}
Aug 16 23:49:52.665542 n-d-800088-20 neutron-server[101403]: DEBUG neutron_lib.callbacks.manager [None req-b01ad27a-ce03-4d38-9af2-eeba3b53624e admin admin] Notify callbacks [] for security_group, before_create {{(pid=101403) _notify_loop /usr/local/lib/python3.8/dist-packages/neutron_lib/callbacks/manager.py:192}}
Aug 16 23:49:52.695833 n-d-800088-20 neutron-server[101404]: DEBUG neutron_lib.callbacks.manager [None req-27ec4144-f4f3-47e0-818b-8eccbc2e0091 None None] Notify callbacks ['neutron.plugins.ml2.plugin.SecurityGroupDbMixin._ensure_default_security_group_handler-1440842'] for port, before_update {{(pid=101404) _notify_loop /usr/local/lib/python3.8/dist-packages/neutron_lib/callbacks/manager.py:192}}
Aug 16 23:49:52.732471 n-d-800088-20 neutron-server[101404]: DEBUG neutron.notifiers.nova [None req-27ec4144-f4f3-47e0-818b-8eccbc2e0091 None None] Ignoring state change previous_port_status: DOWN current_port_status: BUILD port_id 8504e8ea-50a8-45b1-8044-540d300fceb9 {{(pid=101404) record_port_status_changed /opt/stack/neutron/neutron/notifiers/nova.py:224}}
Aug 16 23:49:52.790364 n-d-800088-20 neutron-server[101404]: DEBUG neutron.plugins.ml2.db [None req-27ec4144-f4f3-47e0-818b-8eccbc2e0091 None None] For port 8504e8ea-50a8-45b1-8044-540d300fceb9, host n-h2-800088-20, got binding levels [PortBindingLevel(driver='hyperv',host='n-h2-800088-20',level=0,port_id=8504e8ea-50a8-45b1-8044-540d300fceb9,segment=NetworkSegment(4e3ad541-a927-449f-ad5e-82349e327db6),segment_id=4e3ad541-a927-449f-ad5e-82349e327db6)] {{(pid=101404) get_binding_level_objs /opt/stack/neutron/neutron/plugins/ml2/db.py:74}}
Aug 16 23:49:52.801887 n-d-800088-20 neutron-server[101402]: DEBUG neutron.db.db_base_plugin_common [None req-bec6b5a0-b40b-42cc-8e94-f3b9dfe4b6fa tempest-ServersWithSpecificFlavorTestJSON-1444097 tempest-ServersWithSpecificFlavorTestJSON-1444097-project] Allocated IP 172.25.3.230 (f9960621-448c-44b3-8317-7433dc6ce660/89cf5db6-ab6a-4bdc-a689-bca2bef22be4/58cf71d7-7afb-4a63-a0d8-485568cd1702) {{(pid=101402) _store_ip_allocation /opt/stack/neutron/neutron/db/db_base_plugin_common.py:131}}
Aug 16 23:49:52.807990 n-d-800088-20 neutron-server[101404]: DEBUG neutron_lib.callbacks.manager [None req-27ec4144-f4f3-47e0-818b-8eccbc2e0091 None None] Notify callbacks ['neutron.plugins.ml2.plugin.SecurityGroupServerNotifierRpcMixin._notify_sg_on_port_change-1440779', 'neutron.plugins.ml2.ovo_rpc._ObjectChangeHandler.handle_event-34005', 'neutron.api.rpc.agentnotifiers.dhcp_rpc_agent_api.DhcpAgentNotifyAPI._native_event_send_dhcp_notification-1580592', 'neutron.db.l3_db.L3RpcNotifierMixin._notify_gateway_port_ip_changed-8730304384112', 'neutron.db.l3_dvrscheduler_db._notify_l3_agent_port_update-8730303882069', 'neutron.db.l3_hascheduler_db._notify_l3_agent_ha_port_update-8730303882087'] for port, after_update {{(pid=101404) _notify_loop /usr/local/lib/python3.8/dist-packages/neutron_lib/callbacks/manager.py:192}}
Aug 16 23:49:52.808755 n-d-800088-20 neutron-server[101404]: DEBUG neutron.plugins.ml2.rpc [None req-27ec4144-f4f3-47e0-818b-8eccbc2e0091 None None] Device 0b27fec2-2ad1-4a5b-b40f-5910da935ee3 details requested by agent hyperv_n-h2-800088-20 with host n-h2-800088-20 {{(pid=101404) get_device_details /opt/stack/neutron/neutron/plugins/ml2/rpc.py:102}}
Aug 16 23:49:52.873889 n-d-800088-20 neutron-server[101403]: DEBUG neutron.pecan_wsgi.hooks.policy_enforcement [req-9d473291-ed7d-4cea-abc3-5e6575829a2a req-19489a22-0844-42c9-9bd2-ef7d9d1c17c1 tempest-DeleteServersAdminTestJSON-1242193828 tempest-DeleteServersAdminTestJSON-1242193828-project] Attributes excluded by policy engine: ['standard_attr_id', 'binding:profile', 'binding:host_id', 'binding:vif_type', 'binding:vif_details'] {{(pid=101403) _exclude_attributes_by_policy /opt/stack/neutron/neutron/pecan_wsgi/hooks/policy_enforcement.py:255}}
Aug 16 23:49:52.883106 n-d-800088-20 neutron-server[101403]: INFO neutron.wsgi [req-9d473291-ed7d-4cea-abc3-5e6575829a2a req-19489a22-0844-42c9-9bd2-ef7d9d1c17c1 tempest-DeleteServersAdminTestJSON-1242193828 tempest-DeleteServersAdminTestJSON-1242193828-project] 10.222.0.60 "GET /v2.0/ports?device_id=6ace346d-777d-42db-8a7a-c3ebe15c8ce7 HTTP/1.1" status: 200 len: 968 time: 0.1575782
Aug 16 23:49:52.927299 n-d-800088-20 neutron-server[101402]: DEBUG neutron.wsgi [-] (101402) accepted ('10.222.0.60', 41198) {{(pid=101402) server /usr/local/lib/python3.8/dist-packages/eventlet/wsgi.py:982}}
Aug 16 23:49:52.997443 n-d-800088-20 neutron-server[101402]: DEBUG neutron_lib.callbacks.manager [None req-bec6b5a0-b40b-42cc-8e94-f3b9dfe4b6fa tempest-ServersWithSpecificFlavorTestJSON-1444097 tempest-ServersWithSpecificFlavorTestJSON-1444097-project] Notify callbacks [] for port, precommit_create {{(pid=101402) _notify_loop /usr/local/lib/python3.8/dist-packages/neutron_lib/callbacks/manager.py:192}}
Aug 16 23:49:53.006507 n-d-800088-20 neutron-server[101404]: DEBUG neutron.plugins.ml2.db [None req-27ec4144-f4f3-47e0-818b-8eccbc2e0091 None None] For port 0b27fec2-2ad1-4a5b-b40f-5910da935ee3, host n-h2-800088-20, got binding levels [PortBindingLevel(driver='hyperv',host='n-h2-800088-20',level=0,port_id=0b27fec2-2ad1-4a5b-b40f-5910da935ee3,segment=NetworkSegment(4e3ad541-a927-449f-ad5e-82349e327db6),segment_id=4e3ad541-a927-449f-ad5e-82349e327db6)] {{(pid=101404) get_binding_level_objs /opt/stack/neutron/neutron/plugins/ml2/db.py:74}}
Aug 16 23:49:53.037169 n-d-800088-20 neutron-server[101404]: DEBUG neutron.api.rpc.handlers.resources_rpc [None req-27ec4144-f4f3-47e0-818b-8eccbc2e0091 None None] Pushing event updated for resources: {'Port': ['ID=8504e8ea-50a8-45b1-8044-540d300fceb9,revision_number=4']} {{(pid=101404) push /opt/stack/neutron/neutron/api/rpc/handlers/resources_rpc.py:237}}
Aug 16 23:49:53.072552 n-d-800088-20 neutron-server[101403]: INFO neutron.wsgi [req-9d473291-ed7d-4cea-abc3-5e6575829a2a req-06050f8c-0bf5-4204-94c8-02cc8d14f8eb tempest-DeleteServersAdminTestJSON-1242193828 tempest-DeleteServersAdminTestJSON-1242193828-project] 10.222.0.60 "GET /v2.0/security-groups?id=19f8caff-4a70-4d6e-8a64-b2997578bdd1&fields=id&fields=name HTTP/1.1" status: 200 len: 286 time: 0.1885393
Aug 16 23:49:53.079504 n-d-800088-20 neutron-server[101402]: DEBUG neutron_lib.callbacks.manager [None req-bec6b5a0-b40b-42cc-8e94-f3b9dfe4b6fa tempest-ServersWithSpecificFlavorTestJSON-1444097 tempest-ServersWithSpecificFlavorTestJSON-1444097-project] Notify callbacks ['neutron.plugins.ml2.plugin.SecurityGroupServerNotifierRpcMixin._notify_sg_on_port_change-1440779', 'neutron.plugins.ml2.ovo_rpc._ObjectChangeHandler.handle_event-34005', 'neutron.api.rpc.agentnotifiers.dhcp_rpc_agent_api.DhcpAgentNotifyAPI._native_event_send_dhcp_notification-1580592', 'neutron.db.l3_dvrscheduler_db._notify_l3_agent_new_port-8730303882051'] for port, after_create {{(pid=101402) _notify_loop /usr/local/lib/python3.8/dist-packages/neutron_lib/callbacks/manager.py:192}}
Aug 16 23:49:53.087490 n-d-800088-20 neutron-server[101404]: DEBUG neutron.plugins.ml2.rpc [None req-27ec4144-f4f3-47e0-818b-8eccbc2e0091 None None] Returning: {'device': '0b27fec2-2ad1-4a5b-b40f-5910da935ee3', 'network_id': 'b23323b2-9331-4fe7-8416-b51ac1e935ab', 'port_id': '0b27fec2-2ad1-4a5b-b40f-5910da935ee3', 'mac_address': 'fa:16:3e:ef:af:a5', 'admin_state_up': True, 'network_type': 'vlan', 'segmentation_id': 587, 'physical_network': 'physnet1', 'mtu': 1500, 'fixed_ips': [{'subnet_id': 'b6792702-f3c3-43f8-b0ec-c781b07a7ce2', 'ip_address': '192.168.233.200'}], 'device_owner': 'compute:tempest-test_az-236785673', 'allowed_address_pairs': [], 'port_security_enabled': True, 'qos_policy_id': None, 'network_qos_policy_id': None, 'profile': {}, 'propagate_uplink_status': False} {{(pid=101404) _get_device_details /opt/stack/neutron/neutron/plugins/ml2/rpc.py:184}}
Aug 16 23:49:53.137345 n-d-800088-20 neutron-server[101404]: DEBUG neutron_lib.callbacks.manager [None req-27ec4144-f4f3-47e0-818b-8eccbc2e0091 None None] Notify callbacks ['neutron.plugins.ml2.plugin.SecurityGroupDbMixin._ensure_default_security_group_handler-1440842'] for port, before_update {{(pid=101404) _notify_loop /usr/local/lib/python3.8/dist-packages/neutron_lib/callbacks/manager.py:192}}
Aug 16 23:49:53.141428 n-d-800088-20 neutron-server[101402]: DEBUG neutron.scheduler.dhcp_agent_scheduler [None req-bec6b5a0-b40b-42cc-8e94-f3b9dfe4b6fa tempest-ServersWithSpecificFlavorTestJSON-1444097 tempest-ServersWithSpecificFlavorTestJSON-1444097-project] Network f9960621-448c-44b3-8317-7433dc6ce660 is already hosted by enough agents. {{(pid=101402) _get_dhcp_agents_hosting_network /opt/stack/neutron/neutron/scheduler/dhcp_agent_scheduler.py:275}}
Aug 16 23:49:53.146017 n-d-800088-20 neutron-server[101402]: DEBUG neutron.scheduler.base_scheduler [None req-bec6b5a0-b40b-42cc-8e94-f3b9dfe4b6fa tempest-ServersWithSpecificFlavorTestJSON-1444097 tempest-ServersWithSpecificFlavorTestJSON-1444097-project] Resources bound (agent type, host, resource id): {{(pid=101402) schedule /opt/stack/neutron/neutron/scheduler/base_scheduler.py:57}}
Aug 16 23:49:53.153957 n-d-800088-20 neutron-server[101402]: DEBUG neutron.db.l3_dvrscheduler_db [None req-bec6b5a0-b40b-42cc-8e94-f3b9dfe4b6fa tempest-ServersWithSpecificFlavorTestJSON-1444097 tempest-ServersWithSpecificFlavorTestJSON-1444097-project] Received port after_create {{(pid=101402) _notify_l3_agent_new_port /opt/stack/neutron/neutron/db/l3_dvrscheduler_db.py:535}}
Aug 16 23:49:53.155275 n-d-800088-20 neutron-server[101404]: DEBUG neutron.notifiers.nova [None req-27ec4144-f4f3-47e0-818b-8eccbc2e0091 None None] Ignoring state change previous_port_status: DOWN current_port_status: BUILD port_id 0b27fec2-2ad1-4a5b-b40f-5910da935ee3 {{(pid=101404) record_port_status_changed /opt/stack/neutron/neutron/notifiers/nova.py:224}}
Aug 16 23:49:53.161578 n-d-800088-20 neutron-server[101403]: DEBUG neutron_lib.callbacks.manager [None req-b01ad27a-ce03-4d38-9af2-eeba3b53624e admin admin] Notify callbacks [] for security_group, precommit_create {{(pid=101403) _notify_loop /usr/local/lib/python3.8/dist-packages/neutron_lib/callbacks/manager.py:192}}
Aug 16 23:49:53.173326 n-d-800088-20 neutron-server[101403]: DEBUG neutron_lib.callbacks.manager [None req-b01ad27a-ce03-4d38-9af2-eeba3b53624e admin admin] Notify callbacks ['neutron.plugins.ml2.ovo_rpc._ObjectChangeHandler.handle_event-1666545'] for security_group, after_create {{(pid=101403) _notify_loop /usr/local/lib/python3.8/dist-packages/neutron_lib/callbacks/manager.py:192}}
Aug 16 23:49:53.190518 n-d-800088-20 neutron-server[101402]: DEBUG neutron.api.rpc.handlers.resources_rpc [None req-bec6b5a0-b40b-42cc-8e94-f3b9dfe4b6fa tempest-ServersWithSpecificFlavorTestJSON-1444097 tempest-ServersWithSpecificFlavorTestJSON-1444097-project] Pushing event updated for resources: {'Port': ['ID=58cf71d7-7afb-4a63-a0d8-485568cd1702,revision_number=1']} {{(pid=101402) push /opt/stack/neutron/neutron/api/rpc/handlers/resources_rpc.py:237}}
Aug 16 23:49:53.199747 n-d-800088-20 neutron-server[101404]: DEBUG neutron.plugins.ml2.db [None req-27ec4144-f4f3-47e0-818b-8eccbc2e0091 None None] For port 0b27fec2-2ad1-4a5b-b40f-5910da935ee3, host n-h2-800088-20, got binding levels [PortBindingLevel(driver='hyperv',host='n-h2-800088-20',level=0,port_id=0b27fec2-2ad1-4a5b-b40f-5910da935ee3,segment=NetworkSegment(4e3ad541-a927-449f-ad5e-82349e327db6),segment_id=4e3ad541-a927-449f-ad5e-82349e327db6)] {{(pid=101404) get_binding_level_objs /opt/stack/neutron/neutron/plugins/ml2/db.py:74}}
Aug 16 23:49:53.209541 n-d-800088-20 neutron-server[101404]: DEBUG neutron_lib.callbacks.manager [None req-27ec4144-f4f3-47e0-818b-8eccbc2e0091 None None] Notify callbacks ['neutron.plugins.ml2.plugin.SecurityGroupServerNotifierRpcMixin._notify_sg_on_port_change-1440779', 'neutron.plugins.ml2.ovo_rpc._ObjectChangeHandler.handle_event-34005', 'neutron.api.rpc.agentnotifiers.dhcp_rpc_agent_api.DhcpAgentNotifyAPI._native_event_send_dhcp_notification-1580592', 'neutron.db.l3_db.L3RpcNotifierMixin._notify_gateway_port_ip_changed-8730304384112', 'neutron.db.l3_dvrscheduler_db._notify_l3_agent_port_update-8730303882069', 'neutron.db.l3_hascheduler_db._notify_l3_agent_ha_port_update-8730303882087'] for port, after_update {{(pid=101404) _notify_loop /usr/local/lib/python3.8/dist-packages/neutron_lib/callbacks/manager.py:192}}
Aug 16 23:49:53.267259 n-d-800088-20 neutron-server[101403]: INFO neutron.wsgi [None req-b01ad27a-ce03-4d38-9af2-eeba3b53624e admin admin] 10.222.0.60 "GET /v2.0/security-groups?tenant_id=1bbaefb9523441d8a186a07614da8ab6&name=default HTTP/1.1" status: 200 len: 2979 time: 0.9326563
Aug 16 23:49:53.270066 n-d-800088-20 neutron-server[101403]: DEBUG neutron.api.rpc.handlers.resources_rpc [None req-b01ad27a-ce03-4d38-9af2-eeba3b53624e admin admin] Pushing event updated for resources: {'SecurityGroup': ['ID=60c4f36d-891e-48c7-972e-1efc1196214c,revision_number=1']} {{(pid=101403) push /opt/stack/neutron/neutron/api/rpc/handlers/resources_rpc.py:237}}
Aug 16 23:49:53.273438 n-d-800088-20 neutron-server[101404]: DEBUG neutron.api.rpc.handlers.resources_rpc [None req-27ec4144-f4f3-47e0-818b-8eccbc2e0091 None None] Pushing event updated for resources: {'Port': ['ID=0b27fec2-2ad1-4a5b-b40f-5910da935ee3,revision_number=4']} {{(pid=101404) push /opt/stack/neutron/neutron/api/rpc/handlers/resources_rpc.py:237}}
Aug 16 23:49:53.274410 n-d-800088-20 neutron-server[101403]: DEBUG neutron.wsgi [-] (101403) accepted ('10.222.0.60', 41206) {{(pid=101403) server /usr/local/lib/python3.8/dist-packages/eventlet/wsgi.py:982}}
Aug 16 23:49:53.298047 n-d-800088-20 neutron-server[101402]: DEBUG neutron_lib.callbacks.manager [None req-bec6b5a0-b40b-42cc-8e94-f3b9dfe4b6fa tempest-ServersWithSpecificFlavorTestJSON-1444097 tempest-ServersWithSpecificFlavorTestJSON-1444097-project] Notify callbacks [] for floatingip, precommit_create {{(pid=101402) _notify_loop /usr/local/lib/python3.8/dist-packages/neutron_lib/callbacks/manager.py:192}}
Aug 16 23:49:53.339816 n-d-800088-20 neutron-server[101403]: DEBUG neutron_lib.callbacks.manager [None req-da946665-6f68-4e9e-ab5c-81360c9e4b7d admin admin] Notify callbacks [] for security_group, before_delete {{(pid=101403) _notify_loop /usr/local/lib/python3.8/dist-packages/neutron_lib/callbacks/manager.py:192}}
Aug 16 23:49:53.365474 n-d-800088-20 neutron-server[101403]: DEBUG neutron_lib.callbacks.manager [None req-da946665-6f68-4e9e-ab5c-81360c9e4b7d admin admin] Notify callbacks [] for security_group, precommit_delete {{(pid=101403) _notify_loop /usr/local/lib/python3.8/dist-packages/neutron_lib/callbacks/manager.py:192}}
Aug 16 23:49:53.371542 n-d-800088-20 neutron-server[101402]: DEBUG neutron.api.v2.base [None req-9bb5367e-7a6b-4a7d-aded-34ac2b935361 admin admin] Request body: {'network': {'name': 'tempest-LiveAutoBlockMigrationV225Test-4204949-network', 'tenant_id': 'b30c0e442778419181d2ad6b2586afae'}} {{(pid=101402) prepare_request_body /opt/stack/neutron/neutron/api/v2/base.py:730}}
Aug 16 23:49:53.415320 n-d-800088-20 neutron-server[101402]: DEBUG neutron_lib.callbacks.manager [None req-bec6b5a0-b40b-42cc-8e94-f3b9dfe4b6fa tempest-ServersWithSpecificFlavorTestJSON-1444097 tempest-ServersWithSpecificFlavorTestJSON-1444097-project] Notify callbacks ['neutron.plugins.ml2.plugin.SecurityGroupDbMixin._ensure_default_security_group_handler-1440842'] for port, before_update {{(pid=101402) _notify_loop /usr/local/lib/python3.8/dist-packages/neutron_lib/callbacks/manager.py:192}}
Aug 16 23:49:53.452069 n-d-800088-20 neutron-server[101403]: DEBUG neutron_lib.callbacks.manager [None req-da946665-6f68-4e9e-ab5c-81360c9e4b7d admin admin] Notify callbacks ['neutron.plugins.ml2.ovo_rpc._ObjectChangeHandler.handle_event-1666545'] for security_group, after_delete {{(pid=101403) _notify_loop /usr/local/lib/python3.8/dist-packages/neutron_lib/callbacks/manager.py:192}}
Aug 16 23:49:53.457931 n-d-800088-20 neutron-server[101403]: DEBUG neutron_lib.callbacks.manager [None req-da946665-6f68-4e9e-ab5c-81360c9e4b7d admin admin] Notify callbacks [] for security_group, before_response {{(pid=101403) _notify_loop /usr/local/lib/python3.8/dist-packages/neutron_lib/callbacks/manager.py:192}}
Aug 16 23:49:53.468305 n-d-800088-20 neutron-server[101403]: INFO neutron.wsgi [None req-da946665-6f68-4e9e-ab5c-81360c9e4b7d admin admin] 10.222.0.60 "DELETE /v2.0/security-groups/60c4f36d-891e-48c7-972e-1efc1196214c HTTP/1.1" status: 204 len: 168 time: 0.1925676
Aug 16 23:49:53.476914 n-d-800088-20 neutron-server[101403]: DEBUG neutron.api.rpc.handlers.resources_rpc [None req-da946665-6f68-4e9e-ab5c-81360c9e4b7d admin admin] Pushing event deleted for resources: {'SecurityGroup': ['ID=60c4f36d-891e-48c7-972e-1efc1196214c,revision_number=None']} {{(pid=101403) push /opt/stack/neutron/neutron/api/rpc/handlers/resources_rpc.py:237}}
Aug 16 23:49:53.481198 n-d-800088-20 neutron-server[101404]: DEBUG neutron.plugins.ml2.rpc [None req-1c2ae541-33fd-43b4-bbcc-8c9ca7275cd6 None None] Device d87df9f6-5413-408d-9124-2921ce8bcc10 up at agent ovs-agent-n-d-800088-20 {{(pid=101404) update_device_up /opt/stack/neutron/neutron/plugins/ml2/rpc.py:296}}
Aug 16 23:49:53.541882 n-d-800088-20 neutron-server[101404]: DEBUG neutron.plugins.ml2.db [None req-27ec4144-f4f3-47e0-818b-8eccbc2e0091 None None] get_ports_and_sgs() called for port_ids ['8504e8ea-50a8-45b1-8044-540d300fceb9'] {{(pid=101404) get_ports_and_sgs /opt/stack/neutron/neutron/plugins/ml2/db.py:156}}
Aug 16 23:49:53.563025 n-d-800088-20 neutron-server[101402]: DEBUG neutron.pecan_wsgi.hooks.quota_enforcement [None req-9bb5367e-7a6b-4a7d-aded-34ac2b935361 admin admin] Made reservation on behalf of b30c0e442778419181d2ad6b2586afae for: {'network': 1} {{(pid=101402) before /opt/stack/neutron/neutron/pecan_wsgi/hooks/quota_enforcement.py:53}}
Aug 16 23:49:53.565968 n-d-800088-20 neutron-server[101402]: DEBUG neutron_lib.callbacks.manager [None req-9bb5367e-7a6b-4a7d-aded-34ac2b935361 admin admin] Notify callbacks ['neutron.plugins.ml2.plugin.SecurityGroupDbMixin._ensure_default_security_group_handler-1440842'] for network, before_create {{(pid=101402) _notify_loop /usr/local/lib/python3.8/dist-packages/neutron_lib/callbacks/manager.py:192}}
Aug 16 23:49:53.613295 n-d-800088-20 neutron-server[101402]: DEBUG neutron_lib.callbacks.manager [None req-9bb5367e-7a6b-4a7d-aded-34ac2b935361 admin admin] Notify callbacks [] for security_group, before_create {{(pid=101402) _notify_loop /usr/local/lib/python3.8/dist-packages/neutron_lib/callbacks/manager.py:192}}
Aug 16 23:49:53.636001 n-d-800088-20 neutron-server[101404]: DEBUG neutron.plugins.ml2.db [None req-27ec4144-f4f3-47e0-818b-8eccbc2e0091 None None] get_ports_and_sgs() called for port_ids ['0b27fec2-2ad1-4a5b-b40f-5910da935ee3'] {{(pid=101404) get_ports_and_sgs /opt/stack/neutron/neutron/plugins/ml2/db.py:156}}
Aug 16 23:49:53.757926 n-d-800088-20 neutron-server[101403]: DEBUG neutron.pecan_wsgi.hooks.policy_enforcement [req-d555b42d-9ff3-4c71-bf45-0991bb470c94 req-c521bd0c-3d54-4cf1-b4e7-8066ffd23fca tempest-AggregatesAdminTestJSON-1786735894 tempest-AggregatesAdminTestJSON-1786735894-project] Attributes excluded by policy engine: ['standard_attr_id', 'binding:profile', 'binding:host_id', 'binding:vif_type', 'binding:vif_details'] {{(pid=101403) _exclude_attributes_by_policy /opt/stack/neutron/neutron/pecan_wsgi/hooks/policy_enforcement.py:255}}
Aug 16 23:49:53.758928 n-d-800088-20 neutron-server[101404]: DEBUG neutron.db.provisioning_blocks [None req-1c2ae541-33fd-43b4-bbcc-8c9ca7275cd6 None None] Provisioning complete for port d87df9f6-5413-408d-9124-2921ce8bcc10 triggered by entity L2. {{(pid=101404) provisioning_complete /opt/stack/neutron/neutron/db/provisioning_blocks.py:139}}
Aug 16 23:49:53.759395 n-d-800088-20 neutron-server[101404]: DEBUG neutron_lib.callbacks.manager [None req-1c2ae541-33fd-43b4-bbcc-8c9ca7275cd6 None None] Notify callbacks ['neutron.plugins.ml2.plugin.Ml2Plugin._port_provisioned-1351405'] for port, provisioning_complete {{(pid=101404) _notify_loop /usr/local/lib/python3.8/dist-packages/neutron_lib/callbacks/manager.py:192}}
Aug 16 23:49:53.760678 n-d-800088-20 neutron-server[101402]: DEBUG neutron_lib.callbacks.manager [None req-bec6b5a0-b40b-42cc-8e94-f3b9dfe4b6fa tempest-ServersWithSpecificFlavorTestJSON-1444097 tempest-ServersWithSpecificFlavorTestJSON-1444097-project] Notify callbacks [] for port, precommit_update {{(pid=101402) _notify_loop /usr/local/lib/python3.8/dist-packages/neutron_lib/callbacks/manager.py:192}}
Aug 16 23:49:53.769022 n-d-800088-20 neutron-server[101403]: INFO neutron.wsgi [req-d555b42d-9ff3-4c71-bf45-0991bb470c94 req-c521bd0c-3d54-4cf1-b4e7-8066ffd23fca tempest-AggregatesAdminTestJSON-1786735894 tempest-AggregatesAdminTestJSON-1786735894-project] 10.222.0.60 "GET /v2.0/ports?device_id=286e9da5-691b-4bf5-b654-3f6d285be9fb HTTP/1.1" status: 200 len: 970 time: 0.1141915
Aug 16 23:49:53.771016 n-d-800088-20 neutron-server[101402]: DEBUG neutron_lib.callbacks.manager [None req-bec6b5a0-b40b-42cc-8e94-f3b9dfe4b6fa tempest-ServersWithSpecificFlavorTestJSON-1444097 tempest-ServersWithSpecificFlavorTestJSON-1444097-project] Notify callbacks ['neutron.plugins.ml2.plugin.SecurityGroupServerNotifierRpcMixin._notify_sg_on_port_change-1440779', 'neutron.plugins.ml2.ovo_rpc._ObjectChangeHandler.handle_event-34005', 'neutron.api.rpc.agentnotifiers.dhcp_rpc_agent_api.DhcpAgentNotifyAPI._native_event_send_dhcp_notification-1580592', 'neutron.db.l3_db.L3RpcNotifierMixin._notify_gateway_port_ip_changed-8730304384112', 'neutron.db.l3_dvrscheduler_db._notify_l3_agent_port_update-8730303882069', 'neutron.db.l3_hascheduler_db._notify_l3_agent_ha_port_update-8730303882087'] for port, after_update {{(pid=101402) _notify_loop /usr/local/lib/python3.8/dist-packages/neutron_lib/callbacks/manager.py:192}}
Aug 16 23:49:53.852512 n-d-800088-20 neutron-server[101403]: INFO neutron.wsgi [req-d555b42d-9ff3-4c71-bf45-0991bb470c94 req-40c9fee2-957a-435e-85e1-cb92d2caa7e9 tempest-AggregatesAdminTestJSON-1786735894 tempest-AggregatesAdminTestJSON-1786735894-project] 10.222.0.60 "GET /v2.0/security-groups?id=a8df3ecd-5d64-4454-9561-c1d89fb28407&fields=id&fields=name HTTP/1.1" status: 200 len: 286 time: 0.0796375
Aug 16 23:49:53.857114 n-d-800088-20 neutron-server[101402]: DEBUG neutron_lib.callbacks.manager [None req-bec6b5a0-b40b-42cc-8e94-f3b9dfe4b6fa tempest-ServersWithSpecificFlavorTestJSON-1444097 tempest-ServersWithSpecificFlavorTestJSON-1444097-project] Notify callbacks ['neutron.services.l3_router.l3_router_plugin.DVRResourceOperationHandler._create_dvr_floating_gw_port-1633017'] for floatingip, after_update {{(pid=101402) _notify_loop /usr/local/lib/python3.8/dist-packages/neutron_lib/callbacks/manager.py:192}}
Aug 16 23:49:53.863698 n-d-800088-20 neutron-server[101402]: DEBUG neutron.api.rpc.handlers.resources_rpc [None req-bec6b5a0-b40b-42cc-8e94-f3b9dfe4b6fa tempest-ServersWithSpecificFlavorTestJSON-1444097 tempest-ServersWithSpecificFlavorTestJSON-1444097-project] Pushing event updated for resources: {'Port': ['ID=58cf71d7-7afb-4a63-a0d8-485568cd1702,revision_number=2']} {{(pid=101402) push /opt/stack/neutron/neutron/api/rpc/handlers/resources_rpc.py:237}}
Aug 16 23:49:53.882607 n-d-800088-20 neutron-server[101402]: DEBUG neutron_lib.callbacks.manager [None req-9bb5367e-7a6b-4a7d-aded-34ac2b935361 admin admin] Notify callbacks [] for security_group, precommit_create {{(pid=101402) _notify_loop /usr/local/lib/python3.8/dist-packages/neutron_lib/callbacks/manager.py:192}}
Aug 16 23:49:53.889123 n-d-800088-20 neutron-server[101402]: DEBUG neutron_lib.callbacks.manager [None req-9bb5367e-7a6b-4a7d-aded-34ac2b935361 admin admin] Notify callbacks ['neutron.plugins.ml2.ovo_rpc._ObjectChangeHandler.handle_event-1666545'] for security_group, after_create {{(pid=101402) _notify_loop /usr/local/lib/python3.8/dist-packages/neutron_lib/callbacks/manager.py:192}}
Aug 16 23:49:53.917456 n-d-800088-20 neutron-server[101402]: DEBUG neutron.plugins.ml2.drivers.helpers [None req-9bb5367e-7a6b-4a7d-aded-34ac2b935361 admin admin] vlan segment allocate from pool success with {'physical_network': 'physnet1', 'vlan_id': 573} {{(pid=101402) allocate_partially_specified_segment /opt/stack/neutron/neutron/plugins/ml2/drivers/helpers.py:153}}
Aug 16 23:49:53.937636 n-d-800088-20 neutron-server[101402]: DEBUG neutron_lib.callbacks.manager [None req-bec6b5a0-b40b-42cc-8e94-f3b9dfe4b6fa tempest-ServersWithSpecificFlavorTestJSON-1444097 tempest-ServersWithSpecificFlavorTestJSON-1444097-project] Notify callbacks ['neutron.notifiers.nova.Notifier._send_nova_notification-2030278'] for floatingip, before_response {{(pid=101402) _notify_loop /usr/local/lib/python3.8/dist-packages/neutron_lib/callbacks/manager.py:192}}
Aug 16 23:49:53.939331 n-d-800088-20 neutron-server[101402]: INFO neutron.wsgi [None req-bec6b5a0-b40b-42cc-8e94-f3b9dfe4b6fa tempest-ServersWithSpecificFlavorTestJSON-1444097 tempest-ServersWithSpecificFlavorTestJSON-1444097-project] 10.222.0.60 "POST /v2.0/floatingips HTTP/1.1" status: 201 len: 693 time: 1.7271333
Aug 16 23:49:53.955195 n-d-800088-20 neutron-server[101402]: DEBUG neutron_lib.callbacks.manager [None req-9bb5367e-7a6b-4a7d-aded-34ac2b935361 admin admin] Notify callbacks ['neutron.plugins.ml2.plugin.Ml2Plugin._handle_segment_change-1374714'] for segment, precommit_create {{(pid=101402) _notify_loop /usr/local/lib/python3.8/dist-packages/neutron_lib/callbacks/manager.py:192}}
Aug 16 23:49:53.956152 n-d-800088-20 neutron-server[101402]: INFO neutron.db.segments_db [None req-9bb5367e-7a6b-4a7d-aded-34ac2b935361 admin admin] Added segment f15d0fcb-453a-4c98-b8bc-de3984678c08 of type vlan for network 5dc1690b-6624-46fa-a54a-7524bbadf6de
Aug 16 23:49:53.966348 n-d-800088-20 neutron-server[101402]: DEBUG neutron.api.rpc.handlers.resources_rpc [None req-9bb5367e-7a6b-4a7d-aded-34ac2b935361 admin admin] Pushing event updated for resources: {'SecurityGroup': ['ID=3bfe127b-824a-446d-bdd1-15e47f2a0f66,revision_number=1']} {{(pid=101402) push /opt/stack/neutron/neutron/api/rpc/handlers/resources_rpc.py:237}}
Aug 16 23:49:54.002846 n-d-800088-20 neutron-server[101402]: DEBUG neutron_lib.callbacks.manager [None req-9bb5367e-7a6b-4a7d-aded-34ac2b935361 admin admin] Notify callbacks ['neutron.services.auto_allocate.db._ensure_external_network_default_value_callback-8730303869341'] for network, precommit_create {{(pid=101402) _notify_loop /usr/local/lib/python3.8/dist-packages/neutron_lib/callbacks/manager.py:192}}
Aug 16 23:49:54.044732 n-d-800088-20 neutron-server[101402]: DEBUG neutron_lib.callbacks.manager [None req-9bb5367e-7a6b-4a7d-aded-34ac2b935361 admin admin] Notify callbacks ['neutron.plugins.ml2.ovo_rpc._ObjectChangeHandler.handle_event-1666437', 'neutron.api.rpc.agentnotifiers.dhcp_rpc_agent_api.DhcpAgentNotifyAPI._native_event_send_dhcp_notification-1580592'] for network, after_create {{(pid=101402) _notify_loop /usr/local/lib/python3.8/dist-packages/neutron_lib/callbacks/manager.py:192}}
Aug 16 23:49:54.045934 n-d-800088-20 neutron-server[101402]: DEBUG neutron.pecan_wsgi.hooks.policy_enforcement [None req-9bb5367e-7a6b-4a7d-aded-34ac2b935361 admin admin] Attributes excluded by policy engine: ['standard_attr_id', 'vlan_transparent'] {{(pid=101402) _exclude_attributes_by_policy /opt/stack/neutron/neutron/pecan_wsgi/hooks/policy_enforcement.py:255}}
Aug 16 23:49:54.046588 n-d-800088-20 neutron-server[101402]: DEBUG neutron_lib.callbacks.manager [None req-9bb5367e-7a6b-4a7d-aded-34ac2b935361 admin admin] Notify callbacks ['neutron.api.rpc.agentnotifiers.dhcp_rpc_agent_api.DhcpAgentNotifyAPI._send_dhcp_notification-1580582'] for network, before_response {{(pid=101402) _notify_loop /usr/local/lib/python3.8/dist-packages/neutron_lib/callbacks/manager.py:192}}
Aug 16 23:49:54.054756 n-d-800088-20 neutron-server[101403]: DEBUG neutron.wsgi [-] (101403) accepted ('10.222.0.60', 41228) {{(pid=101403) server /usr/local/lib/python3.8/dist-packages/eventlet/wsgi.py:982}}
Aug 16 23:49:54.074183 n-d-800088-20 neutron-server[101403]: DEBUG neutron_lib.callbacks.manager [None req-6ce84740-2289-43d3-a014-f43a741ee2ac admin admin] Notify callbacks [] for security_group, before_create {{(pid=101403) _notify_loop /usr/local/lib/python3.8/dist-packages/neutron_lib/callbacks/manager.py:192}}
Aug 16 23:49:54.103023 n-d-800088-20 neutron-server[101402]: INFO neutron.wsgi [None req-9bb5367e-7a6b-4a7d-aded-34ac2b935361 admin admin] 10.222.0.60 "POST /v2.0/networks HTTP/1.1" status: 201 len: 891 time: 1.1746402
Aug 16 23:49:54.106976 n-d-800088-20 neutron-server[101403]: DEBUG neutron.wsgi [-] (101403) accepted ('10.222.0.60', 41232) {{(pid=101403) server /usr/local/lib/python3.8/dist-packages/eventlet/wsgi.py:982}}
Aug 16 23:49:54.114096 n-d-800088-20 neutron-server[101403]: DEBUG neutron.api.v2.base [None req-ffceaef0-6cef-4202-abbf-6c888b64bcd2 admin admin] Request body: {'subnet': {'network_id': '5dc1690b-6624-46fa-a54a-7524bbadf6de', 'cidr': '172.20.0.0/28', 'name': 'tempest-LiveAutoBlockMigrationV225Test-4204949-subnet', 'tenant_id': 'b30c0e442778419181d2ad6b2586afae', 'enable_dhcp': False, 'ip_version': 4}} {{(pid=101403) prepare_request_body /opt/stack/neutron/neutron/api/v2/base.py:730}}
Aug 16 23:49:54.122897 n-d-800088-20 neutron-server[101402]: DEBUG neutron.api.rpc.handlers.resources_rpc [None req-9bb5367e-7a6b-4a7d-aded-34ac2b935361 admin admin] Pushing event updated for resources: {'Network': ['ID=5dc1690b-6624-46fa-a54a-7524bbadf6de,revision_number=1']} {{(pid=101402) push /opt/stack/neutron/neutron/api/rpc/handlers/resources_rpc.py:237}}
Aug 16 23:49:54.141179 n-d-800088-20 neutron-server[101404]: DEBUG neutron.plugins.ml2.rpc [None req-1c2ae541-33fd-43b4-bbcc-8c9ca7275cd6 None None] Network 5dc1690b-6624-46fa-a54a-7524bbadf6de details requested by agent ovs-agent-n-d-800088-20 with host n-d-800088-20 {{(pid=101404) get_network_details /opt/stack/neutron/neutron/plugins/ml2/rpc.py:248}}
Aug 16 23:49:54.238380 n-d-800088-20 neutron-server[101403]: DEBUG neutron_lib.callbacks.manager [None req-6ce84740-2289-43d3-a014-f43a741ee2ac admin admin] Notify callbacks [] for security_group, precommit_create {{(pid=101403) _notify_loop /usr/local/lib/python3.8/dist-packages/neutron_lib/callbacks/manager.py:192}}
Aug 16 23:49:54.253437 n-d-800088-20 neutron-server[101403]: DEBUG neutron_lib.callbacks.manager [None req-6ce84740-2289-43d3-a014-f43a741ee2ac admin admin] Notify callbacks ['neutron.plugins.ml2.ovo_rpc._ObjectChangeHandler.handle_event-1666545'] for security_group, after_create {{(pid=101403) _notify_loop /usr/local/lib/python3.8/dist-packages/neutron_lib/callbacks/manager.py:192}}
Aug 16 23:49:54.318812 n-d-800088-20 neutron-server[101403]: DEBUG neutron.pecan_wsgi.hooks.policy_enforcement [req-99f999ce-a1f8-4717-83ec-b37cae392ec5 req-8f5a8e36-b0bf-46ae-a6e3-8ca2a67d008f tempest-DeleteServersAdminTestJSON-1242193828 tempest-DeleteServersAdminTestJSON-1242193828-project] Attributes excluded by policy engine: ['standard_attr_id', 'binding:profile', 'binding:host_id', 'binding:vif_type', 'binding:vif_details'] {{(pid=101403) _exclude_attributes_by_policy /opt/stack/neutron/neutron/pecan_wsgi/hooks/policy_enforcement.py:255}}
