Jul 16 01:36:38.500543 n-d-800087-6 neutron-server[93906]: DEBUG neutron.db.provisioning_blocks [req-abc2b8e5-5dfd-419a-a45c-caf897bb7967 req-ce60063d-ea07-4efb-984f-c2771c9d0d70 service neutron] Transition to ACTIVE for port object 45fa8427-bf0b-45f3-b1bb-edc80108b81c will not be triggered until provisioned by entity L2. {{(pid=93906) add_provisioning_component /opt/stack/neutron/neutron/db/provisioning_blocks.py:73}}
Jul 16 01:36:38.506303 n-d-800087-6 neutron-server[93906]: DEBUG neutron_lib.callbacks.manager [req-abc2b8e5-5dfd-419a-a45c-caf897bb7967 req-ce60063d-ea07-4efb-984f-c2771c9d0d70 service neutron] Notify callbacks ['neutron.plugins.ml2.plugin.SecurityGroupServerNotifierRpcMixin._notify_sg_on_port_change-643501', 'neutron.plugins.ml2.ovo_rpc._ObjectChangeHandler.handle_event-122931', 'neutron.api.rpc.agentnotifiers.dhcp_rpc_agent_api.DhcpAgentNotifyAPI._native_event_send_dhcp_notification-33036581', 'neutron.db.l3_db.L3RpcNotifierMixin._notify_gateway_port_ip_changed-8745879132757', 'neutron.db.l3_dvrscheduler_db._notify_l3_agent_port_update-8745878732463', 'neutron.db.l3_hascheduler_db._notify_l3_agent_ha_port_update-8745878732481'] for port, after_update {{(pid=93906) _notify_loop /usr/local/lib/python3.8/dist-packages/neutron_lib/callbacks/manager.py:192}}
Jul 16 01:36:38.554308 n-d-800087-6 neutron-server[93906]: INFO neutron.wsgi [req-cd1d5f72-78ad-472b-8561-585bef6fd8a6 req-880a93bc-7329-4d59-afdb-d61f68b4a3d0 tempest-ServersOnMultiNodesTest-1752059175 tempest-ServersOnMultiNodesTest-1752059175-project] 10.222.0.35 "GET /v2.0/security-groups?id=3f1f24d0-a6ae-410e-809c-0244e3153feb&fields=id&fields=name HTTP/1.1" status: 200 len: 286 time: 0.0756774
Jul 16 01:36:38.560861 n-d-800087-6 neutron-server[93907]: DEBUG neutron.pecan_wsgi.hooks.policy_enforcement [req-ba3557f2-e259-45a1-a7b1-5298c11cfedb req-791beab4-741b-40c3-9f7b-b5e8fc023d0f service neutron] Attributes excluded by policy engine: ['standard_attr_id', 'shared'] {{(pid=93907) _exclude_attributes_by_policy /opt/stack/neutron/neutron/pecan_wsgi/hooks/policy_enforcement.py:255}}
Jul 16 01:36:38.562866 n-d-800087-6 neutron-server[93907]: INFO neutron.wsgi [req-ba3557f2-e259-45a1-a7b1-5298c11cfedb req-791beab4-741b-40c3-9f7b-b5e8fc023d0f service neutron] 10.222.0.38 "GET /v2.0/subnets?id=ee22918f-69d3-45ae-a2f6-8ffd40ca9243 HTTP/1.1" status: 200 len: 843 time: 0.1155584
Jul 16 01:36:38.566977 n-d-800087-6 neutron-server[93907]: INFO neutron.wsgi [req-c7740436-a8cc-4620-8445-2983466f4e4d req-a72f85d2-b7b6-4548-8fc7-3eb774aa3c52 service neutron] 10.222.0.38 "GET /v2.0/networks/a9885455-dd33-4bee-8978-55fd5dd6dbcd?fields=provider%3Aphysical_network&fields=provider%3Anetwork_type HTTP/1.1" status: 200 len: 281 time: 0.2344625
Jul 16 01:36:38.570031 n-d-800087-6 neutron-server[93907]: DEBUG neutron.pecan_wsgi.hooks.policy_enforcement [req-7bac7df4-01f6-4f8c-ab9f-e6a2d0cffa75 req-e54302f5-fd9d-4182-a013-620c66d103e1 service neutron] Attributes excluded by policy engine: ['standard_attr_id', 'vlan_transparent'] {{(pid=93907) _exclude_attributes_by_policy /opt/stack/neutron/neutron/pecan_wsgi/hooks/policy_enforcement.py:255}}
Jul 16 01:36:38.574426 n-d-800087-6 neutron-server[93907]: INFO neutron.wsgi [req-7bac7df4-01f6-4f8c-ab9f-e6a2d0cffa75 req-e54302f5-fd9d-4182-a013-620c66d103e1 service neutron] 10.222.0.38 "GET /v2.0/networks?id=e9277d14-4313-48d2-8773-fd0b7c51c11e HTTP/1.1" status: 200 len: 870 time: 0.2337573
Jul 16 01:36:38.593154 n-d-800087-6 neutron-server[93906]: DEBUG neutron.api.rpc.handlers.resources_rpc [None req-ce60063d-ea07-4efb-984f-c2771c9d0d70 service neutron] Pushing event updated for resources: {'Port': ['ID=45fa8427-bf0b-45f3-b1bb-edc80108b81c,revision_number=2']} {{(pid=93906) push /opt/stack/neutron/neutron/api/rpc/handlers/resources_rpc.py:237}}
Jul 16 01:36:38.662158 n-d-800087-6 neutron-server[93907]: INFO neutron.wsgi [req-7bac7df4-01f6-4f8c-ab9f-e6a2d0cffa75 req-af148288-39a8-457c-ad88-1759bd369bb6 service neutron] 10.222.0.38 "GET /v2.0/floatingips?fixed_ip_address=192.168.233.65&port_id=eb480f3d-d869-4e07-a5ef-5f8334c8147e HTTP/1.1" status: 200 len: 217 time: 0.0791442
Jul 16 01:36:38.729499 n-d-800087-6 neutron-server[93906]: DEBUG neutron.plugins.ml2.managers [req-abc2b8e5-5dfd-419a-a45c-caf897bb7967 req-ce60063d-ea07-4efb-984f-c2771c9d0d70 service neutron] Attempting to bind port 45fa8427-bf0b-45f3-b1bb-edc80108b81c on host n-h1-800087-6 for vnic_type normal with profile {{(pid=93906) bind_port /opt/stack/neutron/neutron/plugins/ml2/managers.py:790}}
Jul 16 01:36:38.729842 n-d-800087-6 neutron-server[93906]: DEBUG neutron.plugins.ml2.managers [req-abc2b8e5-5dfd-419a-a45c-caf897bb7967 req-ce60063d-ea07-4efb-984f-c2771c9d0d70 service neutron] Attempting to bind port 45fa8427-bf0b-45f3-b1bb-edc80108b81c by drivers openvswitch,hyperv on host n-h1-800087-6 at level 0 using segments [{'id': '4093a142-6c3c-48da-9d45-703131c5db94', 'network_type': 'vlan', 'physical_network': 'physnet1', 'segmentation_id': 191, 'network_id': 'e9277d14-4313-48d2-8773-fd0b7c51c11e'}] {{(pid=93906) _bind_port_level /opt/stack/neutron/neutron/plugins/ml2/managers.py:815}}
Jul 16 01:36:38.730174 n-d-800087-6 neutron-server[93906]: DEBUG neutron.plugins.ml2.drivers.mech_agent [req-abc2b8e5-5dfd-419a-a45c-caf897bb7967 req-ce60063d-ea07-4efb-984f-c2771c9d0d70 service neutron] Attempting to bind port 45fa8427-bf0b-45f3-b1bb-edc80108b81c on network e9277d14-4313-48d2-8773-fd0b7c51c11e {{(pid=93906) bind_port /opt/stack/neutron/neutron/plugins/ml2/drivers/mech_agent.py:86}}
Jul 16 01:36:38.738415 n-d-800087-6 neutron-server[93906]: DEBUG neutron.plugins.ml2.drivers.mech_agent [req-abc2b8e5-5dfd-419a-a45c-caf897bb7967 req-ce60063d-ea07-4efb-984f-c2771c9d0d70 service neutron] Port 45fa8427-bf0b-45f3-b1bb-edc80108b81c on network e9277d14-4313-48d2-8773-fd0b7c51c11e not bound, no agent of type Open vSwitch agent registered on host n-h1-800087-6 {{(pid=93906) bind_port /opt/stack/neutron/neutron/plugins/ml2/drivers/mech_agent.py:98}}
Jul 16 01:36:38.738808 n-d-800087-6 neutron-server[93906]: DEBUG neutron.plugins.ml2.drivers.mech_agent [req-abc2b8e5-5dfd-419a-a45c-caf897bb7967 req-ce60063d-ea07-4efb-984f-c2771c9d0d70 service neutron] Attempting to bind port 45fa8427-bf0b-45f3-b1bb-edc80108b81c on network e9277d14-4313-48d2-8773-fd0b7c51c11e {{(pid=93906) bind_port /opt/stack/neutron/neutron/plugins/ml2/drivers/mech_agent.py:86}}
Jul 16 01:36:38.750581 n-d-800087-6 neutron-server[93906]: DEBUG neutron.plugins.ml2.drivers.mech_agent [req-abc2b8e5-5dfd-419a-a45c-caf897bb7967 req-ce60063d-ea07-4efb-984f-c2771c9d0d70 service neutron] Checking agent: {'id': 'cfc47419-099d-428c-96b9-05a4daba4c1a', 'agent_type': 'HyperV agent', 'binary': 'neutron-hyperv-agent', 'topic': 'N/A', 'host': 'n-h1-800087-6', 'admin_state_up': True, 'created_at': datetime.datetime(2021, 7, 16, 1, 33, 23), 'started_at': datetime.datetime(2021, 7, 16, 1, 33, 23), 'heartbeat_timestamp': datetime.datetime(2021, 7, 16, 1, 36, 23), 'description': None, 'resources_synced': None, 'availability_zone': None, 'alive': True, 'configurations': {'vswitch_mappings': {'physnet1$': 'br-data'}}, 'resource_versions': {}} {{(pid=93906) bind_port /opt/stack/neutron/neutron/plugins/ml2/drivers/mech_agent.py:105}}
Jul 16 01:36:38.750933 n-d-800087-6 neutron-server[93906]: DEBUG neutron.plugins.ml2.drivers.mech_agent [req-abc2b8e5-5dfd-419a-a45c-caf897bb7967 req-ce60063d-ea07-4efb-984f-c2771c9d0d70 service neutron] Checking segment: {'id': '4093a142-6c3c-48da-9d45-703131c5db94', 'network_type': 'vlan', 'physical_network': 'physnet1', 'segmentation_id': 191, 'network_id': 'e9277d14-4313-48d2-8773-fd0b7c51c11e'} for mappings: {'physnet1$': 'br-data'} with network types: ['local', 'flat', 'vlan'] {{(pid=93906) check_segment_for_agent /opt/stack/neutron/neutron/plugins/ml2/drivers/mech_agent.py:341}}
Jul 16 01:36:38.751327 n-d-800087-6 neutron-server[93906]: DEBUG neutron.plugins.ml2.drivers.mech_agent [req-abc2b8e5-5dfd-419a-a45c-caf897bb7967 req-ce60063d-ea07-4efb-984f-c2771c9d0d70 service neutron] Bound using segment: {'id': '4093a142-6c3c-48da-9d45-703131c5db94', 'network_type': 'vlan', 'physical_network': 'physnet1', 'segmentation_id': 191, 'network_id': 'e9277d14-4313-48d2-8773-fd0b7c51c11e'} {{(pid=93906) bind_port /opt/stack/neutron/neutron/plugins/ml2/drivers/mech_agent.py:115}}
Jul 16 01:36:38.751760 n-d-800087-6 neutron-server[93906]: DEBUG neutron.plugins.ml2.managers [req-abc2b8e5-5dfd-419a-a45c-caf897bb7967 req-ce60063d-ea07-4efb-984f-c2771c9d0d70 service neutron] Bound port: 45fa8427-bf0b-45f3-b1bb-edc80108b81c, host: n-h1-800087-6, vif_type: hyperv, vif_details: {"connectivity": "legacy", "port_filter": false}, binding_levels: [{'bound_driver': 'hyperv', 'bound_segment': {'id': '4093a142-6c3c-48da-9d45-703131c5db94', 'network_type': 'vlan', 'physical_network': 'physnet1', 'segmentation_id': 191, 'network_id': 'e9277d14-4313-48d2-8773-fd0b7c51c11e'}}] {{(pid=93906) _bind_port_level /opt/stack/neutron/neutron/plugins/ml2/managers.py:928}}
Jul 16 01:36:38.758338 n-d-800087-6 neutron-server[93906]: DEBUG neutron_lib.callbacks.manager [req-abc2b8e5-5dfd-419a-a45c-caf897bb7967 req-ce60063d-ea07-4efb-984f-c2771c9d0d70 service neutron] Notify callbacks ['neutron.plugins.ml2.plugin.SecurityGroupDbMixin._ensure_default_security_group_handler-644694'] for port, before_update {{(pid=93906) _notify_loop /usr/local/lib/python3.8/dist-packages/neutron_lib/callbacks/manager.py:192}}
Jul 16 01:36:38.803984 n-d-800087-6 neutron-server[93907]: DEBUG neutron.pecan_wsgi.hooks.policy_enforcement [req-7bac7df4-01f6-4f8c-ab9f-e6a2d0cffa75 req-027714cd-8cf0-4694-bdf9-0af46c8bab90 service neutron] Attributes excluded by policy engine: ['standard_attr_id', 'shared'] {{(pid=93907) _exclude_attributes_by_policy /opt/stack/neutron/neutron/pecan_wsgi/hooks/policy_enforcement.py:255}}
Jul 16 01:36:38.805487 n-d-800087-6 neutron-server[93907]: INFO neutron.wsgi [req-7bac7df4-01f6-4f8c-ab9f-e6a2d0cffa75 req-027714cd-8cf0-4694-bdf9-0af46c8bab90 service neutron] 10.222.0.38 "GET /v2.0/subnets?id=ee22918f-69d3-45ae-a2f6-8ffd40ca9243 HTTP/1.1" status: 200 len: 843 time: 0.1344364
Jul 16 01:36:38.937626 n-d-800087-6 neutron-server[93906]: DEBUG neutron.plugins.ml2.db [req-abc2b8e5-5dfd-419a-a45c-caf897bb7967 req-ce60063d-ea07-4efb-984f-c2771c9d0d70 service neutron] For port 45fa8427-bf0b-45f3-b1bb-edc80108b81c, host n-h1-800087-6, cleared binding levels {{(pid=93906) clear_binding_levels /opt/stack/neutron/neutron/plugins/ml2/db.py:87}}
Jul 16 01:36:38.953575 n-d-800087-6 neutron-server[93906]: DEBUG neutron.plugins.ml2.db [req-abc2b8e5-5dfd-419a-a45c-caf897bb7967 req-ce60063d-ea07-4efb-984f-c2771c9d0d70 service neutron] For port 45fa8427-bf0b-45f3-b1bb-edc80108b81c, host n-h1-800087-6, set binding levels [PortBindingLevel(driver='hyperv',host='n-h1-800087-6',level=0,port_id=45fa8427-bf0b-45f3-b1bb-edc80108b81c,segment=NetworkSegment(4093a142-6c3c-48da-9d45-703131c5db94),segment_id=4093a142-6c3c-48da-9d45-703131c5db94)] {{(pid=93906) set_binding_levels /opt/stack/neutron/neutron/plugins/ml2/db.py:59}}
Jul 16 01:36:38.977613 n-d-800087-6 neutron-server[93906]: DEBUG neutron_lib.callbacks.manager [req-abc2b8e5-5dfd-419a-a45c-caf897bb7967 req-ce60063d-ea07-4efb-984f-c2771c9d0d70 service neutron] Notify callbacks ['neutron.plugins.ml2.plugin.SecurityGroupServerNotifierRpcMixin._notify_sg_on_port_change-643501', 'neutron.plugins.ml2.ovo_rpc._ObjectChangeHandler.handle_event-122931', 'neutron.api.rpc.agentnotifiers.dhcp_rpc_agent_api.DhcpAgentNotifyAPI._native_event_send_dhcp_notification-33036581', 'neutron.db.l3_db.L3RpcNotifierMixin._notify_gateway_port_ip_changed-8745879132757', 'neutron.db.l3_dvrscheduler_db._notify_l3_agent_port_update-8745878732463', 'neutron.db.l3_hascheduler_db._notify_l3_agent_ha_port_update-8745878732481'] for port, after_update {{(pid=93906) _notify_loop /usr/local/lib/python3.8/dist-packages/neutron_lib/callbacks/manager.py:192}}
Jul 16 01:36:39.029234 n-d-800087-6 neutron-server[93906]: DEBUG neutron.pecan_wsgi.hooks.policy_enforcement [req-b9ba6f5f-0c1c-45f9-85fa-030256441d71 req-7c3eaafc-a01f-448d-9b6e-6a248331f905 tempest-DeleteServersAdminTestJSON-322152344 tempest-DeleteServersAdminTestJSON-322152344-project] Attributes excluded by policy engine: ['standard_attr_id', 'binding:profile', 'binding:host_id', 'binding:vif_type', 'binding:vif_details'] {{(pid=93906) _exclude_attributes_by_policy /opt/stack/neutron/neutron/pecan_wsgi/hooks/policy_enforcement.py:255}}
Jul 16 01:36:39.038110 n-d-800087-6 neutron-server[93906]: INFO neutron.wsgi [req-b9ba6f5f-0c1c-45f9-85fa-030256441d71 req-7c3eaafc-a01f-448d-9b6e-6a248331f905 tempest-DeleteServersAdminTestJSON-322152344 tempest-DeleteServersAdminTestJSON-322152344-project] 10.222.0.35 "GET /v2.0/ports?device_id=6b3e50fd-0ede-4181-84d3-35adc140b400 HTTP/1.1" status: 200 len: 947 time: 0.1447146
Jul 16 01:36:39.039964 n-d-800087-6 neutron-server[93906]: DEBUG neutron.pecan_wsgi.hooks.policy_enforcement [req-abc2b8e5-5dfd-419a-a45c-caf897bb7967 req-ce60063d-ea07-4efb-984f-c2771c9d0d70 service neutron] Attributes excluded by policy engine: ['standard_attr_id'] {{(pid=93906) _exclude_attributes_by_policy /opt/stack/neutron/neutron/pecan_wsgi/hooks/policy_enforcement.py:255}}
Jul 16 01:36:39.040796 n-d-800087-6 neutron-server[93906]: DEBUG neutron_lib.callbacks.manager [req-abc2b8e5-5dfd-419a-a45c-caf897bb7967 req-ce60063d-ea07-4efb-984f-c2771c9d0d70 service neutron] Notify callbacks ['neutron.notifiers.nova.Notifier._send_nova_notification-458998'] for port, before_response {{(pid=93906) _notify_loop /usr/local/lib/python3.8/dist-packages/neutron_lib/callbacks/manager.py:192}}
Jul 16 01:36:39.042474 n-d-800087-6 neutron-server[93906]: INFO neutron.wsgi [req-abc2b8e5-5dfd-419a-a45c-caf897bb7967 req-ce60063d-ea07-4efb-984f-c2771c9d0d70 service neutron] 10.222.0.32 "PUT /v2.0/ports/45fa8427-bf0b-45f3-b1bb-edc80108b81c HTTP/1.1" status: 200 len: 1095 time: 1.4230976
Jul 16 01:36:39.139650 n-d-800087-6 neutron-server[93906]: DEBUG neutron.api.rpc.handlers.resources_rpc [None req-ce60063d-ea07-4efb-984f-c2771c9d0d70 service neutron] Pushing event updated for resources: {'Port': ['ID=45fa8427-bf0b-45f3-b1bb-edc80108b81c,revision_number=3']} {{(pid=93906) push /opt/stack/neutron/neutron/api/rpc/handlers/resources_rpc.py:237}}
Jul 16 01:36:39.169960 n-d-800087-6 neutron-server[93906]: INFO neutron.wsgi [req-b9ba6f5f-0c1c-45f9-85fa-030256441d71 req-1860a9fa-1963-47bd-9ec4-1c3c843a2c13 tempest-DeleteServersAdminTestJSON-322152344 tempest-DeleteServersAdminTestJSON-322152344-project] 10.222.0.35 "GET /v2.0/security-groups?id=1592d280-109e-4a1b-930b-525c016de74b&fields=id&fields=name HTTP/1.1" status: 200 len: 286 time: 0.1263294
Jul 16 01:36:39.194472 n-d-800087-6 neutron-server[93907]: DEBUG neutron.notifiers.nova [-] Sending events: [{'server_uuid': '7c292d92-655d-47c6-bd07-ddc2fe61fb4e', 'name': 'network-vif-deleted', 'tag': '92568b60-9209-4afb-8e11-732df6a239c1'}] {{(pid=93907) send_events /opt/stack/neutron/neutron/notifiers/nova.py:262}}
Jul 16 01:36:39.197104 n-d-800087-6 neutron-server[93907]: DEBUG novaclient.v2.client [-] REQ: curl -g -i --cacert "/opt/stack/data/ca-bundle.pem" -X POST http://10.222.0.35/compute/v2.1/os-server-external-events -H "Accept: application/json" -H "Content-Type: application/json" -H "User-Agent: python-novaclient" -H "X-Auth-Token: {SHA256}845e4c7cd712e529494d7c9d5825899e653d010a7b2f83e6deec97abbb41751d" -H "X-OpenStack-Nova-API-Version: 2.1" -H "X-OpenStack-Request-ID: req-e66b5ed0-9f6a-43ba-b4a3-2dc48cbea0ec" -d '{"events": [{"server_uuid": "7c292d92-655d-47c6-bd07-ddc2fe61fb4e", "name": "network-vif-deleted", "tag": "92568b60-9209-4afb-8e11-732df6a239c1"}]}' {{(pid=93907) _http_log_request /usr/local/lib/python3.8/dist-packages/keystoneauth1/session.py:519}}
Jul 16 01:36:39.262100 n-d-800087-6 neutron-server[93907]: DEBUG neutron.pecan_wsgi.hooks.policy_enforcement [req-ba3557f2-e259-45a1-a7b1-5298c11cfedb req-94c06541-1674-4192-b53e-66cec75a88dd service neutron] Attributes excluded by policy engine: ['standard_attr_id'] {{(pid=93907) _exclude_attributes_by_policy /opt/stack/neutron/neutron/pecan_wsgi/hooks/policy_enforcement.py:255}}
Jul 16 01:36:39.264615 n-d-800087-6 neutron-server[93907]: INFO neutron.wsgi [req-ba3557f2-e259-45a1-a7b1-5298c11cfedb req-94c06541-1674-4192-b53e-66cec75a88dd service neutron] 10.222.0.38 "GET /v2.0/ports?network_id=e9277d14-4313-48d2-8773-fd0b7c51c11e&device_owner=network%3Adhcp HTTP/1.1" status: 200 len: 1166 time: 0.6892240
Jul 16 01:36:39.320725 n-d-800087-6 neutron-server[93906]: DEBUG neutron.pecan_wsgi.hooks.policy_enforcement [req-abc2b8e5-5dfd-419a-a45c-caf897bb7967 req-caee0d41-4165-44f6-8282-5ddefcf28e52 service neutron] Attributes excluded by policy engine: ['standard_attr_id'] {{(pid=93906) _exclude_attributes_by_policy /opt/stack/neutron/neutron/pecan_wsgi/hooks/policy_enforcement.py:255}}
Jul 16 01:36:39.330194 n-d-800087-6 neutron-server[93906]: INFO neutron.wsgi [req-abc2b8e5-5dfd-419a-a45c-caf897bb7967 req-caee0d41-4165-44f6-8282-5ddefcf28e52 service neutron] 10.222.0.32 "GET /v2.0/ports?tenant_id=b4e95a341f554083aaceb8fc9d32d6da&device_id=6b3e50fd-0ede-4181-84d3-35adc140b400 HTTP/1.1" status: 200 len: 1098 time: 0.2033629
Jul 16 01:36:39.332499 n-d-800087-6 neutron-server[93906]: INFO neutron.wsgi [req-0391b6fb-8e54-4175-bcb7-be81466f6b79 req-e130368d-6880-4600-bb1c-e18733500b2f tempest-ServersAdminTestJSON-1643510480 tempest-ServersAdminTestJSON-1643510480-project] 10.222.0.35 "GET /v2.0/networks?tenant_id=e1fbb1ec2fe446ecb0d4a51757d88060&shared=False HTTP/1.1" status: 200 len: 213 time: 0.0470464
Jul 16 01:36:39.359689 n-d-800087-6 neutron-server[93907]: DEBUG neutron.pecan_wsgi.hooks.policy_enforcement [req-7bac7df4-01f6-4f8c-ab9f-e6a2d0cffa75 req-3be7d694-d44d-4e70-88e8-f364eb82d293 service neutron] Attributes excluded by policy engine: ['standard_attr_id'] {{(pid=93907) _exclude_attributes_by_policy /opt/stack/neutron/neutron/pecan_wsgi/hooks/policy_enforcement.py:255}}
Jul 16 01:36:39.361261 n-d-800087-6 neutron-server[93907]: INFO neutron.wsgi [req-7bac7df4-01f6-4f8c-ab9f-e6a2d0cffa75 req-3be7d694-d44d-4e70-88e8-f364eb82d293 service neutron] 10.222.0.38 "GET /v2.0/ports?network_id=e9277d14-4313-48d2-8773-fd0b7c51c11e&device_owner=network%3Adhcp HTTP/1.1" status: 200 len: 1166 time: 0.5392265
Jul 16 01:36:39.374824 n-d-800087-6 neutron-server[93907]: DEBUG neutron.pecan_wsgi.hooks.policy_enforcement [req-c7740436-a8cc-4620-8445-2983466f4e4d req-74a2b4eb-2085-4f6a-ae4b-29a69c629749 tempest-LiveAutoBlockMigrationV225Test-294488163 tempest-LiveAutoBlockMigrationV225Test-294488163-project-admin] Attributes excluded by policy engine: ['standard_attr_id'] {{(pid=93907) _exclude_attributes_by_policy /opt/stack/neutron/neutron/pecan_wsgi/hooks/policy_enforcement.py:255}}
Jul 16 01:36:39.376286 n-d-800087-6 neutron-server[93907]: INFO neutron.wsgi [req-c7740436-a8cc-4620-8445-2983466f4e4d req-74a2b4eb-2085-4f6a-ae4b-29a69c629749 tempest-LiveAutoBlockMigrationV225Test-294488163 tempest-LiveAutoBlockMigrationV225Test-294488163-project-admin] 10.222.0.38 "GET /v2.0/ports?device_id=11ff810e-adcd-438c-b802-196a5588432b&tenant_id=86a1d11c1964442f82649e94fd51aff5&binding%3Ahost_id=n-h2-800087-6 HTTP/1.1" status: 200 len: 1096 time: 0.1754208
Jul 16 01:36:39.414403 n-d-800087-6 neutron-server[93906]: INFO neutron.wsgi [req-abc2b8e5-5dfd-419a-a45c-caf897bb7967 req-a4f6fbcb-8aa4-43fe-8769-c8a8ee98cb49 service neutron] 10.222.0.32 "GET /v2.0/floatingips?fixed_ip_address=192.168.233.66&port_id=45fa8427-bf0b-45f3-b1bb-edc80108b81c HTTP/1.1" status: 200 len: 217 time: 0.0726790
Jul 16 01:36:39.457145 n-d-800087-6 neutron-server[93907]: INFO neutron.wsgi [req-ba3557f2-e259-45a1-a7b1-5298c11cfedb req-56a85a60-6c3b-4668-a3cd-b22b14902985 service neutron] 10.222.0.38 "GET /v2.0/networks/e9277d14-4313-48d2-8773-fd0b7c51c11e?fields=segments HTTP/1.1" status: 200 len: 212 time: 0.1841054
Jul 16 01:36:39.500523 n-d-800087-6 neutron-server[93906]: DEBUG neutron.pecan_wsgi.hooks.policy_enforcement [req-5bb47caf-0119-4cb8-80cf-1bc7d34f3197 req-4b2d5633-8930-440c-bf13-1cfaae4272a9 tempest-LiveAutoBlockMigrationV225Test-810935034 tempest-LiveAutoBlockMigrationV225Test-810935034-project] Attributes excluded by policy engine: ['standard_attr_id', 'binding:profile', 'binding:host_id', 'binding:vif_type', 'binding:vif_details'] {{(pid=93906) _exclude_attributes_by_policy /opt/stack/neutron/neutron/pecan_wsgi/hooks/policy_enforcement.py:255}}
Jul 16 01:36:39.504858 n-d-800087-6 neutron-server[93906]: INFO neutron.wsgi [req-5bb47caf-0119-4cb8-80cf-1bc7d34f3197 req-4b2d5633-8930-440c-bf13-1cfaae4272a9 tempest-LiveAutoBlockMigrationV225Test-810935034 tempest-LiveAutoBlockMigrationV225Test-810935034-project] 10.222.0.35 "GET /v2.0/ports?device_id=11ff810e-adcd-438c-b802-196a5588432b HTTP/1.1" status: 200 len: 945 time: 0.3030195
Jul 16 01:36:39.546459 n-d-800087-6 neutron-server[93906]: DEBUG neutron.pecan_wsgi.hooks.policy_enforcement [req-abc2b8e5-5dfd-419a-a45c-caf897bb7967 req-bfcb6dce-b7c9-48aa-ae60-eed7ef3b05bb service neutron] Attributes excluded by policy engine: ['standard_attr_id', 'shared'] {{(pid=93906) _exclude_attributes_by_policy /opt/stack/neutron/neutron/pecan_wsgi/hooks/policy_enforcement.py:255}}
Jul 16 01:36:39.547735 n-d-800087-6 neutron-server[93906]: INFO neutron.wsgi [req-abc2b8e5-5dfd-419a-a45c-caf897bb7967 req-bfcb6dce-b7c9-48aa-ae60-eed7ef3b05bb service neutron] 10.222.0.32 "GET /v2.0/subnets?id=ee22918f-69d3-45ae-a2f6-8ffd40ca9243 HTTP/1.1" status: 200 len: 843 time: 0.1236429
Jul 16 01:36:39.559955 n-d-800087-6 neutron-server[93906]: DEBUG neutron.pecan_wsgi.hooks.policy_enforcement [req-0391b6fb-8e54-4175-bcb7-be81466f6b79 req-8e559898-3dbb-4120-9059-7dc538ddec4e tempest-ServersAdminTestJSON-1643510480 tempest-ServersAdminTestJSON-1643510480-project] Attributes excluded by policy engine: ['standard_attr_id', 'vlan_transparent', 'provider:network_type', 'provider:physical_network', 'provider:segmentation_id'] {{(pid=93906) _exclude_attributes_by_policy /opt/stack/neutron/neutron/pecan_wsgi/hooks/policy_enforcement.py:255}}
Jul 16 01:36:39.561415 n-d-800087-6 neutron-server[93906]: INFO neutron.wsgi [req-0391b6fb-8e54-4175-bcb7-be81466f6b79 req-8e559898-3dbb-4120-9059-7dc538ddec4e tempest-ServersAdminTestJSON-1643510480 tempest-ServersAdminTestJSON-1643510480-project] 10.222.0.35 "GET /v2.0/networks?shared=True HTTP/1.1" status: 200 len: 769 time: 0.2209535
Jul 16 01:36:39.617250 n-d-800087-6 neutron-server[93906]: INFO neutron.wsgi [req-5bb47caf-0119-4cb8-80cf-1bc7d34f3197 req-716fa512-cf77-4f7e-a723-47f9b26d2d91 tempest-LiveAutoBlockMigrationV225Test-810935034 tempest-LiveAutoBlockMigrationV225Test-810935034-project] 10.222.0.35 "GET /v2.0/security-groups?id=5f1d31a7-05b2-4426-83f5-27c736635afa&fields=id&fields=name HTTP/1.1" status: 200 len: 286 time: 0.1007795
Jul 16 01:36:39.620861 n-d-800087-6 neutron-server[93906]: INFO neutron.wsgi [req-0391b6fb-8e54-4175-bcb7-be81466f6b79 req-8004068c-1e56-494d-bf94-eff54208114e tempest-ServersAdminTestJSON-1643510480 tempest-ServersAdminTestJSON-1643510480-project] 10.222.0.35 "GET /v2.0/quotas/e1fbb1ec2fe446ecb0d4a51757d88060 HTTP/1.1" status: 200 len: 375 time: 0.0374532
Jul 16 01:36:39.637439 n-d-800087-6 neutron-server[93907]: INFO neutron.wsgi [req-7bac7df4-01f6-4f8c-ab9f-e6a2d0cffa75 req-ec5463e5-8364-4677-81e4-3e58dcacafe3 service neutron] 10.222.0.38 "GET /v2.0/networks/e9277d14-4313-48d2-8773-fd0b7c51c11e?fields=segments HTTP/1.1" status: 200 len: 212 time: 0.2649114
Jul 16 01:36:39.647336 n-d-800087-6 neutron-server[93906]: DEBUG neutron.pecan_wsgi.hooks.policy_enforcement [req-abc2b8e5-5dfd-419a-a45c-caf897bb7967 req-1c376be7-8132-4e14-9a43-0b434e0ad57f service neutron] Attributes excluded by policy engine: ['standard_attr_id'] {{(pid=93906) _exclude_attributes_by_policy /opt/stack/neutron/neutron/pecan_wsgi/hooks/policy_enforcement.py:255}}
Jul 16 01:36:39.650287 n-d-800087-6 neutron-server[93906]: INFO neutron.wsgi [req-abc2b8e5-5dfd-419a-a45c-caf897bb7967 req-1c376be7-8132-4e14-9a43-0b434e0ad57f service neutron] 10.222.0.32 "GET /v2.0/ports?network_id=e9277d14-4313-48d2-8773-fd0b7c51c11e&device_owner=network%3Adhcp HTTP/1.1" status: 200 len: 1166 time: 0.0879364
Jul 16 01:36:39.701490 n-d-800087-6 neutron-server[93906]: INFO neutron.wsgi [req-0391b6fb-8e54-4175-bcb7-be81466f6b79 req-d1043e29-e335-495f-b698-8fee8ab3dee2 tempest-ServersAdminTestJSON-1643510480 tempest-ServersAdminTestJSON-1643510480-project] 10.222.0.35 "GET /v2.0/ports?tenant_id=e1fbb1ec2fe446ecb0d4a51757d88060&fields=id HTTP/1.1" status: 200 len: 210 time: 0.0501473
Jul 16 01:36:39.733587 n-d-800087-6 neutron-server[93907]: INFO neutron.wsgi [req-ba3557f2-e259-45a1-a7b1-5298c11cfedb req-02e3dc45-addc-4cba-bb0b-0d739aa4efca service neutron] 10.222.0.38 "GET /v2.0/networks/e9277d14-4313-48d2-8773-fd0b7c51c11e?fields=provider%3Aphysical_network&fields=provider%3Anetwork_type HTTP/1.1" status: 200 len: 281 time: 0.2433379
Jul 16 01:36:39.766955 n-d-800087-6 neutron-server[93907]: DEBUG neutron.plugins.ml2.db [req-c7740436-a8cc-4620-8445-2983466f4e4d req-902d41b5-a7e1-4739-999c-13d30af314af service neutron] For port 40c06461-cecf-4e24-aad9-ff7fe775ffa9, host n-h1-800087-6, cleared binding levels {{(pid=93907) clear_binding_levels /opt/stack/neutron/neutron/plugins/ml2/db.py:87}}
Jul 16 01:36:39.772371 n-d-800087-6 neutron-server[93907]: DEBUG neutron_lib.callbacks.manager [req-c7740436-a8cc-4620-8445-2983466f4e4d req-902d41b5-a7e1-4739-999c-13d30af314af service neutron] Notify callbacks [] for binding, before_response {{(pid=93907) _notify_loop /usr/local/lib/python3.8/dist-packages/neutron_lib/callbacks/manager.py:192}}
Jul 16 01:36:39.773777 n-d-800087-6 neutron-server[93907]: INFO neutron.wsgi [req-c7740436-a8cc-4620-8445-2983466f4e4d req-902d41b5-a7e1-4739-999c-13d30af314af service neutron] 10.222.0.38 "DELETE /v2.0/ports/40c06461-cecf-4e24-aad9-ff7fe775ffa9/bindings/n-h1-800087-6 HTTP/1.1" status: 204 len: 173 time: 0.3777933
Jul 16 01:36:39.818399 n-d-800087-6 neutron-server[93907]: INFO neutron.wsgi [req-7bac7df4-01f6-4f8c-ab9f-e6a2d0cffa75 req-ce2e0b6d-c6df-4acc-acb7-c25a5d97620a service neutron] 10.222.0.38 "GET /v2.0/networks/e9277d14-4313-48d2-8773-fd0b7c51c11e?fields=provider%3Aphysical_network&fields=provider%3Anetwork_type HTTP/1.1" status: 200 len: 281 time: 0.1738887
Jul 16 01:36:39.823247 n-d-800087-6 neutron-server[93906]: DEBUG neutron.notifiers.nova [-] Sending events: [{'name': 'network-changed', 'server_uuid': '6b3e50fd-0ede-4181-84d3-35adc140b400', 'tag': '45fa8427-bf0b-45f3-b1bb-edc80108b81c'}] {{(pid=93906) send_events /opt/stack/neutron/neutron/notifiers/nova.py:262}}
Jul 16 01:36:39.834808 n-d-800087-6 neutron-server[93906]: DEBUG novaclient.v2.client [-] REQ: curl -g -i --cacert "/opt/stack/data/ca-bundle.pem" -X POST http://10.222.0.35/compute/v2.1/os-server-external-events -H "Accept: application/json" -H "Content-Type: application/json" -H "User-Agent: python-novaclient" -H "X-Auth-Token: {SHA256}ba455144fdea5a6508fc4de5f2af647668d1abced9791032da602a55cfcb3971" -H "X-OpenStack-Nova-API-Version: 2.1" -H "X-OpenStack-Request-ID: req-d578033f-b648-465c-9ec7-3770748c997c" -d '{"events": [{"name": "network-changed", "server_uuid": "6b3e50fd-0ede-4181-84d3-35adc140b400", "tag": "45fa8427-bf0b-45f3-b1bb-edc80108b81c"}]}' {{(pid=93906) _http_log_request /usr/local/lib/python3.8/dist-packages/keystoneauth1/session.py:519}}
Jul 16 01:36:39.854982 n-d-800087-6 neutron-server[93906]: INFO neutron.wsgi [req-abc2b8e5-5dfd-419a-a45c-caf897bb7967 req-37331046-ca00-4287-aed9-6c478a7b0443 service neutron] 10.222.0.32 "GET /v2.0/networks/e9277d14-4313-48d2-8773-fd0b7c51c11e?fields=segments HTTP/1.1" status: 200 len: 212 time: 0.1800532
Jul 16 01:36:39.991879 n-d-800087-6 neutron-server[93906]: DEBUG neutron.pecan_wsgi.hooks.policy_enforcement [req-bfb73212-4d32-4121-8e9f-de2258f57a46 req-526f4d17-ed23-492e-bd03-44342cab4e52 tempest-MigrationsAdminTest-1582584179 tempest-MigrationsAdminTest-1582584179-project] Attributes excluded by policy engine: ['standard_attr_id', 'binding:profile', 'binding:host_id', 'binding:vif_type', 'binding:vif_details'] {{(pid=93906) _exclude_attributes_by_policy /opt/stack/neutron/neutron/pecan_wsgi/hooks/policy_enforcement.py:255}}
Jul 16 01:36:39.998671 n-d-800087-6 neutron-server[93906]: INFO neutron.wsgi [req-bfb73212-4d32-4121-8e9f-de2258f57a46 req-526f4d17-ed23-492e-bd03-44342cab4e52 tempest-MigrationsAdminTest-1582584179 tempest-MigrationsAdminTest-1582584179-project] 10.222.0.35 "GET /v2.0/ports?device_id=611cf4e3-476a-474b-897b-75eaf592779d HTTP/1.1" status: 200 len: 950 time: 0.1606240
Jul 16 01:36:40.026272 n-d-800087-6 neutron-server[93906]: INFO neutron.wsgi [req-abc2b8e5-5dfd-419a-a45c-caf897bb7967 req-8d8afb40-0dea-4b55-a149-187cb4d3282b service neutron] 10.222.0.32 "GET /v2.0/networks/e9277d14-4313-48d2-8773-fd0b7c51c11e?fields=provider%3Aphysical_network&fields=provider%3Anetwork_type HTTP/1.1" status: 200 len: 281 time: 0.1541338
Jul 16 01:36:40.031819 n-d-800087-6 neutron-server[93907]: DEBUG novaclient.v2.client [-] RESP: [200] Connection: close Content-Length: 183 Content-Type: application/json Date: Fri, 16 Jul 2021 01:36:39 GMT OpenStack-API-Version: compute 2.1 Server: Apache/2.4.41 (Ubuntu) Vary: OpenStack-API-Version,X-OpenStack-Nova-API-Version X-OpenStack-Nova-API-Version: 2.1 x-compute-request-id: req-2d1e62af-5927-4c89-a109-e57cc1b3ed6d x-openstack-request-id: req-2d1e62af-5927-4c89-a109-e57cc1b3ed6d {{(pid=93907) _http_log_response /usr/local/lib/python3.8/dist-packages/keystoneauth1/session.py:550}}
Jul 16 01:36:40.035490 n-d-800087-6 neutron-server[93907]: DEBUG novaclient.v2.client [-] RESP BODY: {"events": [{"server_uuid": "7c292d92-655d-47c6-bd07-ddc2fe61fb4e", "name": "network-vif-deleted", "tag": "92568b60-9209-4afb-8e11-732df6a239c1", "status": "completed", "code": 200}]} {{(pid=93907) _http_log_response /usr/local/lib/python3.8/dist-packages/keystoneauth1/session.py:582}}
Jul 16 01:36:40.035854 n-d-800087-6 neutron-server[93907]: DEBUG novaclient.v2.client [-] POST call to compute for http://10.222.0.35/compute/v2.1/os-server-external-events used request id req-2d1e62af-5927-4c89-a109-e57cc1b3ed6d {{(pid=93907) request /usr/local/lib/python3.8/dist-packages/keystoneauth1/session.py:954}}
Jul 16 01:36:40.038018 n-d-800087-6 neutron-server[93907]: INFO neutron.notifiers.nova [-] Nova event response: {'server_uuid': '7c292d92-655d-47c6-bd07-ddc2fe61fb4e', 'name': 'network-vif-deleted', 'tag': '92568b60-9209-4afb-8e11-732df6a239c1', 'status': 'completed', 'code': 200}
Jul 16 01:36:40.053665 n-d-800087-6 neutron-server[93906]: INFO neutron.wsgi [req-bfb73212-4d32-4121-8e9f-de2258f57a46 req-a7f8d1be-8885-49e9-8234-27aa711f6aa7 tempest-MigrationsAdminTest-1582584179 tempest-MigrationsAdminTest-1582584179-project] 10.222.0.35 "GET /v2.0/security-groups?id=c60ceac7-05f8-4dc3-bb44-34776d8a9fae&fields=id&fields=name HTTP/1.1" status: 200 len: 286 time: 0.0540185
Jul 16 01:36:40.221569 n-d-800087-6 neutron-server[93906]: DEBUG novaclient.v2.client [-] RESP: [200] Connection: close Content-Length: 179 Content-Type: application/json Date: Fri, 16 Jul 2021 01:36:39 GMT OpenStack-API-Version: compute 2.1 Server: Apache/2.4.41 (Ubuntu) Vary: OpenStack-API-Version,X-OpenStack-Nova-API-Version X-OpenStack-Nova-API-Version: 2.1 x-compute-request-id: req-7698d0ec-e94c-4215-b916-a9244533425a x-openstack-request-id: req-7698d0ec-e94c-4215-b916-a9244533425a {{(pid=93906) _http_log_response /usr/local/lib/python3.8/dist-packages/keystoneauth1/session.py:550}}
Jul 16 01:36:40.221715 n-d-800087-6 neutron-server[93906]: DEBUG novaclient.v2.client [-] RESP BODY: {"events": [{"name": "network-changed", "server_uuid": "6b3e50fd-0ede-4181-84d3-35adc140b400", "tag": "45fa8427-bf0b-45f3-b1bb-edc80108b81c", "status": "completed", "code": 200}]} {{(pid=93906) _http_log_response /usr/local/lib/python3.8/dist-packages/keystoneauth1/session.py:582}}
Jul 16 01:36:40.222159 n-d-800087-6 neutron-server[93906]: DEBUG novaclient.v2.client [-] POST call to compute for http://10.222.0.35/compute/v2.1/os-server-external-events used request id req-7698d0ec-e94c-4215-b916-a9244533425a {{(pid=93906) request /usr/local/lib/python3.8/dist-packages/keystoneauth1/session.py:954}}
Jul 16 01:36:40.222738 n-d-800087-6 neutron-server[93906]: INFO neutron.notifiers.nova [-] Nova event response: {'name': 'network-changed', 'server_uuid': '6b3e50fd-0ede-4181-84d3-35adc140b400', 'tag': '45fa8427-bf0b-45f3-b1bb-edc80108b81c', 'status': 'completed', 'code': 200}
Jul 16 01:36:40.248588 n-d-800087-6 neutron-server[93907]: INFO neutron.wsgi [req-03150169-c16f-4eaf-9b7b-4d508db8d445 req-ffd4f8fb-a04f-4770-a2ef-7dacf1d7131b tempest-ServersAdminTestJSON-1643510480 tempest-ServersAdminTestJSON-1643510480-project] 10.222.0.38 "GET /v2.0/networks?tenant_id=e1fbb1ec2fe446ecb0d4a51757d88060&shared=False HTTP/1.1" status: 200 len: 213 time: 0.0810170
Jul 16 01:36:40.344926 n-d-800087-6 neutron-server[93906]: INFO neutron.wsgi [req-8a9fba23-8dcc-42db-93dd-a11f32a34ba3 req-f33ccf97-a56f-4a59-a168-579e73935f1b tempest-ServersAdminTestJSON-1643510480 tempest-ServersAdminTestJSON-1643510480-project] 10.222.0.35 "GET /v2.0/ports?device_id=4d706476-fcb0-4958-9e58-f87e121b370b HTTP/1.1" status: 200 len: 210 time: 0.0858223
Jul 16 01:36:40.355864 n-d-800087-6 neutron-server[93906]: DEBUG neutron.pecan_wsgi.hooks.policy_enforcement [req-49f80839-61ec-42d0-a200-4ab32f83805f req-fbab6556-b66f-4fca-9d34-0b8c03c45dcf tempest-ServersOnMultiNodesTest-1752059175 tempest-ServersOnMultiNodesTest-1752059175-project] Attributes excluded by policy engine: ['standard_attr_id', 'binding:profile', 'binding:host_id', 'binding:vif_type', 'binding:vif_details'] {{(pid=93906) _exclude_attributes_by_policy /opt/stack/neutron/neutron/pecan_wsgi/hooks/policy_enforcement.py:255}}
Jul 16 01:36:40.364010 n-d-800087-6 neutron-server[93906]: INFO neutron.wsgi [req-49f80839-61ec-42d0-a200-4ab32f83805f req-fbab6556-b66f-4fca-9d34-0b8c03c45dcf tempest-ServersOnMultiNodesTest-1752059175 tempest-ServersOnMultiNodesTest-1752059175-project] 10.222.0.35 "GET /v2.0/ports?device_id=146a5605-de09-4afa-b56a-e0b26250e927 HTTP/1.1" status: 200 len: 947 time: 0.1827481
Jul 16 01:36:40.440744 n-d-800087-6 neutron-server[93907]: DEBUG neutron.wsgi [-] (93907) accepted ('10.222.0.35', 41070) {{(pid=93907) server /usr/local/lib/python3.8/dist-packages/eventlet/wsgi.py:982}}
Jul 16 01:36:40.546882 n-d-800087-6 neutron-server[93907]: DEBUG neutron.pecan_wsgi.hooks.policy_enforcement [req-03150169-c16f-4eaf-9b7b-4d508db8d445 req-fd9e54a3-c607-4334-8522-8c23c860b11d tempest-ServersAdminTestJSON-1643510480 tempest-ServersAdminTestJSON-1643510480-project] Attributes excluded by policy engine: ['standard_attr_id', 'vlan_transparent', 'provider:network_type', 'provider:physical_network', 'provider:segmentation_id'] {{(pid=93907) _exclude_attributes_by_policy /opt/stack/neutron/neutron/pecan_wsgi/hooks/policy_enforcement.py:255}}
Jul 16 01:36:40.548391 n-d-800087-6 neutron-server[93907]: INFO neutron.wsgi [req-03150169-c16f-4eaf-9b7b-4d508db8d445 req-fd9e54a3-c607-4334-8522-8c23c860b11d tempest-ServersAdminTestJSON-1643510480 tempest-ServersAdminTestJSON-1643510480-project] 10.222.0.38 "GET /v2.0/networks?shared=True HTTP/1.1" status: 200 len: 769 time: 0.2933557
Jul 16 01:36:40.573217 n-d-800087-6 neutron-server[93907]: DEBUG neutron.api.v2.base [req-03150169-c16f-4eaf-9b7b-4d508db8d445 req-563ed9e8-12e7-4077-98ed-ce686049b20e tempest-ServersAdminTestJSON-1643510480 tempest-ServersAdminTestJSON-1643510480-project] Request body: {'port': {'device_id': '230e78b7-f49d-4d44-89ba-a918ea5174d1', 'network_id': 'e9277d14-4313-48d2-8773-fd0b7c51c11e', 'admin_state_up': True, 'tenant_id': 'e1fbb1ec2fe446ecb0d4a51757d88060'}} {{(pid=93907) prepare_request_body /opt/stack/neutron/neutron/api/v2/base.py:729}}
Jul 16 01:36:40.731608 n-d-800087-6 neutron-server[93906]: INFO neutron.wsgi [req-49f80839-61ec-42d0-a200-4ab32f83805f req-6c913ed6-e412-42a7-89be-ef7e51665088 tempest-ServersOnMultiNodesTest-1752059175 tempest-ServersOnMultiNodesTest-1752059175-project] 10.222.0.35 "GET /v2.0/security-groups?id=3f1f24d0-a6ae-410e-809c-0244e3153feb&fields=id&fields=name HTTP/1.1" status: 200 len: 286 time: 0.3665669
Jul 16 01:36:40.767272 n-d-800087-6 neutron-server[93907]: INFO neutron.wsgi [None req-f8db1162-cf87-403f-8fe4-9f8ef77ae3ac admin admin] 10.222.0.35 "GET /v2.0/security-groups?tenant_id=5538e02088704b5994aec94e39a31f3c&name=default HTTP/1.1" status: 200 len: 2979 time: 0.3212996
Jul 16 01:36:40.769880 n-d-800087-6 neutron-server[93907]: DEBUG neutron.wsgi [-] (93907) accepted ('10.222.0.35', 41076) {{(pid=93907) server /usr/local/lib/python3.8/dist-packages/eventlet/wsgi.py:982}}
Jul 16 01:36:40.776388 n-d-800087-6 neutron-server[93906]: DEBUG neutron.pecan_wsgi.hooks.policy_enforcement [req-d578033f-b648-465c-9ec7-3770748c997c req-28e276fb-98a7-4b56-90b9-4287aee2490e service neutron] Attributes excluded by policy engine: ['standard_attr_id'] {{(pid=93906) _exclude_attributes_by_policy /opt/stack/neutron/neutron/pecan_wsgi/hooks/policy_enforcement.py:255}}
Jul 16 01:36:40.778143 n-d-800087-6 neutron-server[93906]: INFO neutron.wsgi [req-d578033f-b648-465c-9ec7-3770748c997c req-28e276fb-98a7-4b56-90b9-4287aee2490e service neutron] 10.222.0.32 "GET /v2.0/ports?tenant_id=b4e95a341f554083aaceb8fc9d32d6da&device_id=6b3e50fd-0ede-4181-84d3-35adc140b400 HTTP/1.1" status: 200 len: 1098 time: 0.5117223
Jul 16 01:36:40.801856 n-d-800087-6 neutron-server[93907]: DEBUG neutron.pecan_wsgi.hooks.quota_enforcement [req-03150169-c16f-4eaf-9b7b-4d508db8d445 req-563ed9e8-12e7-4077-98ed-ce686049b20e tempest-ServersAdminTestJSON-1643510480 tempest-ServersAdminTestJSON-1643510480-project] Made reservation on behalf of e1fbb1ec2fe446ecb0d4a51757d88060 for: {'port': 1} {{(pid=93907) before /opt/stack/neutron/neutron/pecan_wsgi/hooks/quota_enforcement.py:53}}
Jul 16 01:36:40.805236 n-d-800087-6 neutron-server[93907]: DEBUG neutron_lib.callbacks.manager [req-03150169-c16f-4eaf-9b7b-4d508db8d445 req-563ed9e8-12e7-4077-98ed-ce686049b20e tempest-ServersAdminTestJSON-1643510480 tempest-ServersAdminTestJSON-1643510480-project] Notify callbacks ['neutron.plugins.ml2.plugin.SecurityGroupDbMixin._ensure_default_security_group_handler-644694'] for port, before_create {{(pid=93907) _notify_loop /usr/local/lib/python3.8/dist-packages/neutron_lib/callbacks/manager.py:192}}
Jul 16 01:36:40.819375 n-d-800087-6 neutron-server[93908]: DEBUG neutron.plugins.ml2.rpc [None req-47f31a5c-4e85-4788-a501-04d878bd8ecf None None] Device eb480f3d-d869-4e07-a5ef-5f8334c8147e details requested by agent hyperv_n-h2-800087-6 with host n-h2-800087-6 {{(pid=93908) get_device_details /opt/stack/neutron/neutron/plugins/ml2/rpc.py:102}}
Jul 16 01:36:40.824696 n-d-800087-6 neutron-server[93907]: DEBUG neutron_lib.callbacks.manager [req-03150169-c16f-4eaf-9b7b-4d508db8d445 req-563ed9e8-12e7-4077-98ed-ce686049b20e tempest-ServersAdminTestJSON-1643510480 tempest-ServersAdminTestJSON-1643510480-project] Notify callbacks [] for security_group, before_create {{(pid=93907) _notify_loop /usr/local/lib/python3.8/dist-packages/neutron_lib/callbacks/manager.py:192}}
Jul 16 01:36:40.826142 n-d-800087-6 neutron-server[93908]: DEBUG neutron.plugins.ml2.rpc [None req-47f31a5c-4e85-4788-a501-04d878bd8ecf None None] Device 92568b60-9209-4afb-8e11-732df6a239c1 no longer exists at agent hyperv_n-h2-800087-6 {{(pid=93908) update_device_down /opt/stack/neutron/neutron/plugins/ml2/rpc.py:259}}
Jul 16 01:36:40.855746 n-d-800087-6 neutron-server[93908]: DEBUG neutron.plugins.ml2.plugin [None req-47f31a5c-4e85-4788-a501-04d878bd8ecf None None] No Port match for: 92568b60-9209-4afb-8e11-732df6a239c1 {{(pid=93908) port_bound_to_host /opt/stack/neutron/neutron/plugins/ml2/plugin.py:2250}}
Jul 16 01:36:40.856395 n-d-800087-6 neutron-server[93908]: DEBUG neutron.plugins.ml2.rpc [None req-47f31a5c-4e85-4788-a501-04d878bd8ecf None None] Device 92568b60-9209-4afb-8e11-732df6a239c1 not bound to the agent host n-h2-800087-6 {{(pid=93908) update_device_down /opt/stack/neutron/neutron/plugins/ml2/rpc.py:269}}
Jul 16 01:36:40.856822 n-d-800087-6 neutron-server[93907]: DEBUG neutron_lib.callbacks.manager [None req-daa0e352-6573-4b16-9948-ed3dc0cc58de admin admin] Notify callbacks [] for security_group, before_delete {{(pid=93907) _notify_loop /usr/local/lib/python3.8/dist-packages/neutron_lib/callbacks/manager.py:192}}
Jul 16 01:36:40.891662 n-d-800087-6 neutron-server[93907]: DEBUG neutron_lib.callbacks.manager [None req-daa0e352-6573-4b16-9948-ed3dc0cc58de admin admin] Notify callbacks [] for security_group, precommit_delete {{(pid=93907) _notify_loop /usr/local/lib/python3.8/dist-packages/neutron_lib/callbacks/manager.py:192}}
Jul 16 01:36:40.911405 n-d-800087-6 neutron-server[93906]: DEBUG neutron.pecan_wsgi.hooks.policy_enforcement [req-750ea386-0ed2-4f8d-987d-c727ec808671 req-bb54eeff-2505-44ab-890e-033fff8895ec tempest-LiveAutoBlockMigrationV225Test-294488163 tempest-LiveAutoBlockMigrationV225Test-294488163-project-admin] Attributes excluded by policy engine: ['standard_attr_id'] {{(pid=93906) _exclude_attributes_by_policy /opt/stack/neutron/neutron/pecan_wsgi/hooks/policy_enforcement.py:255}}
Jul 16 01:36:40.913232 n-d-800087-6 neutron-server[93906]: INFO neutron.wsgi [req-750ea386-0ed2-4f8d-987d-c727ec808671 req-bb54eeff-2505-44ab-890e-033fff8895ec tempest-LiveAutoBlockMigrationV225Test-294488163 tempest-LiveAutoBlockMigrationV225Test-294488163-project-admin] 10.222.0.35 "GET /v2.0/ports?device_id=11ff810e-adcd-438c-b802-196a5588432b HTTP/1.1" status: 200 len: 1096 time: 0.1741819
Jul 16 01:36:40.936960 n-d-800087-6 neutron-server[93906]: DEBUG neutron.pecan_wsgi.hooks.policy_enforcement [req-d578033f-b648-465c-9ec7-3770748c997c req-8c2813ff-82cc-4e7f-a5e4-5d8df210f100 service neutron] Attributes excluded by policy engine: ['standard_attr_id', 'vlan_transparent'] {{(pid=93906) _exclude_attributes_by_policy /opt/stack/neutron/neutron/pecan_wsgi/hooks/policy_enforcement.py:255}}
Jul 16 01:36:40.938862 n-d-800087-6 neutron-server[93906]: INFO neutron.wsgi [req-d578033f-b648-465c-9ec7-3770748c997c req-8c2813ff-82cc-4e7f-a5e4-5d8df210f100 service neutron] 10.222.0.32 "GET /v2.0/networks?id=e9277d14-4313-48d2-8773-fd0b7c51c11e HTTP/1.1" status: 200 len: 870 time: 0.1511478
Jul 16 01:36:40.977952 n-d-800087-6 neutron-server[93907]: DEBUG neutron_lib.callbacks.manager [None req-daa0e352-6573-4b16-9948-ed3dc0cc58de admin admin] Notify callbacks ['neutron.plugins.ml2.ovo_rpc._ObjectChangeHandler.handle_event-33212535'] for security_group, after_delete {{(pid=93907) _notify_loop /usr/local/lib/python3.8/dist-packages/neutron_lib/callbacks/manager.py:192}}
Jul 16 01:36:40.980919 n-d-800087-6 neutron-server[93907]: DEBUG neutron_lib.callbacks.manager [None req-daa0e352-6573-4b16-9948-ed3dc0cc58de admin admin] Notify callbacks [] for security_group, before_response {{(pid=93907) _notify_loop /usr/local/lib/python3.8/dist-packages/neutron_lib/callbacks/manager.py:192}}
Jul 16 01:36:40.982204 n-d-800087-6 neutron-server[93907]: INFO neutron.wsgi [None req-daa0e352-6573-4b16-9948-ed3dc0cc58de admin admin] 10.222.0.35 "DELETE /v2.0/security-groups/39a6fed6-f7fa-4b32-9d0d-b46808364687 HTTP/1.1" status: 204 len: 168 time: 0.2114506
Jul 16 01:36:40.997645 n-d-800087-6 neutron-server[93908]: DEBUG neutron.plugins.ml2.db [None req-47f31a5c-4e85-4788-a501-04d878bd8ecf None None] For port eb480f3d-d869-4e07-a5ef-5f8334c8147e, host n-h2-800087-6, got binding levels [PortBindingLevel(driver='hyperv',host='n-h2-800087-6',level=0,port_id=eb480f3d-d869-4e07-a5ef-5f8334c8147e,segment=NetworkSegment(4093a142-6c3c-48da-9d45-703131c5db94),segment_id=4093a142-6c3c-48da-9d45-703131c5db94)] {{(pid=93908) get_binding_level_objs /opt/stack/neutron/neutron/plugins/ml2/db.py:74}}
Jul 16 01:36:40.999130 n-d-800087-6 neutron-server[93906]: INFO neutron.wsgi [req-750ea386-0ed2-4f8d-987d-c727ec808671 req-5b0d7e6c-06e7-4a7a-80e7-595e4ca26789 tempest-LiveAutoBlockMigrationV225Test-294488163 tempest-LiveAutoBlockMigrationV225Test-294488163-project-admin] 10.222.0.35 "GET /v2.0/security-groups?id=5f1d31a7-05b2-4426-83f5-27c736635afa&fields=id&fields=name HTTP/1.1" status: 200 len: 286 time: 0.0718553
Jul 16 01:36:41.004544 n-d-800087-6 neutron-server[93907]: DEBUG neutron_lib.callbacks.manager [req-03150169-c16f-4eaf-9b7b-4d508db8d445 req-563ed9e8-12e7-4077-98ed-ce686049b20e tempest-ServersAdminTestJSON-1643510480 tempest-ServersAdminTestJSON-1643510480-project] Notify callbacks [] for security_group, precommit_create {{(pid=93907) _notify_loop /usr/local/lib/python3.8/dist-packages/neutron_lib/callbacks/manager.py:192}}
Jul 16 01:36:41.011220 n-d-800087-6 neutron-server[93907]: DEBUG neutron.api.rpc.handlers.resources_rpc [None req-daa0e352-6573-4b16-9948-ed3dc0cc58de admin admin] Pushing event deleted for resources: {'SecurityGroup': ['ID=39a6fed6-f7fa-4b32-9d0d-b46808364687,revision_number=None']} {{(pid=93907) push /opt/stack/neutron/neutron/api/rpc/handlers/resources_rpc.py:237}}
Jul 16 01:36:41.018507 n-d-800087-6 neutron-server[93907]: DEBUG neutron_lib.callbacks.manager [req-03150169-c16f-4eaf-9b7b-4d508db8d445 req-563ed9e8-12e7-4077-98ed-ce686049b20e tempest-ServersAdminTestJSON-1643510480 tempest-ServersAdminTestJSON-1643510480-project] Notify callbacks ['neutron.plugins.ml2.ovo_rpc._ObjectChangeHandler.handle_event-33212535'] for security_group, after_create {{(pid=93907) _notify_loop /usr/local/lib/python3.8/dist-packages/neutron_lib/callbacks/manager.py:192}}
Jul 16 01:36:41.019519 n-d-800087-6 neutron-server[93908]: DEBUG neutron.plugins.ml2.rpc [None req-47f31a5c-4e85-4788-a501-04d878bd8ecf None None] Returning: {'device': 'eb480f3d-d869-4e07-a5ef-5f8334c8147e', 'network_id': 'e9277d14-4313-48d2-8773-fd0b7c51c11e', 'port_id': 'eb480f3d-d869-4e07-a5ef-5f8334c8147e', 'mac_address': 'fa:16:3e:33:6a:3c', 'admin_state_up': True, 'network_type': 'vlan', 'segmentation_id': 191, 'physical_network': 'physnet1', 'mtu': 1500, 'fixed_ips': [{'subnet_id': 'ee22918f-69d3-45ae-a2f6-8ffd40ca9243', 'ip_address': '192.168.233.65'}], 'device_owner': 'compute:nova', 'allowed_address_pairs': [], 'port_security_enabled': True, 'qos_policy_id': None, 'network_qos_policy_id': None, 'profile': {}, 'propagate_uplink_status': False} {{(pid=93908) _get_device_details /opt/stack/neutron/neutron/plugins/ml2/rpc.py:184}}
Jul 16 01:36:41.098725 n-d-800087-6 neutron-server[93908]: DEBUG neutron_lib.callbacks.manager [None req-47f31a5c-4e85-4788-a501-04d878bd8ecf None None] Notify callbacks ['neutron.plugins.ml2.plugin.SecurityGroupDbMixin._ensure_default_security_group_handler-644694'] for port, before_update {{(pid=93908) _notify_loop /usr/local/lib/python3.8/dist-packages/neutron_lib/callbacks/manager.py:192}}
Jul 16 01:36:41.127614 n-d-800087-6 neutron-server[93906]: INFO neutron.wsgi [req-d578033f-b648-465c-9ec7-3770748c997c req-78651178-cda3-46f1-be1e-645090ac4bbe service neutron] 10.222.0.32 "GET /v2.0/floatingips?fixed_ip_address=192.168.233.66&port_id=45fa8427-bf0b-45f3-b1bb-edc80108b81c HTTP/1.1" status: 200 len: 217 time: 0.1360791
Jul 16 01:36:41.129230 n-d-800087-6 neutron-server[93908]: DEBUG neutron.notifiers.nova [None req-47f31a5c-4e85-4788-a501-04d878bd8ecf None None] Ignoring state change previous_port_status: DOWN current_port_status: BUILD port_id eb480f3d-d869-4e07-a5ef-5f8334c8147e {{(pid=93908) record_port_status_changed /opt/stack/neutron/neutron/notifiers/nova.py:224}}
Jul 16 01:36:41.144061 n-d-800087-6 neutron-server[93907]: DEBUG neutron.api.rpc.handlers.resources_rpc [None req-563ed9e8-12e7-4077-98ed-ce686049b20e tempest-ServersAdminTestJSON-1643510480 tempest-ServersAdminTestJSON-1643510480-project] Pushing event updated for resources: {'SecurityGroup': ['ID=496aa215-bf15-4289-bd0e-b116d52edaed,revision_number=1']} {{(pid=93907) push /opt/stack/neutron/neutron/api/rpc/handlers/resources_rpc.py:237}}
Jul 16 01:36:41.153322 n-d-800087-6 neutron-server[93906]: DEBUG neutron.pecan_wsgi.hooks.policy_enforcement [req-f26c8cde-a24e-4607-a608-dd1212d8f8d8 req-aebf1b47-6699-4e72-abf8-823af9a5a9e8 tempest-DeleteServersAdminTestJSON-322152344 tempest-DeleteServersAdminTestJSON-322152344-project] Attributes excluded by policy engine: ['standard_attr_id', 'binding:profile', 'binding:host_id', 'binding:vif_type', 'binding:vif_details'] {{(pid=93906) _exclude_attributes_by_policy /opt/stack/neutron/neutron/pecan_wsgi/hooks/policy_enforcement.py:255}}
Jul 16 01:36:41.169700 n-d-800087-6 neutron-server[93906]: INFO neutron.wsgi [req-f26c8cde-a24e-4607-a608-dd1212d8f8d8 req-aebf1b47-6699-4e72-abf8-823af9a5a9e8 tempest-DeleteServersAdminTestJSON-322152344 tempest-DeleteServersAdminTestJSON-322152344-project] 10.222.0.35 "GET /v2.0/ports?device_id=6b3e50fd-0ede-4181-84d3-35adc140b400 HTTP/1.1" status: 200 len: 947 time: 0.3061733
Jul 16 01:36:41.199837 n-d-800087-6 neutron-server[93908]: DEBUG neutron.plugins.ml2.db [None req-47f31a5c-4e85-4788-a501-04d878bd8ecf None None] For port eb480f3d-d869-4e07-a5ef-5f8334c8147e, host n-h2-800087-6, got binding levels [PortBindingLevel(driver='hyperv',host='n-h2-800087-6',level=0,port_id=eb480f3d-d869-4e07-a5ef-5f8334c8147e,segment=NetworkSegment(4093a142-6c3c-48da-9d45-703131c5db94),segment_id=4093a142-6c3c-48da-9d45-703131c5db94)] {{(pid=93908) get_binding_level_objs /opt/stack/neutron/neutron/plugins/ml2/db.py:74}}
