Jul 15 17:33:19.843858 n-d-800087-4 devstack@placement-api.service[94231]: [pid: 94231|app: 0|req: 64/129] 10.222.0.18 () {60 vars in 1507 bytes} [Thu Jul 15 17:33:19 2021] GET /placement/allocation_candidates?limit=1000&resources=DISK_GB%3A1%2CMEMORY_MB%3A1024%2CVCPU%3A1&root_required=%21COMPUTE_STATUS_DISABLED => generated 1309 bytes in 127 msecs (HTTP/1.1 200) 8 headers in 297 bytes (2 switches on core 0)
Jul 15 17:33:19.899518 n-d-800087-4 devstack@placement-api.service[94232]: DEBUG placement.requestlog [req-be0dc93d-165b-486a-a655-a91ec82ee8f9 req-081d1492-3699-42bd-8368-94e7dcbe98b8 None None] Starting request: 10.222.0.18 "GET /placement/allocations/10a6c7c9-0f55-4ead-aab2-4dfd343b62f8" {{(pid=94232) __call__ /opt/stack/placement/placement/requestlog.py:55}}
Jul 15 17:33:19.912282 n-d-800087-4 devstack@placement-api.service[94232]: INFO placement.requestlog [req-be0dc93d-165b-486a-a655-a91ec82ee8f9 req-081d1492-3699-42bd-8368-94e7dcbe98b8 service placement] 10.222.0.18 "GET /placement/allocations/10a6c7c9-0f55-4ead-aab2-4dfd343b62f8" status: 200 len: 19 microversion: 1.28
Jul 15 17:33:19.912547 n-d-800087-4 devstack@placement-api.service[94232]: [pid: 94232|app: 0|req: 66/130] 10.222.0.18 () {60 vars in 1381 bytes} [Thu Jul 15 17:33:19 2021] GET /placement/allocations/10a6c7c9-0f55-4ead-aab2-4dfd343b62f8 => generated 19 bytes in 13 msecs (HTTP/1.1 200) 8 headers in 295 bytes (1 switches on core 0)
Jul 15 17:33:19.919888 n-d-800087-4 devstack@placement-api.service[94231]: DEBUG placement.requestlog [req-be0dc93d-165b-486a-a655-a91ec82ee8f9 req-4cfb2f23-a80d-4860-a3cf-884c5c7ed7f7 None None] Starting request: 10.222.0.18 "PUT /placement/allocations/10a6c7c9-0f55-4ead-aab2-4dfd343b62f8" {{(pid=94231) __call__ /opt/stack/placement/placement/requestlog.py:55}}
Jul 15 17:33:20.015323 n-d-800087-4 devstack@placement-api.service[94231]: DEBUG placement.handlers.allocation [req-be0dc93d-165b-486a-a655-a91ec82ee8f9 req-4cfb2f23-a80d-4860-a3cf-884c5c7ed7f7 service placement] Successfully wrote allocations [, , ] {{(pid=94231) _create_allocations /opt/stack/placement/placement/handlers/allocation.py:435}}
Jul 15 17:33:20.017392 n-d-800087-4 devstack@placement-api.service[94231]: INFO placement.requestlog [req-be0dc93d-165b-486a-a655-a91ec82ee8f9 req-4cfb2f23-a80d-4860-a3cf-884c5c7ed7f7 service placement] 10.222.0.18 "PUT /placement/allocations/10a6c7c9-0f55-4ead-aab2-4dfd343b62f8" status: 204 len: 0 microversion: 1.36
Jul 15 17:33:20.018154 n-d-800087-4 devstack@placement-api.service[94231]: [pid: 94231|app: 0|req: 65/131] 10.222.0.18 () {64 vars in 1434 bytes} [Thu Jul 15 17:33:19 2021] PUT /placement/allocations/10a6c7c9-0f55-4ead-aab2-4dfd343b62f8 => generated 0 bytes in 99 msecs (HTTP/1.1 204) 5 headers in 199 bytes (1 switches on core 0)
Jul 15 17:33:20.399725 n-d-800087-4 devstack@placement-api.service[94232]: DEBUG placement.requestlog [req-be0dc93d-165b-486a-a655-a91ec82ee8f9 req-202e973b-c2b3-47de-87d4-c9ab49f83bd6 None None] Starting request: 10.222.0.21 "GET /placement/allocations/10a6c7c9-0f55-4ead-aab2-4dfd343b62f8" {{(pid=94232) __call__ /opt/stack/placement/placement/requestlog.py:55}}
Jul 15 17:33:20.415033 n-d-800087-4 devstack@placement-api.service[94231]: DEBUG placement.requestlog [req-31d0bee1-112e-4402-b6e0-ac4122c32503 req-194d376d-2674-4332-9be1-9f622c5b81d8 None None] Starting request: 10.222.0.44 "GET /placement/allocations/cdd9cc32-1e7c-44f4-b039-92bc4c240eec" {{(pid=94231) __call__ /opt/stack/placement/placement/requestlog.py:55}}
Jul 15 17:33:20.442148 n-d-800087-4 devstack@placement-api.service[94232]: INFO placement.requestlog [req-be0dc93d-165b-486a-a655-a91ec82ee8f9 req-202e973b-c2b3-47de-87d4-c9ab49f83bd6 service placement] 10.222.0.21 "GET /placement/allocations/10a6c7c9-0f55-4ead-aab2-4dfd343b62f8" status: 200 len: 259 microversion: 1.28
Jul 15 17:33:20.443339 n-d-800087-4 devstack@placement-api.service[94231]: INFO placement.requestlog [req-31d0bee1-112e-4402-b6e0-ac4122c32503 req-194d376d-2674-4332-9be1-9f622c5b81d8 service placement] 10.222.0.44 "GET /placement/allocations/cdd9cc32-1e7c-44f4-b039-92bc4c240eec" status: 200 len: 258 microversion: 1.28
Jul 15 17:33:20.443669 n-d-800087-4 devstack@placement-api.service[94232]: [pid: 94232|app: 0|req: 67/133] 10.222.0.21 () {60 vars in 1378 bytes} [Thu Jul 15 17:33:20 2021] GET /placement/allocations/10a6c7c9-0f55-4ead-aab2-4dfd343b62f8 => generated 259 bytes in 44 msecs (HTTP/1.1 200) 8 headers in 296 bytes (2 switches on core 0)
Jul 15 17:33:20.443799 n-d-800087-4 devstack@placement-api.service[94231]: [pid: 94231|app: 0|req: 66/133] 10.222.0.44 () {60 vars in 1378 bytes} [Thu Jul 15 17:33:20 2021] GET /placement/allocations/cdd9cc32-1e7c-44f4-b039-92bc4c240eec => generated 258 bytes in 30 msecs (HTTP/1.1 200) 8 headers in 296 bytes (2 switches on core 0)
Jul 15 17:33:22.308189 n-d-800087-4 devstack@placement-api.service[94231]: DEBUG placement.requestlog [req-a7ecd5af-6eab-4c1c-8d1d-6ae83bcfc158 req-505505fb-a665-4324-8c0a-14ab455e1f2a None None] Starting request: 10.222.0.18 "GET /placement/allocation_candidates?limit=1000&resources=DISK_GB%3A1%2CMEMORY_MB%3A1024%2CVCPU%3A1&root_required=%21COMPUTE_STATUS_DISABLED" {{(pid=94231) __call__ /opt/stack/placement/placement/requestlog.py:55}}
Jul 15 17:33:22.352997 n-d-800087-4 devstack@placement-api.service[94231]: DEBUG placement.objects.research_context [req-a7ecd5af-6eab-4c1c-8d1d-6ae83bcfc158 req-505505fb-a665-4324-8c0a-14ab455e1f2a service placement] getting providers with 1 DISK_GB {{(pid=94231) __init__ /opt/stack/placement/placement/objects/research_context.py:126}}
Jul 15 17:33:22.359151 n-d-800087-4 devstack@placement-api.service[94231]: DEBUG placement.objects.research_context [req-a7ecd5af-6eab-4c1c-8d1d-6ae83bcfc158 req-505505fb-a665-4324-8c0a-14ab455e1f2a service placement] getting providers with 1024 MEMORY_MB {{(pid=94231) __init__ /opt/stack/placement/placement/objects/research_context.py:126}}
Jul 15 17:33:22.367134 n-d-800087-4 devstack@placement-api.service[94231]: DEBUG placement.objects.research_context [req-a7ecd5af-6eab-4c1c-8d1d-6ae83bcfc158 req-505505fb-a665-4324-8c0a-14ab455e1f2a service placement] getting providers with 1 VCPU {{(pid=94231) __init__ /opt/stack/placement/placement/objects/research_context.py:126}}
Jul 15 17:33:22.373747 n-d-800087-4 devstack@placement-api.service[94231]: DEBUG placement.objects.research_context [req-a7ecd5af-6eab-4c1c-8d1d-6ae83bcfc158 req-505505fb-a665-4324-8c0a-14ab455e1f2a service placement] found 2 providers with available 1 DISK_GB {{(pid=94231) get_provider_ids_matching /opt/stack/placement/placement/objects/research_context.py:549}}
Jul 15 17:33:22.374168 n-d-800087-4 devstack@placement-api.service[94231]: DEBUG placement.objects.research_context [req-a7ecd5af-6eab-4c1c-8d1d-6ae83bcfc158 req-505505fb-a665-4324-8c0a-14ab455e1f2a service placement] found 2 providers with available 1024 MEMORY_MB {{(pid=94231) get_provider_ids_matching /opt/stack/placement/placement/objects/research_context.py:549}}
Jul 15 17:33:22.374604 n-d-800087-4 devstack@placement-api.service[94231]: DEBUG placement.objects.research_context [req-a7ecd5af-6eab-4c1c-8d1d-6ae83bcfc158 req-505505fb-a665-4324-8c0a-14ab455e1f2a service placement] found 2 providers after filtering by previous result {{(pid=94231) get_provider_ids_matching /opt/stack/placement/placement/objects/research_context.py:580}}
Jul 15 17:33:22.375051 n-d-800087-4 devstack@placement-api.service[94231]: DEBUG placement.objects.research_context [req-a7ecd5af-6eab-4c1c-8d1d-6ae83bcfc158 req-505505fb-a665-4324-8c0a-14ab455e1f2a service placement] found 2 providers with available 1 VCPU {{(pid=94231) get_provider_ids_matching /opt/stack/placement/placement/objects/research_context.py:549}}
Jul 15 17:33:22.376659 n-d-800087-4 devstack@placement-api.service[94231]: DEBUG placement.objects.research_context [req-a7ecd5af-6eab-4c1c-8d1d-6ae83bcfc158 req-505505fb-a665-4324-8c0a-14ab455e1f2a service placement] found 2 providers after filtering by previous result {{(pid=94231) get_provider_ids_matching /opt/stack/placement/placement/objects/research_context.py:580}}
Jul 15 17:33:22.391829 n-d-800087-4 devstack@placement-api.service[94231]: DEBUG placement.objects.allocation_candidate [req-a7ecd5af-6eab-4c1c-8d1d-6ae83bcfc158 req-505505fb-a665-4324-8c0a-14ab455e1f2a service placement] RequestGroup(use_same_provider=False, resources={DISK_GB:1, MEMORY_MB:1024, VCPU:1}, traits=[], aggregates=[]) (suffix '') returned 2 matches {{(pid=94231) _get_by_requests /opt/stack/placement/placement/objects/allocation_candidate.py:145}}
Jul 15 17:33:22.393479 n-d-800087-4 devstack@placement-api.service[94231]: DEBUG placement.objects.allocation_candidate [req-a7ecd5af-6eab-4c1c-8d1d-6ae83bcfc158 req-505505fb-a665-4324-8c0a-14ab455e1f2a service placement] Merging candidates yields 2 allocation requests and 2 provider summaries {{(pid=94231) _merge_candidates /opt/stack/placement/placement/objects/allocation_candidate.py:783}}
Jul 15 17:33:22.395349 n-d-800087-4 devstack@placement-api.service[94231]: INFO placement.requestlog [req-a7ecd5af-6eab-4c1c-8d1d-6ae83bcfc158 req-505505fb-a665-4324-8c0a-14ab455e1f2a service placement] 10.222.0.18 "GET /placement/allocation_candidates?limit=1000&resources=DISK_GB%3A1%2CMEMORY_MB%3A1024%2CVCPU%3A1&root_required=%21COMPUTE_STATUS_DISABLED" status: 200 len: 1309 microversion: 1.36
Jul 15 17:33:22.395766 n-d-800087-4 devstack@placement-api.service[94231]: [pid: 94231|app: 0|req: 67/134] 10.222.0.18 () {60 vars in 1507 bytes} [Thu Jul 15 17:33:22 2021] GET /placement/allocation_candidates?limit=1000&resources=DISK_GB%3A1%2CMEMORY_MB%3A1024%2CVCPU%3A1&root_required=%21COMPUTE_STATUS_DISABLED => generated 1309 bytes in 88 msecs (HTTP/1.1 200) 8 headers in 297 bytes (1 switches on core 0)
Jul 15 17:33:22.459773 n-d-800087-4 devstack@placement-api.service[94232]: DEBUG placement.requestlog [req-a7ecd5af-6eab-4c1c-8d1d-6ae83bcfc158 req-d882a5a8-7224-455b-a157-3b953723c70c None None] Starting request: 10.222.0.18 "GET /placement/allocations/7aeb8ff0-0bac-4239-8b36-6f06fd92eb5f" {{(pid=94232) __call__ /opt/stack/placement/placement/requestlog.py:55}}
Jul 15 17:33:22.470730 n-d-800087-4 devstack@placement-api.service[94232]: INFO placement.requestlog [req-a7ecd5af-6eab-4c1c-8d1d-6ae83bcfc158 req-d882a5a8-7224-455b-a157-3b953723c70c service placement] 10.222.0.18 "GET /placement/allocations/7aeb8ff0-0bac-4239-8b36-6f06fd92eb5f" status: 200 len: 19 microversion: 1.28
Jul 15 17:33:22.471275 n-d-800087-4 devstack@placement-api.service[94232]: [pid: 94232|app: 0|req: 68/135] 10.222.0.18 () {60 vars in 1381 bytes} [Thu Jul 15 17:33:22 2021] GET /placement/allocations/7aeb8ff0-0bac-4239-8b36-6f06fd92eb5f => generated 19 bytes in 12 msecs (HTTP/1.1 200) 8 headers in 295 bytes (1 switches on core 0)
Jul 15 17:33:22.476889 n-d-800087-4 devstack@placement-api.service[94231]: DEBUG placement.requestlog [req-a7ecd5af-6eab-4c1c-8d1d-6ae83bcfc158 req-2b288e22-eacb-4d79-aea8-d1c9a9eb2d4c None None] Starting request: 10.222.0.18 "PUT /placement/allocations/7aeb8ff0-0bac-4239-8b36-6f06fd92eb5f" {{(pid=94231) __call__ /opt/stack/placement/placement/requestlog.py:55}}
Jul 15 17:33:22.533202 n-d-800087-4 devstack@placement-api.service[94231]: DEBUG placement.handlers.allocation [req-a7ecd5af-6eab-4c1c-8d1d-6ae83bcfc158 req-2b288e22-eacb-4d79-aea8-d1c9a9eb2d4c service placement] Successfully wrote allocations [, , ] {{(pid=94231) _create_allocations /opt/stack/placement/placement/handlers/allocation.py:435}}
Jul 15 17:33:22.533922 n-d-800087-4 devstack@placement-api.service[94231]: INFO placement.requestlog [req-a7ecd5af-6eab-4c1c-8d1d-6ae83bcfc158 req-2b288e22-eacb-4d79-aea8-d1c9a9eb2d4c service placement] 10.222.0.18 "PUT /placement/allocations/7aeb8ff0-0bac-4239-8b36-6f06fd92eb5f" status: 204 len: 0 microversion: 1.36
Jul 15 17:33:22.534506 n-d-800087-4 devstack@placement-api.service[94231]: [pid: 94231|app: 0|req: 68/136] 10.222.0.18 () {64 vars in 1434 bytes} [Thu Jul 15 17:33:22 2021] PUT /placement/allocations/7aeb8ff0-0bac-4239-8b36-6f06fd92eb5f => generated 0 bytes in 58 msecs (HTTP/1.1 204) 5 headers in 199 bytes (2 switches on core 0)
Jul 15 17:33:22.889205 n-d-800087-4 devstack@placement-api.service[94232]: DEBUG placement.requestlog [req-a7ecd5af-6eab-4c1c-8d1d-6ae83bcfc158 req-f2cbf95d-ef25-409d-bcdd-8b2b9aaaad4a None None] Starting request: 10.222.0.21 "GET /placement/allocations/7aeb8ff0-0bac-4239-8b36-6f06fd92eb5f" {{(pid=94232) __call__ /opt/stack/placement/placement/requestlog.py:55}}
Jul 15 17:33:22.904724 n-d-800087-4 devstack@placement-api.service[94232]: INFO placement.requestlog [req-a7ecd5af-6eab-4c1c-8d1d-6ae83bcfc158 req-f2cbf95d-ef25-409d-bcdd-8b2b9aaaad4a service placement] 10.222.0.21 "GET /placement/allocations/7aeb8ff0-0bac-4239-8b36-6f06fd92eb5f" status: 200 len: 259 microversion: 1.28
Jul 15 17:33:22.905027 n-d-800087-4 devstack@placement-api.service[94232]: [pid: 94232|app: 0|req: 69/137] 10.222.0.21 () {60 vars in 1378 bytes} [Thu Jul 15 17:33:22 2021] GET /placement/allocations/7aeb8ff0-0bac-4239-8b36-6f06fd92eb5f => generated 259 bytes in 16 msecs (HTTP/1.1 200) 8 headers in 296 bytes (1 switches on core 0)
Jul 15 17:33:24.584571 n-d-800087-4 devstack@placement-api.service[94231]: DEBUG placement.requestlog [req-1a6a9d99-b0d7-4caa-a6f9-1ea820802334 req-b3359df3-090c-42f5-92d8-6b19937fbb76 None None] Starting request: 10.222.0.18 "GET /placement/allocation_candidates?limit=1000&resources=DISK_GB%3A1%2CMEMORY_MB%3A1024%2CVCPU%3A1&root_required=%21COMPUTE_STATUS_DISABLED" {{(pid=94231) __call__ /opt/stack/placement/placement/requestlog.py:55}}
Jul 15 17:33:24.636210 n-d-800087-4 devstack@placement-api.service[94231]: DEBUG placement.objects.research_context [req-1a6a9d99-b0d7-4caa-a6f9-1ea820802334 req-b3359df3-090c-42f5-92d8-6b19937fbb76 service placement] getting providers with 1 DISK_GB {{(pid=94231) __init__ /opt/stack/placement/placement/objects/research_context.py:126}}
Jul 15 17:33:24.657105 n-d-800087-4 devstack@placement-api.service[94231]: DEBUG placement.objects.research_context [req-1a6a9d99-b0d7-4caa-a6f9-1ea820802334 req-b3359df3-090c-42f5-92d8-6b19937fbb76 service placement] getting providers with 1024 MEMORY_MB {{(pid=94231) __init__ /opt/stack/placement/placement/objects/research_context.py:126}}
Jul 15 17:33:24.665830 n-d-800087-4 devstack@placement-api.service[94231]: DEBUG placement.objects.research_context [req-1a6a9d99-b0d7-4caa-a6f9-1ea820802334 req-b3359df3-090c-42f5-92d8-6b19937fbb76 service placement] getting providers with 1 VCPU {{(pid=94231) __init__ /opt/stack/placement/placement/objects/research_context.py:126}}
Jul 15 17:33:24.675078 n-d-800087-4 devstack@placement-api.service[94231]: DEBUG placement.objects.research_context [req-1a6a9d99-b0d7-4caa-a6f9-1ea820802334 req-b3359df3-090c-42f5-92d8-6b19937fbb76 service placement] found 2 providers with available 1 DISK_GB {{(pid=94231) get_provider_ids_matching /opt/stack/placement/placement/objects/research_context.py:549}}
Jul 15 17:33:24.675586 n-d-800087-4 devstack@placement-api.service[94231]: DEBUG placement.objects.research_context [req-1a6a9d99-b0d7-4caa-a6f9-1ea820802334 req-b3359df3-090c-42f5-92d8-6b19937fbb76 service placement] found 2 providers with available 1024 MEMORY_MB {{(pid=94231) get_provider_ids_matching /opt/stack/placement/placement/objects/research_context.py:549}}
Jul 15 17:33:24.675863 n-d-800087-4 devstack@placement-api.service[94231]: DEBUG placement.objects.research_context [req-1a6a9d99-b0d7-4caa-a6f9-1ea820802334 req-b3359df3-090c-42f5-92d8-6b19937fbb76 service placement] found 2 providers after filtering by previous result {{(pid=94231) get_provider_ids_matching /opt/stack/placement/placement/objects/research_context.py:580}}
Jul 15 17:33:24.676117 n-d-800087-4 devstack@placement-api.service[94231]: DEBUG placement.objects.research_context [req-1a6a9d99-b0d7-4caa-a6f9-1ea820802334 req-b3359df3-090c-42f5-92d8-6b19937fbb76 service placement] found 2 providers with available 1 VCPU {{(pid=94231) get_provider_ids_matching /opt/stack/placement/placement/objects/research_context.py:549}}
Jul 15 17:33:24.676375 n-d-800087-4 devstack@placement-api.service[94231]: DEBUG placement.objects.research_context [req-1a6a9d99-b0d7-4caa-a6f9-1ea820802334 req-b3359df3-090c-42f5-92d8-6b19937fbb76 service placement] found 2 providers after filtering by previous result {{(pid=94231) get_provider_ids_matching /opt/stack/placement/placement/objects/research_context.py:580}}
Jul 15 17:33:24.688740 n-d-800087-4 devstack@placement-api.service[94231]: DEBUG placement.objects.allocation_candidate [req-1a6a9d99-b0d7-4caa-a6f9-1ea820802334 req-b3359df3-090c-42f5-92d8-6b19937fbb76 service placement] RequestGroup(use_same_provider=False, resources={DISK_GB:1, MEMORY_MB:1024, VCPU:1}, traits=[], aggregates=[]) (suffix '') returned 2 matches {{(pid=94231) _get_by_requests /opt/stack/placement/placement/objects/allocation_candidate.py:145}}
Jul 15 17:33:24.689115 n-d-800087-4 devstack@placement-api.service[94231]: DEBUG placement.objects.allocation_candidate [req-1a6a9d99-b0d7-4caa-a6f9-1ea820802334 req-b3359df3-090c-42f5-92d8-6b19937fbb76 service placement] Merging candidates yields 2 allocation requests and 2 provider summaries {{(pid=94231) _merge_candidates /opt/stack/placement/placement/objects/allocation_candidate.py:783}}
Jul 15 17:33:24.691019 n-d-800087-4 devstack@placement-api.service[94231]: INFO placement.requestlog [req-1a6a9d99-b0d7-4caa-a6f9-1ea820802334 req-b3359df3-090c-42f5-92d8-6b19937fbb76 service placement] 10.222.0.18 "GET /placement/allocation_candidates?limit=1000&resources=DISK_GB%3A1%2CMEMORY_MB%3A1024%2CVCPU%3A1&root_required=%21COMPUTE_STATUS_DISABLED" status: 200 len: 1309 microversion: 1.36
Jul 15 17:33:24.691799 n-d-800087-4 devstack@placement-api.service[94231]: [pid: 94231|app: 0|req: 69/138] 10.222.0.18 () {60 vars in 1507 bytes} [Thu Jul 15 17:33:24 2021] GET /placement/allocation_candidates?limit=1000&resources=DISK_GB%3A1%2CMEMORY_MB%3A1024%2CVCPU%3A1&root_required=%21COMPUTE_STATUS_DISABLED => generated 1309 bytes in 108 msecs (HTTP/1.1 200) 8 headers in 297 bytes (1 switches on core 0)
Jul 15 17:33:24.755066 n-d-800087-4 devstack@placement-api.service[94232]: DEBUG placement.requestlog [req-1a6a9d99-b0d7-4caa-a6f9-1ea820802334 req-5954c677-8253-407c-b6e9-762de28e576f None None] Starting request: 10.222.0.18 "GET /placement/allocations/825f6951-29b3-4863-b903-877638b397dc" {{(pid=94232) __call__ /opt/stack/placement/placement/requestlog.py:55}}
Jul 15 17:33:24.768982 n-d-800087-4 devstack@placement-api.service[94232]: INFO placement.requestlog [req-1a6a9d99-b0d7-4caa-a6f9-1ea820802334 req-5954c677-8253-407c-b6e9-762de28e576f service placement] 10.222.0.18 "GET /placement/allocations/825f6951-29b3-4863-b903-877638b397dc" status: 200 len: 19 microversion: 1.28
Jul 15 17:33:24.769681 n-d-800087-4 devstack@placement-api.service[94232]: [pid: 94232|app: 0|req: 70/139] 10.222.0.18 () {60 vars in 1381 bytes} [Thu Jul 15 17:33:24 2021] GET /placement/allocations/825f6951-29b3-4863-b903-877638b397dc => generated 19 bytes in 15 msecs (HTTP/1.1 200) 8 headers in 295 bytes (1 switches on core 0)
Jul 15 17:33:24.776908 n-d-800087-4 devstack@placement-api.service[94231]: DEBUG placement.requestlog [req-1a6a9d99-b0d7-4caa-a6f9-1ea820802334 req-51d300b6-a961-43e1-81c7-beec8b8a0d23 None None] Starting request: 10.222.0.18 "PUT /placement/allocations/825f6951-29b3-4863-b903-877638b397dc" {{(pid=94231) __call__ /opt/stack/placement/placement/requestlog.py:55}}
Jul 15 17:33:24.853836 n-d-800087-4 devstack@placement-api.service[94231]: DEBUG placement.handlers.allocation [req-1a6a9d99-b0d7-4caa-a6f9-1ea820802334 req-51d300b6-a961-43e1-81c7-beec8b8a0d23 service placement] Successfully wrote allocations [, , ] {{(pid=94231) _create_allocations /opt/stack/placement/placement/handlers/allocation.py:435}}
Jul 15 17:33:24.854759 n-d-800087-4 devstack@placement-api.service[94231]: INFO placement.requestlog [req-1a6a9d99-b0d7-4caa-a6f9-1ea820802334 req-51d300b6-a961-43e1-81c7-beec8b8a0d23 service placement] 10.222.0.18 "PUT /placement/allocations/825f6951-29b3-4863-b903-877638b397dc" status: 204 len: 0 microversion: 1.36
Jul 15 17:33:24.855330 n-d-800087-4 devstack@placement-api.service[94231]: [pid: 94231|app: 0|req: 70/140] 10.222.0.18 () {64 vars in 1434 bytes} [Thu Jul 15 17:33:24 2021] PUT /placement/allocations/825f6951-29b3-4863-b903-877638b397dc => generated 0 bytes in 79 msecs (HTTP/1.1 204) 5 headers in 199 bytes (1 switches on core 0)
Jul 15 17:33:25.338593 n-d-800087-4 devstack@placement-api.service[94232]: DEBUG placement.requestlog [req-1a6a9d99-b0d7-4caa-a6f9-1ea820802334 req-8caa1a22-f44f-47bb-b4a6-b7dbce61f09c None None] Starting request: 10.222.0.44 "GET /placement/allocations/825f6951-29b3-4863-b903-877638b397dc" {{(pid=94232) __call__ /opt/stack/placement/placement/requestlog.py:55}}
Jul 15 17:33:25.359861 n-d-800087-4 devstack@placement-api.service[94232]: INFO placement.requestlog [req-1a6a9d99-b0d7-4caa-a6f9-1ea820802334 req-8caa1a22-f44f-47bb-b4a6-b7dbce61f09c service placement] 10.222.0.44 "GET /placement/allocations/825f6951-29b3-4863-b903-877638b397dc" status: 200 len: 259 microversion: 1.28
Jul 15 17:33:25.361114 n-d-800087-4 devstack@placement-api.service[94232]: [pid: 94232|app: 0|req: 71/141] 10.222.0.44 () {60 vars in 1378 bytes} [Thu Jul 15 17:33:25 2021] GET /placement/allocations/825f6951-29b3-4863-b903-877638b397dc => generated 259 bytes in 23 msecs (HTTP/1.1 200) 8 headers in 296 bytes (1 switches on core 0)
Jul 15 17:33:39.495395 n-d-800087-4 devstack@placement-api.service[94231]: DEBUG placement.requestlog [req-2af22b98-3de3-454f-a9f0-caabd9218f7f req-e4d5f2bd-ab1a-4e3a-8823-013dcbbab71c None None] Starting request: 10.222.0.18 "GET /placement/allocation_candidates?limit=1000&resources=DISK_GB%3A1%2CMEMORY_MB%3A1024%2CVCPU%3A1&root_required=%21COMPUTE_STATUS_DISABLED" {{(pid=94231) __call__ /opt/stack/placement/placement/requestlog.py:55}}
Jul 15 17:33:39.529494 n-d-800087-4 devstack@placement-api.service[94231]: DEBUG placement.objects.research_context [req-2af22b98-3de3-454f-a9f0-caabd9218f7f req-e4d5f2bd-ab1a-4e3a-8823-013dcbbab71c service placement] getting providers with 1 DISK_GB {{(pid=94231) __init__ /opt/stack/placement/placement/objects/research_context.py:126}}
Jul 15 17:33:39.538953 n-d-800087-4 devstack@placement-api.service[94231]: DEBUG placement.objects.research_context [req-2af22b98-3de3-454f-a9f0-caabd9218f7f req-e4d5f2bd-ab1a-4e3a-8823-013dcbbab71c service placement] getting providers with 1024 MEMORY_MB {{(pid=94231) __init__ /opt/stack/placement/placement/objects/research_context.py:126}}
Jul 15 17:33:39.546084 n-d-800087-4 devstack@placement-api.service[94231]: DEBUG placement.objects.research_context [req-2af22b98-3de3-454f-a9f0-caabd9218f7f req-e4d5f2bd-ab1a-4e3a-8823-013dcbbab71c service placement] getting providers with 1 VCPU {{(pid=94231) __init__ /opt/stack/placement/placement/objects/research_context.py:126}}
Jul 15 17:33:39.552220 n-d-800087-4 devstack@placement-api.service[94231]: DEBUG placement.objects.research_context [req-2af22b98-3de3-454f-a9f0-caabd9218f7f req-e4d5f2bd-ab1a-4e3a-8823-013dcbbab71c service placement] found 2 providers with available 1 DISK_GB {{(pid=94231) get_provider_ids_matching /opt/stack/placement/placement/objects/research_context.py:549}}
Jul 15 17:33:39.552721 n-d-800087-4 devstack@placement-api.service[94231]: DEBUG placement.objects.research_context [req-2af22b98-3de3-454f-a9f0-caabd9218f7f req-e4d5f2bd-ab1a-4e3a-8823-013dcbbab71c service placement] found 2 providers with available 1024 MEMORY_MB {{(pid=94231) get_provider_ids_matching /opt/stack/placement/placement/objects/research_context.py:549}}
Jul 15 17:33:39.553147 n-d-800087-4 devstack@placement-api.service[94231]: DEBUG placement.objects.research_context [req-2af22b98-3de3-454f-a9f0-caabd9218f7f req-e4d5f2bd-ab1a-4e3a-8823-013dcbbab71c service placement] found 2 providers after filtering by previous result {{(pid=94231) get_provider_ids_matching /opt/stack/placement/placement/objects/research_context.py:580}}
Jul 15 17:33:39.553554 n-d-800087-4 devstack@placement-api.service[94231]: DEBUG placement.objects.research_context [req-2af22b98-3de3-454f-a9f0-caabd9218f7f req-e4d5f2bd-ab1a-4e3a-8823-013dcbbab71c service placement] found 2 providers with available 1 VCPU {{(pid=94231) get_provider_ids_matching /opt/stack/placement/placement/objects/research_context.py:549}}
Jul 15 17:33:39.553979 n-d-800087-4 devstack@placement-api.service[94231]: DEBUG placement.objects.research_context [req-2af22b98-3de3-454f-a9f0-caabd9218f7f req-e4d5f2bd-ab1a-4e3a-8823-013dcbbab71c service placement] found 2 providers after filtering by previous result {{(pid=94231) get_provider_ids_matching /opt/stack/placement/placement/objects/research_context.py:580}}
Jul 15 17:33:39.567960 n-d-800087-4 devstack@placement-api.service[94231]: DEBUG placement.objects.allocation_candidate [req-2af22b98-3de3-454f-a9f0-caabd9218f7f req-e4d5f2bd-ab1a-4e3a-8823-013dcbbab71c service placement] RequestGroup(use_same_provider=False, resources={DISK_GB:1, MEMORY_MB:1024, VCPU:1}, traits=[], aggregates=[]) (suffix '') returned 2 matches {{(pid=94231) _get_by_requests /opt/stack/placement/placement/objects/allocation_candidate.py:145}}
Jul 15 17:33:39.568731 n-d-800087-4 devstack@placement-api.service[94231]: DEBUG placement.objects.allocation_candidate [req-2af22b98-3de3-454f-a9f0-caabd9218f7f req-e4d5f2bd-ab1a-4e3a-8823-013dcbbab71c service placement] Merging candidates yields 2 allocation requests and 2 provider summaries {{(pid=94231) _merge_candidates /opt/stack/placement/placement/objects/allocation_candidate.py:783}}
Jul 15 17:33:39.570639 n-d-800087-4 devstack@placement-api.service[94231]: INFO placement.requestlog [req-2af22b98-3de3-454f-a9f0-caabd9218f7f req-e4d5f2bd-ab1a-4e3a-8823-013dcbbab71c service placement] 10.222.0.18 "GET /placement/allocation_candidates?limit=1000&resources=DISK_GB%3A1%2CMEMORY_MB%3A1024%2CVCPU%3A1&root_required=%21COMPUTE_STATUS_DISABLED" status: 200 len: 1309 microversion: 1.36
Jul 15 17:33:39.571422 n-d-800087-4 devstack@placement-api.service[94231]: [pid: 94231|app: 0|req: 71/142] 10.222.0.18 () {60 vars in 1507 bytes} [Thu Jul 15 17:33:39 2021] GET /placement/allocation_candidates?limit=1000&resources=DISK_GB%3A1%2CMEMORY_MB%3A1024%2CVCPU%3A1&root_required=%21COMPUTE_STATUS_DISABLED => generated 1309 bytes in 76 msecs (HTTP/1.1 200) 8 headers in 297 bytes (1 switches on core 0)
Jul 15 17:33:39.629494 n-d-800087-4 devstack@placement-api.service[94232]: DEBUG placement.requestlog [req-2af22b98-3de3-454f-a9f0-caabd9218f7f req-81a81229-9d70-47fc-bd2e-7fe846d6726f None None] Starting request: 10.222.0.18 "GET /placement/allocations/4709c3fe-f63f-4f74-adeb-5dc5c4365b4e" {{(pid=94232) __call__ /opt/stack/placement/placement/requestlog.py:55}}
Jul 15 17:33:39.641654 n-d-800087-4 devstack@placement-api.service[94232]: INFO placement.requestlog [req-2af22b98-3de3-454f-a9f0-caabd9218f7f req-81a81229-9d70-47fc-bd2e-7fe846d6726f service placement] 10.222.0.18 "GET /placement/allocations/4709c3fe-f63f-4f74-adeb-5dc5c4365b4e" status: 200 len: 19 microversion: 1.28
Jul 15 17:33:39.642573 n-d-800087-4 devstack@placement-api.service[94232]: [pid: 94232|app: 0|req: 72/143] 10.222.0.18 () {60 vars in 1381 bytes} [Thu Jul 15 17:33:39 2021] GET /placement/allocations/4709c3fe-f63f-4f74-adeb-5dc5c4365b4e => generated 19 bytes in 13 msecs (HTTP/1.1 200) 8 headers in 295 bytes (1 switches on core 0)
Jul 15 17:33:39.648220 n-d-800087-4 devstack@placement-api.service[94231]: DEBUG placement.requestlog [req-2af22b98-3de3-454f-a9f0-caabd9218f7f req-b5f62669-1871-43cf-82f3-1ccdccbd5ad1 None None] Starting request: 10.222.0.18 "PUT /placement/allocations/4709c3fe-f63f-4f74-adeb-5dc5c4365b4e" {{(pid=94231) __call__ /opt/stack/placement/placement/requestlog.py:55}}
Jul 15 17:33:39.716378 n-d-800087-4 devstack@placement-api.service[94231]: DEBUG placement.handlers.allocation [req-2af22b98-3de3-454f-a9f0-caabd9218f7f req-b5f62669-1871-43cf-82f3-1ccdccbd5ad1 service placement] Successfully wrote allocations [, , ] {{(pid=94231) _create_allocations /opt/stack/placement/placement/handlers/allocation.py:435}}
Jul 15 17:33:39.717162 n-d-800087-4 devstack@placement-api.service[94231]: INFO placement.requestlog [req-2af22b98-3de3-454f-a9f0-caabd9218f7f req-b5f62669-1871-43cf-82f3-1ccdccbd5ad1 service placement] 10.222.0.18 "PUT /placement/allocations/4709c3fe-f63f-4f74-adeb-5dc5c4365b4e" status: 204 len: 0 microversion: 1.36
Jul 15 17:33:39.717892 n-d-800087-4 devstack@placement-api.service[94231]: [pid: 94231|app: 0|req: 72/144] 10.222.0.18 () {64 vars in 1434 bytes} [Thu Jul 15 17:33:39 2021] PUT /placement/allocations/4709c3fe-f63f-4f74-adeb-5dc5c4365b4e => generated 0 bytes in 70 msecs (HTTP/1.1 204) 5 headers in 199 bytes (1 switches on core 0)
Jul 15 17:33:40.082737 n-d-800087-4 devstack@placement-api.service[94232]: DEBUG placement.requestlog [req-2af22b98-3de3-454f-a9f0-caabd9218f7f req-7dc34df1-49fc-4fa0-a33b-d3a919c15939 None None] Starting request: 10.222.0.21 "GET /placement/allocations/4709c3fe-f63f-4f74-adeb-5dc5c4365b4e" {{(pid=94232) __call__ /opt/stack/placement/placement/requestlog.py:55}}
Jul 15 17:33:40.179103 n-d-800087-4 devstack@placement-api.service[94232]: INFO placement.requestlog [req-2af22b98-3de3-454f-a9f0-caabd9218f7f req-7dc34df1-49fc-4fa0-a33b-d3a919c15939 service placement] 10.222.0.21 "GET /placement/allocations/4709c3fe-f63f-4f74-adeb-5dc5c4365b4e" status: 200 len: 259 microversion: 1.28
Jul 15 17:33:40.179103 n-d-800087-4 devstack@placement-api.service[94232]: [pid: 94232|app: 0|req: 73/145] 10.222.0.21 () {60 vars in 1378 bytes} [Thu Jul 15 17:33:40 2021] GET /placement/allocations/4709c3fe-f63f-4f74-adeb-5dc5c4365b4e => generated 259 bytes in 97 msecs (HTTP/1.1 200) 8 headers in 296 bytes (1 switches on core 0)
Jul 15 17:33:46.768480 n-d-800087-4 devstack@placement-api.service[94231]: DEBUG placement.requestlog [req-64510075-ddaf-46e1-93e9-c2721356d4d0 req-e7b50075-6cf4-4e84-a179-0d1a5790ceb9 None None] Starting request: 10.222.0.44 "GET /placement/allocations/cdd9cc32-1e7c-44f4-b039-92bc4c240eec" {{(pid=94231) __call__ /opt/stack/placement/placement/requestlog.py:55}}
Jul 15 17:33:46.789386 n-d-800087-4 devstack@placement-api.service[94231]: INFO placement.requestlog [req-64510075-ddaf-46e1-93e9-c2721356d4d0 req-e7b50075-6cf4-4e84-a179-0d1a5790ceb9 service placement] 10.222.0.44 "GET /placement/allocations/cdd9cc32-1e7c-44f4-b039-92bc4c240eec" status: 200 len: 259 microversion: 1.28
Jul 15 17:33:46.790210 n-d-800087-4 devstack@placement-api.service[94231]: [pid: 94231|app: 0|req: 73/146] 10.222.0.44 () {60 vars in 1378 bytes} [Thu Jul 15 17:33:46 2021] GET /placement/allocations/cdd9cc32-1e7c-44f4-b039-92bc4c240eec => generated 259 bytes in 22 msecs (HTTP/1.1 200) 8 headers in 296 bytes (1 switches on core 0)
Jul 15 17:33:46.798078 n-d-800087-4 devstack@placement-api.service[94232]: DEBUG placement.requestlog [req-64510075-ddaf-46e1-93e9-c2721356d4d0 req-a670774f-e5ab-4c29-b1d3-619edffe9d7a None None] Starting request: 10.222.0.44 "PUT /placement/allocations/cdd9cc32-1e7c-44f4-b039-92bc4c240eec" {{(pid=94232) __call__ /opt/stack/placement/placement/requestlog.py:55}}
Jul 15 17:33:46.896259 n-d-800087-4 devstack@placement-api.service[94232]: DEBUG placement.handlers.allocation [req-64510075-ddaf-46e1-93e9-c2721356d4d0 req-a670774f-e5ab-4c29-b1d3-619edffe9d7a service placement] Successfully wrote allocations [, , ] {{(pid=94232) _create_allocations /opt/stack/placement/placement/handlers/allocation.py:435}}
Jul 15 17:33:46.897024 n-d-800087-4 devstack@placement-api.service[94232]: INFO placement.requestlog [req-64510075-ddaf-46e1-93e9-c2721356d4d0 req-a670774f-e5ab-4c29-b1d3-619edffe9d7a service placement] 10.222.0.44 "PUT /placement/allocations/cdd9cc32-1e7c-44f4-b039-92bc4c240eec" status: 204 len: 0 microversion: 1.28
Jul 15 17:33:46.898437 n-d-800087-4 devstack@placement-api.service[94232]: [pid: 94232|app: 0|req: 74/147] 10.222.0.44 () {64 vars in 1431 bytes} [Thu Jul 15 17:33:46 2021] PUT /placement/allocations/cdd9cc32-1e7c-44f4-b039-92bc4c240eec => generated 0 bytes in 100 msecs (HTTP/1.1 204) 5 headers in 199 bytes (1 switches on core 0)
Jul 15 17:33:48.439368 n-d-800087-4 devstack@placement-api.service[94231]: DEBUG placement.requestlog [None req-fe953b70-84a5-4cc7-b6b4-aa9e831ba258 None None] Starting request: 10.222.0.18 "GET /placement/" {{(pid=94231) __call__ /opt/stack/placement/placement/requestlog.py:55}}
Jul 15 17:33:48.440410 n-d-800087-4 devstack@placement-api.service[94231]: INFO placement.requestlog [None req-fe953b70-84a5-4cc7-b6b4-aa9e831ba258 None None] 10.222.0.18 "GET /placement/" status: 200 len: 136 microversion: 1.0
Jul 15 17:33:48.440593 n-d-800087-4 devstack@placement-api.service[94231]: [pid: 94231|app: 0|req: 74/148] 10.222.0.18 () {54 vars in 916 bytes} [Thu Jul 15 17:33:48 2021] GET /placement => generated 136 bytes in 1 msecs (HTTP/1.1 200) 6 headers in 224 bytes (1 switches on core 0)
Jul 15 17:33:48.449998 n-d-800087-4 devstack@placement-api.service[94232]: DEBUG placement.requestlog [req-24eb874e-ffd9-430c-9c85-56e06c043909 req-f07e5a0d-0650-47c4-9d79-22d8682e3ed7 None None] Starting request: 10.222.0.18 "GET /placement/allocations/7aeb8ff0-0bac-4239-8b36-6f06fd92eb5f" {{(pid=94232) __call__ /opt/stack/placement/placement/requestlog.py:55}}
Jul 15 17:33:48.554056 n-d-800087-4 devstack@placement-api.service[94232]: INFO placement.requestlog [req-24eb874e-ffd9-430c-9c85-56e06c043909 req-f07e5a0d-0650-47c4-9d79-22d8682e3ed7 service placement] 10.222.0.18 "GET /placement/allocations/7aeb8ff0-0bac-4239-8b36-6f06fd92eb5f" status: 200 len: 259 microversion: 1.28
Jul 15 17:33:48.559980 n-d-800087-4 devstack@placement-api.service[94231]: DEBUG placement.requestlog [req-24eb874e-ffd9-430c-9c85-56e06c043909 req-232328ec-78ba-440b-87c4-a11bec84ff11 None None] Starting request: 10.222.0.18 "GET /placement/allocations/7aeb8ff0-0bac-4239-8b36-6f06fd92eb5f" {{(pid=94231) __call__ /opt/stack/placement/placement/requestlog.py:55}}
Jul 15 17:33:48.566887 n-d-800087-4 devstack@placement-api.service[94232]: [pid: 94232|app: 0|req: 75/149] 10.222.0.18 () {60 vars in 1381 bytes} [Thu Jul 15 17:33:48 2021] GET /placement/allocations/7aeb8ff0-0bac-4239-8b36-6f06fd92eb5f => generated 259 bytes in 117 msecs (HTTP/1.1 200) 8 headers in 296 bytes (1 switches on core 0)
Jul 15 17:33:48.577954 n-d-800087-4 devstack@placement-api.service[94231]: INFO placement.requestlog [req-24eb874e-ffd9-430c-9c85-56e06c043909 req-232328ec-78ba-440b-87c4-a11bec84ff11 service placement] 10.222.0.18 "GET /placement/allocations/7aeb8ff0-0bac-4239-8b36-6f06fd92eb5f" status: 200 len: 259 microversion: 1.28
Jul 15 17:33:48.582754 n-d-800087-4 devstack@placement-api.service[94232]: DEBUG placement.requestlog [req-24eb874e-ffd9-430c-9c85-56e06c043909 req-06fee8ed-26eb-4e2a-92a8-4d80b3bdf9c6 None None] Starting request: 10.222.0.18 "GET /placement/allocations/fe05f256-673a-4007-88ec-baa9269438df" {{(pid=94232) __call__ /opt/stack/placement/placement/requestlog.py:55}}
Jul 15 17:33:48.592245 n-d-800087-4 devstack@placement-api.service[94231]: [pid: 94231|app: 0|req: 75/150] 10.222.0.18 () {60 vars in 1381 bytes} [Thu Jul 15 17:33:48 2021] GET /placement/allocations/7aeb8ff0-0bac-4239-8b36-6f06fd92eb5f => generated 259 bytes in 30 msecs (HTTP/1.1 200) 8 headers in 296 bytes (1 switches on core 0)
Jul 15 17:33:48.597074 n-d-800087-4 devstack@placement-api.service[94232]: INFO placement.requestlog [req-24eb874e-ffd9-430c-9c85-56e06c043909 req-06fee8ed-26eb-4e2a-92a8-4d80b3bdf9c6 service placement] 10.222.0.18 "GET /placement/allocations/fe05f256-673a-4007-88ec-baa9269438df" status: 200 len: 19 microversion: 1.28
Jul 15 17:33:48.597784 n-d-800087-4 devstack@placement-api.service[94232]: [pid: 94232|app: 0|req: 76/151] 10.222.0.18 () {60 vars in 1381 bytes} [Thu Jul 15 17:33:48 2021] GET /placement/allocations/fe05f256-673a-4007-88ec-baa9269438df => generated 19 bytes in 15 msecs (HTTP/1.1 200) 8 headers in 295 bytes (1 switches on core 0)
Jul 15 17:33:48.604946 n-d-800087-4 devstack@placement-api.service[94231]: DEBUG placement.requestlog [req-24eb874e-ffd9-430c-9c85-56e06c043909 req-8035dbc9-f7e8-4467-8719-d86937412982 None None] Starting request: 10.222.0.18 "POST /placement/allocations" {{(pid=94231) __call__ /opt/stack/placement/placement/requestlog.py:55}}
Jul 15 17:33:48.720872 n-d-800087-4 devstack@placement-api.service[94231]: DEBUG placement.handlers.allocation [req-24eb874e-ffd9-430c-9c85-56e06c043909 req-8035dbc9-f7e8-4467-8719-d86937412982 service placement] Successfully wrote allocations [, , , , , ] {{(pid=94231) _create_allocations /opt/stack/placement/placement/handlers/allocation.py:524}}
Jul 15 17:33:48.721711 n-d-800087-4 devstack@placement-api.service[94231]: INFO placement.requestlog [req-24eb874e-ffd9-430c-9c85-56e06c043909 req-8035dbc9-f7e8-4467-8719-d86937412982 service placement] 10.222.0.18 "POST /placement/allocations" status: 204 len: 0 microversion: 1.28
Jul 15 17:33:48.722233 n-d-800087-4 devstack@placement-api.service[94231]: [pid: 94231|app: 0|req: 76/152] 10.222.0.18 () {64 vars in 1324 bytes} [Thu Jul 15 17:33:48 2021] POST /placement/allocations => generated 0 bytes in 118 msecs (HTTP/1.1 204) 5 headers in 199 bytes (1 switches on core 0)
Jul 15 17:33:48.761951 n-d-800087-4 devstack@placement-api.service[94232]: DEBUG placement.requestlog [req-24eb874e-ffd9-430c-9c85-56e06c043909 req-8a69e599-e7a0-412e-bd8a-82b2cdbb6069 None None] Starting request: 10.222.0.18 "GET /placement/allocations/7aeb8ff0-0bac-4239-8b36-6f06fd92eb5f" {{(pid=94232) __call__ /opt/stack/placement/placement/requestlog.py:55}}
Jul 15 17:33:48.772822 n-d-800087-4 devstack@placement-api.service[94232]: INFO placement.requestlog [req-24eb874e-ffd9-430c-9c85-56e06c043909 req-8a69e599-e7a0-412e-bd8a-82b2cdbb6069 service placement] 10.222.0.18 "GET /placement/allocations/7aeb8ff0-0bac-4239-8b36-6f06fd92eb5f" status: 200 len: 19 microversion: 1.28
Jul 15 17:33:48.777981 n-d-800087-4 devstack@placement-api.service[94232]: [pid: 94232|app: 0|req: 77/153] 10.222.0.18 () {60 vars in 1381 bytes} [Thu Jul 15 17:33:48 2021] GET /placement/allocations/7aeb8ff0-0bac-4239-8b36-6f06fd92eb5f => generated 19 bytes in 16 msecs (HTTP/1.1 200) 8 headers in 295 bytes (1 switches on core 0)
Jul 15 17:33:48.778775 n-d-800087-4 devstack@placement-api.service[94231]: DEBUG placement.requestlog [req-24eb874e-ffd9-430c-9c85-56e06c043909 req-3963e561-e2f5-4c0d-98ce-52b9e35d6828 None None] Starting request: 10.222.0.18 "PUT /placement/allocations/7aeb8ff0-0bac-4239-8b36-6f06fd92eb5f" {{(pid=94231) __call__ /opt/stack/placement/placement/requestlog.py:55}}
Jul 15 17:33:48.840435 n-d-800087-4 devstack@placement-api.service[94231]: DEBUG placement.handlers.allocation [req-24eb874e-ffd9-430c-9c85-56e06c043909 req-3963e561-e2f5-4c0d-98ce-52b9e35d6828 service placement] Successfully wrote allocations [, , ] {{(pid=94231) _create_allocations /opt/stack/placement/placement/handlers/allocation.py:435}}
Jul 15 17:33:48.841131 n-d-800087-4 devstack@placement-api.service[94231]: INFO placement.requestlog [req-24eb874e-ffd9-430c-9c85-56e06c043909 req-3963e561-e2f5-4c0d-98ce-52b9e35d6828 service placement] 10.222.0.18 "PUT /placement/allocations/7aeb8ff0-0bac-4239-8b36-6f06fd92eb5f" status: 204 len: 0 microversion: 1.28
Jul 15 17:33:48.841618 n-d-800087-4 devstack@placement-api.service[94231]: [pid: 94231|app: 0|req: 77/154] 10.222.0.18 () {64 vars in 1434 bytes} [Thu Jul 15 17:33:48 2021] PUT /placement/allocations/7aeb8ff0-0bac-4239-8b36-6f06fd92eb5f => generated 0 bytes in 63 msecs (HTTP/1.1 204) 5 headers in 199 bytes (2 switches on core 0)
Jul 15 17:33:48.960791 n-d-800087-4 devstack@placement-api.service[94232]: DEBUG placement.requestlog [req-24eb874e-ffd9-430c-9c85-56e06c043909 req-daf5e92a-4e73-44b9-bfbd-67aa3c0c3d7b None None] Starting request: 10.222.0.44 "GET /placement/allocations/7aeb8ff0-0bac-4239-8b36-6f06fd92eb5f" {{(pid=94232) __call__ /opt/stack/placement/placement/requestlog.py:55}}
Jul 15 17:33:48.978234 n-d-800087-4 devstack@placement-api.service[94232]: INFO placement.requestlog [req-24eb874e-ffd9-430c-9c85-56e06c043909 req-daf5e92a-4e73-44b9-bfbd-67aa3c0c3d7b service placement] 10.222.0.44 "GET /placement/allocations/7aeb8ff0-0bac-4239-8b36-6f06fd92eb5f" status: 200 len: 259 microversion: 1.28
Jul 15 17:33:48.978665 n-d-800087-4 devstack@placement-api.service[94232]: [pid: 94232|app: 0|req: 78/155] 10.222.0.44 () {60 vars in 1378 bytes} [Thu Jul 15 17:33:48 2021] GET /placement/allocations/7aeb8ff0-0bac-4239-8b36-6f06fd92eb5f => generated 259 bytes in 18 msecs (HTTP/1.1 200) 8 headers in 296 bytes (1 switches on core 0)
Jul 15 17:33:49.335755 n-d-800087-4 devstack@placement-api.service[94231]: DEBUG placement.requestlog [req-be0dc93d-165b-486a-a655-a91ec82ee8f9 req-9ebc64be-217e-4be0-83e2-d7a126cf8ca8 None None] Starting request: 10.222.0.21 "GET /placement/allocations/10a6c7c9-0f55-4ead-aab2-4dfd343b62f8" {{(pid=94231) __call__ /opt/stack/placement/placement/requestlog.py:55}}
Jul 15 17:33:49.503661 n-d-800087-4 devstack@placement-api.service[94231]: INFO placement.requestlog [req-be0dc93d-165b-486a-a655-a91ec82ee8f9 req-9ebc64be-217e-4be0-83e2-d7a126cf8ca8 service placement] 10.222.0.21 "GET /placement/allocations/10a6c7c9-0f55-4ead-aab2-4dfd343b62f8" status: 200 len: 259 microversion: 1.28
Jul 15 17:33:49.504375 n-d-800087-4 devstack@placement-api.service[94231]: [pid: 94231|app: 0|req: 78/156] 10.222.0.21 () {60 vars in 1378 bytes} [Thu Jul 15 17:33:49 2021] GET /placement/allocations/10a6c7c9-0f55-4ead-aab2-4dfd343b62f8 => generated 259 bytes in 169 msecs (HTTP/1.1 200) 8 headers in 296 bytes (1 switches on core 0)
Jul 15 17:33:55.448110 n-d-800087-4 devstack@placement-api.service[94232]: DEBUG placement.requestlog [req-715d005a-18dd-40d1-aa12-937c47a90bc8 req-18a5998b-1d9f-4d3e-92d5-a7bd8adbdc89 None None] Starting request: 10.222.0.44 "GET /placement/allocations/825f6951-29b3-4863-b903-877638b397dc" {{(pid=94232) __call__ /opt/stack/placement/placement/requestlog.py:55}}
Jul 15 17:33:55.479506 n-d-800087-4 devstack@placement-api.service[94232]: INFO placement.requestlog [req-715d005a-18dd-40d1-aa12-937c47a90bc8 req-18a5998b-1d9f-4d3e-92d5-a7bd8adbdc89 service placement] 10.222.0.44 "GET /placement/allocations/825f6951-29b3-4863-b903-877638b397dc" status: 200 len: 259 microversion: 1.28
Jul 15 17:33:55.481347 n-d-800087-4 devstack@placement-api.service[94232]: [pid: 94232|app: 0|req: 79/157] 10.222.0.44 () {60 vars in 1378 bytes} [Thu Jul 15 17:33:55 2021] GET /placement/allocations/825f6951-29b3-4863-b903-877638b397dc => generated 259 bytes in 34 msecs (HTTP/1.1 200) 8 headers in 296 bytes (1 switches on core 0)
Jul 15 17:33:55.488318 n-d-800087-4 devstack@placement-api.service[94231]: DEBUG placement.requestlog [req-715d005a-18dd-40d1-aa12-937c47a90bc8 req-abd7e2f8-aeee-4c1a-9a14-302e1b01ab84 None None] Starting request: 10.222.0.44 "PUT /placement/allocations/825f6951-29b3-4863-b903-877638b397dc" {{(pid=94231) __call__ /opt/stack/placement/placement/requestlog.py:55}}
Jul 15 17:33:55.599160 n-d-800087-4 devstack@placement-api.service[94231]: DEBUG placement.handlers.allocation [req-715d005a-18dd-40d1-aa12-937c47a90bc8 req-abd7e2f8-aeee-4c1a-9a14-302e1b01ab84 service placement] Successfully wrote allocations [, , ] {{(pid=94231) _create_allocations /opt/stack/placement/placement/handlers/allocation.py:435}}
Jul 15 17:33:55.599669 n-d-800087-4 devstack@placement-api.service[94231]: INFO placement.requestlog [req-715d005a-18dd-40d1-aa12-937c47a90bc8 req-abd7e2f8-aeee-4c1a-9a14-302e1b01ab84 service placement] 10.222.0.44 "PUT /placement/allocations/825f6951-29b3-4863-b903-877638b397dc" status: 204 len: 0 microversion: 1.28
Jul 15 17:33:55.600244 n-d-800087-4 devstack@placement-api.service[94231]: [pid: 94231|app: 0|req: 79/158] 10.222.0.44 () {64 vars in 1431 bytes} [Thu Jul 15 17:33:55 2021] PUT /placement/allocations/825f6951-29b3-4863-b903-877638b397dc => generated 0 bytes in 112 msecs (HTTP/1.1 204) 5 headers in 199 bytes (1 switches on core 0)
Jul 15 17:33:56.261939 n-d-800087-4 devstack@placement-api.service[94232]: DEBUG placement.requestlog [req-7c01568b-4d4a-4af1-a91e-df19e44eecb2 req-435454d4-f662-4885-aba7-dd6dd50db500 None None] Starting request: 10.222.0.21 "GET /placement/resource_providers/aea4cc64-7aeb-45b4-8e1a-49fd9d2e4e59/allocations" {{(pid=94232) __call__ /opt/stack/placement/placement/requestlog.py:55}}
Jul 15 17:33:56.299288 n-d-800087-4 devstack@placement-api.service[94232]: INFO placement.requestlog [req-7c01568b-4d4a-4af1-a91e-df19e44eecb2 req-435454d4-f662-4885-aba7-dd6dd50db500 service placement] 10.222.0.21 "GET /placement/resource_providers/aea4cc64-7aeb-45b4-8e1a-49fd9d2e4e59/allocations" status: 200 len: 659 microversion: 1.0
Jul 15 17:33:56.299794 n-d-800087-4 devstack@placement-api.service[94232]: [pid: 94232|app: 0|req: 80/159] 10.222.0.21 () {58 vars in 1391 bytes} [Thu Jul 15 17:33:56 2021] GET /placement/resource_providers/aea4cc64-7aeb-45b4-8e1a-49fd9d2e4e59/allocations => generated 659 bytes in 38 msecs (HTTP/1.1 200) 6 headers in 224 bytes (1 switches on core 0)
Jul 15 17:33:56.982662 n-d-800087-4 devstack@placement-api.service[94231]: DEBUG placement.requestlog [req-3d83c8d5-9799-40d4-950c-21a05eb4cdc9 req-2cbff5a8-212b-4a74-9d12-cf9dcadbf6b3 None None] Starting request: 10.222.0.44 "GET /placement/allocations/8f9aae7e-2664-490c-8c74-6e40ad5e8830" {{(pid=94231) __call__ /opt/stack/placement/placement/requestlog.py:55}}
Jul 15 17:33:57.006318 n-d-800087-4 devstack@placement-api.service[94231]: INFO placement.requestlog [req-3d83c8d5-9799-40d4-950c-21a05eb4cdc9 req-2cbff5a8-212b-4a74-9d12-cf9dcadbf6b3 service placement] 10.222.0.44 "GET /placement/allocations/8f9aae7e-2664-490c-8c74-6e40ad5e8830" status: 200 len: 259 microversion: 1.28
Jul 15 17:33:57.006840 n-d-800087-4 devstack@placement-api.service[94231]: [pid: 94231|app: 0|req: 80/160] 10.222.0.44 () {60 vars in 1378 bytes} [Thu Jul 15 17:33:56 2021] GET /placement/allocations/8f9aae7e-2664-490c-8c74-6e40ad5e8830 => generated 259 bytes in 25 msecs (HTTP/1.1 200) 8 headers in 296 bytes (1 switches on core 0)
Jul 15 17:33:57.018436 n-d-800087-4 devstack@placement-api.service[94232]: DEBUG placement.requestlog [req-3d83c8d5-9799-40d4-950c-21a05eb4cdc9 req-dc219151-f2c3-44ed-a5dc-10d3436bd201 None None] Starting request: 10.222.0.44 "PUT /placement/allocations/8f9aae7e-2664-490c-8c74-6e40ad5e8830" {{(pid=94232) __call__ /opt/stack/placement/placement/requestlog.py:55}}
Jul 15 17:33:57.092001 n-d-800087-4 devstack@placement-api.service[94232]: DEBUG placement.handlers.allocation [req-3d83c8d5-9799-40d4-950c-21a05eb4cdc9 req-dc219151-f2c3-44ed-a5dc-10d3436bd201 service placement] Successfully wrote allocations [, , ] {{(pid=94232) _create_allocations /opt/stack/placement/placement/handlers/allocation.py:435}}
Jul 15 17:33:57.093436 n-d-800087-4 devstack@placement-api.service[94232]: INFO placement.requestlog [req-3d83c8d5-9799-40d4-950c-21a05eb4cdc9 req-dc219151-f2c3-44ed-a5dc-10d3436bd201 service placement] 10.222.0.44 "PUT /placement/allocations/8f9aae7e-2664-490c-8c74-6e40ad5e8830" status: 204 len: 0 microversion: 1.28
Jul 15 17:33:57.094940 n-d-800087-4 devstack@placement-api.service[94232]: [pid: 94232|app: 0|req: 81/161] 10.222.0.44 () {64 vars in 1431 bytes} [Thu Jul 15 17:33:57 2021] PUT /placement/allocations/8f9aae7e-2664-490c-8c74-6e40ad5e8830 => generated 0 bytes in 76 msecs (HTTP/1.1 204) 5 headers in 199 bytes (1 switches on core 0)
Jul 15 17:34:01.344542 n-d-800087-4 devstack@placement-api.service[94231]: DEBUG placement.requestlog [req-4593e865-f695-4891-9d8a-9b7053916fd1 req-58035ee4-f7fd-41db-9ab3-07761a01c390 None None] Starting request: 10.222.0.21 "GET /placement/allocations/994b5de2-9149-4ed5-b85f-a866678ab82c" {{(pid=94231) __call__ /opt/stack/placement/placement/requestlog.py:55}}
Jul 15 17:34:01.369963 n-d-800087-4 devstack@placement-api.service[94231]: INFO placement.requestlog [req-4593e865-f695-4891-9d8a-9b7053916fd1 req-58035ee4-f7fd-41db-9ab3-07761a01c390 service placement] 10.222.0.21 "GET /placement/allocations/994b5de2-9149-4ed5-b85f-a866678ab82c" status: 200 len: 259 microversion: 1.28
Jul 15 17:34:01.370750 n-d-800087-4 devstack@placement-api.service[94231]: [pid: 94231|app: 0|req: 81/162] 10.222.0.21 () {60 vars in 1378 bytes} [Thu Jul 15 17:34:01 2021] GET /placement/allocations/994b5de2-9149-4ed5-b85f-a866678ab82c => generated 259 bytes in 26 msecs (HTTP/1.1 200) 8 headers in 296 bytes (1 switches on core 0)
Jul 15 17:34:01.383427 n-d-800087-4 devstack@placement-api.service[94232]: DEBUG placement.requestlog [req-4593e865-f695-4891-9d8a-9b7053916fd1 req-0ccd239c-6590-4080-8ce2-00a8c2465b51 None None] Starting request: 10.222.0.21 "PUT /placement/allocations/994b5de2-9149-4ed5-b85f-a866678ab82c" {{(pid=94232) __call__ /opt/stack/placement/placement/requestlog.py:55}}
Jul 15 17:34:01.495683 n-d-800087-4 devstack@placement-api.service[94232]: DEBUG placement.handlers.allocation [req-4593e865-f695-4891-9d8a-9b7053916fd1 req-0ccd239c-6590-4080-8ce2-00a8c2465b51 service placement] Successfully wrote allocations [, , ] {{(pid=94232) _create_allocations /opt/stack/placement/placement/handlers/allocation.py:435}}
Jul 15 17:34:01.496435 n-d-800087-4 devstack@placement-api.service[94232]: INFO placement.requestlog [req-4593e865-f695-4891-9d8a-9b7053916fd1 req-0ccd239c-6590-4080-8ce2-00a8c2465b51 service placement] 10.222.0.21 "PUT /placement/allocations/994b5de2-9149-4ed5-b85f-a866678ab82c" status: 204 len: 0 microversion: 1.28
