Aug 31 18:06:14.307256 n-d-800087-23 devstack@placement-api.service[95135]: DEBUG placement.requestlog [req-ec7d03a4-e6ee-43ce-a549-918be47cd90d req-3053ecad-acb0-4c6c-a992-2f9fca643f56 None None] Starting request: 10.222.0.72 "GET /placement/resource_providers/3ca67cc5-e140-45e7-8ee4-5b0dceef0049/allocations" {{(pid=95135) __call__ /opt/stack/placement/placement/requestlog.py:55}}
Aug 31 18:06:14.375178 n-d-800087-23 devstack@placement-api.service[95135]: INFO placement.requestlog [req-ec7d03a4-e6ee-43ce-a549-918be47cd90d req-3053ecad-acb0-4c6c-a992-2f9fca643f56 service placement] 10.222.0.72 "GET /placement/resource_providers/3ca67cc5-e140-45e7-8ee4-5b0dceef0049/allocations" status: 200 len: 659 microversion: 1.0
Aug 31 18:06:14.375616 n-d-800087-23 devstack@placement-api.service[95134]: DEBUG placement.handlers.allocation [req-90ca7157-5d04-4b88-bb13-7f15aa748d19 req-c329318e-2076-4077-81ef-9087e9721335 service placement] Successfully wrote allocations [, , ] {{(pid=95134) _create_allocations /opt/stack/placement/placement/handlers/allocation.py:461}}
Aug 31 18:06:14.376166 n-d-800087-23 devstack@placement-api.service[95135]: [pid: 95135|app: 0|req: 127/254] 10.222.0.72 () {58 vars in 1391 bytes} [Tue Aug 31 18:06:14 2021] GET /placement/resource_providers/3ca67cc5-e140-45e7-8ee4-5b0dceef0049/allocations => generated 659 bytes in 69 msecs (HTTP/1.1 200) 6 headers in 224 bytes (2 switches on core 0)
Aug 31 18:06:14.394289 n-d-800087-23 devstack@placement-api.service[95134]: INFO placement.requestlog [req-90ca7157-5d04-4b88-bb13-7f15aa748d19 req-c329318e-2076-4077-81ef-9087e9721335 service placement] 10.222.0.62 "PUT /placement/allocations/85c31afd-070a-47ad-bc08-697b914ef0d2" status: 204 len: 0 microversion: 1.36
Aug 31 18:06:14.395158 n-d-800087-23 devstack@placement-api.service[95134]: [pid: 95134|app: 0|req: 128/255] 10.222.0.62 () {64 vars in 1434 bytes} [Tue Aug 31 18:06:14 2021] PUT /placement/allocations/85c31afd-070a-47ad-bc08-697b914ef0d2 => generated 0 bytes in 99 msecs (HTTP/1.1 204) 5 headers in 199 bytes (2 switches on core 0)
Aug 31 18:06:15.005171 n-d-800087-23 devstack@placement-api.service[95135]: DEBUG placement.requestlog [req-ec7d03a4-e6ee-43ce-a549-918be47cd90d req-9e6e4e5c-6330-4895-96cd-e989c8eb844f None None] Starting request: 10.222.0.72 "GET /placement/allocations/820f5d98-509b-4e07-8203-088ea42afc17" {{(pid=95135) __call__ /opt/stack/placement/placement/requestlog.py:55}}
Aug 31 18:06:15.068981 n-d-800087-23 devstack@placement-api.service[95135]: INFO placement.requestlog [req-ec7d03a4-e6ee-43ce-a549-918be47cd90d req-9e6e4e5c-6330-4895-96cd-e989c8eb844f service placement] 10.222.0.72 "GET /placement/allocations/820f5d98-509b-4e07-8203-088ea42afc17" status: 200 len: 259 microversion: 1.28
Aug 31 18:06:15.083495 n-d-800087-23 devstack@placement-api.service[95134]: DEBUG placement.requestlog [req-ec7d03a4-e6ee-43ce-a549-918be47cd90d req-db6b5f62-f427-4a71-8c96-bb86c2799a3e None None] Starting request: 10.222.0.72 "PUT /placement/allocations/820f5d98-509b-4e07-8203-088ea42afc17" {{(pid=95134) __call__ /opt/stack/placement/placement/requestlog.py:55}}
Aug 31 18:06:15.084545 n-d-800087-23 devstack@placement-api.service[95135]: [pid: 95135|app: 0|req: 128/256] 10.222.0.72 () {60 vars in 1378 bytes} [Tue Aug 31 18:06:15 2021] GET /placement/allocations/820f5d98-509b-4e07-8203-088ea42afc17 => generated 259 bytes in 80 msecs (HTTP/1.1 200) 8 headers in 296 bytes (1 switches on core 0)
Aug 31 18:06:15.210469 n-d-800087-23 devstack@placement-api.service[95134]: DEBUG placement.handlers.allocation [req-ec7d03a4-e6ee-43ce-a549-918be47cd90d req-db6b5f62-f427-4a71-8c96-bb86c2799a3e service placement] Successfully wrote allocations [, , ] {{(pid=95134) _create_allocations /opt/stack/placement/placement/handlers/allocation.py:461}}
Aug 31 18:06:15.215472 n-d-800087-23 devstack@placement-api.service[95134]: INFO placement.requestlog [req-ec7d03a4-e6ee-43ce-a549-918be47cd90d req-db6b5f62-f427-4a71-8c96-bb86c2799a3e service placement] 10.222.0.72 "PUT /placement/allocations/820f5d98-509b-4e07-8203-088ea42afc17" status: 204 len: 0 microversion: 1.28
Aug 31 18:06:15.216077 n-d-800087-23 devstack@placement-api.service[95134]: [pid: 95134|app: 0|req: 129/257] 10.222.0.72 () {64 vars in 1431 bytes} [Tue Aug 31 18:06:15 2021] PUT /placement/allocations/820f5d98-509b-4e07-8203-088ea42afc17 => generated 0 bytes in 133 msecs (HTTP/1.1 204) 5 headers in 199 bytes (1 switches on core 0)
Aug 31 18:06:15.280727 n-d-800087-23 devstack@placement-api.service[95135]: DEBUG placement.requestlog [req-90ca7157-5d04-4b88-bb13-7f15aa748d19 req-485baeec-6910-4f32-8af8-948d44dc1965 None None] Starting request: 10.222.0.37 "GET /placement/allocations/85c31afd-070a-47ad-bc08-697b914ef0d2" {{(pid=95135) __call__ /opt/stack/placement/placement/requestlog.py:55}}
Aug 31 18:06:15.345320 n-d-800087-23 devstack@placement-api.service[95135]: INFO placement.requestlog [req-90ca7157-5d04-4b88-bb13-7f15aa748d19 req-485baeec-6910-4f32-8af8-948d44dc1965 service placement] 10.222.0.37 "GET /placement/allocations/85c31afd-070a-47ad-bc08-697b914ef0d2" status: 200 len: 259 microversion: 1.28
Aug 31 18:06:15.346133 n-d-800087-23 devstack@placement-api.service[95135]: [pid: 95135|app: 0|req: 129/258] 10.222.0.37 () {60 vars in 1378 bytes} [Tue Aug 31 18:06:15 2021] GET /placement/allocations/85c31afd-070a-47ad-bc08-697b914ef0d2 => generated 259 bytes in 65 msecs (HTTP/1.1 200) 8 headers in 296 bytes (2 switches on core 0)
Aug 31 18:06:16.727953 n-d-800087-23 devstack@placement-api.service[95134]: DEBUG placement.requestlog [req-afa5abc3-5acb-4abf-b900-b8ae64649b4d req-6cfc7cf7-4a7d-4f54-afa3-3cfbedee5789 None None] Starting request: 10.222.0.62 "GET /placement/allocation_candidates?limit=1000&resources=DISK_GB%3A1%2CMEMORY_MB%3A512%2CVCPU%3A1&root_required=%21COMPUTE_STATUS_DISABLED" {{(pid=95134) __call__ /opt/stack/placement/placement/requestlog.py:55}}
Aug 31 18:06:16.886747 n-d-800087-23 devstack@placement-api.service[95134]: DEBUG placement.objects.research_context [req-afa5abc3-5acb-4abf-b900-b8ae64649b4d req-6cfc7cf7-4a7d-4f54-afa3-3cfbedee5789 service placement] getting providers with 1 DISK_GB {{(pid=95134) __init__ /opt/stack/placement/placement/objects/research_context.py:126}}
Aug 31 18:06:16.921396 n-d-800087-23 devstack@placement-api.service[95134]: DEBUG placement.objects.research_context [req-afa5abc3-5acb-4abf-b900-b8ae64649b4d req-6cfc7cf7-4a7d-4f54-afa3-3cfbedee5789 service placement] getting providers with 512 MEMORY_MB {{(pid=95134) __init__ /opt/stack/placement/placement/objects/research_context.py:126}}
Aug 31 18:06:16.941175 n-d-800087-23 devstack@placement-api.service[95134]: DEBUG placement.objects.research_context [req-afa5abc3-5acb-4abf-b900-b8ae64649b4d req-6cfc7cf7-4a7d-4f54-afa3-3cfbedee5789 service placement] getting providers with 1 VCPU {{(pid=95134) __init__ /opt/stack/placement/placement/objects/research_context.py:126}}
Aug 31 18:06:16.962586 n-d-800087-23 devstack@placement-api.service[95134]: DEBUG placement.objects.research_context [req-afa5abc3-5acb-4abf-b900-b8ae64649b4d req-6cfc7cf7-4a7d-4f54-afa3-3cfbedee5789 service placement] found 2 providers with available 1 DISK_GB {{(pid=95134) get_provider_ids_matching /opt/stack/placement/placement/objects/research_context.py:549}}
Aug 31 18:06:16.970355 n-d-800087-23 devstack@placement-api.service[95134]: DEBUG placement.objects.research_context [req-afa5abc3-5acb-4abf-b900-b8ae64649b4d req-6cfc7cf7-4a7d-4f54-afa3-3cfbedee5789 service placement] found 2 providers with available 512 MEMORY_MB {{(pid=95134) get_provider_ids_matching /opt/stack/placement/placement/objects/research_context.py:549}}
Aug 31 18:06:16.971445 n-d-800087-23 devstack@placement-api.service[95134]: DEBUG placement.objects.research_context [req-afa5abc3-5acb-4abf-b900-b8ae64649b4d req-6cfc7cf7-4a7d-4f54-afa3-3cfbedee5789 service placement] found 2 providers after filtering by previous result {{(pid=95134) get_provider_ids_matching /opt/stack/placement/placement/objects/research_context.py:580}}
Aug 31 18:06:16.972117 n-d-800087-23 devstack@placement-api.service[95134]: DEBUG placement.objects.research_context [req-afa5abc3-5acb-4abf-b900-b8ae64649b4d req-6cfc7cf7-4a7d-4f54-afa3-3cfbedee5789 service placement] found 2 providers with available 1 VCPU {{(pid=95134) get_provider_ids_matching /opt/stack/placement/placement/objects/research_context.py:549}}
Aug 31 18:06:16.972820 n-d-800087-23 devstack@placement-api.service[95134]: DEBUG placement.objects.research_context [req-afa5abc3-5acb-4abf-b900-b8ae64649b4d req-6cfc7cf7-4a7d-4f54-afa3-3cfbedee5789 service placement] found 2 providers after filtering by previous result {{(pid=95134) get_provider_ids_matching /opt/stack/placement/placement/objects/research_context.py:580}}
Aug 31 18:06:17.015143 n-d-800087-23 devstack@placement-api.service[95134]: DEBUG placement.objects.allocation_candidate [req-afa5abc3-5acb-4abf-b900-b8ae64649b4d req-6cfc7cf7-4a7d-4f54-afa3-3cfbedee5789 service placement] RequestGroup(use_same_provider=False, resources={DISK_GB:1, MEMORY_MB:512, VCPU:1}, traits=[], aggregates=[]) (suffix '') returned 2 matches {{(pid=95134) _get_by_requests /opt/stack/placement/placement/objects/allocation_candidate.py:145}}
Aug 31 18:06:17.018730 n-d-800087-23 devstack@placement-api.service[95134]: DEBUG placement.objects.allocation_candidate [req-afa5abc3-5acb-4abf-b900-b8ae64649b4d req-6cfc7cf7-4a7d-4f54-afa3-3cfbedee5789 service placement] Merging candidates yields 2 allocation requests and 2 provider summaries {{(pid=95134) _merge_candidates /opt/stack/placement/placement/objects/allocation_candidate.py:783}}
Aug 31 18:06:17.021807 n-d-800087-23 devstack@placement-api.service[95134]: INFO placement.requestlog [req-afa5abc3-5acb-4abf-b900-b8ae64649b4d req-6cfc7cf7-4a7d-4f54-afa3-3cfbedee5789 service placement] 10.222.0.62 "GET /placement/allocation_candidates?limit=1000&resources=DISK_GB%3A1%2CMEMORY_MB%3A512%2CVCPU%3A1&root_required=%21COMPUTE_STATUS_DISABLED" status: 200 len: 1310 microversion: 1.36
Aug 31 18:06:17.030466 n-d-800087-23 devstack@placement-api.service[95134]: [pid: 95134|app: 0|req: 130/259] 10.222.0.62 () {60 vars in 1505 bytes} [Tue Aug 31 18:06:16 2021] GET /placement/allocation_candidates?limit=1000&resources=DISK_GB%3A1%2CMEMORY_MB%3A512%2CVCPU%3A1&root_required=%21COMPUTE_STATUS_DISABLED => generated 1310 bytes in 303 msecs (HTTP/1.1 200) 8 headers in 297 bytes (1 switches on core 0)
Aug 31 18:06:17.126063 n-d-800087-23 devstack@placement-api.service[95135]: DEBUG placement.requestlog [req-afa5abc3-5acb-4abf-b900-b8ae64649b4d req-93b22742-1f72-45f8-a18b-24afba9d07de None None] Starting request: 10.222.0.62 "GET /placement/allocations/147afb65-32b9-4cee-8b51-04154c054e8b" {{(pid=95135) __call__ /opt/stack/placement/placement/requestlog.py:55}}
Aug 31 18:06:17.166977 n-d-800087-23 devstack@placement-api.service[95135]: INFO placement.requestlog [req-afa5abc3-5acb-4abf-b900-b8ae64649b4d req-93b22742-1f72-45f8-a18b-24afba9d07de service placement] 10.222.0.62 "GET /placement/allocations/147afb65-32b9-4cee-8b51-04154c054e8b" status: 200 len: 19 microversion: 1.28
Aug 31 18:06:17.179178 n-d-800087-23 devstack@placement-api.service[95134]: DEBUG placement.requestlog [req-afa5abc3-5acb-4abf-b900-b8ae64649b4d req-ac74cf9a-9605-49b2-85ff-a707824cdbe8 None None] Starting request: 10.222.0.62 "PUT /placement/allocations/147afb65-32b9-4cee-8b51-04154c054e8b" {{(pid=95134) __call__ /opt/stack/placement/placement/requestlog.py:55}}
Aug 31 18:06:17.189597 n-d-800087-23 devstack@placement-api.service[95135]: [pid: 95135|app: 0|req: 130/260] 10.222.0.62 () {60 vars in 1381 bytes} [Tue Aug 31 18:06:17 2021] GET /placement/allocations/147afb65-32b9-4cee-8b51-04154c054e8b => generated 19 bytes in 64 msecs (HTTP/1.1 200) 8 headers in 295 bytes (1 switches on core 0)
Aug 31 18:06:17.254510 n-d-800087-23 devstack@placement-api.service[95134]: DEBUG placement.handlers.allocation [req-afa5abc3-5acb-4abf-b900-b8ae64649b4d req-ac74cf9a-9605-49b2-85ff-a707824cdbe8 service placement] Successfully wrote allocations [, , ] {{(pid=95134) _create_allocations /opt/stack/placement/placement/handlers/allocation.py:461}}
Aug 31 18:06:17.261473 n-d-800087-23 devstack@placement-api.service[95134]: INFO placement.requestlog [req-afa5abc3-5acb-4abf-b900-b8ae64649b4d req-ac74cf9a-9605-49b2-85ff-a707824cdbe8 service placement] 10.222.0.62 "PUT /placement/allocations/147afb65-32b9-4cee-8b51-04154c054e8b" status: 204 len: 0 microversion: 1.36
Aug 31 18:06:17.269613 n-d-800087-23 devstack@placement-api.service[95134]: [pid: 95134|app: 0|req: 131/261] 10.222.0.62 () {64 vars in 1434 bytes} [Tue Aug 31 18:06:17 2021] PUT /placement/allocations/147afb65-32b9-4cee-8b51-04154c054e8b => generated 0 bytes in 84 msecs (HTTP/1.1 204) 5 headers in 199 bytes (2 switches on core 0)
Aug 31 18:06:17.840740 n-d-800087-23 devstack@placement-api.service[95135]: DEBUG placement.requestlog [req-3c3684f9-672d-4179-a173-ae6e859d6c5b req-3a53d63c-c8f9-483d-beef-d6771fb90267 None None] Starting request: 10.222.0.72 "GET /placement/resource_providers/3ca67cc5-e140-45e7-8ee4-5b0dceef0049/allocations" {{(pid=95135) __call__ /opt/stack/placement/placement/requestlog.py:55}}
Aug 31 18:06:17.930358 n-d-800087-23 devstack@placement-api.service[95135]: INFO placement.requestlog [req-3c3684f9-672d-4179-a173-ae6e859d6c5b req-3a53d63c-c8f9-483d-beef-d6771fb90267 service placement] 10.222.0.72 "GET /placement/resource_providers/3ca67cc5-e140-45e7-8ee4-5b0dceef0049/allocations" status: 200 len: 658 microversion: 1.0
Aug 31 18:06:17.931767 n-d-800087-23 devstack@placement-api.service[95135]: [pid: 95135|app: 0|req: 131/262] 10.222.0.72 () {58 vars in 1391 bytes} [Tue Aug 31 18:06:17 2021] GET /placement/resource_providers/3ca67cc5-e140-45e7-8ee4-5b0dceef0049/allocations => generated 658 bytes in 91 msecs (HTTP/1.1 200) 6 headers in 224 bytes (2 switches on core 0)
Aug 31 18:06:18.069962 n-d-800087-23 devstack@placement-api.service[95134]: DEBUG placement.requestlog [req-afa5abc3-5acb-4abf-b900-b8ae64649b4d req-d4fc6c64-f168-4a86-856f-8d724c93b7e6 None None] Starting request: 10.222.0.72 "GET /placement/allocations/147afb65-32b9-4cee-8b51-04154c054e8b" {{(pid=95134) __call__ /opt/stack/placement/placement/requestlog.py:55}}
Aug 31 18:06:18.109603 n-d-800087-23 devstack@placement-api.service[95134]: INFO placement.requestlog [req-afa5abc3-5acb-4abf-b900-b8ae64649b4d req-d4fc6c64-f168-4a86-856f-8d724c93b7e6 service placement] 10.222.0.72 "GET /placement/allocations/147afb65-32b9-4cee-8b51-04154c054e8b" status: 200 len: 258 microversion: 1.28
Aug 31 18:06:18.110423 n-d-800087-23 devstack@placement-api.service[95134]: [pid: 95134|app: 0|req: 132/263] 10.222.0.72 () {60 vars in 1378 bytes} [Tue Aug 31 18:06:18 2021] GET /placement/allocations/147afb65-32b9-4cee-8b51-04154c054e8b => generated 258 bytes in 42 msecs (HTTP/1.1 200) 8 headers in 296 bytes (2 switches on core 0)
Aug 31 18:06:19.730891 n-d-800087-23 devstack@placement-api.service[95135]: DEBUG placement.requestlog [req-936b50a2-465c-4b5f-9910-03a645db2208 req-db86e4d9-69eb-488b-a6bb-cc3df32ce02e None None] Starting request: 10.222.0.62 "GET /placement/allocation_candidates?limit=1000&resources=DISK_GB%3A1%2CMEMORY_MB%3A1024%2CVCPU%3A1&root_required=%21COMPUTE_STATUS_DISABLED" {{(pid=95135) __call__ /opt/stack/placement/placement/requestlog.py:55}}
Aug 31 18:06:19.828854 n-d-800087-23 devstack@placement-api.service[95135]: DEBUG placement.objects.research_context [req-936b50a2-465c-4b5f-9910-03a645db2208 req-db86e4d9-69eb-488b-a6bb-cc3df32ce02e service placement] getting providers with 1 DISK_GB {{(pid=95135) __init__ /opt/stack/placement/placement/objects/research_context.py:126}}
Aug 31 18:06:19.855960 n-d-800087-23 devstack@placement-api.service[95135]: DEBUG placement.objects.research_context [req-936b50a2-465c-4b5f-9910-03a645db2208 req-db86e4d9-69eb-488b-a6bb-cc3df32ce02e service placement] getting providers with 1024 MEMORY_MB {{(pid=95135) __init__ /opt/stack/placement/placement/objects/research_context.py:126}}
Aug 31 18:06:19.878871 n-d-800087-23 devstack@placement-api.service[95135]: DEBUG placement.objects.research_context [req-936b50a2-465c-4b5f-9910-03a645db2208 req-db86e4d9-69eb-488b-a6bb-cc3df32ce02e service placement] getting providers with 1 VCPU {{(pid=95135) __init__ /opt/stack/placement/placement/objects/research_context.py:126}}
Aug 31 18:06:19.896116 n-d-800087-23 devstack@placement-api.service[95135]: DEBUG placement.objects.research_context [req-936b50a2-465c-4b5f-9910-03a645db2208 req-db86e4d9-69eb-488b-a6bb-cc3df32ce02e service placement] found 2 providers with available 1 DISK_GB {{(pid=95135) get_provider_ids_matching /opt/stack/placement/placement/objects/research_context.py:549}}
Aug 31 18:06:19.896950 n-d-800087-23 devstack@placement-api.service[95135]: DEBUG placement.objects.research_context [req-936b50a2-465c-4b5f-9910-03a645db2208 req-db86e4d9-69eb-488b-a6bb-cc3df32ce02e service placement] found 2 providers with available 1024 MEMORY_MB {{(pid=95135) get_provider_ids_matching /opt/stack/placement/placement/objects/research_context.py:549}}
Aug 31 18:06:19.898922 n-d-800087-23 devstack@placement-api.service[95135]: DEBUG placement.objects.research_context [req-936b50a2-465c-4b5f-9910-03a645db2208 req-db86e4d9-69eb-488b-a6bb-cc3df32ce02e service placement] found 2 providers after filtering by previous result {{(pid=95135) get_provider_ids_matching /opt/stack/placement/placement/objects/research_context.py:580}}
Aug 31 18:06:19.899555 n-d-800087-23 devstack@placement-api.service[95135]: DEBUG placement.objects.research_context [req-936b50a2-465c-4b5f-9910-03a645db2208 req-db86e4d9-69eb-488b-a6bb-cc3df32ce02e service placement] found 2 providers with available 1 VCPU {{(pid=95135) get_provider_ids_matching /opt/stack/placement/placement/objects/research_context.py:549}}
Aug 31 18:06:19.900478 n-d-800087-23 devstack@placement-api.service[95135]: DEBUG placement.objects.research_context [req-936b50a2-465c-4b5f-9910-03a645db2208 req-db86e4d9-69eb-488b-a6bb-cc3df32ce02e service placement] found 2 providers after filtering by previous result {{(pid=95135) get_provider_ids_matching /opt/stack/placement/placement/objects/research_context.py:580}}
Aug 31 18:06:19.914984 n-d-800087-23 devstack@placement-api.service[95135]: DEBUG placement.objects.allocation_candidate [req-936b50a2-465c-4b5f-9910-03a645db2208 req-db86e4d9-69eb-488b-a6bb-cc3df32ce02e service placement] RequestGroup(use_same_provider=False, resources={DISK_GB:1, MEMORY_MB:1024, VCPU:1}, traits=[], aggregates=[]) (suffix '') returned 2 matches {{(pid=95135) _get_by_requests /opt/stack/placement/placement/objects/allocation_candidate.py:145}}
Aug 31 18:06:19.915728 n-d-800087-23 devstack@placement-api.service[95135]: DEBUG placement.objects.allocation_candidate [req-936b50a2-465c-4b5f-9910-03a645db2208 req-db86e4d9-69eb-488b-a6bb-cc3df32ce02e service placement] Merging candidates yields 2 allocation requests and 2 provider summaries {{(pid=95135) _merge_candidates /opt/stack/placement/placement/objects/allocation_candidate.py:783}}
Aug 31 18:06:19.919845 n-d-800087-23 devstack@placement-api.service[95135]: INFO placement.requestlog [req-936b50a2-465c-4b5f-9910-03a645db2208 req-db86e4d9-69eb-488b-a6bb-cc3df32ce02e service placement] 10.222.0.62 "GET /placement/allocation_candidates?limit=1000&resources=DISK_GB%3A1%2CMEMORY_MB%3A1024%2CVCPU%3A1&root_required=%21COMPUTE_STATUS_DISABLED" status: 200 len: 1312 microversion: 1.36
Aug 31 18:06:19.920600 n-d-800087-23 devstack@placement-api.service[95135]: [pid: 95135|app: 0|req: 132/264] 10.222.0.62 () {60 vars in 1507 bytes} [Tue Aug 31 18:06:19 2021] GET /placement/allocation_candidates?limit=1000&resources=DISK_GB%3A1%2CMEMORY_MB%3A1024%2CVCPU%3A1&root_required=%21COMPUTE_STATUS_DISABLED => generated 1312 bytes in 191 msecs (HTTP/1.1 200) 8 headers in 297 bytes (1 switches on core 0)
Aug 31 18:06:20.121270 n-d-800087-23 devstack@placement-api.service[95134]: DEBUG placement.requestlog [req-936b50a2-465c-4b5f-9910-03a645db2208 req-acc1230d-4591-4975-b186-04c67e1cfc5a None None] Starting request: 10.222.0.62 "GET /placement/allocations/132ad334-4826-4c00-9740-40645be7c0a7" {{(pid=95134) __call__ /opt/stack/placement/placement/requestlog.py:55}}
Aug 31 18:06:20.138593 n-d-800087-23 devstack@placement-api.service[95134]: INFO placement.requestlog [req-936b50a2-465c-4b5f-9910-03a645db2208 req-acc1230d-4591-4975-b186-04c67e1cfc5a service placement] 10.222.0.62 "GET /placement/allocations/132ad334-4826-4c00-9740-40645be7c0a7" status: 200 len: 19 microversion: 1.28
Aug 31 18:06:20.139384 n-d-800087-23 devstack@placement-api.service[95134]: [pid: 95134|app: 0|req: 133/265] 10.222.0.62 () {60 vars in 1381 bytes} [Tue Aug 31 18:06:20 2021] GET /placement/allocations/132ad334-4826-4c00-9740-40645be7c0a7 => generated 19 bytes in 19 msecs (HTTP/1.1 200) 8 headers in 295 bytes (1 switches on core 0)
Aug 31 18:06:20.147229 n-d-800087-23 devstack@placement-api.service[95135]: DEBUG placement.requestlog [req-936b50a2-465c-4b5f-9910-03a645db2208 req-12bbe51f-859a-47b6-83b3-43da5eb3f390 None None] Starting request: 10.222.0.62 "PUT /placement/allocations/132ad334-4826-4c00-9740-40645be7c0a7" {{(pid=95135) __call__ /opt/stack/placement/placement/requestlog.py:55}}
Aug 31 18:06:20.243827 n-d-800087-23 devstack@placement-api.service[95135]: DEBUG placement.handlers.allocation [req-936b50a2-465c-4b5f-9910-03a645db2208 req-12bbe51f-859a-47b6-83b3-43da5eb3f390 service placement] Successfully wrote allocations [, , ] {{(pid=95135) _create_allocations /opt/stack/placement/placement/handlers/allocation.py:461}}
Aug 31 18:06:20.250149 n-d-800087-23 devstack@placement-api.service[95135]: INFO placement.requestlog [req-936b50a2-465c-4b5f-9910-03a645db2208 req-12bbe51f-859a-47b6-83b3-43da5eb3f390 service placement] 10.222.0.62 "PUT /placement/allocations/132ad334-4826-4c00-9740-40645be7c0a7" status: 204 len: 0 microversion: 1.36
Aug 31 18:06:20.257017 n-d-800087-23 devstack@placement-api.service[95135]: [pid: 95135|app: 0|req: 133/266] 10.222.0.62 () {64 vars in 1434 bytes} [Tue Aug 31 18:06:20 2021] PUT /placement/allocations/132ad334-4826-4c00-9740-40645be7c0a7 => generated 0 bytes in 104 msecs (HTTP/1.1 204) 5 headers in 199 bytes (2 switches on core 0)
Aug 31 18:06:20.990324 n-d-800087-23 devstack@placement-api.service[95134]: DEBUG placement.requestlog [req-936b50a2-465c-4b5f-9910-03a645db2208 req-fa7e93ba-ce45-4217-b914-21085b34d78e None None] Starting request: 10.222.0.72 "GET /placement/allocations/132ad334-4826-4c00-9740-40645be7c0a7" {{(pid=95134) __call__ /opt/stack/placement/placement/requestlog.py:55}}
Aug 31 18:06:21.070998 n-d-800087-23 devstack@placement-api.service[95134]: INFO placement.requestlog [req-936b50a2-465c-4b5f-9910-03a645db2208 req-fa7e93ba-ce45-4217-b914-21085b34d78e service placement] 10.222.0.72 "GET /placement/allocations/132ad334-4826-4c00-9740-40645be7c0a7" status: 200 len: 259 microversion: 1.28
Aug 31 18:06:21.071709 n-d-800087-23 devstack@placement-api.service[95134]: [pid: 95134|app: 0|req: 134/267] 10.222.0.72 () {60 vars in 1378 bytes} [Tue Aug 31 18:06:20 2021] GET /placement/allocations/132ad334-4826-4c00-9740-40645be7c0a7 => generated 259 bytes in 82 msecs (HTTP/1.1 200) 8 headers in 296 bytes (1 switches on core 0)
Aug 31 18:06:34.964704 n-d-800087-23 devstack@placement-api.service[95135]: DEBUG placement.requestlog [req-1c0a28f2-9152-4485-8375-5bb9182b9eb4 req-0036689b-96f9-439f-b390-299bed31f232 None None] Starting request: 10.222.0.62 "GET /placement/allocation_candidates?limit=1000&resources=DISK_GB%3A1%2CMEMORY_MB%3A1024%2CVCPU%3A1&root_required=%21COMPUTE_STATUS_DISABLED" {{(pid=95135) __call__ /opt/stack/placement/placement/requestlog.py:55}}
Aug 31 18:06:34.972819 n-d-800087-23 devstack@placement-api.service[95134]: DEBUG placement.requestlog [req-e7b76e0f-2789-4ab7-8fb7-d021e62ecbe6 req-a9aebdb7-5096-4d52-a84f-7e12e0c5b78b None None] Starting request: 10.222.0.37 "GET /placement/allocations/3982cf46-d554-4e12-9dae-2587ccd2a1e4" {{(pid=95134) __call__ /opt/stack/placement/placement/requestlog.py:55}}
Aug 31 18:06:34.995867 n-d-800087-23 devstack@placement-api.service[95134]: INFO placement.requestlog [req-e7b76e0f-2789-4ab7-8fb7-d021e62ecbe6 req-a9aebdb7-5096-4d52-a84f-7e12e0c5b78b service placement] 10.222.0.37 "GET /placement/allocations/3982cf46-d554-4e12-9dae-2587ccd2a1e4" status: 200 len: 258 microversion: 1.28
Aug 31 18:06:34.996663 n-d-800087-23 devstack@placement-api.service[95134]: [pid: 95134|app: 0|req: 135/268] 10.222.0.37 () {60 vars in 1378 bytes} [Tue Aug 31 18:06:34 2021] GET /placement/allocations/3982cf46-d554-4e12-9dae-2587ccd2a1e4 => generated 258 bytes in 27 msecs (HTTP/1.1 200) 8 headers in 296 bytes (2 switches on core 0)
Aug 31 18:06:35.012504 n-d-800087-23 devstack@placement-api.service[95135]: DEBUG placement.objects.research_context [req-1c0a28f2-9152-4485-8375-5bb9182b9eb4 req-0036689b-96f9-439f-b390-299bed31f232 service placement] getting providers with 1 DISK_GB {{(pid=95135) __init__ /opt/stack/placement/placement/objects/research_context.py:126}}
Aug 31 18:06:35.019673 n-d-800087-23 devstack@placement-api.service[95135]: DEBUG placement.objects.research_context [req-1c0a28f2-9152-4485-8375-5bb9182b9eb4 req-0036689b-96f9-439f-b390-299bed31f232 service placement] getting providers with 1024 MEMORY_MB {{(pid=95135) __init__ /opt/stack/placement/placement/objects/research_context.py:126}}
Aug 31 18:06:35.029260 n-d-800087-23 devstack@placement-api.service[95135]: DEBUG placement.objects.research_context [req-1c0a28f2-9152-4485-8375-5bb9182b9eb4 req-0036689b-96f9-439f-b390-299bed31f232 service placement] getting providers with 1 VCPU {{(pid=95135) __init__ /opt/stack/placement/placement/objects/research_context.py:126}}
Aug 31 18:06:35.039835 n-d-800087-23 devstack@placement-api.service[95135]: DEBUG placement.objects.research_context [req-1c0a28f2-9152-4485-8375-5bb9182b9eb4 req-0036689b-96f9-439f-b390-299bed31f232 service placement] found 2 providers with available 1 DISK_GB {{(pid=95135) get_provider_ids_matching /opt/stack/placement/placement/objects/research_context.py:549}}
Aug 31 18:06:35.040203 n-d-800087-23 devstack@placement-api.service[95135]: DEBUG placement.objects.research_context [req-1c0a28f2-9152-4485-8375-5bb9182b9eb4 req-0036689b-96f9-439f-b390-299bed31f232 service placement] found 2 providers with available 1024 MEMORY_MB {{(pid=95135) get_provider_ids_matching /opt/stack/placement/placement/objects/research_context.py:549}}
Aug 31 18:06:35.040531 n-d-800087-23 devstack@placement-api.service[95135]: DEBUG placement.objects.research_context [req-1c0a28f2-9152-4485-8375-5bb9182b9eb4 req-0036689b-96f9-439f-b390-299bed31f232 service placement] found 2 providers after filtering by previous result {{(pid=95135) get_provider_ids_matching /opt/stack/placement/placement/objects/research_context.py:580}}
Aug 31 18:06:35.040921 n-d-800087-23 devstack@placement-api.service[95135]: DEBUG placement.objects.research_context [req-1c0a28f2-9152-4485-8375-5bb9182b9eb4 req-0036689b-96f9-439f-b390-299bed31f232 service placement] found 2 providers with available 1 VCPU {{(pid=95135) get_provider_ids_matching /opt/stack/placement/placement/objects/research_context.py:549}}
Aug 31 18:06:35.041323 n-d-800087-23 devstack@placement-api.service[95135]: DEBUG placement.objects.research_context [req-1c0a28f2-9152-4485-8375-5bb9182b9eb4 req-0036689b-96f9-439f-b390-299bed31f232 service placement] found 2 providers after filtering by previous result {{(pid=95135) get_provider_ids_matching /opt/stack/placement/placement/objects/research_context.py:580}}
Aug 31 18:06:35.072353 n-d-800087-23 devstack@placement-api.service[95135]: DEBUG placement.objects.allocation_candidate [req-1c0a28f2-9152-4485-8375-5bb9182b9eb4 req-0036689b-96f9-439f-b390-299bed31f232 service placement] RequestGroup(use_same_provider=False, resources={DISK_GB:1, MEMORY_MB:1024, VCPU:1}, traits=[], aggregates=[]) (suffix '') returned 2 matches {{(pid=95135) _get_by_requests /opt/stack/placement/placement/objects/allocation_candidate.py:145}}
Aug 31 18:06:35.073580 n-d-800087-23 devstack@placement-api.service[95135]: DEBUG placement.objects.allocation_candidate [req-1c0a28f2-9152-4485-8375-5bb9182b9eb4 req-0036689b-96f9-439f-b390-299bed31f232 service placement] Merging candidates yields 2 allocation requests and 2 provider summaries {{(pid=95135) _merge_candidates /opt/stack/placement/placement/objects/allocation_candidate.py:783}}
Aug 31 18:06:35.079128 n-d-800087-23 devstack@placement-api.service[95135]: INFO placement.requestlog [req-1c0a28f2-9152-4485-8375-5bb9182b9eb4 req-0036689b-96f9-439f-b390-299bed31f232 service placement] 10.222.0.62 "GET /placement/allocation_candidates?limit=1000&resources=DISK_GB%3A1%2CMEMORY_MB%3A1024%2CVCPU%3A1&root_required=%21COMPUTE_STATUS_DISABLED" status: 200 len: 1312 microversion: 1.36
Aug 31 18:06:35.079860 n-d-800087-23 devstack@placement-api.service[95135]: [pid: 95135|app: 0|req: 134/269] 10.222.0.62 () {60 vars in 1507 bytes} [Tue Aug 31 18:06:34 2021] GET /placement/allocation_candidates?limit=1000&resources=DISK_GB%3A1%2CMEMORY_MB%3A1024%2CVCPU%3A1&root_required=%21COMPUTE_STATUS_DISABLED => generated 1312 bytes in 115 msecs (HTTP/1.1 200) 8 headers in 297 bytes (1 switches on core 0)
Aug 31 18:06:35.138642 n-d-800087-23 devstack@placement-api.service[95134]: DEBUG placement.requestlog [req-1c0a28f2-9152-4485-8375-5bb9182b9eb4 req-fbee04a7-e7a8-422f-9ace-daf030540a9a None None] Starting request: 10.222.0.62 "GET /placement/allocations/111eb847-059b-4bfe-b6e8-70726f1ccdc5" {{(pid=95134) __call__ /opt/stack/placement/placement/requestlog.py:55}}
Aug 31 18:06:35.155203 n-d-800087-23 devstack@placement-api.service[95134]: INFO placement.requestlog [req-1c0a28f2-9152-4485-8375-5bb9182b9eb4 req-fbee04a7-e7a8-422f-9ace-daf030540a9a service placement] 10.222.0.62 "GET /placement/allocations/111eb847-059b-4bfe-b6e8-70726f1ccdc5" status: 200 len: 19 microversion: 1.28
Aug 31 18:06:35.157562 n-d-800087-23 devstack@placement-api.service[95134]: [pid: 95134|app: 0|req: 136/270] 10.222.0.62 () {60 vars in 1381 bytes} [Tue Aug 31 18:06:35 2021] GET /placement/allocations/111eb847-059b-4bfe-b6e8-70726f1ccdc5 => generated 19 bytes in 19 msecs (HTTP/1.1 200) 8 headers in 295 bytes (1 switches on core 0)
Aug 31 18:06:35.164520 n-d-800087-23 devstack@placement-api.service[95135]: DEBUG placement.requestlog [req-1c0a28f2-9152-4485-8375-5bb9182b9eb4 req-81db9ba8-683e-4e35-96ce-a320cb5af75b None None] Starting request: 10.222.0.62 "PUT /placement/allocations/111eb847-059b-4bfe-b6e8-70726f1ccdc5" {{(pid=95135) __call__ /opt/stack/placement/placement/requestlog.py:55}}
Aug 31 18:06:35.242578 n-d-800087-23 devstack@placement-api.service[95135]: DEBUG placement.handlers.allocation [req-1c0a28f2-9152-4485-8375-5bb9182b9eb4 req-81db9ba8-683e-4e35-96ce-a320cb5af75b service placement] Successfully wrote allocations [, , ] {{(pid=95135) _create_allocations /opt/stack/placement/placement/handlers/allocation.py:461}}
Aug 31 18:06:35.248269 n-d-800087-23 devstack@placement-api.service[95135]: INFO placement.requestlog [req-1c0a28f2-9152-4485-8375-5bb9182b9eb4 req-81db9ba8-683e-4e35-96ce-a320cb5af75b service placement] 10.222.0.62 "PUT /placement/allocations/111eb847-059b-4bfe-b6e8-70726f1ccdc5" status: 204 len: 0 microversion: 1.36
Aug 31 18:06:35.249037 n-d-800087-23 devstack@placement-api.service[95135]: [pid: 95135|app: 0|req: 135/271] 10.222.0.62 () {64 vars in 1434 bytes} [Tue Aug 31 18:06:35 2021] PUT /placement/allocations/111eb847-059b-4bfe-b6e8-70726f1ccdc5 => generated 0 bytes in 85 msecs (HTTP/1.1 204) 5 headers in 199 bytes (1 switches on core 0)
Aug 31 18:06:35.785606 n-d-800087-23 devstack@placement-api.service[95134]: DEBUG placement.requestlog [req-1c0a28f2-9152-4485-8375-5bb9182b9eb4 req-bf405f32-d703-4d2f-ab5a-da18ab3b21fd None None] Starting request: 10.222.0.37 "GET /placement/allocations/111eb847-059b-4bfe-b6e8-70726f1ccdc5" {{(pid=95134) __call__ /opt/stack/placement/placement/requestlog.py:55}}
Aug 31 18:06:35.818863 n-d-800087-23 devstack@placement-api.service[95134]: INFO placement.requestlog [req-1c0a28f2-9152-4485-8375-5bb9182b9eb4 req-bf405f32-d703-4d2f-ab5a-da18ab3b21fd service placement] 10.222.0.37 "GET /placement/allocations/111eb847-059b-4bfe-b6e8-70726f1ccdc5" status: 200 len: 259 microversion: 1.28
Aug 31 18:06:35.819432 n-d-800087-23 devstack@placement-api.service[95134]: [pid: 95134|app: 0|req: 137/272] 10.222.0.37 () {60 vars in 1378 bytes} [Tue Aug 31 18:06:35 2021] GET /placement/allocations/111eb847-059b-4bfe-b6e8-70726f1ccdc5 => generated 259 bytes in 34 msecs (HTTP/1.1 200) 8 headers in 296 bytes (2 switches on core 0)
Aug 31 18:06:54.077872 n-d-800087-23 devstack@placement-api.service[95135]: DEBUG placement.requestlog [req-4dd7973c-89ad-4542-a2ff-6548e95299ad req-59f4b500-1d8a-4881-b2f7-ecf2058d791e None None] Starting request: 10.222.0.37 "GET /placement/resource_providers/199473fd-7313-4b1e-863b-a2fe4f53cefb/allocations" {{(pid=95135) __call__ /opt/stack/placement/placement/requestlog.py:55}}
Aug 31 18:06:54.134019 n-d-800087-23 devstack@placement-api.service[95135]: INFO placement.requestlog [req-4dd7973c-89ad-4542-a2ff-6548e95299ad req-59f4b500-1d8a-4881-b2f7-ecf2058d791e service placement] 10.222.0.37 "GET /placement/resource_providers/199473fd-7313-4b1e-863b-a2fe4f53cefb/allocations" status: 200 len: 1264 microversion: 1.0
Aug 31 18:06:54.135443 n-d-800087-23 devstack@placement-api.service[95135]: [pid: 95135|app: 0|req: 136/273] 10.222.0.37 () {58 vars in 1391 bytes} [Tue Aug 31 18:06:54 2021] GET /placement/resource_providers/199473fd-7313-4b1e-863b-a2fe4f53cefb/allocations => generated 1264 bytes in 58 msecs (HTTP/1.1 200) 6 headers in 225 bytes (1 switches on core 0)
Aug 31 18:07:00.976354 n-d-800087-23 devstack@placement-api.service[95134]: DEBUG placement.requestlog [req-1961f232-b578-4f27-84d0-10baf3f90c88 req-ffd03b26-3c0f-44ae-a09a-45814a26960b None None] Starting request: 10.222.0.72 "GET /placement/allocations/96388d34-0cc8-4d75-8953-69e2659ed015" {{(pid=95134) __call__ /opt/stack/placement/placement/requestlog.py:55}}
Aug 31 18:07:01.001173 n-d-800087-23 devstack@placement-api.service[95134]: INFO placement.requestlog [req-1961f232-b578-4f27-84d0-10baf3f90c88 req-ffd03b26-3c0f-44ae-a09a-45814a26960b service placement] 10.222.0.72 "GET /placement/allocations/96388d34-0cc8-4d75-8953-69e2659ed015" status: 200 len: 259 microversion: 1.28
Aug 31 18:07:01.001941 n-d-800087-23 devstack@placement-api.service[95134]: [pid: 95134|app: 0|req: 138/274] 10.222.0.72 () {60 vars in 1378 bytes} [Tue Aug 31 18:07:00 2021] GET /placement/allocations/96388d34-0cc8-4d75-8953-69e2659ed015 => generated 259 bytes in 26 msecs (HTTP/1.1 200) 8 headers in 296 bytes (1 switches on core 0)
Aug 31 18:07:01.016391 n-d-800087-23 devstack@placement-api.service[95135]: DEBUG placement.requestlog [req-1961f232-b578-4f27-84d0-10baf3f90c88 req-4452eeaa-4117-4d6d-9a73-3ec9d7ba0fbd None None] Starting request: 10.222.0.72 "PUT /placement/allocations/96388d34-0cc8-4d75-8953-69e2659ed015" {{(pid=95135) __call__ /opt/stack/placement/placement/requestlog.py:55}}
Aug 31 18:07:01.100377 n-d-800087-23 devstack@placement-api.service[95135]: DEBUG placement.handlers.allocation [req-1961f232-b578-4f27-84d0-10baf3f90c88 req-4452eeaa-4117-4d6d-9a73-3ec9d7ba0fbd service placement] Successfully wrote allocations [, , ] {{(pid=95135) _create_allocations /opt/stack/placement/placement/handlers/allocation.py:461}}
Aug 31 18:07:01.107048 n-d-800087-23 devstack@placement-api.service[95135]: INFO placement.requestlog [req-1961f232-b578-4f27-84d0-10baf3f90c88 req-4452eeaa-4117-4d6d-9a73-3ec9d7ba0fbd service placement] 10.222.0.72 "PUT /placement/allocations/96388d34-0cc8-4d75-8953-69e2659ed015" status: 204 len: 0 microversion: 1.28
Aug 31 18:07:01.108332 n-d-800087-23 devstack@placement-api.service[95135]: [pid: 95135|app: 0|req: 137/275] 10.222.0.72 () {64 vars in 1431 bytes} [Tue Aug 31 18:07:01 2021] PUT /placement/allocations/96388d34-0cc8-4d75-8953-69e2659ed015 => generated 0 bytes in 92 msecs (HTTP/1.1 204) 5 headers in 199 bytes (1 switches on core 0)
Aug 31 18:07:03.627001 n-d-800087-23 devstack@placement-api.service[95134]: DEBUG placement.requestlog [req-8c61210b-d164-415e-8e94-b0095b9c0c2b req-d33ff4a9-e31c-466f-a502-42dd93eb6c54 None None] Starting request: 10.222.0.72 "DELETE /placement/allocations/224ab00b-841b-4196-a60d-5d770e51289e" {{(pid=95134) __call__ /opt/stack/placement/placement/requestlog.py:55}}
Aug 31 18:07:03.678627 n-d-800087-23 devstack@placement-api.service[95134]: DEBUG placement.handlers.allocation [req-8c61210b-d164-415e-8e94-b0095b9c0c2b req-d33ff4a9-e31c-466f-a502-42dd93eb6c54 service placement] Successfully deleted allocations [, , ] {{(pid=95134) delete_allocations /opt/stack/placement/placement/handlers/allocation.py:603}}
Aug 31 18:07:03.681014 n-d-800087-23 devstack@placement-api.service[95134]: INFO placement.requestlog [req-8c61210b-d164-415e-8e94-b0095b9c0c2b req-d33ff4a9-e31c-466f-a502-42dd93eb6c54 service placement] 10.222.0.72 "DELETE /placement/allocations/224ab00b-841b-4196-a60d-5d770e51289e" status: 204 len: 0 microversion: 1.0
Aug 31 18:07:03.681566 n-d-800087-23 devstack@placement-api.service[95134]: [pid: 95134|app: 0|req: 139/276] 10.222.0.72 () {60 vars in 1356 bytes} [Tue Aug 31 18:07:03 2021] DELETE /placement/allocations/224ab00b-841b-4196-a60d-5d770e51289e => generated 0 bytes in 55 msecs (HTTP/1.1 204) 5 headers in 198 bytes (1 switches on core 0)
Aug 31 18:07:04.402834 n-d-800087-23 devstack@placement-api.service[95135]: DEBUG placement.requestlog [req-f0566058-acbb-4dcd-aa94-399eb5708889 req-94d22e6d-bc30-44fe-92e0-2fe41fee5420 None None] Starting request: 10.222.0.62 "GET /placement/allocation_candidates?limit=1000&resources=DISK_GB%3A2%2CMEMORY_MB%3A1024%2CVCPU%3A1&root_required=%21COMPUTE_STATUS_DISABLED" {{(pid=95135) __call__ /opt/stack/placement/placement/requestlog.py:55}}
Aug 31 18:07:04.488658 n-d-800087-23 devstack@placement-api.service[95135]: DEBUG placement.objects.research_context [req-f0566058-acbb-4dcd-aa94-399eb5708889 req-94d22e6d-bc30-44fe-92e0-2fe41fee5420 service placement] getting providers with 2 DISK_GB {{(pid=95135) __init__ /opt/stack/placement/placement/objects/research_context.py:126}}
Aug 31 18:07:04.497769 n-d-800087-23 devstack@placement-api.service[95135]: DEBUG placement.objects.research_context [req-f0566058-acbb-4dcd-aa94-399eb5708889 req-94d22e6d-bc30-44fe-92e0-2fe41fee5420 service placement] getting providers with 1024 MEMORY_MB {{(pid=95135) __init__ /opt/stack/placement/placement/objects/research_context.py:126}}
Aug 31 18:07:04.507875 n-d-800087-23 devstack@placement-api.service[95135]: DEBUG placement.objects.research_context [req-f0566058-acbb-4dcd-aa94-399eb5708889 req-94d22e6d-bc30-44fe-92e0-2fe41fee5420 service placement] getting providers with 1 VCPU {{(pid=95135) __init__ /opt/stack/placement/placement/objects/research_context.py:126}}
Aug 31 18:07:04.518421 n-d-800087-23 devstack@placement-api.service[95135]: DEBUG placement.objects.research_context [req-f0566058-acbb-4dcd-aa94-399eb5708889 req-94d22e6d-bc30-44fe-92e0-2fe41fee5420 service placement] found 2 providers with available 2 DISK_GB {{(pid=95135) get_provider_ids_matching /opt/stack/placement/placement/objects/research_context.py:549}}
Aug 31 18:07:04.518700 n-d-800087-23 devstack@placement-api.service[95135]: DEBUG placement.objects.research_context [req-f0566058-acbb-4dcd-aa94-399eb5708889 req-94d22e6d-bc30-44fe-92e0-2fe41fee5420 service placement] found 2 providers with available 1024 MEMORY_MB {{(pid=95135) get_provider_ids_matching /opt/stack/placement/placement/objects/research_context.py:549}}
Aug 31 18:07:04.519097 n-d-800087-23 devstack@placement-api.service[95135]: DEBUG placement.objects.research_context [req-f0566058-acbb-4dcd-aa94-399eb5708889 req-94d22e6d-bc30-44fe-92e0-2fe41fee5420 service placement] found 2 providers after filtering by previous result {{(pid=95135) get_provider_ids_matching /opt/stack/placement/placement/objects/research_context.py:580}}
Aug 31 18:07:04.519637 n-d-800087-23 devstack@placement-api.service[95135]: DEBUG placement.objects.research_context [req-f0566058-acbb-4dcd-aa94-399eb5708889 req-94d22e6d-bc30-44fe-92e0-2fe41fee5420 service placement] found 2 providers with available 1 VCPU {{(pid=95135) get_provider_ids_matching /opt/stack/placement/placement/objects/research_context.py:549}}
Aug 31 18:07:04.520213 n-d-800087-23 devstack@placement-api.service[95135]: DEBUG placement.objects.research_context [req-f0566058-acbb-4dcd-aa94-399eb5708889 req-94d22e6d-bc30-44fe-92e0-2fe41fee5420 service placement] found 2 providers after filtering by previous result {{(pid=95135) get_provider_ids_matching /opt/stack/placement/placement/objects/research_context.py:580}}
Aug 31 18:07:04.540461 n-d-800087-23 devstack@placement-api.service[95135]: DEBUG placement.objects.allocation_candidate [req-f0566058-acbb-4dcd-aa94-399eb5708889 req-94d22e6d-bc30-44fe-92e0-2fe41fee5420 service placement] RequestGroup(use_same_provider=False, resources={DISK_GB:2, MEMORY_MB:1024, VCPU:1}, traits=[], aggregates=[]) (suffix '') returned 2 matches {{(pid=95135) _get_by_requests /opt/stack/placement/placement/objects/allocation_candidate.py:145}}
Aug 31 18:07:04.541234 n-d-800087-23 devstack@placement-api.service[95135]: DEBUG placement.objects.allocation_candidate [req-f0566058-acbb-4dcd-aa94-399eb5708889 req-94d22e6d-bc30-44fe-92e0-2fe41fee5420 service placement] Merging candidates yields 2 allocation requests and 2 provider summaries {{(pid=95135) _merge_candidates /opt/stack/placement/placement/objects/allocation_candidate.py:783}}
Aug 31 18:07:04.543514 n-d-800087-23 devstack@placement-api.service[95135]: INFO placement.requestlog [req-f0566058-acbb-4dcd-aa94-399eb5708889 req-94d22e6d-bc30-44fe-92e0-2fe41fee5420 service placement] 10.222.0.62 "GET /placement/allocation_candidates?limit=1000&resources=DISK_GB%3A2%2CMEMORY_MB%3A1024%2CVCPU%3A1&root_required=%21COMPUTE_STATUS_DISABLED" status: 200 len: 1312 microversion: 1.36
Aug 31 18:07:04.544332 n-d-800087-23 devstack@placement-api.service[95135]: [pid: 95135|app: 0|req: 138/277] 10.222.0.62 () {60 vars in 1507 bytes} [Tue Aug 31 18:07:04 2021] GET /placement/allocation_candidates?limit=1000&resources=DISK_GB%3A2%2CMEMORY_MB%3A1024%2CVCPU%3A1&root_required=%21COMPUTE_STATUS_DISABLED => generated 1312 bytes in 145 msecs (HTTP/1.1 200) 8 headers in 297 bytes (1 switches on core 0)
Aug 31 18:07:04.597733 n-d-800087-23 devstack@placement-api.service[95134]: DEBUG placement.requestlog [req-f0566058-acbb-4dcd-aa94-399eb5708889 req-0c76f1b4-7445-4c36-abd4-e15aceea648c None None] Starting request: 10.222.0.62 "GET /placement/allocations/8b588fc1-52ea-4c1f-9edc-67817beb8dee" {{(pid=95134) __call__ /opt/stack/placement/placement/requestlog.py:55}}
Aug 31 18:07:04.614931 n-d-800087-23 devstack@placement-api.service[95134]: INFO placement.requestlog [req-f0566058-acbb-4dcd-aa94-399eb5708889 req-0c76f1b4-7445-4c36-abd4-e15aceea648c service placement] 10.222.0.62 "GET /placement/allocations/8b588fc1-52ea-4c1f-9edc-67817beb8dee" status: 200 len: 19 microversion: 1.28
Aug 31 18:07:04.615685 n-d-800087-23 devstack@placement-api.service[95134]: [pid: 95134|app: 0|req: 140/278] 10.222.0.62 () {60 vars in 1381 bytes} [Tue Aug 31 18:07:04 2021] GET /placement/allocations/8b588fc1-52ea-4c1f-9edc-67817beb8dee => generated 19 bytes in 18 msecs (HTTP/1.1 200) 8 headers in 295 bytes (1 switches on core 0)
Aug 31 18:07:04.624881 n-d-800087-23 devstack@placement-api.service[95135]: DEBUG placement.requestlog [req-f0566058-acbb-4dcd-aa94-399eb5708889 req-fd131f20-b3f4-447e-b333-0dcf43ef87ee None None] Starting request: 10.222.0.62 "PUT /placement/allocations/8b588fc1-52ea-4c1f-9edc-67817beb8dee" {{(pid=95135) __call__ /opt/stack/placement/placement/requestlog.py:55}}
Aug 31 18:07:04.712544 n-d-800087-23 devstack@placement-api.service[95135]: DEBUG placement.handlers.allocation [req-f0566058-acbb-4dcd-aa94-399eb5708889 req-fd131f20-b3f4-447e-b333-0dcf43ef87ee service placement] Successfully wrote allocations [, , ] {{(pid=95135) _create_allocations /opt/stack/placement/placement/handlers/allocation.py:461}}
Aug 31 18:07:04.719502 n-d-800087-23 devstack@placement-api.service[95135]: INFO placement.requestlog [req-f0566058-acbb-4dcd-aa94-399eb5708889 req-fd131f20-b3f4-447e-b333-0dcf43ef87ee service placement] 10.222.0.62 "PUT /placement/allocations/8b588fc1-52ea-4c1f-9edc-67817beb8dee" status: 204 len: 0 microversion: 1.36
Aug 31 18:07:04.719808 n-d-800087-23 devstack@placement-api.service[95135]: [pid: 95135|app: 0|req: 139/279] 10.222.0.62 () {64 vars in 1434 bytes} [Tue Aug 31 18:07:04 2021] PUT /placement/allocations/8b588fc1-52ea-4c1f-9edc-67817beb8dee => generated 0 bytes in 95 msecs (HTTP/1.1 204) 5 headers in 199 bytes (1 switches on core 0)
Aug 31 18:07:05.175551 n-d-800087-23 devstack@placement-api.service[95134]: DEBUG placement.requestlog [req-f0566058-acbb-4dcd-aa94-399eb5708889 req-9dfd96b4-9f12-472f-bee1-18a21d1afabb None None] Starting request: 10.222.0.72 "GET /placement/allocations/8b588fc1-52ea-4c1f-9edc-67817beb8dee" {{(pid=95134) __call__ /opt/stack/placement/placement/requestlog.py:55}}
Aug 31 18:07:05.196717 n-d-800087-23 devstack@placement-api.service[95134]: INFO placement.requestlog [req-f0566058-acbb-4dcd-aa94-399eb5708889 req-9dfd96b4-9f12-472f-bee1-18a21d1afabb service placement] 10.222.0.72 "GET /placement/allocations/8b588fc1-52ea-4c1f-9edc-67817beb8dee" status: 200 len: 259 microversion: 1.28
Aug 31 18:07:05.197390 n-d-800087-23 devstack@placement-api.service[95134]: [pid: 95134|app: 0|req: 141/280] 10.222.0.72 () {60 vars in 1378 bytes} [Tue Aug 31 18:07:05 2021] GET /placement/allocations/8b588fc1-52ea-4c1f-9edc-67817beb8dee => generated 259 bytes in 22 msecs (HTTP/1.1 200) 8 headers in 296 bytes (1 switches on core 0)
Aug 31 18:07:05.582913 n-d-800087-23 devstack@placement-api.service[95135]: DEBUG placement.requestlog [req-12b35afd-fc8c-4b58-a332-2ffee7d67af9 req-1d61e9ce-19ca-468b-a07f-11f053b8558b None None] Starting request: 10.222.0.62 "GET /placement/allocation_candidates?limit=1000&resources=DISK_GB%3A1%2CMEMORY_MB%3A1024%2CVCPU%3A1&root_required=%21COMPUTE_STATUS_DISABLED" {{(pid=95135) __call__ /opt/stack/placement/placement/requestlog.py:55}}
Aug 31 18:07:05.615856 n-d-800087-23 devstack@placement-api.service[95135]: DEBUG placement.objects.research_context [req-12b35afd-fc8c-4b58-a332-2ffee7d67af9 req-1d61e9ce-19ca-468b-a07f-11f053b8558b service placement] getting providers with 1 DISK_GB {{(pid=95135) __init__ /opt/stack/placement/placement/objects/research_context.py:126}}
Aug 31 18:07:05.623195 n-d-800087-23 devstack@placement-api.service[95135]: DEBUG placement.objects.research_context [req-12b35afd-fc8c-4b58-a332-2ffee7d67af9 req-1d61e9ce-19ca-468b-a07f-11f053b8558b service placement] getting providers with 1024 MEMORY_MB {{(pid=95135) __init__ /opt/stack/placement/placement/objects/research_context.py:126}}
Aug 31 18:07:05.632989 n-d-800087-23 devstack@placement-api.service[95135]: DEBUG placement.objects.research_context [req-12b35afd-fc8c-4b58-a332-2ffee7d67af9 req-1d61e9ce-19ca-468b-a07f-11f053b8558b service placement] getting providers with 1 VCPU {{(pid=95135) __init__ /opt/stack/placement/placement/objects/research_context.py:126}}
Aug 31 18:07:05.640723 n-d-800087-23 devstack@placement-api.service[95135]: DEBUG placement.objects.research_context [req-12b35afd-fc8c-4b58-a332-2ffee7d67af9 req-1d61e9ce-19ca-468b-a07f-11f053b8558b service placement] found 2 providers with available 1 DISK_GB {{(pid=95135) get_provider_ids_matching /opt/stack/placement/placement/objects/research_context.py:549}}
Aug 31 18:07:05.640999 n-d-800087-23 devstack@placement-api.service[95135]: DEBUG placement.objects.research_context [req-12b35afd-fc8c-4b58-a332-2ffee7d67af9 req-1d61e9ce-19ca-468b-a07f-11f053b8558b service placement] found 2 providers with available 1024 MEMORY_MB {{(pid=95135) get_provider_ids_matching /opt/stack/placement/placement/objects/research_context.py:549}}
Aug 31 18:07:05.642349 n-d-800087-23 devstack@placement-api.service[95135]: DEBUG placement.objects.research_context [req-12b35afd-fc8c-4b58-a332-2ffee7d67af9 req-1d61e9ce-19ca-468b-a07f-11f053b8558b service placement] found 2 providers after filtering by previous result {{(pid=95135) get_provider_ids_matching /opt/stack/placement/placement/objects/research_context.py:580}}
Aug 31 18:07:05.642510 n-d-800087-23 devstack@placement-api.service[95135]: DEBUG placement.objects.research_context [req-12b35afd-fc8c-4b58-a332-2ffee7d67af9 req-1d61e9ce-19ca-468b-a07f-11f053b8558b service placement] found 2 providers with available 1 VCPU {{(pid=95135) get_provider_ids_matching /opt/stack/placement/placement/objects/research_context.py:549}}
Aug 31 18:07:05.642753 n-d-800087-23 devstack@placement-api.service[95135]: DEBUG placement.objects.research_context [req-12b35afd-fc8c-4b58-a332-2ffee7d67af9 req-1d61e9ce-19ca-468b-a07f-11f053b8558b service placement] found 2 providers after filtering by previous result {{(pid=95135) get_provider_ids_matching /opt/stack/placement/placement/objects/research_context.py:580}}
Aug 31 18:07:05.657630 n-d-800087-23 devstack@placement-api.service[95135]: DEBUG placement.objects.allocation_candidate [req-12b35afd-fc8c-4b58-a332-2ffee7d67af9 req-1d61e9ce-19ca-468b-a07f-11f053b8558b service placement] RequestGroup(use_same_provider=False, resources={DISK_GB:1, MEMORY_MB:1024, VCPU:1}, traits=[], aggregates=[]) (suffix '') returned 2 matches {{(pid=95135) _get_by_requests /opt/stack/placement/placement/objects/allocation_candidate.py:145}}
