Aug 21 16:37:04.823925 n-d-800087-21 devstack@placement-api.service[95941]: [pid: 95941|app: 0|req: 197/391] 10.222.0.18 () {64 vars in 1434 bytes} [Sat Aug 21 16:37:04 2021] PUT /placement/allocations/168bf7f3-a90d-4a61-8412-51adc56b340c => generated 0 bytes in 542 msecs (HTTP/1.1 204) 5 headers in 199 bytes (1 switches on core 0)
Aug 21 16:37:05.761156 n-d-800087-21 devstack@placement-api.service[95940]: DEBUG placement.requestlog [req-4efc258c-f8ac-47c9-b3bc-c7d3bf0712d0 req-88febb90-3072-44c3-a063-3f37c97fe4ee None None] Starting request: 10.222.0.57 "GET /placement/allocations/168bf7f3-a90d-4a61-8412-51adc56b340c" {{(pid=95940) __call__ /opt/stack/placement/placement/requestlog.py:55}}
Aug 21 16:37:05.788116 n-d-800087-21 devstack@placement-api.service[95940]: INFO placement.requestlog [req-4efc258c-f8ac-47c9-b3bc-c7d3bf0712d0 req-88febb90-3072-44c3-a063-3f37c97fe4ee service placement] 10.222.0.57 "GET /placement/allocations/168bf7f3-a90d-4a61-8412-51adc56b340c" status: 200 len: 259 microversion: 1.28
Aug 21 16:37:05.788665 n-d-800087-21 devstack@placement-api.service[95940]: [pid: 95940|app: 0|req: 195/392] 10.222.0.57 () {60 vars in 1378 bytes} [Sat Aug 21 16:37:05 2021] GET /placement/allocations/168bf7f3-a90d-4a61-8412-51adc56b340c => generated 259 bytes in 28 msecs (HTTP/1.1 200) 8 headers in 296 bytes (1 switches on core 0)
Aug 21 16:37:09.713267 n-d-800087-21 devstack@placement-api.service[95941]: DEBUG placement.requestlog [req-2ea65dee-b60e-4009-8a25-cd7d99fc2aa1 req-99a96105-80f9-4bc5-9584-2fec1b95b72e None None] Starting request: 10.222.0.18 "GET /placement/allocation_candidates?limit=1000&resources=MEMORY_MB%3A1024%2CVCPU%3A1&root_required=%21COMPUTE_STATUS_DISABLED" {{(pid=95941) __call__ /opt/stack/placement/placement/requestlog.py:55}}
Aug 21 16:37:09.728609 n-d-800087-21 devstack@placement-api.service[95940]: DEBUG placement.requestlog [req-8ed871ca-dcc5-4501-bdc1-61265678032c req-fac00c8c-66cd-4ecf-b413-3f0dc76a6270 None None] Starting request: 10.222.0.38 "GET /placement/allocations/75cfc967-a642-4bc5-8ad9-b1a092ea440e" {{(pid=95940) __call__ /opt/stack/placement/placement/requestlog.py:55}}
Aug 21 16:37:09.749444 n-d-800087-21 devstack@placement-api.service[95940]: INFO placement.requestlog [req-8ed871ca-dcc5-4501-bdc1-61265678032c req-fac00c8c-66cd-4ecf-b413-3f0dc76a6270 service placement] 10.222.0.38 "GET /placement/allocations/75cfc967-a642-4bc5-8ad9-b1a092ea440e" status: 200 len: 259 microversion: 1.28
Aug 21 16:37:09.749690 n-d-800087-21 devstack@placement-api.service[95940]: [pid: 95940|app: 0|req: 196/393] 10.222.0.38 () {60 vars in 1378 bytes} [Sat Aug 21 16:37:09 2021] GET /placement/allocations/75cfc967-a642-4bc5-8ad9-b1a092ea440e => generated 259 bytes in 21 msecs (HTTP/1.1 200) 8 headers in 296 bytes (2 switches on core 0)
Aug 21 16:37:09.758030 n-d-800087-21 devstack@placement-api.service[95940]: DEBUG placement.requestlog [req-8ed871ca-dcc5-4501-bdc1-61265678032c req-7b016614-f48e-4891-b2ec-38d0efc92a2b None None] Starting request: 10.222.0.38 "PUT /placement/allocations/75cfc967-a642-4bc5-8ad9-b1a092ea440e" {{(pid=95940) __call__ /opt/stack/placement/placement/requestlog.py:55}}
Aug 21 16:37:09.798991 n-d-800087-21 devstack@placement-api.service[95941]: DEBUG placement.objects.research_context [req-2ea65dee-b60e-4009-8a25-cd7d99fc2aa1 req-99a96105-80f9-4bc5-9584-2fec1b95b72e service placement] getting providers with 1024 MEMORY_MB {{(pid=95941) __init__ /opt/stack/placement/placement/objects/research_context.py:126}}
Aug 21 16:37:09.805309 n-d-800087-21 devstack@placement-api.service[95941]: DEBUG placement.objects.research_context [req-2ea65dee-b60e-4009-8a25-cd7d99fc2aa1 req-99a96105-80f9-4bc5-9584-2fec1b95b72e service placement] getting providers with 1 VCPU {{(pid=95941) __init__ /opt/stack/placement/placement/objects/research_context.py:126}}
Aug 21 16:37:09.811921 n-d-800087-21 devstack@placement-api.service[95941]: DEBUG placement.objects.research_context [req-2ea65dee-b60e-4009-8a25-cd7d99fc2aa1 req-99a96105-80f9-4bc5-9584-2fec1b95b72e service placement] found 2 providers with available 1024 MEMORY_MB {{(pid=95941) get_provider_ids_matching /opt/stack/placement/placement/objects/research_context.py:549}}
Aug 21 16:37:09.812402 n-d-800087-21 devstack@placement-api.service[95941]: DEBUG placement.objects.research_context [req-2ea65dee-b60e-4009-8a25-cd7d99fc2aa1 req-99a96105-80f9-4bc5-9584-2fec1b95b72e service placement] found 2 providers with available 1 VCPU {{(pid=95941) get_provider_ids_matching /opt/stack/placement/placement/objects/research_context.py:549}}
Aug 21 16:37:09.812684 n-d-800087-21 devstack@placement-api.service[95941]: DEBUG placement.objects.research_context [req-2ea65dee-b60e-4009-8a25-cd7d99fc2aa1 req-99a96105-80f9-4bc5-9584-2fec1b95b72e service placement] found 2 providers after filtering by previous result {{(pid=95941) get_provider_ids_matching /opt/stack/placement/placement/objects/research_context.py:580}}
Aug 21 16:37:09.824077 n-d-800087-21 devstack@placement-api.service[95941]: DEBUG placement.objects.allocation_candidate [req-2ea65dee-b60e-4009-8a25-cd7d99fc2aa1 req-99a96105-80f9-4bc5-9584-2fec1b95b72e service placement] RequestGroup(use_same_provider=False, resources={MEMORY_MB:1024, VCPU:1}, traits=[], aggregates=[]) (suffix '') returned 2 matches {{(pid=95941) _get_by_requests /opt/stack/placement/placement/objects/allocation_candidate.py:145}}
Aug 21 16:37:09.824485 n-d-800087-21 devstack@placement-api.service[95941]: DEBUG placement.objects.allocation_candidate [req-2ea65dee-b60e-4009-8a25-cd7d99fc2aa1 req-99a96105-80f9-4bc5-9584-2fec1b95b72e service placement] Merging candidates yields 2 allocation requests and 2 provider summaries {{(pid=95941) _merge_candidates /opt/stack/placement/placement/objects/allocation_candidate.py:783}}
Aug 21 16:37:09.826404 n-d-800087-21 devstack@placement-api.service[95941]: INFO placement.requestlog [req-2ea65dee-b60e-4009-8a25-cd7d99fc2aa1 req-99a96105-80f9-4bc5-9584-2fec1b95b72e service placement] 10.222.0.18 "GET /placement/allocation_candidates?limit=1000&resources=MEMORY_MB%3A1024%2CVCPU%3A1&root_required=%21COMPUTE_STATUS_DISABLED" status: 200 len: 1281 microversion: 1.36
Aug 21 16:37:09.826791 n-d-800087-21 devstack@placement-api.service[95941]: [pid: 95941|app: 0|req: 198/394] 10.222.0.18 () {60 vars in 1479 bytes} [Sat Aug 21 16:37:09 2021] GET /placement/allocation_candidates?limit=1000&resources=MEMORY_MB%3A1024%2CVCPU%3A1&root_required=%21COMPUTE_STATUS_DISABLED => generated 1281 bytes in 114 msecs (HTTP/1.1 200) 8 headers in 297 bytes (2 switches on core 0)
Aug 21 16:37:09.884452 n-d-800087-21 devstack@placement-api.service[95941]: DEBUG placement.requestlog [req-2ea65dee-b60e-4009-8a25-cd7d99fc2aa1 req-b0248d5c-0f9c-4be6-b955-62e5eac62b41 None None] Starting request: 10.222.0.18 "GET /placement/allocations/99535373-af6d-40f6-bf04-172497b0b1e1" {{(pid=95941) __call__ /opt/stack/placement/placement/requestlog.py:55}}
Aug 21 16:37:09.902881 n-d-800087-21 devstack@placement-api.service[95941]: INFO placement.requestlog [req-2ea65dee-b60e-4009-8a25-cd7d99fc2aa1 req-b0248d5c-0f9c-4be6-b955-62e5eac62b41 service placement] 10.222.0.18 "GET /placement/allocations/99535373-af6d-40f6-bf04-172497b0b1e1" status: 200 len: 19 microversion: 1.28
Aug 21 16:37:09.902881 n-d-800087-21 devstack@placement-api.service[95941]: [pid: 95941|app: 0|req: 199/395] 10.222.0.18 () {60 vars in 1381 bytes} [Sat Aug 21 16:37:09 2021] GET /placement/allocations/99535373-af6d-40f6-bf04-172497b0b1e1 => generated 19 bytes in 15 msecs (HTTP/1.1 200) 8 headers in 295 bytes (2 switches on core 0)
Aug 21 16:37:09.906409 n-d-800087-21 devstack@placement-api.service[95941]: DEBUG placement.requestlog [req-2ea65dee-b60e-4009-8a25-cd7d99fc2aa1 req-5c8c72f3-9382-4473-9237-60402210326b None None] Starting request: 10.222.0.18 "PUT /placement/allocations/99535373-af6d-40f6-bf04-172497b0b1e1" {{(pid=95941) __call__ /opt/stack/placement/placement/requestlog.py:55}}
Aug 21 16:37:09.936791 n-d-800087-21 devstack@placement-api.service[95940]: DEBUG placement.handlers.allocation [req-8ed871ca-dcc5-4501-bdc1-61265678032c req-7b016614-f48e-4891-b2ec-38d0efc92a2b service placement] Successfully wrote allocations [, , ] {{(pid=95940) _create_allocations /opt/stack/placement/placement/handlers/allocation.py:435}}
Aug 21 16:37:09.937588 n-d-800087-21 devstack@placement-api.service[95940]: INFO placement.requestlog [req-8ed871ca-dcc5-4501-bdc1-61265678032c req-7b016614-f48e-4891-b2ec-38d0efc92a2b service placement] 10.222.0.38 "PUT /placement/allocations/75cfc967-a642-4bc5-8ad9-b1a092ea440e" status: 204 len: 0 microversion: 1.28
Aug 21 16:37:09.937937 n-d-800087-21 devstack@placement-api.service[95940]: [pid: 95940|app: 0|req: 197/396] 10.222.0.38 () {64 vars in 1431 bytes} [Sat Aug 21 16:37:09 2021] PUT /placement/allocations/75cfc967-a642-4bc5-8ad9-b1a092ea440e => generated 0 bytes in 180 msecs (HTTP/1.1 204) 5 headers in 199 bytes (2 switches on core 0)
Aug 21 16:37:10.671793 n-d-800087-21 devstack@placement-api.service[95941]: DEBUG placement.handlers.allocation [req-2ea65dee-b60e-4009-8a25-cd7d99fc2aa1 req-5c8c72f3-9382-4473-9237-60402210326b service placement] Successfully wrote allocations [, ] {{(pid=95941) _create_allocations /opt/stack/placement/placement/handlers/allocation.py:435}}
Aug 21 16:37:10.678177 n-d-800087-21 devstack@placement-api.service[95941]: INFO placement.requestlog [req-2ea65dee-b60e-4009-8a25-cd7d99fc2aa1 req-5c8c72f3-9382-4473-9237-60402210326b service placement] 10.222.0.18 "PUT /placement/allocations/99535373-af6d-40f6-bf04-172497b0b1e1" status: 204 len: 0 microversion: 1.36
Aug 21 16:37:10.678177 n-d-800087-21 devstack@placement-api.service[95941]: [pid: 95941|app: 0|req: 200/397] 10.222.0.18 () {64 vars in 1434 bytes} [Sat Aug 21 16:37:09 2021] PUT /placement/allocations/99535373-af6d-40f6-bf04-172497b0b1e1 => generated 0 bytes in 766 msecs (HTTP/1.1 204) 5 headers in 199 bytes (2 switches on core 0)
Aug 21 16:37:11.928264 n-d-800087-21 devstack@placement-api.service[95940]: DEBUG placement.requestlog [req-a708c50b-2ae7-428b-a800-acb08d3bc438 req-e8f29711-33dd-406a-96b8-2237e4f250f5 None None] Starting request: 10.222.0.38 "GET /placement/resource_providers/44095102-46ac-4836-bb70-62995a090d99/allocations" {{(pid=95940) __call__ /opt/stack/placement/placement/requestlog.py:55}}
Aug 21 16:37:11.955126 n-d-800087-21 devstack@placement-api.service[95940]: INFO placement.requestlog [req-a708c50b-2ae7-428b-a800-acb08d3bc438 req-e8f29711-33dd-406a-96b8-2237e4f250f5 service placement] 10.222.0.38 "GET /placement/resource_providers/44095102-46ac-4836-bb70-62995a090d99/allocations" status: 200 len: 860 microversion: 1.0
Aug 21 16:37:11.955611 n-d-800087-21 devstack@placement-api.service[95940]: [pid: 95940|app: 0|req: 198/398] 10.222.0.38 () {58 vars in 1391 bytes} [Sat Aug 21 16:37:11 2021] GET /placement/resource_providers/44095102-46ac-4836-bb70-62995a090d99/allocations => generated 860 bytes in 28 msecs (HTTP/1.1 200) 6 headers in 224 bytes (2 switches on core 0)
Aug 21 16:37:12.846012 n-d-800087-21 devstack@placement-api.service[95941]: DEBUG placement.requestlog [req-2ea65dee-b60e-4009-8a25-cd7d99fc2aa1 req-014e8501-5ded-43c7-be26-446dbe8e5d80 None None] Starting request: 10.222.0.57 "GET /placement/allocations/99535373-af6d-40f6-bf04-172497b0b1e1" {{(pid=95941) __call__ /opt/stack/placement/placement/requestlog.py:55}}
Aug 21 16:37:12.876115 n-d-800087-21 devstack@placement-api.service[95941]: INFO placement.requestlog [req-2ea65dee-b60e-4009-8a25-cd7d99fc2aa1 req-014e8501-5ded-43c7-be26-446dbe8e5d80 service placement] 10.222.0.57 "GET /placement/allocations/99535373-af6d-40f6-bf04-172497b0b1e1" status: 200 len: 245 microversion: 1.28
Aug 21 16:37:12.878370 n-d-800087-21 devstack@placement-api.service[95941]: [pid: 95941|app: 0|req: 201/399] 10.222.0.57 () {60 vars in 1378 bytes} [Sat Aug 21 16:37:12 2021] GET /placement/allocations/99535373-af6d-40f6-bf04-172497b0b1e1 => generated 245 bytes in 33 msecs (HTTP/1.1 200) 8 headers in 296 bytes (1 switches on core 0)
Aug 21 16:37:13.176062 n-d-800087-21 devstack@placement-api.service[95940]: DEBUG placement.requestlog [req-d2f0c4fd-52f7-4f86-996b-17e4cd9be443 req-4006f2e9-44fc-4a89-8bbd-e6cf8d18649f None None] Starting request: 10.222.0.18 "GET /placement/allocation_candidates?limit=1000&resources=MEMORY_MB%3A1024%2CVCPU%3A1&root_required=%21COMPUTE_STATUS_DISABLED" {{(pid=95940) __call__ /opt/stack/placement/placement/requestlog.py:55}}
Aug 21 16:37:13.209201 n-d-800087-21 devstack@placement-api.service[95940]: DEBUG placement.objects.research_context [req-d2f0c4fd-52f7-4f86-996b-17e4cd9be443 req-4006f2e9-44fc-4a89-8bbd-e6cf8d18649f service placement] getting providers with 1024 MEMORY_MB {{(pid=95940) __init__ /opt/stack/placement/placement/objects/research_context.py:126}}
Aug 21 16:37:13.215156 n-d-800087-21 devstack@placement-api.service[95940]: DEBUG placement.objects.research_context [req-d2f0c4fd-52f7-4f86-996b-17e4cd9be443 req-4006f2e9-44fc-4a89-8bbd-e6cf8d18649f service placement] getting providers with 1 VCPU {{(pid=95940) __init__ /opt/stack/placement/placement/objects/research_context.py:126}}
Aug 21 16:37:13.224930 n-d-800087-21 devstack@placement-api.service[95940]: DEBUG placement.objects.research_context [req-d2f0c4fd-52f7-4f86-996b-17e4cd9be443 req-4006f2e9-44fc-4a89-8bbd-e6cf8d18649f service placement] found 2 providers with available 1024 MEMORY_MB {{(pid=95940) get_provider_ids_matching /opt/stack/placement/placement/objects/research_context.py:549}}
Aug 21 16:37:13.226073 n-d-800087-21 devstack@placement-api.service[95940]: DEBUG placement.objects.research_context [req-d2f0c4fd-52f7-4f86-996b-17e4cd9be443 req-4006f2e9-44fc-4a89-8bbd-e6cf8d18649f service placement] found 2 providers with available 1 VCPU {{(pid=95940) get_provider_ids_matching /opt/stack/placement/placement/objects/research_context.py:549}}
Aug 21 16:37:13.226587 n-d-800087-21 devstack@placement-api.service[95940]: DEBUG placement.objects.research_context [req-d2f0c4fd-52f7-4f86-996b-17e4cd9be443 req-4006f2e9-44fc-4a89-8bbd-e6cf8d18649f service placement] found 2 providers after filtering by previous result {{(pid=95940) get_provider_ids_matching /opt/stack/placement/placement/objects/research_context.py:580}}
Aug 21 16:37:13.243716 n-d-800087-21 devstack@placement-api.service[95940]: DEBUG placement.objects.allocation_candidate [req-d2f0c4fd-52f7-4f86-996b-17e4cd9be443 req-4006f2e9-44fc-4a89-8bbd-e6cf8d18649f service placement] RequestGroup(use_same_provider=False, resources={MEMORY_MB:1024, VCPU:1}, traits=[], aggregates=[]) (suffix '') returned 2 matches {{(pid=95940) _get_by_requests /opt/stack/placement/placement/objects/allocation_candidate.py:145}}
Aug 21 16:37:13.244969 n-d-800087-21 devstack@placement-api.service[95940]: DEBUG placement.objects.allocation_candidate [req-d2f0c4fd-52f7-4f86-996b-17e4cd9be443 req-4006f2e9-44fc-4a89-8bbd-e6cf8d18649f service placement] Merging candidates yields 2 allocation requests and 2 provider summaries {{(pid=95940) _merge_candidates /opt/stack/placement/placement/objects/allocation_candidate.py:783}}
Aug 21 16:37:13.248142 n-d-800087-21 devstack@placement-api.service[95940]: INFO placement.requestlog [req-d2f0c4fd-52f7-4f86-996b-17e4cd9be443 req-4006f2e9-44fc-4a89-8bbd-e6cf8d18649f service placement] 10.222.0.18 "GET /placement/allocation_candidates?limit=1000&resources=MEMORY_MB%3A1024%2CVCPU%3A1&root_required=%21COMPUTE_STATUS_DISABLED" status: 200 len: 1281 microversion: 1.36
Aug 21 16:37:13.248937 n-d-800087-21 devstack@placement-api.service[95940]: [pid: 95940|app: 0|req: 199/400] 10.222.0.18 () {60 vars in 1479 bytes} [Sat Aug 21 16:37:13 2021] GET /placement/allocation_candidates?limit=1000&resources=MEMORY_MB%3A1024%2CVCPU%3A1&root_required=%21COMPUTE_STATUS_DISABLED => generated 1281 bytes in 75 msecs (HTTP/1.1 200) 8 headers in 297 bytes (1 switches on core 0)
Aug 21 16:37:13.325173 n-d-800087-21 devstack@placement-api.service[95941]: DEBUG placement.requestlog [req-d2f0c4fd-52f7-4f86-996b-17e4cd9be443 req-be578a6f-815d-4985-b902-e42bff9c5c30 None None] Starting request: 10.222.0.18 "GET /placement/allocations/a09e7710-fef5-441d-9693-7ead9b73c343" {{(pid=95941) __call__ /opt/stack/placement/placement/requestlog.py:55}}
Aug 21 16:37:13.370494 n-d-800087-21 devstack@placement-api.service[95941]: INFO placement.requestlog [req-d2f0c4fd-52f7-4f86-996b-17e4cd9be443 req-be578a6f-815d-4985-b902-e42bff9c5c30 service placement] 10.222.0.18 "GET /placement/allocations/a09e7710-fef5-441d-9693-7ead9b73c343" status: 200 len: 19 microversion: 1.28
Aug 21 16:37:13.375321 n-d-800087-21 devstack@placement-api.service[95941]: [pid: 95941|app: 0|req: 202/401] 10.222.0.18 () {60 vars in 1381 bytes} [Sat Aug 21 16:37:13 2021] GET /placement/allocations/a09e7710-fef5-441d-9693-7ead9b73c343 => generated 19 bytes in 46 msecs (HTTP/1.1 200) 8 headers in 295 bytes (1 switches on core 0)
Aug 21 16:37:13.379076 n-d-800087-21 devstack@placement-api.service[95940]: DEBUG placement.requestlog [req-d2f0c4fd-52f7-4f86-996b-17e4cd9be443 req-2eccc19e-d6a4-41e2-b7a2-43ea304e2e8e None None] Starting request: 10.222.0.18 "PUT /placement/allocations/a09e7710-fef5-441d-9693-7ead9b73c343" {{(pid=95940) __call__ /opt/stack/placement/placement/requestlog.py:55}}
Aug 21 16:37:13.949840 n-d-800087-21 devstack@placement-api.service[95941]: DEBUG placement.requestlog [req-a8e52721-4892-4263-8e56-a886533b5637 req-2d742066-4591-4473-96fb-fa3bfce43802 None None] Starting request: 10.222.0.57 "GET /placement/resource_providers/500cfbaf-5de7-44bd-8f3e-c029aaf876ef/allocations" {{(pid=95941) __call__ /opt/stack/placement/placement/requestlog.py:55}}
Aug 21 16:37:13.969416 n-d-800087-21 devstack@placement-api.service[95941]: INFO placement.requestlog [req-a8e52721-4892-4263-8e56-a886533b5637 req-2d742066-4591-4473-96fb-fa3bfce43802 service placement] 10.222.0.57 "GET /placement/resource_providers/500cfbaf-5de7-44bd-8f3e-c029aaf876ef/allocations" status: 200 len: 443 microversion: 1.0
Aug 21 16:37:13.969623 n-d-800087-21 devstack@placement-api.service[95941]: [pid: 95941|app: 0|req: 203/402] 10.222.0.57 () {58 vars in 1391 bytes} [Sat Aug 21 16:37:13 2021] GET /placement/resource_providers/500cfbaf-5de7-44bd-8f3e-c029aaf876ef/allocations => generated 443 bytes in 20 msecs (HTTP/1.1 200) 6 headers in 224 bytes (2 switches on core 0)
Aug 21 16:37:14.089468 n-d-800087-21 devstack@placement-api.service[95940]: DEBUG placement.handlers.allocation [req-d2f0c4fd-52f7-4f86-996b-17e4cd9be443 req-2eccc19e-d6a4-41e2-b7a2-43ea304e2e8e service placement] Successfully wrote allocations [, ] {{(pid=95940) _create_allocations /opt/stack/placement/placement/handlers/allocation.py:435}}
Aug 21 16:37:14.089983 n-d-800087-21 devstack@placement-api.service[95940]: INFO placement.requestlog [req-d2f0c4fd-52f7-4f86-996b-17e4cd9be443 req-2eccc19e-d6a4-41e2-b7a2-43ea304e2e8e service placement] 10.222.0.18 "PUT /placement/allocations/a09e7710-fef5-441d-9693-7ead9b73c343" status: 204 len: 0 microversion: 1.36
Aug 21 16:37:14.094812 n-d-800087-21 devstack@placement-api.service[95940]: [pid: 95940|app: 0|req: 200/403] 10.222.0.18 () {64 vars in 1434 bytes} [Sat Aug 21 16:37:13 2021] PUT /placement/allocations/a09e7710-fef5-441d-9693-7ead9b73c343 => generated 0 bytes in 711 msecs (HTTP/1.1 204) 5 headers in 199 bytes (1 switches on core 0)
Aug 21 16:37:14.327280 n-d-800087-21 devstack@placement-api.service[95941]: DEBUG placement.requestlog [req-4557a37b-b72b-4b55-b144-175452e80dcd req-d36de212-99c1-4f9d-aeaf-2fc009cd54c0 None None] Starting request: 10.222.0.18 "GET /placement/allocation_candidates?limit=1000&resources=DISK_GB%3A1%2CMEMORY_MB%3A1024%2CVCPU%3A1&root_required=%21COMPUTE_STATUS_DISABLED" {{(pid=95941) __call__ /opt/stack/placement/placement/requestlog.py:55}}
Aug 21 16:37:14.359622 n-d-800087-21 devstack@placement-api.service[95941]: DEBUG placement.objects.research_context [req-4557a37b-b72b-4b55-b144-175452e80dcd req-d36de212-99c1-4f9d-aeaf-2fc009cd54c0 service placement] getting providers with 1 DISK_GB {{(pid=95941) __init__ /opt/stack/placement/placement/objects/research_context.py:126}}
Aug 21 16:37:14.365669 n-d-800087-21 devstack@placement-api.service[95941]: DEBUG placement.objects.research_context [req-4557a37b-b72b-4b55-b144-175452e80dcd req-d36de212-99c1-4f9d-aeaf-2fc009cd54c0 service placement] getting providers with 1024 MEMORY_MB {{(pid=95941) __init__ /opt/stack/placement/placement/objects/research_context.py:126}}
Aug 21 16:37:14.372304 n-d-800087-21 devstack@placement-api.service[95941]: DEBUG placement.objects.research_context [req-4557a37b-b72b-4b55-b144-175452e80dcd req-d36de212-99c1-4f9d-aeaf-2fc009cd54c0 service placement] getting providers with 1 VCPU {{(pid=95941) __init__ /opt/stack/placement/placement/objects/research_context.py:126}}
Aug 21 16:37:14.378200 n-d-800087-21 devstack@placement-api.service[95941]: DEBUG placement.objects.research_context [req-4557a37b-b72b-4b55-b144-175452e80dcd req-d36de212-99c1-4f9d-aeaf-2fc009cd54c0 service placement] found 2 providers with available 1 DISK_GB {{(pid=95941) get_provider_ids_matching /opt/stack/placement/placement/objects/research_context.py:549}}
Aug 21 16:37:14.378884 n-d-800087-21 devstack@placement-api.service[95941]: DEBUG placement.objects.research_context [req-4557a37b-b72b-4b55-b144-175452e80dcd req-d36de212-99c1-4f9d-aeaf-2fc009cd54c0 service placement] found 2 providers with available 1024 MEMORY_MB {{(pid=95941) get_provider_ids_matching /opt/stack/placement/placement/objects/research_context.py:549}}
Aug 21 16:37:14.378884 n-d-800087-21 devstack@placement-api.service[95941]: DEBUG placement.objects.research_context [req-4557a37b-b72b-4b55-b144-175452e80dcd req-d36de212-99c1-4f9d-aeaf-2fc009cd54c0 service placement] found 2 providers after filtering by previous result {{(pid=95941) get_provider_ids_matching /opt/stack/placement/placement/objects/research_context.py:580}}
Aug 21 16:37:14.379058 n-d-800087-21 devstack@placement-api.service[95941]: DEBUG placement.objects.research_context [req-4557a37b-b72b-4b55-b144-175452e80dcd req-d36de212-99c1-4f9d-aeaf-2fc009cd54c0 service placement] found 2 providers with available 1 VCPU {{(pid=95941) get_provider_ids_matching /opt/stack/placement/placement/objects/research_context.py:549}}
Aug 21 16:37:14.379379 n-d-800087-21 devstack@placement-api.service[95941]: DEBUG placement.objects.research_context [req-4557a37b-b72b-4b55-b144-175452e80dcd req-d36de212-99c1-4f9d-aeaf-2fc009cd54c0 service placement] found 2 providers after filtering by previous result {{(pid=95941) get_provider_ids_matching /opt/stack/placement/placement/objects/research_context.py:580}}
Aug 21 16:37:14.407200 n-d-800087-21 devstack@placement-api.service[95941]: DEBUG placement.objects.allocation_candidate [req-4557a37b-b72b-4b55-b144-175452e80dcd req-d36de212-99c1-4f9d-aeaf-2fc009cd54c0 service placement] RequestGroup(use_same_provider=False, resources={DISK_GB:1, MEMORY_MB:1024, VCPU:1}, traits=[], aggregates=[]) (suffix '') returned 2 matches {{(pid=95941) _get_by_requests /opt/stack/placement/placement/objects/allocation_candidate.py:145}}
Aug 21 16:37:14.407613 n-d-800087-21 devstack@placement-api.service[95941]: DEBUG placement.objects.allocation_candidate [req-4557a37b-b72b-4b55-b144-175452e80dcd req-d36de212-99c1-4f9d-aeaf-2fc009cd54c0 service placement] Merging candidates yields 2 allocation requests and 2 provider summaries {{(pid=95941) _merge_candidates /opt/stack/placement/placement/objects/allocation_candidate.py:783}}
Aug 21 16:37:14.410473 n-d-800087-21 devstack@placement-api.service[95941]: INFO placement.requestlog [req-4557a37b-b72b-4b55-b144-175452e80dcd req-d36de212-99c1-4f9d-aeaf-2fc009cd54c0 service placement] 10.222.0.18 "GET /placement/allocation_candidates?limit=1000&resources=DISK_GB%3A1%2CMEMORY_MB%3A1024%2CVCPU%3A1&root_required=%21COMPUTE_STATUS_DISABLED" status: 200 len: 1309 microversion: 1.36
Aug 21 16:37:14.410829 n-d-800087-21 devstack@placement-api.service[95941]: [pid: 95941|app: 0|req: 204/404] 10.222.0.18 () {60 vars in 1507 bytes} [Sat Aug 21 16:37:14 2021] GET /placement/allocation_candidates?limit=1000&resources=DISK_GB%3A1%2CMEMORY_MB%3A1024%2CVCPU%3A1&root_required=%21COMPUTE_STATUS_DISABLED => generated 1309 bytes in 87 msecs (HTTP/1.1 200) 8 headers in 297 bytes (2 switches on core 0)
Aug 21 16:37:14.468170 n-d-800087-21 devstack@placement-api.service[95940]: DEBUG placement.requestlog [req-4557a37b-b72b-4b55-b144-175452e80dcd req-55a0ac5c-5655-42b7-8bc8-0a9f2100721d None None] Starting request: 10.222.0.18 "GET /placement/allocations/0bdf844b-29e2-4385-8f98-0d53c0289efa" {{(pid=95940) __call__ /opt/stack/placement/placement/requestlog.py:55}}
Aug 21 16:37:14.479626 n-d-800087-21 devstack@placement-api.service[95940]: INFO placement.requestlog [req-4557a37b-b72b-4b55-b144-175452e80dcd req-55a0ac5c-5655-42b7-8bc8-0a9f2100721d service placement] 10.222.0.18 "GET /placement/allocations/0bdf844b-29e2-4385-8f98-0d53c0289efa" status: 200 len: 19 microversion: 1.28
Aug 21 16:37:14.483659 n-d-800087-21 devstack@placement-api.service[95940]: [pid: 95940|app: 0|req: 201/405] 10.222.0.18 () {60 vars in 1381 bytes} [Sat Aug 21 16:37:14 2021] GET /placement/allocations/0bdf844b-29e2-4385-8f98-0d53c0289efa => generated 19 bytes in 16 msecs (HTTP/1.1 200) 8 headers in 295 bytes (1 switches on core 0)
Aug 21 16:37:14.486694 n-d-800087-21 devstack@placement-api.service[95941]: DEBUG placement.requestlog [req-4557a37b-b72b-4b55-b144-175452e80dcd req-9c2a0759-3610-4ac3-be8e-0087df439291 None None] Starting request: 10.222.0.18 "PUT /placement/allocations/0bdf844b-29e2-4385-8f98-0d53c0289efa" {{(pid=95941) __call__ /opt/stack/placement/placement/requestlog.py:55}}
Aug 21 16:37:14.763965 n-d-800087-21 devstack@placement-api.service[95940]: DEBUG placement.requestlog [req-31a78df0-26d2-459e-b930-809e44210d2b req-61b6063d-fc15-46e8-9e02-49013d4ec456 None None] Starting request: 10.222.0.38 "GET /placement/allocations/7e8ea02e-42de-4dcb-a09b-47a0f181bb88" {{(pid=95940) __call__ /opt/stack/placement/placement/requestlog.py:55}}
Aug 21 16:37:14.781526 n-d-800087-21 devstack@placement-api.service[95940]: INFO placement.requestlog [req-31a78df0-26d2-459e-b930-809e44210d2b req-61b6063d-fc15-46e8-9e02-49013d4ec456 service placement] 10.222.0.38 "GET /placement/allocations/7e8ea02e-42de-4dcb-a09b-47a0f181bb88" status: 200 len: 259 microversion: 1.28
Aug 21 16:37:14.781939 n-d-800087-21 devstack@placement-api.service[95940]: [pid: 95940|app: 0|req: 202/406] 10.222.0.38 () {60 vars in 1378 bytes} [Sat Aug 21 16:37:14 2021] GET /placement/allocations/7e8ea02e-42de-4dcb-a09b-47a0f181bb88 => generated 259 bytes in 18 msecs (HTTP/1.1 200) 8 headers in 296 bytes (2 switches on core 0)
Aug 21 16:37:14.790139 n-d-800087-21 devstack@placement-api.service[95940]: DEBUG placement.requestlog [req-31a78df0-26d2-459e-b930-809e44210d2b req-35bf0f2f-63a1-4627-86eb-cb97e0aa8d8c None None] Starting request: 10.222.0.38 "PUT /placement/allocations/7e8ea02e-42de-4dcb-a09b-47a0f181bb88" {{(pid=95940) __call__ /opt/stack/placement/placement/requestlog.py:55}}
Aug 21 16:37:14.992900 n-d-800087-21 devstack@placement-api.service[95940]: DEBUG placement.handlers.allocation [req-31a78df0-26d2-459e-b930-809e44210d2b req-35bf0f2f-63a1-4627-86eb-cb97e0aa8d8c service placement] Successfully wrote allocations [, , ] {{(pid=95940) _create_allocations /opt/stack/placement/placement/handlers/allocation.py:435}}
Aug 21 16:37:14.993452 n-d-800087-21 devstack@placement-api.service[95940]: INFO placement.requestlog [req-31a78df0-26d2-459e-b930-809e44210d2b req-35bf0f2f-63a1-4627-86eb-cb97e0aa8d8c service placement] 10.222.0.38 "PUT /placement/allocations/7e8ea02e-42de-4dcb-a09b-47a0f181bb88" status: 204 len: 0 microversion: 1.28
Aug 21 16:37:14.994081 n-d-800087-21 devstack@placement-api.service[95940]: [pid: 95940|app: 0|req: 203/407] 10.222.0.38 () {64 vars in 1431 bytes} [Sat Aug 21 16:37:14 2021] PUT /placement/allocations/7e8ea02e-42de-4dcb-a09b-47a0f181bb88 => generated 0 bytes in 204 msecs (HTTP/1.1 204) 5 headers in 199 bytes (2 switches on core 0)
Aug 21 16:37:15.221219 n-d-800087-21 devstack@placement-api.service[95941]: DEBUG placement.handlers.allocation [req-4557a37b-b72b-4b55-b144-175452e80dcd req-9c2a0759-3610-4ac3-be8e-0087df439291 service placement] Successfully wrote allocations [, , ] {{(pid=95941) _create_allocations /opt/stack/placement/placement/handlers/allocation.py:435}}
Aug 21 16:37:15.223061 n-d-800087-21 devstack@placement-api.service[95941]: INFO placement.requestlog [req-4557a37b-b72b-4b55-b144-175452e80dcd req-9c2a0759-3610-4ac3-be8e-0087df439291 service placement] 10.222.0.18 "PUT /placement/allocations/0bdf844b-29e2-4385-8f98-0d53c0289efa" status: 204 len: 0 microversion: 1.36
Aug 21 16:37:15.226692 n-d-800087-21 devstack@placement-api.service[95941]: [pid: 95941|app: 0|req: 205/408] 10.222.0.18 () {64 vars in 1434 bytes} [Sat Aug 21 16:37:14 2021] PUT /placement/allocations/0bdf844b-29e2-4385-8f98-0d53c0289efa => generated 0 bytes in 738 msecs (HTTP/1.1 204) 5 headers in 199 bytes (2 switches on core 0)
Aug 21 16:37:15.714499 n-d-800087-21 devstack@placement-api.service[95940]: DEBUG placement.requestlog [req-d2f0c4fd-52f7-4f86-996b-17e4cd9be443 req-8a63731c-c0d1-43e6-b261-0369edb0c893 None None] Starting request: 10.222.0.57 "GET /placement/allocations/a09e7710-fef5-441d-9693-7ead9b73c343" {{(pid=95940) __call__ /opt/stack/placement/placement/requestlog.py:55}}
Aug 21 16:37:15.736888 n-d-800087-21 devstack@placement-api.service[95940]: INFO placement.requestlog [req-d2f0c4fd-52f7-4f86-996b-17e4cd9be443 req-8a63731c-c0d1-43e6-b261-0369edb0c893 service placement] 10.222.0.57 "GET /placement/allocations/a09e7710-fef5-441d-9693-7ead9b73c343" status: 200 len: 245 microversion: 1.28
Aug 21 16:37:15.738068 n-d-800087-21 devstack@placement-api.service[95940]: [pid: 95940|app: 0|req: 204/409] 10.222.0.57 () {60 vars in 1378 bytes} [Sat Aug 21 16:37:15 2021] GET /placement/allocations/a09e7710-fef5-441d-9693-7ead9b73c343 => generated 245 bytes in 24 msecs (HTTP/1.1 200) 8 headers in 296 bytes (1 switches on core 0)
Aug 21 16:37:17.079830 n-d-800087-21 devstack@placement-api.service[95941]: DEBUG placement.requestlog [req-4557a37b-b72b-4b55-b144-175452e80dcd req-b488d048-e93b-42ec-a21a-190b0840ded5 None None] Starting request: 10.222.0.57 "GET /placement/allocations/0bdf844b-29e2-4385-8f98-0d53c0289efa" {{(pid=95941) __call__ /opt/stack/placement/placement/requestlog.py:55}}
Aug 21 16:37:17.152478 n-d-800087-21 devstack@placement-api.service[95941]: INFO placement.requestlog [req-4557a37b-b72b-4b55-b144-175452e80dcd req-b488d048-e93b-42ec-a21a-190b0840ded5 service placement] 10.222.0.57 "GET /placement/allocations/0bdf844b-29e2-4385-8f98-0d53c0289efa" status: 200 len: 259 microversion: 1.28
Aug 21 16:37:17.153063 n-d-800087-21 devstack@placement-api.service[95941]: [pid: 95941|app: 0|req: 206/410] 10.222.0.57 () {60 vars in 1378 bytes} [Sat Aug 21 16:37:17 2021] GET /placement/allocations/0bdf844b-29e2-4385-8f98-0d53c0289efa => generated 259 bytes in 73 msecs (HTTP/1.1 200) 8 headers in 296 bytes (1 switches on core 0)
Aug 21 16:37:19.475591 n-d-800087-21 devstack@placement-api.service[95940]: DEBUG placement.requestlog [req-54b1d254-9122-4d09-b0f4-ea1b3c6c66fe req-8e6b2b72-0b00-4543-ab3b-d151270b8839 None None] Starting request: 10.222.0.57 "GET /placement/allocations/131c97cc-bbf0-4524-a164-9b2361f5cbb8" {{(pid=95940) __call__ /opt/stack/placement/placement/requestlog.py:55}}
Aug 21 16:37:19.494890 n-d-800087-21 devstack@placement-api.service[95940]: INFO placement.requestlog [req-54b1d254-9122-4d09-b0f4-ea1b3c6c66fe req-8e6b2b72-0b00-4543-ab3b-d151270b8839 service placement] 10.222.0.57 "GET /placement/allocations/131c97cc-bbf0-4524-a164-9b2361f5cbb8" status: 200 len: 259 microversion: 1.28
Aug 21 16:37:19.496138 n-d-800087-21 devstack@placement-api.service[95940]: [pid: 95940|app: 0|req: 205/411] 10.222.0.57 () {60 vars in 1378 bytes} [Sat Aug 21 16:37:19 2021] GET /placement/allocations/131c97cc-bbf0-4524-a164-9b2361f5cbb8 => generated 259 bytes in 20 msecs (HTTP/1.1 200) 8 headers in 296 bytes (1 switches on core 0)
Aug 21 16:37:19.504448 n-d-800087-21 devstack@placement-api.service[95941]: DEBUG placement.requestlog [req-54b1d254-9122-4d09-b0f4-ea1b3c6c66fe req-b1215cf2-9e53-45ab-96eb-81a4bf5a6bfd None None] Starting request: 10.222.0.57 "PUT /placement/allocations/131c97cc-bbf0-4524-a164-9b2361f5cbb8" {{(pid=95941) __call__ /opt/stack/placement/placement/requestlog.py:55}}
Aug 21 16:37:19.839037 n-d-800087-21 devstack@placement-api.service[95941]: DEBUG placement.handlers.allocation [req-54b1d254-9122-4d09-b0f4-ea1b3c6c66fe req-b1215cf2-9e53-45ab-96eb-81a4bf5a6bfd service placement] Successfully wrote allocations [, , ] {{(pid=95941) _create_allocations /opt/stack/placement/placement/handlers/allocation.py:435}}
Aug 21 16:37:19.839288 n-d-800087-21 devstack@placement-api.service[95941]: INFO placement.requestlog [req-54b1d254-9122-4d09-b0f4-ea1b3c6c66fe req-b1215cf2-9e53-45ab-96eb-81a4bf5a6bfd service placement] 10.222.0.57 "PUT /placement/allocations/131c97cc-bbf0-4524-a164-9b2361f5cbb8" status: 204 len: 0 microversion: 1.28
Aug 21 16:37:19.839847 n-d-800087-21 devstack@placement-api.service[95941]: [pid: 95941|app: 0|req: 207/412] 10.222.0.57 () {64 vars in 1431 bytes} [Sat Aug 21 16:37:19 2021] PUT /placement/allocations/131c97cc-bbf0-4524-a164-9b2361f5cbb8 => generated 0 bytes in 336 msecs (HTTP/1.1 204) 5 headers in 199 bytes (1 switches on core 0)
Aug 21 16:37:29.127087 n-d-800087-21 devstack@placement-api.service[95940]: DEBUG placement.requestlog [req-4efc258c-f8ac-47c9-b3bc-c7d3bf0712d0 req-53f2b4b6-dd09-4d3b-b309-85678281a8c4 None None] Starting request: 10.222.0.57 "GET /placement/allocations/168bf7f3-a90d-4a61-8412-51adc56b340c" {{(pid=95940) __call__ /opt/stack/placement/placement/requestlog.py:55}}
Aug 21 16:37:29.156022 n-d-800087-21 devstack@placement-api.service[95940]: INFO placement.requestlog [req-4efc258c-f8ac-47c9-b3bc-c7d3bf0712d0 req-53f2b4b6-dd09-4d3b-b309-85678281a8c4 service placement] 10.222.0.57 "GET /placement/allocations/168bf7f3-a90d-4a61-8412-51adc56b340c" status: 200 len: 259 microversion: 1.28
Aug 21 16:37:29.156256 n-d-800087-21 devstack@placement-api.service[95940]: [pid: 95940|app: 0|req: 206/413] 10.222.0.57 () {60 vars in 1378 bytes} [Sat Aug 21 16:37:29 2021] GET /placement/allocations/168bf7f3-a90d-4a61-8412-51adc56b340c => generated 259 bytes in 29 msecs (HTTP/1.1 200) 8 headers in 296 bytes (1 switches on core 0)
Aug 21 16:37:30.280079 n-d-800087-21 devstack@placement-api.service[95941]: DEBUG placement.requestlog [req-7ec47ace-b86f-404c-b06f-75d24d9da744 req-25058506-3253-4cd7-99c1-3eba3defcc02 None None] Starting request: 10.222.0.18 "GET /placement/allocation_candidates?limit=1000&resources=DISK_GB%3A1%2CMEMORY_MB%3A1024%2CVCPU%3A1&root_required=%21COMPUTE_STATUS_DISABLED" {{(pid=95941) __call__ /opt/stack/placement/placement/requestlog.py:55}}
Aug 21 16:37:30.328516 n-d-800087-21 devstack@placement-api.service[95941]: DEBUG placement.objects.research_context [req-7ec47ace-b86f-404c-b06f-75d24d9da744 req-25058506-3253-4cd7-99c1-3eba3defcc02 service placement] getting providers with 1 DISK_GB {{(pid=95941) __init__ /opt/stack/placement/placement/objects/research_context.py:126}}
Aug 21 16:37:30.339250 n-d-800087-21 devstack@placement-api.service[95941]: DEBUG placement.objects.research_context [req-7ec47ace-b86f-404c-b06f-75d24d9da744 req-25058506-3253-4cd7-99c1-3eba3defcc02 service placement] getting providers with 1024 MEMORY_MB {{(pid=95941) __init__ /opt/stack/placement/placement/objects/research_context.py:126}}
Aug 21 16:37:30.348229 n-d-800087-21 devstack@placement-api.service[95941]: DEBUG placement.objects.research_context [req-7ec47ace-b86f-404c-b06f-75d24d9da744 req-25058506-3253-4cd7-99c1-3eba3defcc02 service placement] getting providers with 1 VCPU {{(pid=95941) __init__ /opt/stack/placement/placement/objects/research_context.py:126}}
Aug 21 16:37:30.357751 n-d-800087-21 devstack@placement-api.service[95941]: DEBUG placement.objects.research_context [req-7ec47ace-b86f-404c-b06f-75d24d9da744 req-25058506-3253-4cd7-99c1-3eba3defcc02 service placement] found 2 providers with available 1 DISK_GB {{(pid=95941) get_provider_ids_matching /opt/stack/placement/placement/objects/research_context.py:549}}
Aug 21 16:37:30.357751 n-d-800087-21 devstack@placement-api.service[95941]: DEBUG placement.objects.research_context [req-7ec47ace-b86f-404c-b06f-75d24d9da744 req-25058506-3253-4cd7-99c1-3eba3defcc02 service placement] found 2 providers with available 1024 MEMORY_MB {{(pid=95941) get_provider_ids_matching /opt/stack/placement/placement/objects/research_context.py:549}}
Aug 21 16:37:30.357751 n-d-800087-21 devstack@placement-api.service[95941]: DEBUG placement.objects.research_context [req-7ec47ace-b86f-404c-b06f-75d24d9da744 req-25058506-3253-4cd7-99c1-3eba3defcc02 service placement] found 2 providers after filtering by previous result {{(pid=95941) get_provider_ids_matching /opt/stack/placement/placement/objects/research_context.py:580}}
Aug 21 16:37:30.357751 n-d-800087-21 devstack@placement-api.service[95941]: DEBUG placement.objects.research_context [req-7ec47ace-b86f-404c-b06f-75d24d9da744 req-25058506-3253-4cd7-99c1-3eba3defcc02 service placement] found 2 providers with available 1 VCPU {{(pid=95941) get_provider_ids_matching /opt/stack/placement/placement/objects/research_context.py:549}}
Aug 21 16:37:30.357751 n-d-800087-21 devstack@placement-api.service[95941]: DEBUG placement.objects.research_context [req-7ec47ace-b86f-404c-b06f-75d24d9da744 req-25058506-3253-4cd7-99c1-3eba3defcc02 service placement] found 2 providers after filtering by previous result {{(pid=95941) get_provider_ids_matching /opt/stack/placement/placement/objects/research_context.py:580}}
Aug 21 16:37:30.375621 n-d-800087-21 devstack@placement-api.service[95941]: DEBUG placement.objects.allocation_candidate [req-7ec47ace-b86f-404c-b06f-75d24d9da744 req-25058506-3253-4cd7-99c1-3eba3defcc02 service placement] RequestGroup(use_same_provider=False, resources={DISK_GB:1, MEMORY_MB:1024, VCPU:1}, traits=[], aggregates=[]) (suffix '') returned 2 matches {{(pid=95941) _get_by_requests /opt/stack/placement/placement/objects/allocation_candidate.py:145}}
Aug 21 16:37:30.376256 n-d-800087-21 devstack@placement-api.service[95941]: DEBUG placement.objects.allocation_candidate [req-7ec47ace-b86f-404c-b06f-75d24d9da744 req-25058506-3253-4cd7-99c1-3eba3defcc02 service placement] Merging candidates yields 2 allocation requests and 2 provider summaries {{(pid=95941) _merge_candidates /opt/stack/placement/placement/objects/allocation_candidate.py:783}}
Aug 21 16:37:30.379469 n-d-800087-21 devstack@placement-api.service[95941]: INFO placement.requestlog [req-7ec47ace-b86f-404c-b06f-75d24d9da744 req-25058506-3253-4cd7-99c1-3eba3defcc02 service placement] 10.222.0.18 "GET /placement/allocation_candidates?limit=1000&resources=DISK_GB%3A1%2CMEMORY_MB%3A1024%2CVCPU%3A1&root_required=%21COMPUTE_STATUS_DISABLED" status: 200 len: 1309 microversion: 1.36
Aug 21 16:37:30.380793 n-d-800087-21 devstack@placement-api.service[95941]: [pid: 95941|app: 0|req: 208/414] 10.222.0.18 () {60 vars in 1507 bytes} [Sat Aug 21 16:37:30 2021] GET /placement/allocation_candidates?limit=1000&resources=DISK_GB%3A1%2CMEMORY_MB%3A1024%2CVCPU%3A1&root_required=%21COMPUTE_STATUS_DISABLED => generated 1309 bytes in 101 msecs (HTTP/1.1 200) 8 headers in 297 bytes (1 switches on core 0)
Aug 21 16:37:30.479756 n-d-800087-21 devstack@placement-api.service[95940]: DEBUG placement.requestlog [req-7ec47ace-b86f-404c-b06f-75d24d9da744 req-6779736c-88af-4ec0-95b2-58af6cbaba4d None None] Starting request: 10.222.0.18 "GET /placement/allocations/854da4bf-824c-4994-b57f-ab2de98d97b3" {{(pid=95940) __call__ /opt/stack/placement/placement/requestlog.py:55}}
Aug 21 16:37:30.494325 n-d-800087-21 devstack@placement-api.service[95940]: INFO placement.requestlog [req-7ec47ace-b86f-404c-b06f-75d24d9da744 req-6779736c-88af-4ec0-95b2-58af6cbaba4d service placement] 10.222.0.18 "GET /placement/allocations/854da4bf-824c-4994-b57f-ab2de98d97b3" status: 200 len: 19 microversion: 1.28
Aug 21 16:37:30.494559 n-d-800087-21 devstack@placement-api.service[95940]: [pid: 95940|app: 0|req: 207/415] 10.222.0.18 () {60 vars in 1381 bytes} [Sat Aug 21 16:37:30 2021] GET /placement/allocations/854da4bf-824c-4994-b57f-ab2de98d97b3 => generated 19 bytes in 15 msecs (HTTP/1.1 200) 8 headers in 295 bytes (1 switches on core 0)
Aug 21 16:37:30.501665 n-d-800087-21 devstack@placement-api.service[95941]: DEBUG placement.requestlog [req-7ec47ace-b86f-404c-b06f-75d24d9da744 req-08823d58-0d8b-40b5-8eef-a8f2a5a84339 None None] Starting request: 10.222.0.18 "PUT /placement/allocations/854da4bf-824c-4994-b57f-ab2de98d97b3" {{(pid=95941) __call__ /opt/stack/placement/placement/requestlog.py:55}}
Aug 21 16:37:30.866125 n-d-800087-21 devstack@placement-api.service[95941]: DEBUG placement.handlers.allocation [req-7ec47ace-b86f-404c-b06f-75d24d9da744 req-08823d58-0d8b-40b5-8eef-a8f2a5a84339 service placement] Successfully wrote allocations [, , ] {{(pid=95941) _create_allocations /opt/stack/placement/placement/handlers/allocation.py:435}}
Aug 21 16:37:30.866627 n-d-800087-21 devstack@placement-api.service[95941]: INFO placement.requestlog [req-7ec47ace-b86f-404c-b06f-75d24d9da744 req-08823d58-0d8b-40b5-8eef-a8f2a5a84339 service placement] 10.222.0.18 "PUT /placement/allocations/854da4bf-824c-4994-b57f-ab2de98d97b3" status: 204 len: 0 microversion: 1.36
Aug 21 16:37:30.867097 n-d-800087-21 devstack@placement-api.service[95941]: [pid: 95941|app: 0|req: 209/416] 10.222.0.18 () {64 vars in 1434 bytes} [Sat Aug 21 16:37:30 2021] PUT /placement/allocations/854da4bf-824c-4994-b57f-ab2de98d97b3 => generated 0 bytes in 365 msecs (HTTP/1.1 204) 5 headers in 199 bytes (1 switches on core 0)
Aug 21 16:37:32.175839 n-d-800087-21 devstack@placement-api.service[95940]: DEBUG placement.requestlog [req-7ec47ace-b86f-404c-b06f-75d24d9da744 req-0d50fda5-2859-449f-afa9-f45319a056b9 None None] Starting request: 10.222.0.38 "GET /placement/allocations/854da4bf-824c-4994-b57f-ab2de98d97b3" {{(pid=95940) __call__ /opt/stack/placement/placement/requestlog.py:55}}
Aug 21 16:37:32.191363 n-d-800087-21 devstack@placement-api.service[95940]: INFO placement.requestlog [req-7ec47ace-b86f-404c-b06f-75d24d9da744 req-0d50fda5-2859-449f-afa9-f45319a056b9 service placement] 10.222.0.38 "GET /placement/allocations/854da4bf-824c-4994-b57f-ab2de98d97b3" status: 200 len: 259 microversion: 1.28
Aug 21 16:37:32.192774 n-d-800087-21 devstack@placement-api.service[95940]: [pid: 95940|app: 0|req: 208/417] 10.222.0.38 () {60 vars in 1378 bytes} [Sat Aug 21 16:37:32 2021] GET /placement/allocations/854da4bf-824c-4994-b57f-ab2de98d97b3 => generated 259 bytes in 17 msecs (HTTP/1.1 200) 8 headers in 296 bytes (2 switches on core 0)
Aug 21 16:37:38.746599 n-d-800087-21 devstack@placement-api.service[95941]: DEBUG placement.requestlog [req-82975464-730a-442c-b4c0-b03baeed20eb req-9e264492-e7ed-4356-8937-6ac9980f608b None None] Starting request: 10.222.0.57 "GET /placement/allocations/0bdf844b-29e2-4385-8f98-0d53c0289efa" {{(pid=95941) __call__ /opt/stack/placement/placement/requestlog.py:55}}
Aug 21 16:37:38.791320 n-d-800087-21 devstack@placement-api.service[95941]: INFO placement.requestlog [req-82975464-730a-442c-b4c0-b03baeed20eb req-9e264492-e7ed-4356-8937-6ac9980f608b service placement] 10.222.0.57 "GET /placement/allocations/0bdf844b-29e2-4385-8f98-0d53c0289efa" status: 200 len: 259 microversion: 1.28
Aug 21 16:37:38.793853 n-d-800087-21 devstack@placement-api.service[95941]: [pid: 95941|app: 0|req: 210/418] 10.222.0.57 () {60 vars in 1378 bytes} [Sat Aug 21 16:37:38 2021] GET /placement/allocations/0bdf844b-29e2-4385-8f98-0d53c0289efa => generated 259 bytes in 47 msecs (HTTP/1.1 200) 8 headers in 296 bytes (1 switches on core 0)
Aug 21 16:37:41.914903 n-d-800087-21 devstack@placement-api.service[95940]: DEBUG placement.requestlog [req-d9103172-a31e-4426-9961-da4e35c8b906 req-4184cca9-e8ac-48d5-9e24-5659c592810a None None] Starting request: 10.222.0.38 "GET /placement/allocations/ef87f90c-fbbb-4591-ac5e-50f5c7e8a293" {{(pid=95940) __call__ /opt/stack/placement/placement/requestlog.py:55}}
Aug 21 16:37:41.940417 n-d-800087-21 devstack@placement-api.service[95940]: INFO placement.requestlog [req-d9103172-a31e-4426-9961-da4e35c8b906 req-4184cca9-e8ac-48d5-9e24-5659c592810a service placement] 10.222.0.38 "GET /placement/allocations/ef87f90c-fbbb-4591-ac5e-50f5c7e8a293" status: 200 len: 259 microversion: 1.28
Aug 21 16:37:41.940836 n-d-800087-21 devstack@placement-api.service[95940]: [pid: 95940|app: 0|req: 209/419] 10.222.0.38 () {60 vars in 1378 bytes} [Sat Aug 21 16:37:41 2021] GET /placement/allocations/ef87f90c-fbbb-4591-ac5e-50f5c7e8a293 => generated 259 bytes in 26 msecs (HTTP/1.1 200) 8 headers in 296 bytes (2 switches on core 0)
Aug 21 16:37:41.951374 n-d-800087-21 devstack@placement-api.service[95941]: DEBUG placement.requestlog [req-d9103172-a31e-4426-9961-da4e35c8b906 req-b4e830b7-36b6-4ea1-aaff-907ededc34d2 None None] Starting request: 10.222.0.38 "GET /placement/allocations/ef87f90c-fbbb-4591-ac5e-50f5c7e8a293" {{(pid=95941) __call__ /opt/stack/placement/placement/requestlog.py:55}}
Aug 21 16:37:41.975333 n-d-800087-21 devstack@placement-api.service[95941]: INFO placement.requestlog [req-d9103172-a31e-4426-9961-da4e35c8b906 req-b4e830b7-36b6-4ea1-aaff-907ededc34d2 service placement] 10.222.0.38 "GET /placement/allocations/ef87f90c-fbbb-4591-ac5e-50f5c7e8a293" status: 200 len: 259 microversion: 1.28
Aug 21 16:37:41.975820 n-d-800087-21 devstack@placement-api.service[95941]: [pid: 95941|app: 0|req: 211/420] 10.222.0.38 () {60 vars in 1378 bytes} [Sat Aug 21 16:37:41 2021] GET /placement/allocations/ef87f90c-fbbb-4591-ac5e-50f5c7e8a293 => generated 259 bytes in 25 msecs (HTTP/1.1 200) 8 headers in 296 bytes (1 switches on core 0)
Aug 21 16:37:41.985381 n-d-800087-21 devstack@placement-api.service[95940]: DEBUG placement.requestlog [req-d9103172-a31e-4426-9961-da4e35c8b906 req-d527e922-92b8-4407-b6b2-fc736b575149 None None] Starting request: 10.222.0.38 "GET /placement/allocations/168bf7f3-a90d-4a61-8412-51adc56b340c" {{(pid=95940) __call__ /opt/stack/placement/placement/requestlog.py:55}}
Aug 21 16:37:42.028381 n-d-800087-21 devstack@placement-api.service[95940]: INFO placement.requestlog [req-d9103172-a31e-4426-9961-da4e35c8b906 req-d527e922-92b8-4407-b6b2-fc736b575149 service placement] 10.222.0.38 "GET /placement/allocations/168bf7f3-a90d-4a61-8412-51adc56b340c" status: 200 len: 259 microversion: 1.28
Aug 21 16:37:42.029589 n-d-800087-21 devstack@placement-api.service[95940]: [pid: 95940|app: 0|req: 210/421] 10.222.0.38 () {60 vars in 1378 bytes} [Sat Aug 21 16:37:41 2021] GET /placement/allocations/168bf7f3-a90d-4a61-8412-51adc56b340c => generated 259 bytes in 44 msecs (HTTP/1.1 200) 8 headers in 296 bytes (1 switches on core 0)
Aug 21 16:37:42.041059 n-d-800087-21 devstack@placement-api.service[95941]: DEBUG placement.requestlog [req-d9103172-a31e-4426-9961-da4e35c8b906 req-51fa48a7-b8a1-4bed-9bed-32cf600543e1 None None] Starting request: 10.222.0.38 "POST /placement/allocations" {{(pid=95941) __call__ /opt/stack/placement/placement/requestlog.py:55}}
Aug 21 16:37:42.493910 n-d-800087-21 devstack@placement-api.service[95941]: DEBUG placement.handlers.allocation [req-d9103172-a31e-4426-9961-da4e35c8b906 req-51fa48a7-b8a1-4bed-9bed-32cf600543e1 service placement] Successfully wrote allocations [, , , , , ] {{(pid=95941) _create_allocations /opt/stack/placement/placement/handlers/allocation.py:524}}
Aug 21 16:37:42.494427 n-d-800087-21 devstack@placement-api.service[95941]: INFO placement.requestlog [req-d9103172-a31e-4426-9961-da4e35c8b906 req-51fa48a7-b8a1-4bed-9bed-32cf600543e1 service placement] 10.222.0.38 "POST /placement/allocations" status: 204 len: 0 microversion: 1.28
Aug 21 16:37:42.494942 n-d-800087-21 devstack@placement-api.service[95941]: [pid: 95941|app: 0|req: 212/422] 10.222.0.38 () {64 vars in 1321 bytes} [Sat Aug 21 16:37:42 2021] POST /placement/allocations => generated 0 bytes in 454 msecs (HTTP/1.1 204) 5 headers in 199 bytes (2 switches on core 0)
Aug 21 16:37:51.425371 n-d-800087-21 devstack@placement-api.service[95940]: DEBUG placement.requestlog [req-c3c55af1-ded9-4509-940b-c1cbfeed9cfc req-35af00f1-1dc7-4302-ac75-c35c13205809 None None] Starting request: 10.222.0.18 "GET /placement/allocation_candidates?limit=1000&resources=MEMORY_MB%3A1024%2CVCPU%3A1&root_required=%21COMPUTE_STATUS_DISABLED" {{(pid=95940) __call__ /opt/stack/placement/placement/requestlog.py:55}}
Aug 21 16:37:51.463480 n-d-800087-21 devstack@placement-api.service[95940]: DEBUG placement.objects.research_context [req-c3c55af1-ded9-4509-940b-c1cbfeed9cfc req-35af00f1-1dc7-4302-ac75-c35c13205809 service placement] getting providers with 1024 MEMORY_MB {{(pid=95940) __init__ /opt/stack/placement/placement/objects/research_context.py:126}}
Aug 21 16:37:51.470063 n-d-800087-21 devstack@placement-api.service[95940]: DEBUG placement.objects.research_context [req-c3c55af1-ded9-4509-940b-c1cbfeed9cfc req-35af00f1-1dc7-4302-ac75-c35c13205809 service placement] getting providers with 1 VCPU {{(pid=95940) __init__ /opt/stack/placement/placement/objects/research_context.py:126}}
Aug 21 16:37:51.477729 n-d-800087-21 devstack@placement-api.service[95940]: DEBUG placement.objects.research_context [req-c3c55af1-ded9-4509-940b-c1cbfeed9cfc req-35af00f1-1dc7-4302-ac75-c35c13205809 service placement] found 2 providers with available 1024 MEMORY_MB {{(pid=95940) get_provider_ids_matching /opt/stack/placement/placement/objects/research_context.py:549}}
