Aug 16 23:17:18.090969 n-d-800087-20 devstack@n-api.service[109885]: DEBUG oslo_concurrency.lockutils [None req-434c67ae-ddb4-4226-a09d-1ac42e261c84 tempest-DeleteServersAdminTestJSON-1610798164 tempest-DeleteServersAdminTestJSON-1610798164-project] Lock "81d4ead2-ab68-4cc0-a66f-03a0140539d5" released by "nova.context.set_target_cell..get_or_set_cached_cell_and_set_connections" :: held 0.001s {{(pid=109885) inner /usr/local/lib/python3.8/dist-packages/oslo_concurrency/lockutils.py:367}}
Aug 16 23:17:18.092249 n-d-800087-20 devstack@n-api.service[109885]: DEBUG oslo_concurrency.lockutils [None req-434c67ae-ddb4-4226-a09d-1ac42e261c84 tempest-DeleteServersAdminTestJSON-1610798164 tempest-DeleteServersAdminTestJSON-1610798164-project] Lock "81d4ead2-ab68-4cc0-a66f-03a0140539d5" acquired by "nova.context.set_target_cell..get_or_set_cached_cell_and_set_connections" :: waited 0.000s {{(pid=109885) inner /usr/local/lib/python3.8/dist-packages/oslo_concurrency/lockutils.py:355}}
Aug 16 23:17:18.105137 n-d-800087-20 devstack@n-api.service[109885]: DEBUG oslo_concurrency.lockutils [None req-434c67ae-ddb4-4226-a09d-1ac42e261c84 tempest-DeleteServersAdminTestJSON-1610798164 tempest-DeleteServersAdminTestJSON-1610798164-project] Lock "81d4ead2-ab68-4cc0-a66f-03a0140539d5" released by "nova.context.set_target_cell..get_or_set_cached_cell_and_set_connections" :: held 0.001s {{(pid=109885) inner /usr/local/lib/python3.8/dist-packages/oslo_concurrency/lockutils.py:367}}
Aug 16 23:17:18.483262 n-d-800087-20 devstack@n-api.service[109884]: DEBUG nova.virt.hardware [None req-686604aa-8590-4639-a43a-ea5035cda622 tempest-ServersAdminTestJSON-1106308142 tempest-ServersAdminTestJSON-1106308142-project] Flavor limits 0:0:0 {{(pid=109884) get_cpu_topology_constraints /opt/stack/nova/nova/virt/hardware.py:343}}
Aug 16 23:17:18.483685 n-d-800087-20 devstack@n-api.service[109884]: DEBUG nova.virt.hardware [None req-686604aa-8590-4639-a43a-ea5035cda622 tempest-ServersAdminTestJSON-1106308142 tempest-ServersAdminTestJSON-1106308142-project] Image limits 0:0:0 {{(pid=109884) get_cpu_topology_constraints /opt/stack/nova/nova/virt/hardware.py:347}}
Aug 16 23:17:18.484187 n-d-800087-20 devstack@n-api.service[109884]: DEBUG nova.virt.hardware [None req-686604aa-8590-4639-a43a-ea5035cda622 tempest-ServersAdminTestJSON-1106308142 tempest-ServersAdminTestJSON-1106308142-project] Flavor pref 0:0:0 {{(pid=109884) get_cpu_topology_constraints /opt/stack/nova/nova/virt/hardware.py:383}}
Aug 16 23:17:18.485369 n-d-800087-20 devstack@n-api.service[109884]: DEBUG nova.virt.hardware [None req-686604aa-8590-4639-a43a-ea5035cda622 tempest-ServersAdminTestJSON-1106308142 tempest-ServersAdminTestJSON-1106308142-project] Image pref 0:0:0 {{(pid=109884) get_cpu_topology_constraints /opt/stack/nova/nova/virt/hardware.py:387}}
Aug 16 23:17:18.485839 n-d-800087-20 devstack@n-api.service[109884]: DEBUG nova.virt.hardware [None req-686604aa-8590-4639-a43a-ea5035cda622 tempest-ServersAdminTestJSON-1106308142 tempest-ServersAdminTestJSON-1106308142-project] Chose sockets=0, cores=0, threads=0; limits were sockets=65536, cores=65536, threads=65536 {{(pid=109884) get_cpu_topology_constraints /opt/stack/nova/nova/virt/hardware.py:425}}
Aug 16 23:17:18.502460 n-d-800087-20 devstack@n-api.service[109885]: DEBUG nova.policy [None req-434c67ae-ddb4-4226-a09d-1ac42e261c84 tempest-DeleteServersAdminTestJSON-1610798164 tempest-DeleteServersAdminTestJSON-1610798164-project] Policy check for os_compute_api:os-extended-server-attributes failed with credentials {'is_admin': False, 'user_id': '023128b67e4c4455a0cf9d825ebb4902', 'user_domain_id': 'default', 'system_scope': None, 'domain_id': None, 'project_id': '3c2bbef7946843be9e50371d67c5009c', 'project_domain_id': 'default', 'roles': ['reader', 'member'], 'is_admin_project': True, 'service_user_id': None, 'service_user_domain_id': None, 'service_project_id': None, 'service_project_domain_id': None, 'service_roles': []} {{(pid=109885) authorize /opt/stack/nova/nova/policy.py:199}}
Aug 16 23:17:18.510813 n-d-800087-20 devstack@n-api.service[109884]: DEBUG oslo_concurrency.lockutils [None req-686604aa-8590-4639-a43a-ea5035cda622 tempest-ServersAdminTestJSON-1106308142 tempest-ServersAdminTestJSON-1106308142-project] Lock "00000000-0000-0000-0000-000000000000" acquired by "nova.context.set_target_cell..get_or_set_cached_cell_and_set_connections" :: waited 0.000s {{(pid=109884) inner /usr/local/lib/python3.8/dist-packages/oslo_concurrency/lockutils.py:355}}
Aug 16 23:17:18.511269 n-d-800087-20 devstack@n-api.service[109884]: DEBUG oslo_concurrency.lockutils [None req-686604aa-8590-4639-a43a-ea5035cda622 tempest-ServersAdminTestJSON-1106308142 tempest-ServersAdminTestJSON-1106308142-project] Lock "00000000-0000-0000-0000-000000000000" released by "nova.context.set_target_cell..get_or_set_cached_cell_and_set_connections" :: held 0.001s {{(pid=109884) inner /usr/local/lib/python3.8/dist-packages/oslo_concurrency/lockutils.py:367}}
Aug 16 23:17:18.512106 n-d-800087-20 devstack@n-api.service[109884]: DEBUG oslo_concurrency.lockutils [None req-686604aa-8590-4639-a43a-ea5035cda622 tempest-ServersAdminTestJSON-1106308142 tempest-ServersAdminTestJSON-1106308142-project] Lock "81d4ead2-ab68-4cc0-a66f-03a0140539d5" acquired by "nova.context.set_target_cell..get_or_set_cached_cell_and_set_connections" :: waited 0.000s {{(pid=109884) inner /usr/local/lib/python3.8/dist-packages/oslo_concurrency/lockutils.py:355}}
Aug 16 23:17:18.512546 n-d-800087-20 devstack@n-api.service[109884]: DEBUG oslo_concurrency.lockutils [None req-686604aa-8590-4639-a43a-ea5035cda622 tempest-ServersAdminTestJSON-1106308142 tempest-ServersAdminTestJSON-1106308142-project] Lock "81d4ead2-ab68-4cc0-a66f-03a0140539d5" released by "nova.context.set_target_cell..get_or_set_cached_cell_and_set_connections" :: held 0.000s {{(pid=109884) inner /usr/local/lib/python3.8/dist-packages/oslo_concurrency/lockutils.py:367}}
Aug 16 23:17:18.519427 n-d-800087-20 devstack@n-api.service[109885]: INFO nova.api.openstack.requestlog [None req-434c67ae-ddb4-4226-a09d-1ac42e261c84 tempest-DeleteServersAdminTestJSON-1610798164 tempest-DeleteServersAdminTestJSON-1610798164-project] 10.222.0.66 "GET /compute/v2.1/servers/b3d5f864-edc7-4eba-8692-e7866a61ac51" status: 200 len: 1319 microversion: 2.1 time: 0.444771
Aug 16 23:17:18.530106 n-d-800087-20 devstack@n-api.service[109885]: [pid: 109885|app: 0|req: 43/137] 10.222.0.66 () {58 vars in 1236 bytes} [Mon Aug 16 23:17:18 2021] GET /compute/v2.1/servers/b3d5f864-edc7-4eba-8692-e7866a61ac51 => generated 1319 bytes in 456 msecs (HTTP/1.1 200) 9 headers in 358 bytes (1 switches on core 0)
Aug 16 23:17:18.537802 n-d-800087-20 devstack@n-api.service[109885]: DEBUG nova.api.openstack.wsgi [None req-0a7ebd07-6473-4809-a6e0-503e3c329a37 tempest-FlavorsExtraSpecsTestJSON-1455225217 tempest-FlavorsExtraSpecsTestJSON-1455225217-project-admin] Calling method '>' {{(pid=109885) _process_stack /opt/stack/nova/nova/api/openstack/wsgi.py:513}}
Aug 16 23:17:18.542069 n-d-800087-20 devstack@n-api.service[109884]: DEBUG nova.quota [None req-686604aa-8590-4639-a43a-ea5035cda622 tempest-ServersAdminTestJSON-1106308142 tempest-ServersAdminTestJSON-1106308142-project] Getting quotas for project a82c745d34d14d14a85a0d2f5e427c30. Resources: {'ram', 'cores', 'instances'} {{(pid=109884) _get_quotas /opt/stack/nova/nova/quota.py:384}}
Aug 16 23:17:18.554068 n-d-800087-20 devstack@n-api.service[109884]: DEBUG nova.quota [None req-686604aa-8590-4639-a43a-ea5035cda622 tempest-ServersAdminTestJSON-1106308142 tempest-ServersAdminTestJSON-1106308142-project] Getting quotas for user 6049e04c4f93464dba5952a1cee08398 and project a82c745d34d14d14a85a0d2f5e427c30. Resources: {'ram', 'cores', 'instances'} {{(pid=109884) _get_quotas /opt/stack/nova/nova/quota.py:374}}
Aug 16 23:17:18.574073 n-d-800087-20 devstack@n-api.service[109884]: DEBUG nova.compute.api [None req-686604aa-8590-4639-a43a-ea5035cda622 tempest-ServersAdminTestJSON-1106308142 tempest-ServersAdminTestJSON-1106308142-project] Going to run 1 instances... {{(pid=109884) _provision_instances /opt/stack/nova/nova/compute/api.py:1295}}
Aug 16 23:17:18.577357 n-d-800087-20 devstack@n-api.service[109885]: INFO nova.api.openstack.requestlog [None req-0a7ebd07-6473-4809-a6e0-503e3c329a37 tempest-FlavorsExtraSpecsTestJSON-1455225217 tempest-FlavorsExtraSpecsTestJSON-1455225217-project-admin] 10.222.0.66 "GET /compute/v2.1/flavors/detail" status: 200 len: 5821 microversion: 2.1 time: 0.045368
Aug 16 23:17:18.579019 n-d-800087-20 devstack@n-api.service[109885]: [pid: 109885|app: 0|req: 44/138] 10.222.0.66 () {58 vars in 1146 bytes} [Mon Aug 16 23:17:18 2021] GET /compute/v2.1/flavors/detail => generated 5821 bytes in 47 msecs (HTTP/1.1 200) 9 headers in 358 bytes (1 switches on core 0)
Aug 16 23:17:18.594929 n-d-800087-20 devstack@n-api.service[109885]: DEBUG nova.api.openstack.wsgi [None req-649b448d-c247-4fa6-8a1c-b7477b035376 tempest-AggregatesAdminTestJSON-2126203844 tempest-AggregatesAdminTestJSON-2126203844-project] Calling method '>' {{(pid=109885) _process_stack /opt/stack/nova/nova/api/openstack/wsgi.py:513}}
Aug 16 23:17:18.596664 n-d-800087-20 devstack@n-api.service[109885]: DEBUG nova.compute.api [None req-649b448d-c247-4fa6-8a1c-b7477b035376 tempest-AggregatesAdminTestJSON-2126203844 tempest-AggregatesAdminTestJSON-2126203844-project] [instance: 6575e90d-a8f1-4ce5-8855-7650df418105] Fetching instance by UUID {{(pid=109885) get /opt/stack/nova/nova/compute/api.py:2808}}
Aug 16 23:17:18.602956 n-d-800087-20 devstack@n-api.service[109884]: DEBUG nova.compute.api [None req-686604aa-8590-4639-a43a-ea5035cda622 tempest-ServersAdminTestJSON-1106308142 tempest-ServersAdminTestJSON-1106308142-project] [instance: 0a6f3cd4-6cc3-4b2f-8544-0d957c931dde] block_device_mapping [BlockDeviceMapping(attachment_id=,boot_index=0,connection_info=None,created_at=,delete_on_termination=True,deleted=,deleted_at=,destination_type='local',device_name=None,device_type='disk',disk_bus=None,guest_format=None,id=,image_id='32d6b02a-943b-4106-9429-9fcb5b79138c',instance=,instance_uuid=,no_device=False,snapshot_id=None,source_type='image',tag=None,updated_at=,uuid=,volume_id=None,volume_size=None,volume_type=None)] {{(pid=109884) _bdm_validate_set_size_and_instance /opt/stack/nova/nova/compute/api.py:1702}}
Aug 16 23:17:18.608043 n-d-800087-20 devstack@n-api.service[109885]: DEBUG oslo_concurrency.lockutils [None req-649b448d-c247-4fa6-8a1c-b7477b035376 tempest-AggregatesAdminTestJSON-2126203844 tempest-AggregatesAdminTestJSON-2126203844-project] Lock "81d4ead2-ab68-4cc0-a66f-03a0140539d5" acquired by "nova.context.set_target_cell..get_or_set_cached_cell_and_set_connections" :: waited 0.000s {{(pid=109885) inner /usr/local/lib/python3.8/dist-packages/oslo_concurrency/lockutils.py:355}}
Aug 16 23:17:18.613152 n-d-800087-20 devstack@n-api.service[109885]: DEBUG oslo_concurrency.lockutils [None req-649b448d-c247-4fa6-8a1c-b7477b035376 tempest-AggregatesAdminTestJSON-2126203844 tempest-AggregatesAdminTestJSON-2126203844-project] Lock "81d4ead2-ab68-4cc0-a66f-03a0140539d5" released by "nova.context.set_target_cell..get_or_set_cached_cell_and_set_connections" :: held 0.003s {{(pid=109885) inner /usr/local/lib/python3.8/dist-packages/oslo_concurrency/lockutils.py:367}}
Aug 16 23:17:18.615763 n-d-800087-20 devstack@n-api.service[109885]: DEBUG oslo_concurrency.lockutils [None req-649b448d-c247-4fa6-8a1c-b7477b035376 tempest-AggregatesAdminTestJSON-2126203844 tempest-AggregatesAdminTestJSON-2126203844-project] Lock "81d4ead2-ab68-4cc0-a66f-03a0140539d5" acquired by "nova.context.set_target_cell..get_or_set_cached_cell_and_set_connections" :: waited 0.000s {{(pid=109885) inner /usr/local/lib/python3.8/dist-packages/oslo_concurrency/lockutils.py:355}}
Aug 16 23:17:18.616383 n-d-800087-20 devstack@n-api.service[109885]: DEBUG oslo_concurrency.lockutils [None req-649b448d-c247-4fa6-8a1c-b7477b035376 tempest-AggregatesAdminTestJSON-2126203844 tempest-AggregatesAdminTestJSON-2126203844-project] Lock "81d4ead2-ab68-4cc0-a66f-03a0140539d5" released by "nova.context.set_target_cell..get_or_set_cached_cell_and_set_connections" :: held 0.001s {{(pid=109885) inner /usr/local/lib/python3.8/dist-packages/oslo_concurrency/lockutils.py:367}}
Aug 16 23:17:18.696302 n-d-800087-20 devstack@n-api.service[109884]: INFO nova.api.openstack.requestlog [None req-686604aa-8590-4639-a43a-ea5035cda622 tempest-ServersAdminTestJSON-1106308142 tempest-ServersAdminTestJSON-1106308142-project] 10.222.0.66 "POST /compute/v2.1/servers" status: 202 len: 380 microversion: 2.1 time: 0.801778
Aug 16 23:17:18.701393 n-d-800087-20 devstack@n-api.service[109884]: [pid: 109884|app: 0|req: 95/139] 10.222.0.66 () {60 vars in 1147 bytes} [Mon Aug 16 23:17:17 2021] POST /compute/v2.1/servers => generated 380 bytes in 807 msecs (HTTP/1.1 202) 10 headers in 451 bytes (1 switches on core 0)
Aug 16 23:17:18.703617 n-d-800087-20 devstack@n-api.service[109884]: DEBUG nova.api.openstack.wsgi [None req-fa43f1da-5a3b-4eef-9d1b-af6d0105bfcf tempest-ServersWithSpecificFlavorTestJSON-1605995368 tempest-ServersWithSpecificFlavorTestJSON-1605995368-project] Action: 'create', calling method: >, body: {"server": {"name": "tempest-ServersWithSpecificFlavorTestJSON-server-1716051769", "imageRef": "32d6b02a-943b-4106-9429-9fcb5b79138c", "flavorRef": "1297975506", "adminPass": "***", "networks": [{"uuid": "b4d48cd0-8b37-45a8-9575-1b94aa2d545d"}], "security_groups": [{"name": "tempest-securitygroup--1510895605"}], "key_name": "tempest-keypair-1028952690", "user_data": "IyEvYmluL3NoCmVjaG8gIlByaW50aW5nIHVidW50dSB1c2VyIGF1dGhvcml6ZWQga2V5cyIKY2F0IH51YnVudHUvLnNzaC9hdXRob3JpemVkX2tleXMgfHwgdHJ1ZQo="}} {{(pid=109884) _process_stack /opt/stack/nova/nova/api/openstack/wsgi.py:511}}
Aug 16 23:17:18.895652 n-d-800087-20 devstack@n-api.service[109884]: DEBUG nova.network.neutron [None req-fa43f1da-5a3b-4eef-9d1b-af6d0105bfcf tempest-ServersWithSpecificFlavorTestJSON-1605995368 tempest-ServersWithSpecificFlavorTestJSON-1605995368-project] validate_networks() for [('b4d48cd0-8b37-45a8-9575-1b94aa2d545d', None, None, None)] {{(pid=109884) validate_networks /opt/stack/nova/nova/network/neutron.py:2409}}
Aug 16 23:17:18.901519 n-d-800087-20 devstack@n-api.service[109885]: DEBUG nova.policy [None req-649b448d-c247-4fa6-8a1c-b7477b035376 tempest-AggregatesAdminTestJSON-2126203844 tempest-AggregatesAdminTestJSON-2126203844-project] Policy check for os_compute_api:os-extended-server-attributes failed with credentials {'is_admin': False, 'user_id': '3778b8b5ae744c42bfc9d73df61d8273', 'user_domain_id': 'default', 'system_scope': None, 'domain_id': None, 'project_id': '3e8efcbdc24849be945b0ee01c4597ad', 'project_domain_id': 'default', 'roles': ['reader', 'member'], 'is_admin_project': True, 'service_user_id': None, 'service_user_domain_id': None, 'service_project_id': None, 'service_project_domain_id': None, 'service_roles': []} {{(pid=109885) authorize /opt/stack/nova/nova/policy.py:199}}
Aug 16 23:17:18.915876 n-d-800087-20 devstack@n-api.service[109885]: INFO nova.api.openstack.requestlog [None req-649b448d-c247-4fa6-8a1c-b7477b035376 tempest-AggregatesAdminTestJSON-2126203844 tempest-AggregatesAdminTestJSON-2126203844-project] 10.222.0.66 "GET /compute/v2.1/servers/6575e90d-a8f1-4ce5-8855-7650df418105" status: 200 len: 1339 microversion: 2.1 time: 0.335203
Aug 16 23:17:18.925372 n-d-800087-20 devstack@n-api.service[109885]: [pid: 109885|app: 0|req: 45/140] 10.222.0.66 () {58 vars in 1236 bytes} [Mon Aug 16 23:17:18 2021] GET /compute/v2.1/servers/6575e90d-a8f1-4ce5-8855-7650df418105 => generated 1339 bytes in 337 msecs (HTTP/1.1 200) 9 headers in 358 bytes (1 switches on core 0)
Aug 16 23:17:18.925372 n-d-800087-20 devstack@n-api.service[109885]: DEBUG nova.api.openstack.wsgi [None req-194fee52-00fc-4958-8f6e-3af2b7a6c4a3 tempest-ServersAdminTestJSON-1106308142 tempest-ServersAdminTestJSON-1106308142-project] Calling method '>' {{(pid=109885) _process_stack /opt/stack/nova/nova/api/openstack/wsgi.py:513}}
Aug 16 23:17:18.925644 n-d-800087-20 devstack@n-api.service[109885]: DEBUG nova.compute.api [None req-194fee52-00fc-4958-8f6e-3af2b7a6c4a3 tempest-ServersAdminTestJSON-1106308142 tempest-ServersAdminTestJSON-1106308142-project] [instance: 0a6f3cd4-6cc3-4b2f-8544-0d957c931dde] Fetching instance by UUID {{(pid=109885) get /opt/stack/nova/nova/compute/api.py:2808}}
Aug 16 23:17:19.210769 n-d-800087-20 devstack@n-api.service[109885]: DEBUG nova.policy [None req-194fee52-00fc-4958-8f6e-3af2b7a6c4a3 tempest-ServersAdminTestJSON-1106308142 tempest-ServersAdminTestJSON-1106308142-project] Policy check for os_compute_api:os-extended-server-attributes failed with credentials {'is_admin': False, 'user_id': '6049e04c4f93464dba5952a1cee08398', 'user_domain_id': 'default', 'system_scope': None, 'domain_id': None, 'project_id': 'a82c745d34d14d14a85a0d2f5e427c30', 'project_domain_id': 'default', 'roles': ['reader', 'member'], 'is_admin_project': True, 'service_user_id': None, 'service_user_domain_id': None, 'service_project_id': None, 'service_project_domain_id': None, 'service_roles': []} {{(pid=109885) authorize /opt/stack/nova/nova/policy.py:199}}
Aug 16 23:17:19.219866 n-d-800087-20 devstack@n-api.service[109885]: INFO nova.api.openstack.requestlog [None req-194fee52-00fc-4958-8f6e-3af2b7a6c4a3 tempest-ServersAdminTestJSON-1106308142 tempest-ServersAdminTestJSON-1106308142-project] 10.222.0.66 "GET /compute/v2.1/servers/0a6f3cd4-6cc3-4b2f-8544-0d957c931dde" status: 200 len: 1214 microversion: 2.1 time: 0.301791
Aug 16 23:17:19.230496 n-d-800087-20 devstack@n-api.service[109885]: [pid: 109885|app: 0|req: 46/141] 10.222.0.66 () {58 vars in 1236 bytes} [Mon Aug 16 23:17:18 2021] GET /compute/v2.1/servers/0a6f3cd4-6cc3-4b2f-8544-0d957c931dde => generated 1214 bytes in 313 msecs (HTTP/1.1 200) 9 headers in 358 bytes (1 switches on core 0)
Aug 16 23:17:19.546625 n-d-800087-20 devstack@n-api.service[109885]: DEBUG nova.api.openstack.wsgi [None req-16b5a179-03d1-4e16-9e1b-c238ce3b6a50 tempest-DeleteServersAdminTestJSON-1610798164 tempest-DeleteServersAdminTestJSON-1610798164-project] Calling method '>' {{(pid=109885) _process_stack /opt/stack/nova/nova/api/openstack/wsgi.py:513}}
Aug 16 23:17:19.548654 n-d-800087-20 devstack@n-api.service[109885]: DEBUG nova.compute.api [None req-16b5a179-03d1-4e16-9e1b-c238ce3b6a50 tempest-DeleteServersAdminTestJSON-1610798164 tempest-DeleteServersAdminTestJSON-1610798164-project] [instance: b3d5f864-edc7-4eba-8692-e7866a61ac51] Fetching instance by UUID {{(pid=109885) get /opt/stack/nova/nova/compute/api.py:2808}}
Aug 16 23:17:19.567556 n-d-800087-20 devstack@n-api.service[109885]: DEBUG oslo_concurrency.lockutils [None req-16b5a179-03d1-4e16-9e1b-c238ce3b6a50 tempest-DeleteServersAdminTestJSON-1610798164 tempest-DeleteServersAdminTestJSON-1610798164-project] Lock "81d4ead2-ab68-4cc0-a66f-03a0140539d5" acquired by "nova.context.set_target_cell..get_or_set_cached_cell_and_set_connections" :: waited 0.000s {{(pid=109885) inner /usr/local/lib/python3.8/dist-packages/oslo_concurrency/lockutils.py:355}}
Aug 16 23:17:19.570451 n-d-800087-20 devstack@n-api.service[109885]: DEBUG oslo_concurrency.lockutils [None req-16b5a179-03d1-4e16-9e1b-c238ce3b6a50 tempest-DeleteServersAdminTestJSON-1610798164 tempest-DeleteServersAdminTestJSON-1610798164-project] Lock "81d4ead2-ab68-4cc0-a66f-03a0140539d5" released by "nova.context.set_target_cell..get_or_set_cached_cell_and_set_connections" :: held 0.004s {{(pid=109885) inner /usr/local/lib/python3.8/dist-packages/oslo_concurrency/lockutils.py:367}}
Aug 16 23:17:19.572137 n-d-800087-20 devstack@n-api.service[109885]: DEBUG oslo_concurrency.lockutils [None req-16b5a179-03d1-4e16-9e1b-c238ce3b6a50 tempest-DeleteServersAdminTestJSON-1610798164 tempest-DeleteServersAdminTestJSON-1610798164-project] Lock "81d4ead2-ab68-4cc0-a66f-03a0140539d5" acquired by "nova.context.set_target_cell..get_or_set_cached_cell_and_set_connections" :: waited 0.000s {{(pid=109885) inner /usr/local/lib/python3.8/dist-packages/oslo_concurrency/lockutils.py:355}}
Aug 16 23:17:19.574171 n-d-800087-20 devstack@n-api.service[109885]: DEBUG oslo_concurrency.lockutils [None req-16b5a179-03d1-4e16-9e1b-c238ce3b6a50 tempest-DeleteServersAdminTestJSON-1610798164 tempest-DeleteServersAdminTestJSON-1610798164-project] Lock "81d4ead2-ab68-4cc0-a66f-03a0140539d5" released by "nova.context.set_target_cell..get_or_set_cached_cell_and_set_connections" :: held 0.002s {{(pid=109885) inner /usr/local/lib/python3.8/dist-packages/oslo_concurrency/lockutils.py:367}}
Aug 16 23:17:19.767217 n-d-800087-20 devstack@n-api.service[109885]: DEBUG nova.policy [None req-16b5a179-03d1-4e16-9e1b-c238ce3b6a50 tempest-DeleteServersAdminTestJSON-1610798164 tempest-DeleteServersAdminTestJSON-1610798164-project] Policy check for os_compute_api:os-extended-server-attributes failed with credentials {'is_admin': False, 'user_id': '023128b67e4c4455a0cf9d825ebb4902', 'user_domain_id': 'default', 'system_scope': None, 'domain_id': None, 'project_id': '3c2bbef7946843be9e50371d67c5009c', 'project_domain_id': 'default', 'roles': ['reader', 'member'], 'is_admin_project': True, 'service_user_id': None, 'service_user_domain_id': None, 'service_project_id': None, 'service_project_domain_id': None, 'service_roles': []} {{(pid=109885) authorize /opt/stack/nova/nova/policy.py:199}}
Aug 16 23:17:19.777075 n-d-800087-20 devstack@n-api.service[109885]: INFO nova.api.openstack.requestlog [None req-16b5a179-03d1-4e16-9e1b-c238ce3b6a50 tempest-DeleteServersAdminTestJSON-1610798164 tempest-DeleteServersAdminTestJSON-1610798164-project] 10.222.0.66 "GET /compute/v2.1/servers/b3d5f864-edc7-4eba-8692-e7866a61ac51" status: 200 len: 1319 microversion: 2.1 time: 0.243283
Aug 16 23:17:19.778152 n-d-800087-20 devstack@n-api.service[109885]: [pid: 109885|app: 0|req: 47/142] 10.222.0.66 () {58 vars in 1236 bytes} [Mon Aug 16 23:17:19 2021] GET /compute/v2.1/servers/b3d5f864-edc7-4eba-8692-e7866a61ac51 => generated 1319 bytes in 245 msecs (HTTP/1.1 200) 9 headers in 358 bytes (1 switches on core 0)
Aug 16 23:17:19.932714 n-d-800087-20 devstack@n-api.service[109885]: DEBUG nova.api.openstack.wsgi [None req-af177a16-94e2-4635-93ad-c3c173edc74c tempest-AggregatesAdminTestJSON-2126203844 tempest-AggregatesAdminTestJSON-2126203844-project] Calling method '>' {{(pid=109885) _process_stack /opt/stack/nova/nova/api/openstack/wsgi.py:513}}
Aug 16 23:17:19.933617 n-d-800087-20 devstack@n-api.service[109885]: DEBUG nova.compute.api [None req-af177a16-94e2-4635-93ad-c3c173edc74c tempest-AggregatesAdminTestJSON-2126203844 tempest-AggregatesAdminTestJSON-2126203844-project] [instance: 6575e90d-a8f1-4ce5-8855-7650df418105] Fetching instance by UUID {{(pid=109885) get /opt/stack/nova/nova/compute/api.py:2808}}
Aug 16 23:17:19.941182 n-d-800087-20 devstack@n-api.service[109885]: DEBUG oslo_concurrency.lockutils [None req-af177a16-94e2-4635-93ad-c3c173edc74c tempest-AggregatesAdminTestJSON-2126203844 tempest-AggregatesAdminTestJSON-2126203844-project] Lock "81d4ead2-ab68-4cc0-a66f-03a0140539d5" acquired by "nova.context.set_target_cell..get_or_set_cached_cell_and_set_connections" :: waited 0.000s {{(pid=109885) inner /usr/local/lib/python3.8/dist-packages/oslo_concurrency/lockutils.py:355}}
Aug 16 23:17:19.941625 n-d-800087-20 devstack@n-api.service[109885]: DEBUG oslo_concurrency.lockutils [None req-af177a16-94e2-4635-93ad-c3c173edc74c tempest-AggregatesAdminTestJSON-2126203844 tempest-AggregatesAdminTestJSON-2126203844-project] Lock "81d4ead2-ab68-4cc0-a66f-03a0140539d5" released by "nova.context.set_target_cell..get_or_set_cached_cell_and_set_connections" :: held 0.001s {{(pid=109885) inner /usr/local/lib/python3.8/dist-packages/oslo_concurrency/lockutils.py:367}}
Aug 16 23:17:19.942403 n-d-800087-20 devstack@n-api.service[109885]: DEBUG oslo_concurrency.lockutils [None req-af177a16-94e2-4635-93ad-c3c173edc74c tempest-AggregatesAdminTestJSON-2126203844 tempest-AggregatesAdminTestJSON-2126203844-project] Lock "81d4ead2-ab68-4cc0-a66f-03a0140539d5" acquired by "nova.context.set_target_cell..get_or_set_cached_cell_and_set_connections" :: waited 0.000s {{(pid=109885) inner /usr/local/lib/python3.8/dist-packages/oslo_concurrency/lockutils.py:355}}
Aug 16 23:17:19.942993 n-d-800087-20 devstack@n-api.service[109885]: DEBUG oslo_concurrency.lockutils [None req-af177a16-94e2-4635-93ad-c3c173edc74c tempest-AggregatesAdminTestJSON-2126203844 tempest-AggregatesAdminTestJSON-2126203844-project] Lock "81d4ead2-ab68-4cc0-a66f-03a0140539d5" released by "nova.context.set_target_cell..get_or_set_cached_cell_and_set_connections" :: held 0.001s {{(pid=109885) inner /usr/local/lib/python3.8/dist-packages/oslo_concurrency/lockutils.py:367}}
Aug 16 23:17:20.194831 n-d-800087-20 devstack@n-api.service[109885]: DEBUG nova.policy [None req-af177a16-94e2-4635-93ad-c3c173edc74c tempest-AggregatesAdminTestJSON-2126203844 tempest-AggregatesAdminTestJSON-2126203844-project] Policy check for os_compute_api:os-extended-server-attributes failed with credentials {'is_admin': False, 'user_id': '3778b8b5ae744c42bfc9d73df61d8273', 'user_domain_id': 'default', 'system_scope': None, 'domain_id': None, 'project_id': '3e8efcbdc24849be945b0ee01c4597ad', 'project_domain_id': 'default', 'roles': ['reader', 'member'], 'is_admin_project': True, 'service_user_id': None, 'service_user_domain_id': None, 'service_project_id': None, 'service_project_domain_id': None, 'service_roles': []} {{(pid=109885) authorize /opt/stack/nova/nova/policy.py:199}}
Aug 16 23:17:20.202584 n-d-800087-20 devstack@n-api.service[109885]: INFO nova.api.openstack.requestlog [None req-af177a16-94e2-4635-93ad-c3c173edc74c tempest-AggregatesAdminTestJSON-2126203844 tempest-AggregatesAdminTestJSON-2126203844-project] 10.222.0.66 "GET /compute/v2.1/servers/6575e90d-a8f1-4ce5-8855-7650df418105" status: 200 len: 1339 microversion: 2.1 time: 0.273394
Aug 16 23:17:20.206110 n-d-800087-20 devstack@n-api.service[109885]: [pid: 109885|app: 0|req: 48/143] 10.222.0.66 () {58 vars in 1236 bytes} [Mon Aug 16 23:17:19 2021] GET /compute/v2.1/servers/6575e90d-a8f1-4ce5-8855-7650df418105 => generated 1339 bytes in 277 msecs (HTTP/1.1 200) 9 headers in 358 bytes (1 switches on core 0)
Aug 16 23:17:20.241909 n-d-800087-20 devstack@n-api.service[109885]: DEBUG nova.api.openstack.wsgi [None req-85578544-88df-4b1f-b213-6bb90ded46a2 tempest-ServersAdminTestJSON-1106308142 tempest-ServersAdminTestJSON-1106308142-project] Calling method '>' {{(pid=109885) _process_stack /opt/stack/nova/nova/api/openstack/wsgi.py:513}}
Aug 16 23:17:20.242855 n-d-800087-20 devstack@n-api.service[109885]: DEBUG nova.compute.api [None req-85578544-88df-4b1f-b213-6bb90ded46a2 tempest-ServersAdminTestJSON-1106308142 tempest-ServersAdminTestJSON-1106308142-project] [instance: 0a6f3cd4-6cc3-4b2f-8544-0d957c931dde] Fetching instance by UUID {{(pid=109885) get /opt/stack/nova/nova/compute/api.py:2808}}
Aug 16 23:17:20.249293 n-d-800087-20 devstack@n-api.service[109885]: DEBUG oslo_concurrency.lockutils [None req-85578544-88df-4b1f-b213-6bb90ded46a2 tempest-ServersAdminTestJSON-1106308142 tempest-ServersAdminTestJSON-1106308142-project] Lock "81d4ead2-ab68-4cc0-a66f-03a0140539d5" acquired by "nova.context.set_target_cell..get_or_set_cached_cell_and_set_connections" :: waited 0.000s {{(pid=109885) inner /usr/local/lib/python3.8/dist-packages/oslo_concurrency/lockutils.py:355}}
Aug 16 23:17:20.250059 n-d-800087-20 devstack@n-api.service[109885]: DEBUG oslo_concurrency.lockutils [None req-85578544-88df-4b1f-b213-6bb90ded46a2 tempest-ServersAdminTestJSON-1106308142 tempest-ServersAdminTestJSON-1106308142-project] Lock "81d4ead2-ab68-4cc0-a66f-03a0140539d5" released by "nova.context.set_target_cell..get_or_set_cached_cell_and_set_connections" :: held 0.001s {{(pid=109885) inner /usr/local/lib/python3.8/dist-packages/oslo_concurrency/lockutils.py:367}}
Aug 16 23:17:20.251590 n-d-800087-20 devstack@n-api.service[109885]: DEBUG oslo_concurrency.lockutils [None req-85578544-88df-4b1f-b213-6bb90ded46a2 tempest-ServersAdminTestJSON-1106308142 tempest-ServersAdminTestJSON-1106308142-project] Lock "81d4ead2-ab68-4cc0-a66f-03a0140539d5" acquired by "nova.context.set_target_cell..get_or_set_cached_cell_and_set_connections" :: waited 0.000s {{(pid=109885) inner /usr/local/lib/python3.8/dist-packages/oslo_concurrency/lockutils.py:355}}
Aug 16 23:17:20.252269 n-d-800087-20 devstack@n-api.service[109885]: DEBUG oslo_concurrency.lockutils [None req-85578544-88df-4b1f-b213-6bb90ded46a2 tempest-ServersAdminTestJSON-1106308142 tempest-ServersAdminTestJSON-1106308142-project] Lock "81d4ead2-ab68-4cc0-a66f-03a0140539d5" released by "nova.context.set_target_cell..get_or_set_cached_cell_and_set_connections" :: held 0.001s {{(pid=109885) inner /usr/local/lib/python3.8/dist-packages/oslo_concurrency/lockutils.py:367}}
Aug 16 23:17:20.348983 n-d-800087-20 devstack@n-api.service[109885]: DEBUG nova.policy [None req-85578544-88df-4b1f-b213-6bb90ded46a2 tempest-ServersAdminTestJSON-1106308142 tempest-ServersAdminTestJSON-1106308142-project] Policy check for os_compute_api:os-extended-server-attributes failed with credentials {'is_admin': False, 'user_id': '6049e04c4f93464dba5952a1cee08398', 'user_domain_id': 'default', 'system_scope': None, 'domain_id': None, 'project_id': 'a82c745d34d14d14a85a0d2f5e427c30', 'project_domain_id': 'default', 'roles': ['reader', 'member'], 'is_admin_project': True, 'service_user_id': None, 'service_user_domain_id': None, 'service_project_id': None, 'service_project_domain_id': None, 'service_roles': []} {{(pid=109885) authorize /opt/stack/nova/nova/policy.py:199}}
Aug 16 23:17:20.360829 n-d-800087-20 devstack@n-api.service[109885]: INFO nova.api.openstack.requestlog [None req-85578544-88df-4b1f-b213-6bb90ded46a2 tempest-ServersAdminTestJSON-1106308142 tempest-ServersAdminTestJSON-1106308142-project] 10.222.0.66 "GET /compute/v2.1/servers/0a6f3cd4-6cc3-4b2f-8544-0d957c931dde" status: 200 len: 1294 microversion: 2.1 time: 0.122345
Aug 16 23:17:20.361417 n-d-800087-20 devstack@n-api.service[109885]: [pid: 109885|app: 0|req: 49/144] 10.222.0.66 () {58 vars in 1236 bytes} [Mon Aug 16 23:17:20 2021] GET /compute/v2.1/servers/0a6f3cd4-6cc3-4b2f-8544-0d957c931dde => generated 1294 bytes in 124 msecs (HTTP/1.1 200) 9 headers in 358 bytes (1 switches on core 0)
Aug 16 23:17:20.462766 n-d-800087-20 devstack@n-api.service[109884]: DEBUG nova.virt.hardware [None req-fa43f1da-5a3b-4eef-9d1b-af6d0105bfcf tempest-ServersWithSpecificFlavorTestJSON-1605995368 tempest-ServersWithSpecificFlavorTestJSON-1605995368-project] Flavor limits 0:0:0 {{(pid=109884) get_cpu_topology_constraints /opt/stack/nova/nova/virt/hardware.py:343}}
Aug 16 23:17:20.463432 n-d-800087-20 devstack@n-api.service[109884]: DEBUG nova.virt.hardware [None req-fa43f1da-5a3b-4eef-9d1b-af6d0105bfcf tempest-ServersWithSpecificFlavorTestJSON-1605995368 tempest-ServersWithSpecificFlavorTestJSON-1605995368-project] Image limits 0:0:0 {{(pid=109884) get_cpu_topology_constraints /opt/stack/nova/nova/virt/hardware.py:347}}
Aug 16 23:17:20.464083 n-d-800087-20 devstack@n-api.service[109884]: DEBUG nova.virt.hardware [None req-fa43f1da-5a3b-4eef-9d1b-af6d0105bfcf tempest-ServersWithSpecificFlavorTestJSON-1605995368 tempest-ServersWithSpecificFlavorTestJSON-1605995368-project] Flavor pref 0:0:0 {{(pid=109884) get_cpu_topology_constraints /opt/stack/nova/nova/virt/hardware.py:383}}
Aug 16 23:17:20.464639 n-d-800087-20 devstack@n-api.service[109884]: DEBUG nova.virt.hardware [None req-fa43f1da-5a3b-4eef-9d1b-af6d0105bfcf tempest-ServersWithSpecificFlavorTestJSON-1605995368 tempest-ServersWithSpecificFlavorTestJSON-1605995368-project] Image pref 0:0:0 {{(pid=109884) get_cpu_topology_constraints /opt/stack/nova/nova/virt/hardware.py:387}}
Aug 16 23:17:20.465456 n-d-800087-20 devstack@n-api.service[109884]: DEBUG nova.virt.hardware [None req-fa43f1da-5a3b-4eef-9d1b-af6d0105bfcf tempest-ServersWithSpecificFlavorTestJSON-1605995368 tempest-ServersWithSpecificFlavorTestJSON-1605995368-project] Chose sockets=0, cores=0, threads=0; limits were sockets=65536, cores=65536, threads=65536 {{(pid=109884) get_cpu_topology_constraints /opt/stack/nova/nova/virt/hardware.py:425}}
Aug 16 23:17:20.475497 n-d-800087-20 devstack@n-api.service[109884]: DEBUG oslo_concurrency.lockutils [None req-fa43f1da-5a3b-4eef-9d1b-af6d0105bfcf tempest-ServersWithSpecificFlavorTestJSON-1605995368 tempest-ServersWithSpecificFlavorTestJSON-1605995368-project] Lock "00000000-0000-0000-0000-000000000000" acquired by "nova.context.set_target_cell..get_or_set_cached_cell_and_set_connections" :: waited 0.000s {{(pid=109884) inner /usr/local/lib/python3.8/dist-packages/oslo_concurrency/lockutils.py:355}}
Aug 16 23:17:20.475936 n-d-800087-20 devstack@n-api.service[109884]: DEBUG oslo_concurrency.lockutils [None req-fa43f1da-5a3b-4eef-9d1b-af6d0105bfcf tempest-ServersWithSpecificFlavorTestJSON-1605995368 tempest-ServersWithSpecificFlavorTestJSON-1605995368-project] Lock "00000000-0000-0000-0000-000000000000" released by "nova.context.set_target_cell..get_or_set_cached_cell_and_set_connections" :: held 0.001s {{(pid=109884) inner /usr/local/lib/python3.8/dist-packages/oslo_concurrency/lockutils.py:367}}
Aug 16 23:17:20.476760 n-d-800087-20 devstack@n-api.service[109884]: DEBUG oslo_concurrency.lockutils [None req-fa43f1da-5a3b-4eef-9d1b-af6d0105bfcf tempest-ServersWithSpecificFlavorTestJSON-1605995368 tempest-ServersWithSpecificFlavorTestJSON-1605995368-project] Lock "81d4ead2-ab68-4cc0-a66f-03a0140539d5" acquired by "nova.context.set_target_cell..get_or_set_cached_cell_and_set_connections" :: waited 0.000s {{(pid=109884) inner /usr/local/lib/python3.8/dist-packages/oslo_concurrency/lockutils.py:355}}
Aug 16 23:17:20.477188 n-d-800087-20 devstack@n-api.service[109884]: DEBUG oslo_concurrency.lockutils [None req-fa43f1da-5a3b-4eef-9d1b-af6d0105bfcf tempest-ServersWithSpecificFlavorTestJSON-1605995368 tempest-ServersWithSpecificFlavorTestJSON-1605995368-project] Lock "81d4ead2-ab68-4cc0-a66f-03a0140539d5" released by "nova.context.set_target_cell..get_or_set_cached_cell_and_set_connections" :: held 0.000s {{(pid=109884) inner /usr/local/lib/python3.8/dist-packages/oslo_concurrency/lockutils.py:367}}
Aug 16 23:17:20.495421 n-d-800087-20 devstack@n-api.service[109884]: DEBUG nova.quota [None req-fa43f1da-5a3b-4eef-9d1b-af6d0105bfcf tempest-ServersWithSpecificFlavorTestJSON-1605995368 tempest-ServersWithSpecificFlavorTestJSON-1605995368-project] Getting quotas for project 01227726ff364f4d85327762ec8dc007. Resources: {'ram', 'cores', 'instances'} {{(pid=109884) _get_quotas /opt/stack/nova/nova/quota.py:384}}
Aug 16 23:17:20.501478 n-d-800087-20 devstack@n-api.service[109884]: DEBUG nova.quota [None req-fa43f1da-5a3b-4eef-9d1b-af6d0105bfcf tempest-ServersWithSpecificFlavorTestJSON-1605995368 tempest-ServersWithSpecificFlavorTestJSON-1605995368-project] Getting quotas for user 9f8f6b8f055647fc96cf63bd72d1aa28 and project 01227726ff364f4d85327762ec8dc007. Resources: {'ram', 'cores', 'instances'} {{(pid=109884) _get_quotas /opt/stack/nova/nova/quota.py:374}}
Aug 16 23:17:20.516094 n-d-800087-20 devstack@n-api.service[109884]: DEBUG nova.compute.api [None req-fa43f1da-5a3b-4eef-9d1b-af6d0105bfcf tempest-ServersWithSpecificFlavorTestJSON-1605995368 tempest-ServersWithSpecificFlavorTestJSON-1605995368-project] Going to run 1 instances... {{(pid=109884) _provision_instances /opt/stack/nova/nova/compute/api.py:1295}}
Aug 16 23:17:20.520040 n-d-800087-20 devstack@n-api.service[109884]: DEBUG nova.compute.api [None req-fa43f1da-5a3b-4eef-9d1b-af6d0105bfcf tempest-ServersWithSpecificFlavorTestJSON-1605995368 tempest-ServersWithSpecificFlavorTestJSON-1605995368-project] [instance: 73e8d150-6501-4b2b-aab3-98796a7570cb] block_device_mapping [BlockDeviceMapping(attachment_id=,boot_index=0,connection_info=None,created_at=,delete_on_termination=True,deleted=,deleted_at=,destination_type='local',device_name=None,device_type='disk',disk_bus=None,guest_format=None,id=,image_id='32d6b02a-943b-4106-9429-9fcb5b79138c',instance=,instance_uuid=,no_device=False,snapshot_id=None,source_type='image',tag=None,updated_at=,uuid=,volume_id=None,volume_size=None,volume_type=None)] {{(pid=109884) _bdm_validate_set_size_and_instance /opt/stack/nova/nova/compute/api.py:1702}}
Aug 16 23:17:20.608480 n-d-800087-20 devstack@n-api.service[109884]: INFO nova.api.openstack.requestlog [None req-fa43f1da-5a3b-4eef-9d1b-af6d0105bfcf tempest-ServersWithSpecificFlavorTestJSON-1605995368 tempest-ServersWithSpecificFlavorTestJSON-1605995368-project] 10.222.0.66 "POST /compute/v2.1/servers" status: 202 len: 402 microversion: 2.1 time: 1.909946
Aug 16 23:17:20.620741 n-d-800087-20 devstack@n-api.service[109885]: DEBUG nova.api.openstack.wsgi [None req-875f38df-df68-4714-9cb1-02fcdda08a04 tempest-ServersWithSpecificFlavorTestJSON-1605995368 tempest-ServersWithSpecificFlavorTestJSON-1605995368-project] Calling method '>' {{(pid=109885) _process_stack /opt/stack/nova/nova/api/openstack/wsgi.py:513}}
Aug 16 23:17:20.621951 n-d-800087-20 devstack@n-api.service[109885]: DEBUG nova.compute.api [None req-875f38df-df68-4714-9cb1-02fcdda08a04 tempest-ServersWithSpecificFlavorTestJSON-1605995368 tempest-ServersWithSpecificFlavorTestJSON-1605995368-project] [instance: 73e8d150-6501-4b2b-aab3-98796a7570cb] Fetching instance by UUID {{(pid=109885) get /opt/stack/nova/nova/compute/api.py:2808}}
Aug 16 23:17:20.624619 n-d-800087-20 devstack@n-api.service[109884]: [pid: 109884|app: 0|req: 96/145] 10.222.0.66 () {60 vars in 1147 bytes} [Mon Aug 16 23:17:18 2021] POST /compute/v2.1/servers => generated 402 bytes in 1917 msecs (HTTP/1.1 202) 10 headers in 451 bytes (1 switches on core 0)
Aug 16 23:17:20.707741 n-d-800087-20 devstack@n-api.service[109885]: DEBUG nova.policy [None req-875f38df-df68-4714-9cb1-02fcdda08a04 tempest-ServersWithSpecificFlavorTestJSON-1605995368 tempest-ServersWithSpecificFlavorTestJSON-1605995368-project] Policy check for os_compute_api:os-extended-server-attributes failed with credentials {'is_admin': False, 'user_id': '9f8f6b8f055647fc96cf63bd72d1aa28', 'user_domain_id': 'default', 'system_scope': None, 'domain_id': None, 'project_id': '01227726ff364f4d85327762ec8dc007', 'project_domain_id': 'default', 'roles': ['reader', 'member'], 'is_admin_project': True, 'service_user_id': None, 'service_user_domain_id': None, 'service_project_id': None, 'service_project_domain_id': None, 'service_roles': []} {{(pid=109885) authorize /opt/stack/nova/nova/policy.py:199}}
Aug 16 23:17:20.721982 n-d-800087-20 devstack@n-api.service[109885]: INFO nova.api.openstack.requestlog [None req-875f38df-df68-4714-9cb1-02fcdda08a04 tempest-ServersWithSpecificFlavorTestJSON-1605995368 tempest-ServersWithSpecificFlavorTestJSON-1605995368-project] 10.222.0.66 "GET /compute/v2.1/servers/73e8d150-6501-4b2b-aab3-98796a7570cb" status: 200 len: 1265 microversion: 2.1 time: 0.099572
Aug 16 23:17:20.724745 n-d-800087-20 devstack@n-api.service[109885]: [pid: 109885|app: 0|req: 50/146] 10.222.0.66 () {58 vars in 1236 bytes} [Mon Aug 16 23:17:20 2021] GET /compute/v2.1/servers/73e8d150-6501-4b2b-aab3-98796a7570cb => generated 1265 bytes in 109 msecs (HTTP/1.1 200) 9 headers in 358 bytes (1 switches on core 0)
Aug 16 23:17:20.800071 n-d-800087-20 devstack@n-api.service[109884]: DEBUG nova.api.openstack.wsgi [None req-57eba5e1-4843-4f35-b244-5cf0ed9111c5 tempest-DeleteServersAdminTestJSON-1610798164 tempest-DeleteServersAdminTestJSON-1610798164-project] Calling method '>' {{(pid=109884) _process_stack /opt/stack/nova/nova/api/openstack/wsgi.py:513}}
Aug 16 23:17:20.802736 n-d-800087-20 devstack@n-api.service[109884]: DEBUG nova.compute.api [None req-57eba5e1-4843-4f35-b244-5cf0ed9111c5 tempest-DeleteServersAdminTestJSON-1610798164 tempest-DeleteServersAdminTestJSON-1610798164-project] [instance: b3d5f864-edc7-4eba-8692-e7866a61ac51] Fetching instance by UUID {{(pid=109884) get /opt/stack/nova/nova/compute/api.py:2808}}
Aug 16 23:17:20.817576 n-d-800087-20 devstack@n-api.service[109884]: DEBUG oslo_concurrency.lockutils [None req-57eba5e1-4843-4f35-b244-5cf0ed9111c5 tempest-DeleteServersAdminTestJSON-1610798164 tempest-DeleteServersAdminTestJSON-1610798164-project] Lock "81d4ead2-ab68-4cc0-a66f-03a0140539d5" acquired by "nova.context.set_target_cell..get_or_set_cached_cell_and_set_connections" :: waited 0.000s {{(pid=109884) inner /usr/local/lib/python3.8/dist-packages/oslo_concurrency/lockutils.py:355}}
Aug 16 23:17:20.818514 n-d-800087-20 devstack@n-api.service[109884]: DEBUG oslo_concurrency.lockutils [None req-57eba5e1-4843-4f35-b244-5cf0ed9111c5 tempest-DeleteServersAdminTestJSON-1610798164 tempest-DeleteServersAdminTestJSON-1610798164-project] Lock "81d4ead2-ab68-4cc0-a66f-03a0140539d5" released by "nova.context.set_target_cell..get_or_set_cached_cell_and_set_connections" :: held 0.001s {{(pid=109884) inner /usr/local/lib/python3.8/dist-packages/oslo_concurrency/lockutils.py:367}}
Aug 16 23:17:20.819601 n-d-800087-20 devstack@n-api.service[109884]: DEBUG oslo_concurrency.lockutils [None req-57eba5e1-4843-4f35-b244-5cf0ed9111c5 tempest-DeleteServersAdminTestJSON-1610798164 tempest-DeleteServersAdminTestJSON-1610798164-project] Lock "81d4ead2-ab68-4cc0-a66f-03a0140539d5" acquired by "nova.context.set_target_cell..get_or_set_cached_cell_and_set_connections" :: waited 0.000s {{(pid=109884) inner /usr/local/lib/python3.8/dist-packages/oslo_concurrency/lockutils.py:355}}
Aug 16 23:17:20.820686 n-d-800087-20 devstack@n-api.service[109884]: DEBUG oslo_concurrency.lockutils [None req-57eba5e1-4843-4f35-b244-5cf0ed9111c5 tempest-DeleteServersAdminTestJSON-1610798164 tempest-DeleteServersAdminTestJSON-1610798164-project] Lock "81d4ead2-ab68-4cc0-a66f-03a0140539d5" released by "nova.context.set_target_cell..get_or_set_cached_cell_and_set_connections" :: held 0.001s {{(pid=109884) inner /usr/local/lib/python3.8/dist-packages/oslo_concurrency/lockutils.py:367}}
Aug 16 23:17:21.081618 n-d-800087-20 devstack@n-api.service[109884]: DEBUG nova.policy [None req-57eba5e1-4843-4f35-b244-5cf0ed9111c5 tempest-DeleteServersAdminTestJSON-1610798164 tempest-DeleteServersAdminTestJSON-1610798164-project] Policy check for os_compute_api:os-extended-server-attributes failed with credentials {'is_admin': False, 'user_id': '023128b67e4c4455a0cf9d825ebb4902', 'user_domain_id': 'default', 'system_scope': None, 'domain_id': None, 'project_id': '3c2bbef7946843be9e50371d67c5009c', 'project_domain_id': 'default', 'roles': ['reader', 'member'], 'is_admin_project': True, 'service_user_id': None, 'service_user_domain_id': None, 'service_project_id': None, 'service_project_domain_id': None, 'service_roles': []} {{(pid=109884) authorize /opt/stack/nova/nova/policy.py:199}}
Aug 16 23:17:21.089517 n-d-800087-20 devstack@n-api.service[109884]: INFO nova.api.openstack.requestlog [None req-57eba5e1-4843-4f35-b244-5cf0ed9111c5 tempest-DeleteServersAdminTestJSON-1610798164 tempest-DeleteServersAdminTestJSON-1610798164-project] 10.222.0.66 "GET /compute/v2.1/servers/b3d5f864-edc7-4eba-8692-e7866a61ac51" status: 200 len: 1319 microversion: 2.1 time: 0.298528
Aug 16 23:17:21.090095 n-d-800087-20 devstack@n-api.service[109884]: [pid: 109884|app: 0|req: 97/147] 10.222.0.66 () {58 vars in 1236 bytes} [Mon Aug 16 23:17:20 2021] GET /compute/v2.1/servers/b3d5f864-edc7-4eba-8692-e7866a61ac51 => generated 1319 bytes in 300 msecs (HTTP/1.1 200) 9 headers in 358 bytes (1 switches on core 0)
Aug 16 23:17:21.221411 n-d-800087-20 devstack@n-api.service[109885]: DEBUG nova.api.openstack.wsgi [None req-41e47ae5-ea94-42a8-b475-ee0c0162cfff tempest-AggregatesAdminTestJSON-2126203844 tempest-AggregatesAdminTestJSON-2126203844-project] Calling method '>' {{(pid=109885) _process_stack /opt/stack/nova/nova/api/openstack/wsgi.py:513}}
Aug 16 23:17:21.222224 n-d-800087-20 devstack@n-api.service[109885]: DEBUG nova.compute.api [None req-41e47ae5-ea94-42a8-b475-ee0c0162cfff tempest-AggregatesAdminTestJSON-2126203844 tempest-AggregatesAdminTestJSON-2126203844-project] [instance: 6575e90d-a8f1-4ce5-8855-7650df418105] Fetching instance by UUID {{(pid=109885) get /opt/stack/nova/nova/compute/api.py:2808}}
Aug 16 23:17:21.237881 n-d-800087-20 devstack@n-api.service[109885]: DEBUG oslo_concurrency.lockutils [None req-41e47ae5-ea94-42a8-b475-ee0c0162cfff tempest-AggregatesAdminTestJSON-2126203844 tempest-AggregatesAdminTestJSON-2126203844-project] Lock "81d4ead2-ab68-4cc0-a66f-03a0140539d5" acquired by "nova.context.set_target_cell..get_or_set_cached_cell_and_set_connections" :: waited 0.000s {{(pid=109885) inner /usr/local/lib/python3.8/dist-packages/oslo_concurrency/lockutils.py:355}}
Aug 16 23:17:21.239495 n-d-800087-20 devstack@n-api.service[109885]: DEBUG oslo_concurrency.lockutils [None req-41e47ae5-ea94-42a8-b475-ee0c0162cfff tempest-AggregatesAdminTestJSON-2126203844 tempest-AggregatesAdminTestJSON-2126203844-project] Lock "81d4ead2-ab68-4cc0-a66f-03a0140539d5" released by "nova.context.set_target_cell..get_or_set_cached_cell_and_set_connections" :: held 0.002s {{(pid=109885) inner /usr/local/lib/python3.8/dist-packages/oslo_concurrency/lockutils.py:367}}
Aug 16 23:17:21.240516 n-d-800087-20 devstack@n-api.service[109885]: DEBUG oslo_concurrency.lockutils [None req-41e47ae5-ea94-42a8-b475-ee0c0162cfff tempest-AggregatesAdminTestJSON-2126203844 tempest-AggregatesAdminTestJSON-2126203844-project] Lock "81d4ead2-ab68-4cc0-a66f-03a0140539d5" acquired by "nova.context.set_target_cell..get_or_set_cached_cell_and_set_connections" :: waited 0.000s {{(pid=109885) inner /usr/local/lib/python3.8/dist-packages/oslo_concurrency/lockutils.py:355}}
Aug 16 23:17:21.241102 n-d-800087-20 devstack@n-api.service[109885]: DEBUG oslo_concurrency.lockutils [None req-41e47ae5-ea94-42a8-b475-ee0c0162cfff tempest-AggregatesAdminTestJSON-2126203844 tempest-AggregatesAdminTestJSON-2126203844-project] Lock "81d4ead2-ab68-4cc0-a66f-03a0140539d5" released by "nova.context.set_target_cell..get_or_set_cached_cell_and_set_connections" :: held 0.001s {{(pid=109885) inner /usr/local/lib/python3.8/dist-packages/oslo_concurrency/lockutils.py:367}}
Aug 16 23:17:21.380768 n-d-800087-20 devstack@n-api.service[109884]: DEBUG nova.api.openstack.wsgi [None req-b0916829-ca55-446d-be8e-8f3292226a29 tempest-ServersAdminTestJSON-1106308142 tempest-ServersAdminTestJSON-1106308142-project] Calling method '>' {{(pid=109884) _process_stack /opt/stack/nova/nova/api/openstack/wsgi.py:513}}
Aug 16 23:17:21.381679 n-d-800087-20 devstack@n-api.service[109884]: DEBUG nova.compute.api [None req-b0916829-ca55-446d-be8e-8f3292226a29 tempest-ServersAdminTestJSON-1106308142 tempest-ServersAdminTestJSON-1106308142-project] [instance: 0a6f3cd4-6cc3-4b2f-8544-0d957c931dde] Fetching instance by UUID {{(pid=109884) get /opt/stack/nova/nova/compute/api.py:2808}}
Aug 16 23:17:21.397903 n-d-800087-20 devstack@n-api.service[109884]: DEBUG oslo_concurrency.lockutils [None req-b0916829-ca55-446d-be8e-8f3292226a29 tempest-ServersAdminTestJSON-1106308142 tempest-ServersAdminTestJSON-1106308142-project] Lock "81d4ead2-ab68-4cc0-a66f-03a0140539d5" acquired by "nova.context.set_target_cell..get_or_set_cached_cell_and_set_connections" :: waited 0.000s {{(pid=109884) inner /usr/local/lib/python3.8/dist-packages/oslo_concurrency/lockutils.py:355}}
Aug 16 23:17:21.399322 n-d-800087-20 devstack@n-api.service[109884]: DEBUG oslo_concurrency.lockutils [None req-b0916829-ca55-446d-be8e-8f3292226a29 tempest-ServersAdminTestJSON-1106308142 tempest-ServersAdminTestJSON-1106308142-project] Lock "81d4ead2-ab68-4cc0-a66f-03a0140539d5" released by "nova.context.set_target_cell..get_or_set_cached_cell_and_set_connections" :: held 0.003s {{(pid=109884) inner /usr/local/lib/python3.8/dist-packages/oslo_concurrency/lockutils.py:367}}
Aug 16 23:17:21.400301 n-d-800087-20 devstack@n-api.service[109884]: DEBUG oslo_concurrency.lockutils [None req-b0916829-ca55-446d-be8e-8f3292226a29 tempest-ServersAdminTestJSON-1106308142 tempest-ServersAdminTestJSON-1106308142-project] Lock "81d4ead2-ab68-4cc0-a66f-03a0140539d5" acquired by "nova.context.set_target_cell..get_or_set_cached_cell_and_set_connections" :: waited 0.000s {{(pid=109884) inner /usr/local/lib/python3.8/dist-packages/oslo_concurrency/lockutils.py:355}}
Aug 16 23:17:21.402438 n-d-800087-20 devstack@n-api.service[109884]: DEBUG oslo_concurrency.lockutils [None req-b0916829-ca55-446d-be8e-8f3292226a29 tempest-ServersAdminTestJSON-1106308142 tempest-ServersAdminTestJSON-1106308142-project] Lock "81d4ead2-ab68-4cc0-a66f-03a0140539d5" released by "nova.context.set_target_cell..get_or_set_cached_cell_and_set_connections" :: held 0.002s {{(pid=109884) inner /usr/local/lib/python3.8/dist-packages/oslo_concurrency/lockutils.py:367}}
Aug 16 23:17:21.496449 n-d-800087-20 devstack@n-api.service[109885]: DEBUG nova.policy [None req-41e47ae5-ea94-42a8-b475-ee0c0162cfff tempest-AggregatesAdminTestJSON-2126203844 tempest-AggregatesAdminTestJSON-2126203844-project] Policy check for os_compute_api:os-extended-server-attributes failed with credentials {'is_admin': False, 'user_id': '3778b8b5ae744c42bfc9d73df61d8273', 'user_domain_id': 'default', 'system_scope': None, 'domain_id': None, 'project_id': '3e8efcbdc24849be945b0ee01c4597ad', 'project_domain_id': 'default', 'roles': ['reader', 'member'], 'is_admin_project': True, 'service_user_id': None, 'service_user_domain_id': None, 'service_project_id': None, 'service_project_domain_id': None, 'service_roles': []} {{(pid=109885) authorize /opt/stack/nova/nova/policy.py:199}}
