Aug 05 08:38:40.749750 n-d-800087-19 neutron-server[94382]: INFO neutron.wsgi [req-a1a09e64-03be-4f5a-a46a-6b2eea97e35b req-001c9a79-f162-4a61-8046-c9a10e2a48a2 tempest-AggregatesAdminTestJSON-86619847 tempest-AggregatesAdminTestJSON-86619847-project] 10.222.0.59 "GET /v2.0/ports?device_id=c8a13b63-06f4-4fba-b302-1eb66c195cb4 HTTP/1.1" status: 200 len: 971 time: 0.1428323
Aug 05 08:38:40.767572 n-d-800087-19 neutron-server[94383]: DEBUG neutron_lib.callbacks.manager [None req-b44f7b09-789c-42a8-80d2-31de27da3400 admin admin] Notify callbacks ['neutron.plugins.ml2.ovo_rpc._ObjectChangeHandler.handle_event-701663'] for security_group, after_delete {{(pid=94383) _notify_loop /usr/local/lib/python3.8/dist-packages/neutron_lib/callbacks/manager.py:192}}
Aug 05 08:38:40.770078 n-d-800087-19 neutron-server[94383]: DEBUG neutron_lib.callbacks.manager [None req-b44f7b09-789c-42a8-80d2-31de27da3400 admin admin] Notify callbacks [] for security_group, before_response {{(pid=94383) _notify_loop /usr/local/lib/python3.8/dist-packages/neutron_lib/callbacks/manager.py:192}}
Aug 05 08:38:40.771743 n-d-800087-19 neutron-server[94383]: INFO neutron.wsgi [None req-b44f7b09-789c-42a8-80d2-31de27da3400 admin admin] 10.222.0.59 "DELETE /v2.0/security-groups/2eb60c24-1c7d-4ea6-af13-fa17399c553b HTTP/1.1" status: 204 len: 168 time: 0.4129686
Aug 05 08:38:40.772521 n-d-800087-19 neutron-server[94383]: DEBUG neutron_lib.callbacks.manager [None req-d7b48ec4-014c-4101-b34d-b1b471f57ec6 admin admin] Notify callbacks [] for security_group, before_create {{(pid=94383) _notify_loop /usr/local/lib/python3.8/dist-packages/neutron_lib/callbacks/manager.py:192}}
Aug 05 08:38:40.806510 n-d-800087-19 neutron-server[94383]: DEBUG neutron.pecan_wsgi.hooks.policy_enforcement [req-2005bb02-72bb-45c4-b761-1c28a8449e64 req-2e0e2e14-b18e-4b01-bd99-52233e9f99da tempest-DeleteServersAdminTestJSON-978602427 tempest-DeleteServersAdminTestJSON-978602427-project] Attributes excluded by policy engine: ['standard_attr_id', 'binding:profile', 'binding:host_id', 'binding:vif_type', 'binding:vif_details'] {{(pid=94383) _exclude_attributes_by_policy /opt/stack/neutron/neutron/pecan_wsgi/hooks/policy_enforcement.py:255}}
Aug 05 08:38:40.810431 n-d-800087-19 neutron-server[94383]: INFO neutron.wsgi [req-2005bb02-72bb-45c4-b761-1c28a8449e64 req-2e0e2e14-b18e-4b01-bd99-52233e9f99da tempest-DeleteServersAdminTestJSON-978602427 tempest-DeleteServersAdminTestJSON-978602427-project] 10.222.0.59 "GET /v2.0/ports?device_id=7bce409a-2687-46f3-91e8-d32a9ce0e60c HTTP/1.1" status: 200 len: 949 time: 0.1220510
Aug 05 08:38:40.810431 n-d-800087-19 neutron-server[94383]: DEBUG neutron.api.rpc.handlers.resources_rpc [None req-b44f7b09-789c-42a8-80d2-31de27da3400 admin admin] Pushing event deleted for resources: {'SecurityGroup': ['ID=2eb60c24-1c7d-4ea6-af13-fa17399c553b,revision_number=None']} {{(pid=94383) push /opt/stack/neutron/neutron/api/rpc/handlers/resources_rpc.py:237}}
Aug 05 08:38:40.817184 n-d-800087-19 neutron-server[94383]: DEBUG neutron.pecan_wsgi.hooks.policy_enforcement [req-c4b81a2e-c5e3-4099-9f2c-c6dc6ff73315 req-809ca784-1a64-4e0c-b04a-908f060d4353 service neutron] Attributes excluded by policy engine: ['standard_attr_id', 'shared'] {{(pid=94383) _exclude_attributes_by_policy /opt/stack/neutron/neutron/pecan_wsgi/hooks/policy_enforcement.py:255}}
Aug 05 08:38:40.819707 n-d-800087-19 neutron-server[94383]: INFO neutron.wsgi [req-c4b81a2e-c5e3-4099-9f2c-c6dc6ff73315 req-809ca784-1a64-4e0c-b04a-908f060d4353 service neutron] 10.222.0.44 "GET /v2.0/subnets?id=d88dfa63-ea8a-4a6e-8be0-6ca6d676e1f5 HTTP/1.1" status: 200 len: 861 time: 0.1058259
Aug 05 08:38:40.832837 n-d-800087-19 neutron-server[94382]: DEBUG neutron.db.db_base_plugin_common [req-faad4a54-9284-42c1-957f-0d4cbd9ac8da req-9fe3ffb7-4fb2-466c-b43e-3e6b35090b65 tempest-LiveMigrationNegativeTest-546951825 tempest-LiveMigrationNegativeTest-546951825-project] Allocated IP 192.168.233.156 (57e2724c-c336-42e7-8d3e-88cc5a9a3e4e/82a42ea6-5813-4328-935c-57424f16ab68/2c4798d1-de9f-45ea-8835-2029933afc96) {{(pid=94382) _store_ip_allocation /opt/stack/neutron/neutron/db/db_base_plugin_common.py:131}}
Aug 05 08:38:40.838497 n-d-800087-19 neutron-server[94382]: INFO neutron.wsgi [req-a1a09e64-03be-4f5a-a46a-6b2eea97e35b req-daf071c1-491e-4af6-945c-ed07cef2d5e4 tempest-AggregatesAdminTestJSON-86619847 tempest-AggregatesAdminTestJSON-86619847-project] 10.222.0.59 "GET /v2.0/security-groups?id=91e22aee-6507-427a-a4fd-5f1458da301e&fields=id&fields=name HTTP/1.1" status: 200 len: 286 time: 0.0632942
Aug 05 08:38:40.877874 n-d-800087-19 neutron-server[94383]: INFO neutron.wsgi [req-c4b81a2e-c5e3-4099-9f2c-c6dc6ff73315 req-a9c1d6c0-2750-4319-9d0a-348163a80cf1 service neutron] 10.222.0.44 "GET /v2.0/ports?network_id=42065f94-52af-4648-8701-2fa33c07cc1a&device_owner=network%3Adhcp HTTP/1.1" status: 200 len: 210 time: 0.0474341
Aug 05 08:38:40.920472 n-d-800087-19 neutron-server[94383]: INFO neutron.wsgi [req-2005bb02-72bb-45c4-b761-1c28a8449e64 req-ee79f8fe-c4e2-42a5-8992-9d4897624c62 tempest-DeleteServersAdminTestJSON-978602427 tempest-DeleteServersAdminTestJSON-978602427-project] 10.222.0.59 "GET /v2.0/security-groups?id=abb75f64-f888-455c-9df9-57f3e3286b12&fields=id&fields=name HTTP/1.1" status: 200 len: 286 time: 0.1002495
Aug 05 08:38:41.044080 n-d-800087-19 neutron-server[94383]: INFO neutron.wsgi [req-00a53310-97b9-4362-b82f-864d18f6b2e5 req-9c63dc4c-df7e-4f55-82f8-771874d9882b tempest-LiveMigrationNegativeTest-546951825 tempest-LiveMigrationNegativeTest-546951825-project] 10.222.0.59 "GET /v2.0/ports?device_id=4eb48e83-dfca-4ff9-b436-51b7c769e851 HTTP/1.1" status: 200 len: 210 time: 0.0412488
Aug 05 08:38:41.047295 n-d-800087-19 neutron-server[94383]: INFO neutron.wsgi [req-c4b81a2e-c5e3-4099-9f2c-c6dc6ff73315 req-b78351a2-74a9-4a3e-882f-224091e48d74 service neutron] 10.222.0.44 "GET /v2.0/networks/42065f94-52af-4648-8701-2fa33c07cc1a?fields=segments HTTP/1.1" status: 200 len: 212 time: 0.1574037
Aug 05 08:38:41.068627 n-d-800087-19 neutron-server[94383]: DEBUG neutron_lib.callbacks.manager [None req-d7b48ec4-014c-4101-b34d-b1b471f57ec6 admin admin] Notify callbacks [] for security_group, precommit_create {{(pid=94383) _notify_loop /usr/local/lib/python3.8/dist-packages/neutron_lib/callbacks/manager.py:192}}
Aug 05 08:38:41.079971 n-d-800087-19 neutron-server[94382]: DEBUG neutron.pecan_wsgi.hooks.policy_enforcement [req-9564be71-87e3-4373-a676-051321ccd071 req-ed076dc9-2564-4ace-8c09-dc85c905f18e tempest-ServersAdminTestJSON-1220689413 tempest-ServersAdminTestJSON-1220689413-project] Attributes excluded by policy engine: ['standard_attr_id', 'binding:profile', 'binding:host_id', 'binding:vif_type', 'binding:vif_details'] {{(pid=94382) _exclude_attributes_by_policy /opt/stack/neutron/neutron/pecan_wsgi/hooks/policy_enforcement.py:255}}
Aug 05 08:38:41.081328 n-d-800087-19 neutron-server[94383]: DEBUG neutron_lib.callbacks.manager [None req-d7b48ec4-014c-4101-b34d-b1b471f57ec6 admin admin] Notify callbacks ['neutron.plugins.ml2.ovo_rpc._ObjectChangeHandler.handle_event-701663'] for security_group, after_create {{(pid=94383) _notify_loop /usr/local/lib/python3.8/dist-packages/neutron_lib/callbacks/manager.py:192}}
Aug 05 08:38:41.081728 n-d-800087-19 neutron-server[94382]: INFO neutron.wsgi [req-9564be71-87e3-4373-a676-051321ccd071 req-ed076dc9-2564-4ace-8c09-dc85c905f18e tempest-ServersAdminTestJSON-1220689413 tempest-ServersAdminTestJSON-1220689413-project] 10.222.0.59 "GET /v2.0/ports?device_id=487eadb4-ec3c-42c7-bc61-90212ff4ec27 HTTP/1.1" status: 200 len: 950 time: 0.0725744
Aug 05 08:38:41.127044 n-d-800087-19 neutron-server[94382]: DEBUG neutron_lib.callbacks.manager [req-faad4a54-9284-42c1-957f-0d4cbd9ac8da req-9fe3ffb7-4fb2-466c-b43e-3e6b35090b65 tempest-LiveMigrationNegativeTest-546951825 tempest-LiveMigrationNegativeTest-546951825-project] Notify callbacks [] for port, precommit_create {{(pid=94382) _notify_loop /usr/local/lib/python3.8/dist-packages/neutron_lib/callbacks/manager.py:192}}
Aug 05 08:38:41.149630 n-d-800087-19 neutron-server[94382]: INFO neutron.wsgi [req-9564be71-87e3-4373-a676-051321ccd071 req-9a14df10-f026-489b-95c7-4a4e83cbee9f tempest-ServersAdminTestJSON-1220689413 tempest-ServersAdminTestJSON-1220689413-project] 10.222.0.59 "GET /v2.0/security-groups?id=e9b6aa01-4369-4f77-a0ed-926cd0a508cf&fields=id&fields=name HTTP/1.1" status: 200 len: 286 time: 0.0606651
Aug 05 08:38:41.152240 n-d-800087-19 neutron-server[94382]: DEBUG neutron.db.provisioning_blocks [req-faad4a54-9284-42c1-957f-0d4cbd9ac8da req-9fe3ffb7-4fb2-466c-b43e-3e6b35090b65 tempest-LiveMigrationNegativeTest-546951825 tempest-LiveMigrationNegativeTest-546951825-project] Transition to ACTIVE for port object 2c4798d1-de9f-45ea-8835-2029933afc96 will not be triggered until provisioned by entity DHCP. {{(pid=94382) add_provisioning_component /opt/stack/neutron/neutron/db/provisioning_blocks.py:73}}
Aug 05 08:38:41.163833 n-d-800087-19 neutron-server[94383]: INFO neutron.wsgi [None req-d7b48ec4-014c-4101-b34d-b1b471f57ec6 admin admin] 10.222.0.59 "GET /v2.0/security-groups?tenant_id=967be20ee15f461586e1d6d4f91e2fd9&name=default HTTP/1.1" status: 200 len: 2979 time: 0.4176700
Aug 05 08:38:41.167249 n-d-800087-19 neutron-server[94382]: DEBUG neutron.wsgi [-] (94382) accepted ('10.222.0.59', 50202) {{(pid=94382) server /usr/local/lib/python3.8/dist-packages/eventlet/wsgi.py:982}}
Aug 05 08:38:41.170503 n-d-800087-19 neutron-server[94383]: DEBUG neutron.api.rpc.handlers.resources_rpc [None req-d7b48ec4-014c-4101-b34d-b1b471f57ec6 admin admin] Pushing event updated for resources: {'SecurityGroup': ['ID=26101596-b21e-4638-909c-f3de8292c6f5,revision_number=1']} {{(pid=94383) push /opt/stack/neutron/neutron/api/rpc/handlers/resources_rpc.py:237}}
Aug 05 08:38:41.229620 n-d-800087-19 neutron-server[94383]: INFO neutron.wsgi [req-c4b81a2e-c5e3-4099-9f2c-c6dc6ff73315 req-cab8af94-3632-464f-bd01-1e27cb0e2383 service neutron] 10.222.0.44 "GET /v2.0/networks/42065f94-52af-4648-8701-2fa33c07cc1a?fields=provider%3Aphysical_network&fields=provider%3Anetwork_type HTTP/1.1" status: 200 len: 281 time: 0.1664758
Aug 05 08:38:41.267561 n-d-800087-19 neutron-server[94382]: DEBUG neutron_lib.callbacks.manager [req-faad4a54-9284-42c1-957f-0d4cbd9ac8da req-9fe3ffb7-4fb2-466c-b43e-3e6b35090b65 tempest-LiveMigrationNegativeTest-546951825 tempest-LiveMigrationNegativeTest-546951825-project] Notify callbacks ['neutron.plugins.ml2.plugin.SecurityGroupServerNotifierRpcMixin._notify_sg_on_port_change-8110902', 'neutron.plugins.ml2.ovo_rpc._ObjectChangeHandler.handle_event-399019', 'neutron.api.rpc.agentnotifiers.dhcp_rpc_agent_api.DhcpAgentNotifyAPI._native_event_send_dhcp_notification-629022', 'neutron.db.l3_dvrscheduler_db._notify_l3_agent_new_port-8757601270492'] for port, after_create {{(pid=94382) _notify_loop /usr/local/lib/python3.8/dist-packages/neutron_lib/callbacks/manager.py:192}}
Aug 05 08:38:41.295793 n-d-800087-19 neutron-server[94383]: DEBUG neutron.pecan_wsgi.hooks.policy_enforcement [req-621c389a-4de3-4ff2-aef5-4073eef108c7 req-444796ff-011d-440e-86d4-e7f256adda65 tempest-ServersAdminTestJSON-1220689413 tempest-ServersAdminTestJSON-1220689413-project] Attributes excluded by policy engine: ['standard_attr_id', 'binding:profile', 'binding:host_id', 'binding:vif_type', 'binding:vif_details'] {{(pid=94383) _exclude_attributes_by_policy /opt/stack/neutron/neutron/pecan_wsgi/hooks/policy_enforcement.py:255}}
Aug 05 08:38:41.297299 n-d-800087-19 neutron-server[94383]: INFO neutron.wsgi [req-621c389a-4de3-4ff2-aef5-4073eef108c7 req-444796ff-011d-440e-86d4-e7f256adda65 tempest-ServersAdminTestJSON-1220689413 tempest-ServersAdminTestJSON-1220689413-project] 10.222.0.59 "GET /v2.0/ports?device_id=9fe1eb9b-6a01-4989-a68b-ad39c5747c82 HTTP/1.1" status: 200 len: 949 time: 0.0588610
Aug 05 08:38:41.305550 n-d-800087-19 neutron-server[94382]: DEBUG neutron_lib.callbacks.manager [None req-a951f7ba-bb52-4c01-aeed-d8f69685c3ee admin admin] Notify callbacks [] for security_group, before_delete {{(pid=94382) _notify_loop /usr/local/lib/python3.8/dist-packages/neutron_lib/callbacks/manager.py:192}}
Aug 05 08:38:41.341626 n-d-800087-19 neutron-server[94382]: DEBUG neutron.scheduler.dhcp_agent_scheduler [req-faad4a54-9284-42c1-957f-0d4cbd9ac8da req-9fe3ffb7-4fb2-466c-b43e-3e6b35090b65 tempest-LiveMigrationNegativeTest-546951825 tempest-LiveMigrationNegativeTest-546951825-project] Network 57e2724c-c336-42e7-8d3e-88cc5a9a3e4e is already hosted by enough agents. {{(pid=94382) _get_dhcp_agents_hosting_network /opt/stack/neutron/neutron/scheduler/dhcp_agent_scheduler.py:275}}
Aug 05 08:38:41.351324 n-d-800087-19 neutron-server[94383]: INFO neutron.wsgi [req-621c389a-4de3-4ff2-aef5-4073eef108c7 req-7c33c58e-a49c-4b9b-a8e3-7a40415aea12 tempest-ServersAdminTestJSON-1220689413 tempest-ServersAdminTestJSON-1220689413-project] 10.222.0.59 "GET /v2.0/security-groups?id=e9b6aa01-4369-4f77-a0ed-926cd0a508cf&fields=id&fields=name HTTP/1.1" status: 200 len: 286 time: 0.0467727
Aug 05 08:38:41.351764 n-d-800087-19 neutron-server[94382]: DEBUG neutron.scheduler.base_scheduler [req-faad4a54-9284-42c1-957f-0d4cbd9ac8da req-9fe3ffb7-4fb2-466c-b43e-3e6b35090b65 tempest-LiveMigrationNegativeTest-546951825 tempest-LiveMigrationNegativeTest-546951825-project] Resources bound (agent type, host, resource id): {{(pid=94382) schedule /opt/stack/neutron/neutron/scheduler/base_scheduler.py:57}}
Aug 05 08:38:41.357083 n-d-800087-19 neutron-server[94382]: DEBUG neutron_lib.callbacks.manager [None req-a951f7ba-bb52-4c01-aeed-d8f69685c3ee admin admin] Notify callbacks [] for security_group, precommit_delete {{(pid=94382) _notify_loop /usr/local/lib/python3.8/dist-packages/neutron_lib/callbacks/manager.py:192}}
Aug 05 08:38:41.359712 n-d-800087-19 neutron-server[94382]: DEBUG neutron.db.l3_dvrscheduler_db [req-faad4a54-9284-42c1-957f-0d4cbd9ac8da req-9fe3ffb7-4fb2-466c-b43e-3e6b35090b65 tempest-LiveMigrationNegativeTest-546951825 tempest-LiveMigrationNegativeTest-546951825-project] Received port after_create {{(pid=94382) _notify_l3_agent_new_port /opt/stack/neutron/neutron/db/l3_dvrscheduler_db.py:535}}
Aug 05 08:38:41.365172 n-d-800087-19 neutron-server[94382]: DEBUG neutron.pecan_wsgi.hooks.policy_enforcement [req-faad4a54-9284-42c1-957f-0d4cbd9ac8da req-9fe3ffb7-4fb2-466c-b43e-3e6b35090b65 tempest-LiveMigrationNegativeTest-546951825 tempest-LiveMigrationNegativeTest-546951825-project] Attributes excluded by policy engine: ['standard_attr_id', 'binding:profile', 'binding:host_id', 'binding:vif_type', 'binding:vif_details', 'network'] {{(pid=94382) _exclude_attributes_by_policy /opt/stack/neutron/neutron/pecan_wsgi/hooks/policy_enforcement.py:255}}
Aug 05 08:38:41.365832 n-d-800087-19 neutron-server[94382]: DEBUG neutron_lib.callbacks.manager [req-faad4a54-9284-42c1-957f-0d4cbd9ac8da req-9fe3ffb7-4fb2-466c-b43e-3e6b35090b65 tempest-LiveMigrationNegativeTest-546951825 tempest-LiveMigrationNegativeTest-546951825-project] Notify callbacks ['neutron.notifiers.nova.Notifier._send_nova_notification-419920', 'neutron.api.rpc.agentnotifiers.dhcp_rpc_agent_api.DhcpAgentNotifyAPI._send_dhcp_notification-628992'] for port, before_response {{(pid=94382) _notify_loop /usr/local/lib/python3.8/dist-packages/neutron_lib/callbacks/manager.py:192}}
Aug 05 08:38:41.374367 n-d-800087-19 neutron-server[94382]: DEBUG neutron.api.rpc.handlers.resources_rpc [None req-9fe3ffb7-4fb2-466c-b43e-3e6b35090b65 tempest-LiveMigrationNegativeTest-546951825 tempest-LiveMigrationNegativeTest-546951825-project] Pushing event updated for resources: {'Port': ['ID=2c4798d1-de9f-45ea-8835-2029933afc96,revision_number=1']} {{(pid=94382) push /opt/stack/neutron/neutron/api/rpc/handlers/resources_rpc.py:237}}
Aug 05 08:38:41.406891 n-d-800087-19 neutron-server[94382]: INFO neutron.wsgi [req-faad4a54-9284-42c1-957f-0d4cbd9ac8da req-9fe3ffb7-4fb2-466c-b43e-3e6b35090b65 tempest-LiveMigrationNegativeTest-546951825 tempest-LiveMigrationNegativeTest-546951825-project] 10.222.0.57 "POST /v2.0/ports HTTP/1.1" status: 201 len: 938 time: 1.3425207
Aug 05 08:38:41.438404 n-d-800087-19 neutron-server[94382]: DEBUG neutron.api.v2.base [req-faad4a54-9284-42c1-957f-0d4cbd9ac8da req-af46ab45-4d72-4109-839c-8d904fc8ca31 service neutron] Request body: {'port': {'device_id': '4eb48e83-dfca-4ff9-b436-51b7c769e851', 'device_owner': 'compute:nova', 'binding:host_id': 'n-h2-800087-19'}} {{(pid=94382) prepare_request_body /opt/stack/neutron/neutron/api/v2/base.py:729}}
Aug 05 08:38:41.506786 n-d-800087-19 neutron-server[94382]: DEBUG neutron_lib.callbacks.manager [None req-a951f7ba-bb52-4c01-aeed-d8f69685c3ee admin admin] Notify callbacks ['neutron.plugins.ml2.ovo_rpc._ObjectChangeHandler.handle_event-701663'] for security_group, after_delete {{(pid=94382) _notify_loop /usr/local/lib/python3.8/dist-packages/neutron_lib/callbacks/manager.py:192}}
Aug 05 08:38:41.509266 n-d-800087-19 neutron-server[94382]: DEBUG neutron_lib.callbacks.manager [None req-a951f7ba-bb52-4c01-aeed-d8f69685c3ee admin admin] Notify callbacks [] for security_group, before_response {{(pid=94382) _notify_loop /usr/local/lib/python3.8/dist-packages/neutron_lib/callbacks/manager.py:192}}
Aug 05 08:38:41.510442 n-d-800087-19 neutron-server[94382]: INFO neutron.wsgi [None req-a951f7ba-bb52-4c01-aeed-d8f69685c3ee admin admin] 10.222.0.59 "DELETE /v2.0/security-groups/26101596-b21e-4638-909c-f3de8292c6f5 HTTP/1.1" status: 204 len: 168 time: 0.3420331
Aug 05 08:38:41.515774 n-d-800087-19 neutron-server[94382]: DEBUG neutron_lib.callbacks.manager [req-faad4a54-9284-42c1-957f-0d4cbd9ac8da req-af46ab45-4d72-4109-839c-8d904fc8ca31 service neutron] Notify callbacks ['neutron.plugins.ml2.plugin.SecurityGroupDbMixin._ensure_default_security_group_handler-8110965'] for port, before_update {{(pid=94382) _notify_loop /usr/local/lib/python3.8/dist-packages/neutron_lib/callbacks/manager.py:192}}
Aug 05 08:38:41.592405 n-d-800087-19 neutron-server[94382]: DEBUG neutron.api.rpc.handlers.resources_rpc [None req-a951f7ba-bb52-4c01-aeed-d8f69685c3ee admin admin] Pushing event deleted for resources: {'SecurityGroup': ['ID=26101596-b21e-4638-909c-f3de8292c6f5,revision_number=None']} {{(pid=94382) push /opt/stack/neutron/neutron/api/rpc/handlers/resources_rpc.py:237}}
Aug 05 08:38:41.672857 n-d-800087-19 neutron-server[94383]: DEBUG neutron.pecan_wsgi.hooks.policy_enforcement [req-ba520f8b-dea0-4fd3-872e-15e0e63fc51c req-09f3cada-cfea-4f12-ba72-fb415ae37c10 tempest-ServerDiagnosticsNegativeTest-1247526824 tempest-ServerDiagnosticsNegativeTest-1247526824-project] Attributes excluded by policy engine: ['standard_attr_id', 'binding:profile', 'binding:host_id', 'binding:vif_type', 'binding:vif_details'] {{(pid=94383) _exclude_attributes_by_policy /opt/stack/neutron/neutron/pecan_wsgi/hooks/policy_enforcement.py:255}}
Aug 05 08:38:41.674791 n-d-800087-19 neutron-server[94383]: INFO neutron.wsgi [req-ba520f8b-dea0-4fd3-872e-15e0e63fc51c req-09f3cada-cfea-4f12-ba72-fb415ae37c10 tempest-ServerDiagnosticsNegativeTest-1247526824 tempest-ServerDiagnosticsNegativeTest-1247526824-project] 10.222.0.44 "GET /v2.0/ports?device_id=f94524c4-5c11-4ebe-9cfb-5ed6e4aa9ced HTTP/1.1" status: 200 len: 972 time: 0.1135643
Aug 05 08:38:41.707927 n-d-800087-19 neutron-server[94382]: INFO neutron.wsgi [req-4b887f55-b4ae-42e3-b1ac-e0ae12ab863b req-b3bf71f7-0be4-41ec-98e1-08900989ab68 tempest-ServersAdminTestJSON-1220689413 tempest-ServersAdminTestJSON-1220689413-project] 10.222.0.59 "GET /v2.0/networks?tenant_id=919c137c91e14149b75f570085088455&shared=False HTTP/1.1" status: 200 len: 213 time: 0.0493405
Aug 05 08:38:41.780725 n-d-800087-19 neutron-server[94384]: DEBUG neutron.db.provisioning_blocks [None req-bb8ddde5-c263-43cc-9ab6-fe76e218dfb8 None None] Provisioning for port 2c4798d1-de9f-45ea-8835-2029933afc96 completed by entity DHCP. {{(pid=94384) provisioning_complete /opt/stack/neutron/neutron/db/provisioning_blocks.py:133}}
Aug 05 08:38:41.787759 n-d-800087-19 neutron-server[94384]: DEBUG neutron.db.provisioning_blocks [None req-bb8ddde5-c263-43cc-9ab6-fe76e218dfb8 None None] Provisioning complete for port 2c4798d1-de9f-45ea-8835-2029933afc96 triggered by entity DHCP. {{(pid=94384) provisioning_complete /opt/stack/neutron/neutron/db/provisioning_blocks.py:139}}
Aug 05 08:38:41.788182 n-d-800087-19 neutron-server[94384]: DEBUG neutron_lib.callbacks.manager [None req-bb8ddde5-c263-43cc-9ab6-fe76e218dfb8 None None] Notify callbacks ['neutron.plugins.ml2.plugin.Ml2Plugin._port_provisioned-7973282'] for port, provisioning_complete {{(pid=94384) _notify_loop /usr/local/lib/python3.8/dist-packages/neutron_lib/callbacks/manager.py:192}}
Aug 05 08:38:41.883180 n-d-800087-19 neutron-server[94383]: DEBUG neutron.pecan_wsgi.hooks.policy_enforcement [req-11bb620f-cb71-4e25-842b-6da846354aaf req-a79748da-f873-4457-a66d-dec7971a6ac9 tempest-ServerDiagnosticsNegativeTest-1247526824 tempest-ServerDiagnosticsNegativeTest-1247526824-project] Attributes excluded by policy engine: ['standard_attr_id', 'binding:profile', 'binding:host_id', 'binding:vif_type', 'binding:vif_details'] {{(pid=94383) _exclude_attributes_by_policy /opt/stack/neutron/neutron/pecan_wsgi/hooks/policy_enforcement.py:255}}
Aug 05 08:38:41.886088 n-d-800087-19 neutron-server[94384]: DEBUG neutron.plugins.ml2.plugin [None req-bb8ddde5-c263-43cc-9ab6-fe76e218dfb8 None None] Port 2c4798d1-de9f-45ea-8835-2029933afc96 cannot update to ACTIVE because it is not bound. {{(pid=94384) _port_provisioned /opt/stack/neutron/neutron/plugins/ml2/plugin.py:337}}
Aug 05 08:38:41.891856 n-d-800087-19 neutron-server[94383]: INFO neutron.wsgi [req-11bb620f-cb71-4e25-842b-6da846354aaf req-a79748da-f873-4457-a66d-dec7971a6ac9 tempest-ServerDiagnosticsNegativeTest-1247526824 tempest-ServerDiagnosticsNegativeTest-1247526824-project] 10.222.0.59 "GET /v2.0/ports?device_id=f94524c4-5c11-4ebe-9cfb-5ed6e4aa9ced HTTP/1.1" status: 200 len: 972 time: 0.1761546
Aug 05 08:38:41.936285 n-d-800087-19 neutron-server[94383]: DEBUG neutron.plugins.ml2.plugin [req-ba520f8b-dea0-4fd3-872e-15e0e63fc51c req-7d564da4-6975-40df-b980-d3db341adce1 tempest-ServerDiagnosticsNegativeTest-1247526824 tempest-ServerDiagnosticsNegativeTest-1247526824-project] Deleting port f5d9453c-b099-40e5-8041-a1f03bbfe335 {{(pid=94383) _pre_delete_port /opt/stack/neutron/neutron/plugins/ml2/plugin.py:1919}}
Aug 05 08:38:41.936677 n-d-800087-19 neutron-server[94383]: DEBUG neutron_lib.callbacks.manager [req-ba520f8b-dea0-4fd3-872e-15e0e63fc51c req-7d564da4-6975-40df-b980-d3db341adce1 tempest-ServerDiagnosticsNegativeTest-1247526824 tempest-ServerDiagnosticsNegativeTest-1247526824-project] Notify callbacks ['neutron.db.l3_db.L3_NAT_dbonly_mixin._prevent_l3_port_delete_callback-8757601670903'] for port, before_delete {{(pid=94383) _notify_loop /usr/local/lib/python3.8/dist-packages/neutron_lib/callbacks/manager.py:192}}
Aug 05 08:38:41.947528 n-d-800087-19 neutron-server[94382]: DEBUG neutron.pecan_wsgi.hooks.policy_enforcement [req-2f527841-6906-424a-b3e6-9407d6cb7f4e req-0c643d78-8c38-48e8-8f4d-767975210c80 tempest-AggregatesAdminTestJSON-86619847 tempest-AggregatesAdminTestJSON-86619847-project] Attributes excluded by policy engine: ['standard_attr_id', 'binding:profile', 'binding:host_id', 'binding:vif_type', 'binding:vif_details'] {{(pid=94382) _exclude_attributes_by_policy /opt/stack/neutron/neutron/pecan_wsgi/hooks/policy_enforcement.py:255}}
Aug 05 08:38:41.949362 n-d-800087-19 neutron-server[94382]: INFO neutron.wsgi [req-2f527841-6906-424a-b3e6-9407d6cb7f4e req-0c643d78-8c38-48e8-8f4d-767975210c80 tempest-AggregatesAdminTestJSON-86619847 tempest-AggregatesAdminTestJSON-86619847-project] 10.222.0.44 "GET /v2.0/ports?device_id=c8a13b63-06f4-4fba-b302-1eb66c195cb4 HTTP/1.1" status: 200 len: 971 time: 0.2128370
Aug 05 08:38:41.991588 n-d-800087-19 neutron-server[94382]: DEBUG neutron.pecan_wsgi.hooks.policy_enforcement [req-4b887f55-b4ae-42e3-b1ac-e0ae12ab863b req-f8cc0790-0028-4870-913f-816aa60101dd tempest-ServersAdminTestJSON-1220689413 tempest-ServersAdminTestJSON-1220689413-project] Attributes excluded by policy engine: ['standard_attr_id', 'vlan_transparent', 'provider:network_type', 'provider:physical_network', 'provider:segmentation_id'] {{(pid=94382) _exclude_attributes_by_policy /opt/stack/neutron/neutron/pecan_wsgi/hooks/policy_enforcement.py:255}}
Aug 05 08:38:41.993112 n-d-800087-19 neutron-server[94382]: INFO neutron.wsgi [req-4b887f55-b4ae-42e3-b1ac-e0ae12ab863b req-f8cc0790-0028-4870-913f-816aa60101dd tempest-ServersAdminTestJSON-1220689413 tempest-ServersAdminTestJSON-1220689413-project] 10.222.0.59 "GET /v2.0/networks?shared=True HTTP/1.1" status: 200 len: 769 time: 0.2838614
Aug 05 08:38:42.076257 n-d-800087-19 neutron-server[94382]: INFO neutron.wsgi [req-4b887f55-b4ae-42e3-b1ac-e0ae12ab863b req-11cf1cc7-80d5-46c5-ae1e-bff47feceea3 tempest-ServersAdminTestJSON-1220689413 tempest-ServersAdminTestJSON-1220689413-project] 10.222.0.59 "GET /v2.0/quotas/919c137c91e14149b75f570085088455 HTTP/1.1" status: 200 len: 375 time: 0.0600104
Aug 05 08:38:42.244289 n-d-800087-19 neutron-server[94383]: INFO neutron.wsgi [req-11bb620f-cb71-4e25-842b-6da846354aaf req-b41abc55-41c8-4db8-b13e-367fb9affd2a tempest-ServerDiagnosticsNegativeTest-1247526824 tempest-ServerDiagnosticsNegativeTest-1247526824-project] 10.222.0.59 "GET /v2.0/security-groups?id=ca2bffef-fec5-4999-9dd7-bf5f8477f13f&fields=id&fields=name HTTP/1.1" status: 200 len: 286 time: 0.3511739
Aug 05 08:38:42.310635 n-d-800087-19 neutron-server[94383]: DEBUG neutron.plugins.ml2.db [req-ba520f8b-dea0-4fd3-872e-15e0e63fc51c req-7d564da4-6975-40df-b980-d3db341adce1 tempest-ServerDiagnosticsNegativeTest-1247526824 tempest-ServerDiagnosticsNegativeTest-1247526824-project] For port f5d9453c-b099-40e5-8041-a1f03bbfe335, host n-h1-800087-19, got binding levels [PortBindingLevel(driver='hyperv',host='n-h1-800087-19',level=0,port_id=f5d9453c-b099-40e5-8041-a1f03bbfe335,segment=NetworkSegment(605683de-b1a4-4548-8d3f-a6ad24b4bccb),segment_id=605683de-b1a4-4548-8d3f-a6ad24b4bccb)] {{(pid=94383) get_binding_level_objs /opt/stack/neutron/neutron/plugins/ml2/db.py:74}}
Aug 05 08:38:42.311006 n-d-800087-19 neutron-server[94383]: DEBUG neutron_lib.callbacks.manager [req-ba520f8b-dea0-4fd3-872e-15e0e63fc51c req-7d564da4-6975-40df-b980-d3db341adce1 tempest-ServerDiagnosticsNegativeTest-1247526824 tempest-ServerDiagnosticsNegativeTest-1247526824-project] Notify callbacks ['neutron.services.l3_router.l3_router_plugin.L3_NAT_dbonly_mixin._precommit_delete_port_callback-616709'] for port, precommit_delete {{(pid=94383) _notify_loop /usr/local/lib/python3.8/dist-packages/neutron_lib/callbacks/manager.py:192}}
Aug 05 08:38:42.328933 n-d-800087-19 neutron-server[94383]: DEBUG neutron.plugins.ml2.plugin [req-ba520f8b-dea0-4fd3-872e-15e0e63fc51c req-7d564da4-6975-40df-b980-d3db341adce1 tempest-ServerDiagnosticsNegativeTest-1247526824 tempest-ServerDiagnosticsNegativeTest-1247526824-project] Calling delete_port for f5d9453c-b099-40e5-8041-a1f03bbfe335 owned by compute:tempest-test_az-1084394459 {{(pid=94383) delete_port /opt/stack/neutron/neutron/plugins/ml2/plugin.py:1997}}
Aug 05 08:38:42.407964 n-d-800087-19 neutron-server[94382]: INFO neutron.wsgi [req-4b887f55-b4ae-42e3-b1ac-e0ae12ab863b req-a82e9822-1646-412a-a930-f1072b2f306e tempest-ServersAdminTestJSON-1220689413 tempest-ServersAdminTestJSON-1220689413-project] 10.222.0.59 "GET /v2.0/ports?tenant_id=919c137c91e14149b75f570085088455&fields=id HTTP/1.1" status: 200 len: 302 time: 0.3307364
Aug 05 08:38:42.522201 n-d-800087-19 neutron-server[94382]: DEBUG neutron.notifiers.nova [req-faad4a54-9284-42c1-957f-0d4cbd9ac8da req-af46ab45-4d72-4109-839c-8d904fc8ca31 service neutron] Ignoring state change previous_port_status: DOWN current_port_status: DOWN port_id 2c4798d1-de9f-45ea-8835-2029933afc96 {{(pid=94382) record_port_status_changed /opt/stack/neutron/neutron/notifiers/nova.py:224}}
Aug 05 08:38:42.532381 n-d-800087-19 neutron-server[94382]: DEBUG neutron_lib.callbacks.manager [req-faad4a54-9284-42c1-957f-0d4cbd9ac8da req-af46ab45-4d72-4109-839c-8d904fc8ca31 service neutron] Notify callbacks [] for port, precommit_update {{(pid=94382) _notify_loop /usr/local/lib/python3.8/dist-packages/neutron_lib/callbacks/manager.py:192}}
Aug 05 08:38:42.545973 n-d-800087-19 neutron-server[94382]: DEBUG neutron.db.provisioning_blocks [req-faad4a54-9284-42c1-957f-0d4cbd9ac8da req-af46ab45-4d72-4109-839c-8d904fc8ca31 service neutron] Transition to ACTIVE for port object 2c4798d1-de9f-45ea-8835-2029933afc96 will not be triggered until provisioned by entity L2. {{(pid=94382) add_provisioning_component /opt/stack/neutron/neutron/db/provisioning_blocks.py:73}}
Aug 05 08:38:42.548280 n-d-800087-19 neutron-server[94382]: DEBUG neutron.plugins.ml2.plugin [req-2f527841-6906-424a-b3e6-9407d6cb7f4e req-8fd277b9-15bb-4065-841d-72018b3dda13 tempest-AggregatesAdminTestJSON-86619847 tempest-AggregatesAdminTestJSON-86619847-project] Deleting port c6a7bb97-e76f-468b-8e52-9d282c870ec5 {{(pid=94382) _pre_delete_port /opt/stack/neutron/neutron/plugins/ml2/plugin.py:1919}}
Aug 05 08:38:42.548830 n-d-800087-19 neutron-server[94382]: DEBUG neutron_lib.callbacks.manager [req-2f527841-6906-424a-b3e6-9407d6cb7f4e req-8fd277b9-15bb-4065-841d-72018b3dda13 tempest-AggregatesAdminTestJSON-86619847 tempest-AggregatesAdminTestJSON-86619847-project] Notify callbacks ['neutron.db.l3_db.L3_NAT_dbonly_mixin._prevent_l3_port_delete_callback-8757601670903'] for port, before_delete {{(pid=94382) _notify_loop /usr/local/lib/python3.8/dist-packages/neutron_lib/callbacks/manager.py:192}}
Aug 05 08:38:42.556195 n-d-800087-19 neutron-server[94382]: DEBUG neutron_lib.callbacks.manager [req-faad4a54-9284-42c1-957f-0d4cbd9ac8da req-af46ab45-4d72-4109-839c-8d904fc8ca31 service neutron] Notify callbacks ['neutron.plugins.ml2.plugin.SecurityGroupServerNotifierRpcMixin._notify_sg_on_port_change-8110902', 'neutron.plugins.ml2.ovo_rpc._ObjectChangeHandler.handle_event-399019', 'neutron.api.rpc.agentnotifiers.dhcp_rpc_agent_api.DhcpAgentNotifyAPI._native_event_send_dhcp_notification-629022', 'neutron.db.l3_db.L3RpcNotifierMixin._notify_gateway_port_ip_changed-8757601791573', 'neutron.db.l3_dvrscheduler_db._notify_l3_agent_port_update-8757601270510', 'neutron.db.l3_hascheduler_db._notify_l3_agent_ha_port_update-8757601273092'] for port, after_update {{(pid=94382) _notify_loop /usr/local/lib/python3.8/dist-packages/neutron_lib/callbacks/manager.py:192}}
Aug 05 08:38:42.589061 n-d-800087-19 neutron-server[94383]: DEBUG neutron_lib.callbacks.manager [req-ba520f8b-dea0-4fd3-872e-15e0e63fc51c req-7d564da4-6975-40df-b980-d3db341adce1 tempest-ServerDiagnosticsNegativeTest-1247526824 tempest-ServerDiagnosticsNegativeTest-1247526824-project] Notify callbacks ['neutron.plugins.ml2.plugin.SecurityGroupServerNotifierRpcMixin._notify_sg_on_port_change-8110902', 'neutron.plugins.ml2.ovo_rpc._ObjectChangeHandler.handle_event-399019', 'neutron.api.rpc.agentnotifiers.dhcp_rpc_agent_api.DhcpAgentNotifyAPI._native_event_send_dhcp_notification-629022', 'neutron.db.l3_db.L3RpcNotifierMixin._notify_routers_callback-8757601791663', 'neutron.db.l3_dvrscheduler_db._notify_port_delete-8757601270501'] for port, after_delete {{(pid=94383) _notify_loop /usr/local/lib/python3.8/dist-packages/neutron_lib/callbacks/manager.py:192}}
Aug 05 08:38:42.601106 n-d-800087-19 neutron-server[94384]: DEBUG neutron.plugins.ml2.db [None req-1ad35485-fd89-4dfe-8196-8aa0f31359a5 None None] get_ports_and_sgs() called for port_ids ['f5d9453c-b099-40e5-8041-a1f03bbfe335'] {{(pid=94384) get_ports_and_sgs /opt/stack/neutron/neutron/plugins/ml2/db.py:156}}
Aug 05 08:38:42.602636 n-d-800087-19 neutron-server[94383]: DEBUG neutron.pecan_wsgi.hooks.policy_enforcement [req-943d1fa7-29e1-4b56-b02b-38852a685f93 req-d8dc3975-1b8d-43dd-aaaf-18b018fa01ba tempest-LiveAutoBlockMigrationV225Test-1178223362 tempest-LiveAutoBlockMigrationV225Test-1178223362-project] Attributes excluded by policy engine: ['standard_attr_id', 'binding:profile', 'binding:host_id', 'binding:vif_type', 'binding:vif_details'] {{(pid=94383) _exclude_attributes_by_policy /opt/stack/neutron/neutron/pecan_wsgi/hooks/policy_enforcement.py:255}}
Aug 05 08:38:42.604678 n-d-800087-19 neutron-server[94383]: INFO neutron.wsgi [req-943d1fa7-29e1-4b56-b02b-38852a685f93 req-d8dc3975-1b8d-43dd-aaaf-18b018fa01ba tempest-LiveAutoBlockMigrationV225Test-1178223362 tempest-LiveAutoBlockMigrationV225Test-1178223362-project] 10.222.0.59 "GET /v2.0/ports?device_id=45025139-acfd-44a6-86d1-4408a8f8ccd5 HTTP/1.1" status: 200 len: 944 time: 0.2267807
Aug 05 08:38:42.745969 n-d-800087-19 neutron-server[94382]: DEBUG neutron.api.rpc.handlers.resources_rpc [None req-af46ab45-4d72-4109-839c-8d904fc8ca31 service neutron] Pushing event updated for resources: {'Port': ['ID=2c4798d1-de9f-45ea-8835-2029933afc96,revision_number=2']} {{(pid=94382) push /opt/stack/neutron/neutron/api/rpc/handlers/resources_rpc.py:237}}
Aug 05 08:38:42.755753 n-d-800087-19 neutron-server[94383]: INFO neutron.wsgi [req-943d1fa7-29e1-4b56-b02b-38852a685f93 req-bb3a79d3-7f2c-4855-ae68-ec94f115731d tempest-LiveAutoBlockMigrationV225Test-1178223362 tempest-LiveAutoBlockMigrationV225Test-1178223362-project] 10.222.0.59 "GET /v2.0/security-groups?id=ff22bc15-52a5-4e84-a3d4-b850a1bfa3a9&fields=id&fields=name HTTP/1.1" status: 200 len: 286 time: 0.0928679
Aug 05 08:38:42.757076 n-d-800087-19 neutron-server[94383]: DEBUG neutron.api.rpc.handlers.resources_rpc [None req-7d564da4-6975-40df-b980-d3db341adce1 tempest-ServerDiagnosticsNegativeTest-1247526824 tempest-ServerDiagnosticsNegativeTest-1247526824-project] Pushing event deleted for resources: {'Port': ['ID=f5d9453c-b099-40e5-8041-a1f03bbfe335,revision_number=None']} {{(pid=94383) push /opt/stack/neutron/neutron/api/rpc/handlers/resources_rpc.py:237}}
Aug 05 08:38:42.792016 n-d-800087-19 neutron-server[94382]: DEBUG neutron.pecan_wsgi.hooks.policy_enforcement [req-2a37c524-723f-42c3-bb0f-4b4732c44341 req-2fce8274-91ea-4340-b391-ecc9992d5353 tempest-DeleteServersAdminTestJSON-1200283042 tempest-DeleteServersAdminTestJSON-1200283042-project-admin] Attributes excluded by policy engine: ['standard_attr_id'] {{(pid=94382) _exclude_attributes_by_policy /opt/stack/neutron/neutron/pecan_wsgi/hooks/policy_enforcement.py:255}}
Aug 05 08:38:42.794107 n-d-800087-19 neutron-server[94382]: INFO neutron.wsgi [req-2a37c524-723f-42c3-bb0f-4b4732c44341 req-2fce8274-91ea-4340-b391-ecc9992d5353 tempest-DeleteServersAdminTestJSON-1200283042 tempest-DeleteServersAdminTestJSON-1200283042-project-admin] 10.222.0.57 "GET /v2.0/ports?device_id=7bce409a-2687-46f3-91e8-d32a9ce0e60c HTTP/1.1" status: 200 len: 1101 time: 0.2383816
Aug 05 08:38:42.910521 n-d-800087-19 neutron-server[94382]: DEBUG neutron.plugins.ml2.db [req-2f527841-6906-424a-b3e6-9407d6cb7f4e req-8fd277b9-15bb-4065-841d-72018b3dda13 tempest-AggregatesAdminTestJSON-86619847 tempest-AggregatesAdminTestJSON-86619847-project] For port c6a7bb97-e76f-468b-8e52-9d282c870ec5, host n-h1-800087-19, got binding levels [PortBindingLevel(driver='hyperv',host='n-h1-800087-19',level=0,port_id=c6a7bb97-e76f-468b-8e52-9d282c870ec5,segment=NetworkSegment(605683de-b1a4-4548-8d3f-a6ad24b4bccb),segment_id=605683de-b1a4-4548-8d3f-a6ad24b4bccb)] {{(pid=94382) get_binding_level_objs /opt/stack/neutron/neutron/plugins/ml2/db.py:74}}
Aug 05 08:38:42.910920 n-d-800087-19 neutron-server[94382]: DEBUG neutron_lib.callbacks.manager [req-2f527841-6906-424a-b3e6-9407d6cb7f4e req-8fd277b9-15bb-4065-841d-72018b3dda13 tempest-AggregatesAdminTestJSON-86619847 tempest-AggregatesAdminTestJSON-86619847-project] Notify callbacks ['neutron.services.l3_router.l3_router_plugin.L3_NAT_dbonly_mixin._precommit_delete_port_callback-616709'] for port, precommit_delete {{(pid=94382) _notify_loop /usr/local/lib/python3.8/dist-packages/neutron_lib/callbacks/manager.py:192}}
Aug 05 08:38:42.931650 n-d-800087-19 neutron-server[94382]: DEBUG neutron.plugins.ml2.plugin [req-2f527841-6906-424a-b3e6-9407d6cb7f4e req-8fd277b9-15bb-4065-841d-72018b3dda13 tempest-AggregatesAdminTestJSON-86619847 tempest-AggregatesAdminTestJSON-86619847-project] Calling delete_port for c6a7bb97-e76f-468b-8e52-9d282c870ec5 owned by compute:tempest-test_az-1084394459 {{(pid=94382) delete_port /opt/stack/neutron/neutron/plugins/ml2/plugin.py:1997}}
Aug 05 08:38:42.942766 n-d-800087-19 neutron-server[94382]: DEBUG neutron.plugins.ml2.managers [req-faad4a54-9284-42c1-957f-0d4cbd9ac8da req-af46ab45-4d72-4109-839c-8d904fc8ca31 service neutron] Attempting to bind port 2c4798d1-de9f-45ea-8835-2029933afc96 on host n-h2-800087-19 for vnic_type normal with profile {{(pid=94382) bind_port /opt/stack/neutron/neutron/plugins/ml2/managers.py:790}}
Aug 05 08:38:42.943119 n-d-800087-19 neutron-server[94382]: DEBUG neutron.plugins.ml2.managers [req-faad4a54-9284-42c1-957f-0d4cbd9ac8da req-af46ab45-4d72-4109-839c-8d904fc8ca31 service neutron] Attempting to bind port 2c4798d1-de9f-45ea-8835-2029933afc96 by drivers openvswitch,hyperv on host n-h2-800087-19 at level 0 using segments [{'id': '605683de-b1a4-4548-8d3f-a6ad24b4bccb', 'network_type': 'vlan', 'physical_network': 'physnet1', 'segmentation_id': 552, 'network_id': '57e2724c-c336-42e7-8d3e-88cc5a9a3e4e'}] {{(pid=94382) _bind_port_level /opt/stack/neutron/neutron/plugins/ml2/managers.py:815}}
Aug 05 08:38:42.943457 n-d-800087-19 neutron-server[94382]: DEBUG neutron.plugins.ml2.drivers.mech_agent [req-faad4a54-9284-42c1-957f-0d4cbd9ac8da req-af46ab45-4d72-4109-839c-8d904fc8ca31 service neutron] Attempting to bind port 2c4798d1-de9f-45ea-8835-2029933afc96 on network 57e2724c-c336-42e7-8d3e-88cc5a9a3e4e {{(pid=94382) bind_port /opt/stack/neutron/neutron/plugins/ml2/drivers/mech_agent.py:85}}
Aug 05 08:38:42.956930 n-d-800087-19 neutron-server[94383]: DEBUG neutron.db.l3_dvrscheduler_db [req-ba520f8b-dea0-4fd3-872e-15e0e63fc51c req-7d564da4-6975-40df-b980-d3db341adce1 tempest-ServerDiagnosticsNegativeTest-1247526824 tempest-ServerDiagnosticsNegativeTest-1247526824-project] No DVR routers for this DVR port f5d9453c-b099-40e5-8041-a1f03bbfe335 on host n-h1-800087-19 {{(pid=94383) get_dvr_routers_to_remove /opt/stack/neutron/neutron/db/l3_dvrscheduler_db.py:214}}
Aug 05 08:38:42.961400 n-d-800087-19 neutron-server[94383]: DEBUG neutron_lib.callbacks.manager [req-ba520f8b-dea0-4fd3-872e-15e0e63fc51c req-7d564da4-6975-40df-b980-d3db341adce1 tempest-ServerDiagnosticsNegativeTest-1247526824 tempest-ServerDiagnosticsNegativeTest-1247526824-project] Notify callbacks ['neutron.notifiers.nova.Notifier._send_nova_notification-419920'] for port, before_response {{(pid=94383) _notify_loop /usr/local/lib/python3.8/dist-packages/neutron_lib/callbacks/manager.py:192}}
Aug 05 08:38:42.963952 n-d-800087-19 neutron-server[94383]: INFO neutron.wsgi [req-ba520f8b-dea0-4fd3-872e-15e0e63fc51c req-7d564da4-6975-40df-b980-d3db341adce1 tempest-ServerDiagnosticsNegativeTest-1247526824 tempest-ServerDiagnosticsNegativeTest-1247526824-project] 10.222.0.44 "DELETE /v2.0/ports/f5d9453c-b099-40e5-8041-a1f03bbfe335 HTTP/1.1" status: 204 len: 173 time: 1.2815485
Aug 05 08:38:42.968469 n-d-800087-19 neutron-server[94382]: DEBUG neutron.plugins.ml2.drivers.mech_agent [req-faad4a54-9284-42c1-957f-0d4cbd9ac8da req-af46ab45-4d72-4109-839c-8d904fc8ca31 service neutron] Port 2c4798d1-de9f-45ea-8835-2029933afc96 on network 57e2724c-c336-42e7-8d3e-88cc5a9a3e4e not bound, no agent of type Open vSwitch agent registered on host n-h2-800087-19 {{(pid=94382) bind_port /opt/stack/neutron/neutron/plugins/ml2/drivers/mech_agent.py:97}}
Aug 05 08:38:42.969056 n-d-800087-19 neutron-server[94382]: DEBUG neutron.plugins.ml2.drivers.mech_agent [req-faad4a54-9284-42c1-957f-0d4cbd9ac8da req-af46ab45-4d72-4109-839c-8d904fc8ca31 service neutron] Attempting to bind port 2c4798d1-de9f-45ea-8835-2029933afc96 on network 57e2724c-c336-42e7-8d3e-88cc5a9a3e4e {{(pid=94382) bind_port /opt/stack/neutron/neutron/plugins/ml2/drivers/mech_agent.py:85}}
Aug 05 08:38:43.024804 n-d-800087-19 neutron-server[94383]: DEBUG neutron.notifiers.nova [-] Sending events: [{'server_uuid': 'f94524c4-5c11-4ebe-9cfb-5ed6e4aa9ced', 'name': 'network-vif-deleted', 'tag': 'f5d9453c-b099-40e5-8041-a1f03bbfe335'}] {{(pid=94383) send_events /opt/stack/neutron/neutron/notifiers/nova.py:262}}
Aug 05 08:38:43.027115 n-d-800087-19 neutron-server[94383]: DEBUG novaclient.v2.client [-] REQ: curl -g -i --cacert "/opt/stack/data/ca-bundle.pem" -X POST http://10.222.0.59/compute/v2.1/os-server-external-events -H "Accept: application/json" -H "Content-Type: application/json" -H "User-Agent: python-novaclient" -H "X-Auth-Token: {SHA256}2419066074350f4dca9970cf0e77b2b164b4c3fce88e6928def70277217e8639" -H "X-OpenStack-Nova-API-Version: 2.1" -H "X-OpenStack-Request-ID: req-162c3025-b74c-42c5-8777-c51441fc2097" -d '{"events": [{"server_uuid": "f94524c4-5c11-4ebe-9cfb-5ed6e4aa9ced", "name": "network-vif-deleted", "tag": "f5d9453c-b099-40e5-8041-a1f03bbfe335"}]}' {{(pid=94383) _http_log_request /usr/local/lib/python3.8/dist-packages/keystoneauth1/session.py:519}}
Aug 05 08:38:43.077395 n-d-800087-19 neutron-server[94382]: DEBUG neutron.plugins.ml2.drivers.mech_agent [req-faad4a54-9284-42c1-957f-0d4cbd9ac8da req-af46ab45-4d72-4109-839c-8d904fc8ca31 service neutron] Checking agent: {'id': '9635f8e5-73e3-45ce-89a0-6baddff21bb4', 'agent_type': 'HyperV agent', 'binary': 'neutron-hyperv-agent', 'topic': 'N/A', 'host': 'n-h2-800087-19', 'admin_state_up': True, 'created_at': datetime.datetime(2021, 8, 5, 8, 35, 58), 'started_at': datetime.datetime(2021, 8, 5, 8, 35, 58), 'heartbeat_timestamp': datetime.datetime(2021, 8, 5, 8, 38, 28), 'description': None, 'resources_synced': None, 'availability_zone': None, 'alive': True, 'configurations': {'vswitch_mappings': {'physnet1$': 'br-data'}}, 'resource_versions': {}} {{(pid=94382) bind_port /opt/stack/neutron/neutron/plugins/ml2/drivers/mech_agent.py:104}}
Aug 05 08:38:43.077794 n-d-800087-19 neutron-server[94382]: DEBUG neutron.plugins.ml2.drivers.mech_agent [req-faad4a54-9284-42c1-957f-0d4cbd9ac8da req-af46ab45-4d72-4109-839c-8d904fc8ca31 service neutron] Checking segment: {'id': '605683de-b1a4-4548-8d3f-a6ad24b4bccb', 'network_type': 'vlan', 'physical_network': 'physnet1', 'segmentation_id': 552, 'network_id': '57e2724c-c336-42e7-8d3e-88cc5a9a3e4e'} for mappings: {'physnet1$': 'br-data'} with network types: ['local', 'flat', 'vlan'] {{(pid=94382) check_segment_for_agent /opt/stack/neutron/neutron/plugins/ml2/drivers/mech_agent.py:352}}
Aug 05 08:38:43.078189 n-d-800087-19 neutron-server[94382]: DEBUG neutron.plugins.ml2.drivers.mech_agent [req-faad4a54-9284-42c1-957f-0d4cbd9ac8da req-af46ab45-4d72-4109-839c-8d904fc8ca31 service neutron] Bound using segment: {'id': '605683de-b1a4-4548-8d3f-a6ad24b4bccb', 'network_type': 'vlan', 'physical_network': 'physnet1', 'segmentation_id': 552, 'network_id': '57e2724c-c336-42e7-8d3e-88cc5a9a3e4e'} {{(pid=94382) bind_port /opt/stack/neutron/neutron/plugins/ml2/drivers/mech_agent.py:114}}
Aug 05 08:38:43.078643 n-d-800087-19 neutron-server[94382]: DEBUG neutron.plugins.ml2.managers [req-faad4a54-9284-42c1-957f-0d4cbd9ac8da req-af46ab45-4d72-4109-839c-8d904fc8ca31 service neutron] Bound port: 2c4798d1-de9f-45ea-8835-2029933afc96, host: n-h2-800087-19, vif_type: hyperv, vif_details: {"connectivity": "legacy", "port_filter": false}, binding_levels: [{'bound_driver': 'hyperv', 'bound_segment': {'id': '605683de-b1a4-4548-8d3f-a6ad24b4bccb', 'network_type': 'vlan', 'physical_network': 'physnet1', 'segmentation_id': 552, 'network_id': '57e2724c-c336-42e7-8d3e-88cc5a9a3e4e'}}] {{(pid=94382) _bind_port_level /opt/stack/neutron/neutron/plugins/ml2/managers.py:928}}
Aug 05 08:38:43.079010 n-d-800087-19 neutron-server[94382]: DEBUG neutron_lib.callbacks.manager [req-faad4a54-9284-42c1-957f-0d4cbd9ac8da req-af46ab45-4d72-4109-839c-8d904fc8ca31 service neutron] Notify callbacks ['neutron.plugins.ml2.plugin.SecurityGroupDbMixin._ensure_default_security_group_handler-8110965'] for port, before_update {{(pid=94382) _notify_loop /usr/local/lib/python3.8/dist-packages/neutron_lib/callbacks/manager.py:192}}
Aug 05 08:38:43.094284 n-d-800087-19 neutron-server[94382]: DEBUG neutron.pecan_wsgi.hooks.policy_enforcement [req-276f180a-6c71-47a7-a3bc-2e428e70344a req-7f97ea90-17bd-4508-b536-34526cc1ba0b tempest-AggregatesAdminTestJSON-86619847 tempest-AggregatesAdminTestJSON-86619847-project] Attributes excluded by policy engine: ['standard_attr_id', 'binding:profile', 'binding:host_id', 'binding:vif_type', 'binding:vif_details'] {{(pid=94382) _exclude_attributes_by_policy /opt/stack/neutron/neutron/pecan_wsgi/hooks/policy_enforcement.py:255}}
Aug 05 08:38:43.095761 n-d-800087-19 neutron-server[94382]: INFO neutron.wsgi [req-276f180a-6c71-47a7-a3bc-2e428e70344a req-7f97ea90-17bd-4508-b536-34526cc1ba0b tempest-AggregatesAdminTestJSON-86619847 tempest-AggregatesAdminTestJSON-86619847-project] 10.222.0.59 "GET /v2.0/ports?device_id=c8a13b63-06f4-4fba-b302-1eb66c195cb4 HTTP/1.1" status: 200 len: 971 time: 0.3349824
Aug 05 08:38:43.116180 n-d-800087-19 neutron-server[94383]: DEBUG neutron.pecan_wsgi.hooks.policy_enforcement [req-baccca37-ccd2-43ba-9b01-0e6abdf82592 req-e7e0f36e-2cd0-48a4-867c-ed2644c25126 tempest-DeleteServersAdminTestJSON-978602427 tempest-DeleteServersAdminTestJSON-978602427-project] Attributes excluded by policy engine: ['standard_attr_id', 'binding:profile', 'binding:host_id', 'binding:vif_type', 'binding:vif_details'] {{(pid=94383) _exclude_attributes_by_policy /opt/stack/neutron/neutron/pecan_wsgi/hooks/policy_enforcement.py:255}}
Aug 05 08:38:43.118135 n-d-800087-19 neutron-server[94383]: INFO neutron.wsgi [req-baccca37-ccd2-43ba-9b01-0e6abdf82592 req-e7e0f36e-2cd0-48a4-867c-ed2644c25126 tempest-DeleteServersAdminTestJSON-978602427 tempest-DeleteServersAdminTestJSON-978602427-project] 10.222.0.59 "GET /v2.0/ports?device_id=7bce409a-2687-46f3-91e8-d32a9ce0e60c HTTP/1.1" status: 200 len: 949 time: 0.2309921
Aug 05 08:38:43.177140 n-d-800087-19 neutron-server[94383]: INFO neutron.wsgi [req-baccca37-ccd2-43ba-9b01-0e6abdf82592 req-e9e15614-8ee7-48df-bc56-28b553e54073 tempest-DeleteServersAdminTestJSON-978602427 tempest-DeleteServersAdminTestJSON-978602427-project] 10.222.0.59 "GET /v2.0/security-groups?id=abb75f64-f888-455c-9df9-57f3e3286b12&fields=id&fields=name HTTP/1.1" status: 200 len: 286 time: 0.0457175
Aug 05 08:38:43.326500 n-d-800087-19 neutron-server[94382]: INFO neutron.wsgi [req-276f180a-6c71-47a7-a3bc-2e428e70344a req-7a1d1ce2-aaf2-481d-bfe3-3d6880587cbc tempest-AggregatesAdminTestJSON-86619847 tempest-AggregatesAdminTestJSON-86619847-project] 10.222.0.59 "GET /v2.0/security-groups?id=91e22aee-6507-427a-a4fd-5f1458da301e&fields=id&fields=name HTTP/1.1" status: 200 len: 286 time: 0.2211499
Aug 05 08:38:43.335337 n-d-800087-19 neutron-server[94382]: DEBUG neutron.plugins.ml2.plugin [req-2a37c524-723f-42c3-bb0f-4b4732c44341 req-c2767e36-d709-4202-87d3-e976365aec6a tempest-DeleteServersAdminTestJSON-1200283042 tempest-DeleteServersAdminTestJSON-1200283042-project-admin] Deleting port 0640d8de-e371-4eb3-b828-e7a4c7f3913f {{(pid=94382) _pre_delete_port /opt/stack/neutron/neutron/plugins/ml2/plugin.py:1919}}
Aug 05 08:38:43.335785 n-d-800087-19 neutron-server[94382]: DEBUG neutron_lib.callbacks.manager [req-2a37c524-723f-42c3-bb0f-4b4732c44341 req-c2767e36-d709-4202-87d3-e976365aec6a tempest-DeleteServersAdminTestJSON-1200283042 tempest-DeleteServersAdminTestJSON-1200283042-project-admin] Notify callbacks ['neutron.db.l3_db.L3_NAT_dbonly_mixin._prevent_l3_port_delete_callback-8757601670903'] for port, before_delete {{(pid=94382) _notify_loop /usr/local/lib/python3.8/dist-packages/neutron_lib/callbacks/manager.py:192}}
Aug 05 08:38:43.409741 n-d-800087-19 neutron-server[94382]: DEBUG neutron.plugins.ml2.db [req-faad4a54-9284-42c1-957f-0d4cbd9ac8da req-af46ab45-4d72-4109-839c-8d904fc8ca31 service neutron] For port 2c4798d1-de9f-45ea-8835-2029933afc96, host n-h2-800087-19, cleared binding levels {{(pid=94382) clear_binding_levels /opt/stack/neutron/neutron/plugins/ml2/db.py:87}}
Aug 05 08:38:43.409937 n-d-800087-19 neutron-server[94383]: DEBUG neutron.pecan_wsgi.hooks.policy_enforcement [req-0028ec09-e9f1-48fd-a237-597a7a7c85b5 req-7583cba7-be7d-4444-b761-bbda84149928 tempest-LiveMigrationNegativeTest-546951825 tempest-LiveMigrationNegativeTest-546951825-project] Attributes excluded by policy engine: ['standard_attr_id', 'binding:profile', 'binding:host_id', 'binding:vif_type', 'binding:vif_details'] {{(pid=94383) _exclude_attributes_by_policy /opt/stack/neutron/neutron/pecan_wsgi/hooks/policy_enforcement.py:255}}
Aug 05 08:38:43.418970 n-d-800087-19 neutron-server[94383]: INFO neutron.wsgi [req-0028ec09-e9f1-48fd-a237-597a7a7c85b5 req-7583cba7-be7d-4444-b761-bbda84149928 tempest-LiveMigrationNegativeTest-546951825 tempest-LiveMigrationNegativeTest-546951825-project] 10.222.0.59 "GET /v2.0/ports?device_id=4eb48e83-dfca-4ff9-b436-51b7c769e851 HTTP/1.1" status: 200 len: 948 time: 0.1123872
Aug 05 08:38:43.464913 n-d-800087-19 neutron-server[94382]: DEBUG neutron.plugins.ml2.db [req-faad4a54-9284-42c1-957f-0d4cbd9ac8da req-af46ab45-4d72-4109-839c-8d904fc8ca31 service neutron] For port 2c4798d1-de9f-45ea-8835-2029933afc96, host n-h2-800087-19, set binding levels [PortBindingLevel(driver='hyperv',host='n-h2-800087-19',level=0,port_id=2c4798d1-de9f-45ea-8835-2029933afc96,segment=NetworkSegment(605683de-b1a4-4548-8d3f-a6ad24b4bccb),segment_id=605683de-b1a4-4548-8d3f-a6ad24b4bccb)] {{(pid=94382) set_binding_levels /opt/stack/neutron/neutron/plugins/ml2/db.py:59}}
