Aug 05 08:49:15.398422 n-d-800087-19 devstack@placement-api.service[94866]: DEBUG placement.requestlog [req-67937e7a-8dd8-4761-b481-517ef0693734 req-343a0966-7b00-4d6b-9745-ae07c2acb198 None None] Starting request: 10.222.0.57 "GET /placement/resource_providers/536024ba-3568-40cc-92eb-e9822afaa456/allocations" {{(pid=94866) __call__ /opt/stack/placement/placement/requestlog.py:55}}
Aug 05 08:49:15.458105 n-d-800087-19 devstack@placement-api.service[94866]: INFO placement.requestlog [req-67937e7a-8dd8-4761-b481-517ef0693734 req-343a0966-7b00-4d6b-9745-ae07c2acb198 service placement] 10.222.0.57 "GET /placement/resource_providers/536024ba-3568-40cc-92eb-e9822afaa456/allocations" status: 200 len: 557 microversion: 1.0
Aug 05 08:49:15.464131 n-d-800087-19 devstack@placement-api.service[94866]: [pid: 94866|app: 0|req: 302/607] 10.222.0.57 () {58 vars in 1391 bytes} [Thu Aug 5 08:49:15 2021] GET /placement/resource_providers/536024ba-3568-40cc-92eb-e9822afaa456/allocations => generated 557 bytes in 66 msecs (HTTP/1.1 200) 6 headers in 224 bytes (1 switches on core 0)
Aug 05 08:49:18.029014 n-d-800087-19 devstack@placement-api.service[94867]: DEBUG placement.requestlog [req-03f3a7c0-b956-49da-8964-975c213bd19e req-e1814177-c196-40fd-bf26-c61cf99f978e None None] Starting request: 10.222.0.59 "GET /placement/allocation_candidates?limit=1000&resources=DISK_GB%3A1%2CMEMORY_MB%3A1024%2CVCPU%3A1&root_required=%21COMPUTE_STATUS_DISABLED" {{(pid=94867) __call__ /opt/stack/placement/placement/requestlog.py:55}}
Aug 05 08:49:18.099821 n-d-800087-19 devstack@placement-api.service[94867]: DEBUG placement.objects.research_context [req-03f3a7c0-b956-49da-8964-975c213bd19e req-e1814177-c196-40fd-bf26-c61cf99f978e service placement] getting providers with 1 DISK_GB {{(pid=94867) __init__ /opt/stack/placement/placement/objects/research_context.py:126}}
Aug 05 08:49:18.114598 n-d-800087-19 devstack@placement-api.service[94867]: DEBUG placement.objects.research_context [req-03f3a7c0-b956-49da-8964-975c213bd19e req-e1814177-c196-40fd-bf26-c61cf99f978e service placement] getting providers with 1024 MEMORY_MB {{(pid=94867) __init__ /opt/stack/placement/placement/objects/research_context.py:126}}
Aug 05 08:49:18.131753 n-d-800087-19 devstack@placement-api.service[94867]: DEBUG placement.objects.research_context [req-03f3a7c0-b956-49da-8964-975c213bd19e req-e1814177-c196-40fd-bf26-c61cf99f978e service placement] getting providers with 1 VCPU {{(pid=94867) __init__ /opt/stack/placement/placement/objects/research_context.py:126}}
Aug 05 08:49:18.149548 n-d-800087-19 devstack@placement-api.service[94867]: DEBUG placement.objects.research_context [req-03f3a7c0-b956-49da-8964-975c213bd19e req-e1814177-c196-40fd-bf26-c61cf99f978e service placement] found 2 providers with available 1 DISK_GB {{(pid=94867) get_provider_ids_matching /opt/stack/placement/placement/objects/research_context.py:549}}
Aug 05 08:49:18.150820 n-d-800087-19 devstack@placement-api.service[94867]: DEBUG placement.objects.research_context [req-03f3a7c0-b956-49da-8964-975c213bd19e req-e1814177-c196-40fd-bf26-c61cf99f978e service placement] found 2 providers with available 1024 MEMORY_MB {{(pid=94867) get_provider_ids_matching /opt/stack/placement/placement/objects/research_context.py:549}}
Aug 05 08:49:18.151416 n-d-800087-19 devstack@placement-api.service[94867]: DEBUG placement.objects.research_context [req-03f3a7c0-b956-49da-8964-975c213bd19e req-e1814177-c196-40fd-bf26-c61cf99f978e service placement] found 2 providers after filtering by previous result {{(pid=94867) get_provider_ids_matching /opt/stack/placement/placement/objects/research_context.py:580}}
Aug 05 08:49:18.152343 n-d-800087-19 devstack@placement-api.service[94867]: DEBUG placement.objects.research_context [req-03f3a7c0-b956-49da-8964-975c213bd19e req-e1814177-c196-40fd-bf26-c61cf99f978e service placement] found 2 providers with available 1 VCPU {{(pid=94867) get_provider_ids_matching /opt/stack/placement/placement/objects/research_context.py:549}}
Aug 05 08:49:18.152835 n-d-800087-19 devstack@placement-api.service[94867]: DEBUG placement.objects.research_context [req-03f3a7c0-b956-49da-8964-975c213bd19e req-e1814177-c196-40fd-bf26-c61cf99f978e service placement] found 2 providers after filtering by previous result {{(pid=94867) get_provider_ids_matching /opt/stack/placement/placement/objects/research_context.py:580}}
Aug 05 08:49:18.188825 n-d-800087-19 devstack@placement-api.service[94867]: DEBUG placement.objects.allocation_candidate [req-03f3a7c0-b956-49da-8964-975c213bd19e req-e1814177-c196-40fd-bf26-c61cf99f978e service placement] RequestGroup(use_same_provider=False, resources={DISK_GB:1, MEMORY_MB:1024, VCPU:1}, traits=[], aggregates=[]) (suffix '') returned 2 matches {{(pid=94867) _get_by_requests /opt/stack/placement/placement/objects/allocation_candidate.py:145}}
Aug 05 08:49:18.189556 n-d-800087-19 devstack@placement-api.service[94867]: DEBUG placement.objects.allocation_candidate [req-03f3a7c0-b956-49da-8964-975c213bd19e req-e1814177-c196-40fd-bf26-c61cf99f978e service placement] Merging candidates yields 2 allocation requests and 2 provider summaries {{(pid=94867) _merge_candidates /opt/stack/placement/placement/objects/allocation_candidate.py:783}}
Aug 05 08:49:18.192484 n-d-800087-19 devstack@placement-api.service[94867]: INFO placement.requestlog [req-03f3a7c0-b956-49da-8964-975c213bd19e req-e1814177-c196-40fd-bf26-c61cf99f978e service placement] 10.222.0.59 "GET /placement/allocation_candidates?limit=1000&resources=DISK_GB%3A1%2CMEMORY_MB%3A1024%2CVCPU%3A1&root_required=%21COMPUTE_STATUS_DISABLED" status: 200 len: 1309 microversion: 1.36
Aug 05 08:49:18.196556 n-d-800087-19 devstack@placement-api.service[94867]: [pid: 94867|app: 0|req: 306/608] 10.222.0.59 () {60 vars in 1507 bytes} [Thu Aug 5 08:49:18 2021] GET /placement/allocation_candidates?limit=1000&resources=DISK_GB%3A1%2CMEMORY_MB%3A1024%2CVCPU%3A1&root_required=%21COMPUTE_STATUS_DISABLED => generated 1309 bytes in 168 msecs (HTTP/1.1 200) 8 headers in 297 bytes (1 switches on core 0)
Aug 05 08:49:18.393136 n-d-800087-19 devstack@placement-api.service[94866]: DEBUG placement.requestlog [req-03f3a7c0-b956-49da-8964-975c213bd19e req-ef3cac58-b89b-47fc-9392-b7090097836e None None] Starting request: 10.222.0.59 "GET /placement/allocations/6d518589-e446-4615-9a55-00c5eec70450" {{(pid=94866) __call__ /opt/stack/placement/placement/requestlog.py:55}}
Aug 05 08:49:18.416631 n-d-800087-19 devstack@placement-api.service[94866]: INFO placement.requestlog [req-03f3a7c0-b956-49da-8964-975c213bd19e req-ef3cac58-b89b-47fc-9392-b7090097836e service placement] 10.222.0.59 "GET /placement/allocations/6d518589-e446-4615-9a55-00c5eec70450" status: 200 len: 19 microversion: 1.28
Aug 05 08:49:18.417091 n-d-800087-19 devstack@placement-api.service[94866]: [pid: 94866|app: 0|req: 303/609] 10.222.0.59 () {60 vars in 1381 bytes} [Thu Aug 5 08:49:18 2021] GET /placement/allocations/6d518589-e446-4615-9a55-00c5eec70450 => generated 19 bytes in 25 msecs (HTTP/1.1 200) 8 headers in 295 bytes (1 switches on core 0)
Aug 05 08:49:18.425432 n-d-800087-19 devstack@placement-api.service[94867]: DEBUG placement.requestlog [req-03f3a7c0-b956-49da-8964-975c213bd19e req-58d2f603-1334-443b-9ead-1252bf204677 None None] Starting request: 10.222.0.59 "PUT /placement/allocations/6d518589-e446-4615-9a55-00c5eec70450" {{(pid=94867) __call__ /opt/stack/placement/placement/requestlog.py:55}}
Aug 05 08:49:18.521345 n-d-800087-19 devstack@placement-api.service[94867]: DEBUG placement.handlers.allocation [req-03f3a7c0-b956-49da-8964-975c213bd19e req-58d2f603-1334-443b-9ead-1252bf204677 service placement] Successfully wrote allocations [, , ] {{(pid=94867) _create_allocations /opt/stack/placement/placement/handlers/allocation.py:435}}
Aug 05 08:49:18.522206 n-d-800087-19 devstack@placement-api.service[94867]: INFO placement.requestlog [req-03f3a7c0-b956-49da-8964-975c213bd19e req-58d2f603-1334-443b-9ead-1252bf204677 service placement] 10.222.0.59 "PUT /placement/allocations/6d518589-e446-4615-9a55-00c5eec70450" status: 204 len: 0 microversion: 1.36
Aug 05 08:49:18.522865 n-d-800087-19 devstack@placement-api.service[94867]: [pid: 94867|app: 0|req: 307/610] 10.222.0.59 () {64 vars in 1434 bytes} [Thu Aug 5 08:49:18 2021] PUT /placement/allocations/6d518589-e446-4615-9a55-00c5eec70450 => generated 0 bytes in 99 msecs (HTTP/1.1 204) 5 headers in 199 bytes (1 switches on core 0)
Aug 05 08:49:19.194452 n-d-800087-19 devstack@placement-api.service[94866]: DEBUG placement.requestlog [req-03f3a7c0-b956-49da-8964-975c213bd19e req-c896633b-3466-4b4e-a706-f924994a5466 None None] Starting request: 10.222.0.57 "GET /placement/allocations/6d518589-e446-4615-9a55-00c5eec70450" {{(pid=94866) __call__ /opt/stack/placement/placement/requestlog.py:55}}
Aug 05 08:49:19.215020 n-d-800087-19 devstack@placement-api.service[94866]: INFO placement.requestlog [req-03f3a7c0-b956-49da-8964-975c213bd19e req-c896633b-3466-4b4e-a706-f924994a5466 service placement] 10.222.0.57 "GET /placement/allocations/6d518589-e446-4615-9a55-00c5eec70450" status: 200 len: 259 microversion: 1.28
Aug 05 08:49:19.216774 n-d-800087-19 devstack@placement-api.service[94866]: [pid: 94866|app: 0|req: 304/611] 10.222.0.57 () {60 vars in 1378 bytes} [Thu Aug 5 08:49:19 2021] GET /placement/allocations/6d518589-e446-4615-9a55-00c5eec70450 => generated 259 bytes in 22 msecs (HTTP/1.1 200) 8 headers in 296 bytes (1 switches on core 0)
Aug 05 08:49:19.754313 n-d-800087-19 devstack@placement-api.service[94867]: DEBUG placement.requestlog [req-f694b28a-ff3d-47ca-9924-9a31def4e112 req-dd96946b-4e71-4eeb-8ccc-66cdd54debde None None] Starting request: 10.222.0.44 "GET /placement/allocations/d9067664-43ba-4ae1-b88f-f7bb8e743c0b" {{(pid=94867) __call__ /opt/stack/placement/placement/requestlog.py:55}}
Aug 05 08:49:19.776210 n-d-800087-19 devstack@placement-api.service[94867]: INFO placement.requestlog [req-f694b28a-ff3d-47ca-9924-9a31def4e112 req-dd96946b-4e71-4eeb-8ccc-66cdd54debde service placement] 10.222.0.44 "GET /placement/allocations/d9067664-43ba-4ae1-b88f-f7bb8e743c0b" status: 200 len: 260 microversion: 1.28
Aug 05 08:49:19.787809 n-d-800087-19 devstack@placement-api.service[94867]: [pid: 94867|app: 0|req: 308/612] 10.222.0.44 () {60 vars in 1378 bytes} [Thu Aug 5 08:49:19 2021] GET /placement/allocations/d9067664-43ba-4ae1-b88f-f7bb8e743c0b => generated 260 bytes in 34 msecs (HTTP/1.1 200) 8 headers in 296 bytes (2 switches on core 0)
Aug 05 08:49:19.796772 n-d-800087-19 devstack@placement-api.service[94866]: DEBUG placement.requestlog [req-f694b28a-ff3d-47ca-9924-9a31def4e112 req-fc0b146a-e76c-44af-a3a0-20e27f0ca4fa None None] Starting request: 10.222.0.44 "PUT /placement/allocations/d9067664-43ba-4ae1-b88f-f7bb8e743c0b" {{(pid=94866) __call__ /opt/stack/placement/placement/requestlog.py:55}}
Aug 05 08:49:19.901939 n-d-800087-19 devstack@placement-api.service[94866]: DEBUG placement.handlers.allocation [req-f694b28a-ff3d-47ca-9924-9a31def4e112 req-fc0b146a-e76c-44af-a3a0-20e27f0ca4fa service placement] Successfully wrote allocations [, , ] {{(pid=94866) _create_allocations /opt/stack/placement/placement/handlers/allocation.py:435}}
Aug 05 08:49:19.903439 n-d-800087-19 devstack@placement-api.service[94866]: INFO placement.requestlog [req-f694b28a-ff3d-47ca-9924-9a31def4e112 req-fc0b146a-e76c-44af-a3a0-20e27f0ca4fa service placement] 10.222.0.44 "PUT /placement/allocations/d9067664-43ba-4ae1-b88f-f7bb8e743c0b" status: 204 len: 0 microversion: 1.28
Aug 05 08:49:19.903941 n-d-800087-19 devstack@placement-api.service[94866]: [pid: 94866|app: 0|req: 305/613] 10.222.0.44 () {64 vars in 1431 bytes} [Thu Aug 5 08:49:19 2021] PUT /placement/allocations/d9067664-43ba-4ae1-b88f-f7bb8e743c0b => generated 0 bytes in 107 msecs (HTTP/1.1 204) 5 headers in 199 bytes (2 switches on core 0)
Aug 05 08:49:24.344418 n-d-800087-19 devstack@placement-api.service[94867]: DEBUG placement.requestlog [req-4246bfc7-85b9-406f-8277-f194dd68cbe3 req-ec314332-421d-4231-b156-e105f3658a19 None None] Starting request: 10.222.0.59 "GET /placement/allocation_candidates?limit=1000&resources=DISK_GB%3A1%2CMEMORY_MB%3A1024%2CVCPU%3A1&root_required=%21COMPUTE_STATUS_DISABLED" {{(pid=94867) __call__ /opt/stack/placement/placement/requestlog.py:55}}
Aug 05 08:49:24.496604 n-d-800087-19 devstack@placement-api.service[94867]: DEBUG placement.objects.research_context [req-4246bfc7-85b9-406f-8277-f194dd68cbe3 req-ec314332-421d-4231-b156-e105f3658a19 service placement] getting providers with 1 DISK_GB {{(pid=94867) __init__ /opt/stack/placement/placement/objects/research_context.py:126}}
Aug 05 08:49:24.523731 n-d-800087-19 devstack@placement-api.service[94867]: DEBUG placement.objects.research_context [req-4246bfc7-85b9-406f-8277-f194dd68cbe3 req-ec314332-421d-4231-b156-e105f3658a19 service placement] getting providers with 1024 MEMORY_MB {{(pid=94867) __init__ /opt/stack/placement/placement/objects/research_context.py:126}}
Aug 05 08:49:24.540929 n-d-800087-19 devstack@placement-api.service[94867]: DEBUG placement.objects.research_context [req-4246bfc7-85b9-406f-8277-f194dd68cbe3 req-ec314332-421d-4231-b156-e105f3658a19 service placement] getting providers with 1 VCPU {{(pid=94867) __init__ /opt/stack/placement/placement/objects/research_context.py:126}}
Aug 05 08:49:24.555925 n-d-800087-19 devstack@placement-api.service[94867]: DEBUG placement.objects.research_context [req-4246bfc7-85b9-406f-8277-f194dd68cbe3 req-ec314332-421d-4231-b156-e105f3658a19 service placement] found 2 providers with available 1 DISK_GB {{(pid=94867) get_provider_ids_matching /opt/stack/placement/placement/objects/research_context.py:549}}
Aug 05 08:49:24.556212 n-d-800087-19 devstack@placement-api.service[94867]: DEBUG placement.objects.research_context [req-4246bfc7-85b9-406f-8277-f194dd68cbe3 req-ec314332-421d-4231-b156-e105f3658a19 service placement] found 2 providers with available 1024 MEMORY_MB {{(pid=94867) get_provider_ids_matching /opt/stack/placement/placement/objects/research_context.py:549}}
Aug 05 08:49:24.556521 n-d-800087-19 devstack@placement-api.service[94867]: DEBUG placement.objects.research_context [req-4246bfc7-85b9-406f-8277-f194dd68cbe3 req-ec314332-421d-4231-b156-e105f3658a19 service placement] found 2 providers after filtering by previous result {{(pid=94867) get_provider_ids_matching /opt/stack/placement/placement/objects/research_context.py:580}}
Aug 05 08:49:24.556828 n-d-800087-19 devstack@placement-api.service[94867]: DEBUG placement.objects.research_context [req-4246bfc7-85b9-406f-8277-f194dd68cbe3 req-ec314332-421d-4231-b156-e105f3658a19 service placement] found 2 providers with available 1 VCPU {{(pid=94867) get_provider_ids_matching /opt/stack/placement/placement/objects/research_context.py:549}}
Aug 05 08:49:24.557087 n-d-800087-19 devstack@placement-api.service[94867]: DEBUG placement.objects.research_context [req-4246bfc7-85b9-406f-8277-f194dd68cbe3 req-ec314332-421d-4231-b156-e105f3658a19 service placement] found 2 providers after filtering by previous result {{(pid=94867) get_provider_ids_matching /opt/stack/placement/placement/objects/research_context.py:580}}
Aug 05 08:49:24.602951 n-d-800087-19 devstack@placement-api.service[94867]: DEBUG placement.objects.allocation_candidate [req-4246bfc7-85b9-406f-8277-f194dd68cbe3 req-ec314332-421d-4231-b156-e105f3658a19 service placement] RequestGroup(use_same_provider=False, resources={DISK_GB:1, MEMORY_MB:1024, VCPU:1}, traits=[], aggregates=[]) (suffix '') returned 2 matches {{(pid=94867) _get_by_requests /opt/stack/placement/placement/objects/allocation_candidate.py:145}}
Aug 05 08:49:24.603329 n-d-800087-19 devstack@placement-api.service[94867]: DEBUG placement.objects.allocation_candidate [req-4246bfc7-85b9-406f-8277-f194dd68cbe3 req-ec314332-421d-4231-b156-e105f3658a19 service placement] Merging candidates yields 2 allocation requests and 2 provider summaries {{(pid=94867) _merge_candidates /opt/stack/placement/placement/objects/allocation_candidate.py:783}}
Aug 05 08:49:24.608249 n-d-800087-19 devstack@placement-api.service[94867]: INFO placement.requestlog [req-4246bfc7-85b9-406f-8277-f194dd68cbe3 req-ec314332-421d-4231-b156-e105f3658a19 service placement] 10.222.0.59 "GET /placement/allocation_candidates?limit=1000&resources=DISK_GB%3A1%2CMEMORY_MB%3A1024%2CVCPU%3A1&root_required=%21COMPUTE_STATUS_DISABLED" status: 200 len: 1309 microversion: 1.36
Aug 05 08:49:24.609876 n-d-800087-19 devstack@placement-api.service[94867]: [pid: 94867|app: 0|req: 309/614] 10.222.0.59 () {60 vars in 1507 bytes} [Thu Aug 5 08:49:24 2021] GET /placement/allocation_candidates?limit=1000&resources=DISK_GB%3A1%2CMEMORY_MB%3A1024%2CVCPU%3A1&root_required=%21COMPUTE_STATUS_DISABLED => generated 1309 bytes in 266 msecs (HTTP/1.1 200) 8 headers in 297 bytes (1 switches on core 0)
Aug 05 08:49:24.752019 n-d-800087-19 devstack@placement-api.service[94866]: DEBUG placement.requestlog [req-4246bfc7-85b9-406f-8277-f194dd68cbe3 req-b3cf8820-9582-4690-af59-2909e8eb5b16 None None] Starting request: 10.222.0.59 "GET /placement/allocations/339cc9a8-9111-420b-ac8c-b8584c9112d3" {{(pid=94866) __call__ /opt/stack/placement/placement/requestlog.py:55}}
Aug 05 08:49:24.781297 n-d-800087-19 devstack@placement-api.service[94866]: INFO placement.requestlog [req-4246bfc7-85b9-406f-8277-f194dd68cbe3 req-b3cf8820-9582-4690-af59-2909e8eb5b16 service placement] 10.222.0.59 "GET /placement/allocations/339cc9a8-9111-420b-ac8c-b8584c9112d3" status: 200 len: 19 microversion: 1.28
Aug 05 08:49:24.781621 n-d-800087-19 devstack@placement-api.service[94866]: [pid: 94866|app: 0|req: 306/615] 10.222.0.59 () {60 vars in 1381 bytes} [Thu Aug 5 08:49:24 2021] GET /placement/allocations/339cc9a8-9111-420b-ac8c-b8584c9112d3 => generated 19 bytes in 30 msecs (HTTP/1.1 200) 8 headers in 295 bytes (1 switches on core 0)
Aug 05 08:49:24.789038 n-d-800087-19 devstack@placement-api.service[94867]: DEBUG placement.requestlog [req-4246bfc7-85b9-406f-8277-f194dd68cbe3 req-38cab531-0855-4144-b54c-9d0fcef5dccf None None] Starting request: 10.222.0.59 "PUT /placement/allocations/339cc9a8-9111-420b-ac8c-b8584c9112d3" {{(pid=94867) __call__ /opt/stack/placement/placement/requestlog.py:55}}
Aug 05 08:49:24.929759 n-d-800087-19 devstack@placement-api.service[94867]: DEBUG placement.handlers.allocation [req-4246bfc7-85b9-406f-8277-f194dd68cbe3 req-38cab531-0855-4144-b54c-9d0fcef5dccf service placement] Successfully wrote allocations [, , ] {{(pid=94867) _create_allocations /opt/stack/placement/placement/handlers/allocation.py:435}}
Aug 05 08:49:24.930553 n-d-800087-19 devstack@placement-api.service[94867]: INFO placement.requestlog [req-4246bfc7-85b9-406f-8277-f194dd68cbe3 req-38cab531-0855-4144-b54c-9d0fcef5dccf service placement] 10.222.0.59 "PUT /placement/allocations/339cc9a8-9111-420b-ac8c-b8584c9112d3" status: 204 len: 0 microversion: 1.36
Aug 05 08:49:24.936315 n-d-800087-19 devstack@placement-api.service[94866]: DEBUG placement.requestlog [None req-53b82fb4-629f-4185-86f7-caf68a552356 None None] Starting request: 10.222.0.59 "GET /placement/" {{(pid=94866) __call__ /opt/stack/placement/placement/requestlog.py:55}}
Aug 05 08:49:24.938125 n-d-800087-19 devstack@placement-api.service[94866]: INFO placement.requestlog [None req-53b82fb4-629f-4185-86f7-caf68a552356 None None] 10.222.0.59 "GET /placement/" status: 200 len: 136 microversion: 1.0
Aug 05 08:49:24.938613 n-d-800087-19 devstack@placement-api.service[94866]: [pid: 94866|app: 0|req: 307/617] 10.222.0.59 () {54 vars in 907 bytes} [Thu Aug 5 08:49:24 2021] GET /placement => generated 136 bytes in 5 msecs (HTTP/1.1 200) 6 headers in 224 bytes (1 switches on core 0)
Aug 05 08:49:24.938823 n-d-800087-19 devstack@placement-api.service[94867]: [pid: 94867|app: 0|req: 310/617] 10.222.0.59 () {64 vars in 1434 bytes} [Thu Aug 5 08:49:24 2021] PUT /placement/allocations/339cc9a8-9111-420b-ac8c-b8584c9112d3 => generated 0 bytes in 144 msecs (HTTP/1.1 204) 5 headers in 199 bytes (1 switches on core 0)
Aug 05 08:49:24.959641 n-d-800087-19 devstack@placement-api.service[94866]: DEBUG placement.requestlog [req-9d77eafd-55b9-41fd-8217-24fd36993376 req-1e880998-7276-473a-94f1-d0779a8b94ea None None] Starting request: 10.222.0.59 "GET /placement/allocations/339cc9a8-9111-420b-ac8c-b8584c9112d3" {{(pid=94866) __call__ /opt/stack/placement/placement/requestlog.py:55}}
Aug 05 08:49:25.029290 n-d-800087-19 devstack@placement-api.service[94867]: DEBUG placement.requestlog [req-4246bfc7-85b9-406f-8277-f194dd68cbe3 req-8ddeeec5-0ff7-4a7d-910b-e4d2d7c75bc5 None None] Starting request: 10.222.0.59 "GET /placement/allocations/339cc9a8-9111-420b-ac8c-b8584c9112d3" {{(pid=94867) __call__ /opt/stack/placement/placement/requestlog.py:55}}
Aug 05 08:49:25.177613 n-d-800087-19 devstack@placement-api.service[94866]: INFO placement.requestlog [req-9d77eafd-55b9-41fd-8217-24fd36993376 req-1e880998-7276-473a-94f1-d0779a8b94ea service placement] 10.222.0.59 "GET /placement/allocations/339cc9a8-9111-420b-ac8c-b8584c9112d3" status: 200 len: 260 microversion: 1.28
Aug 05 08:49:25.181309 n-d-800087-19 devstack@placement-api.service[94866]: [pid: 94866|app: 0|req: 308/618] 10.222.0.59 () {60 vars in 1372 bytes} [Thu Aug 5 08:49:24 2021] GET /placement/allocations/339cc9a8-9111-420b-ac8c-b8584c9112d3 => generated 260 bytes in 222 msecs (HTTP/1.1 200) 8 headers in 296 bytes (1 switches on core 0)
Aug 05 08:49:25.189051 n-d-800087-19 devstack@placement-api.service[94866]: DEBUG placement.requestlog [req-9d77eafd-55b9-41fd-8217-24fd36993376 req-7df5bb73-3cea-4547-9eef-2597b4c6f187 None None] Starting request: 10.222.0.59 "PUT /placement/allocations/339cc9a8-9111-420b-ac8c-b8584c9112d3" {{(pid=94866) __call__ /opt/stack/placement/placement/requestlog.py:55}}
Aug 05 08:49:25.253880 n-d-800087-19 devstack@placement-api.service[94867]: INFO placement.requestlog [req-4246bfc7-85b9-406f-8277-f194dd68cbe3 req-8ddeeec5-0ff7-4a7d-910b-e4d2d7c75bc5 service placement] 10.222.0.59 "GET /placement/allocations/339cc9a8-9111-420b-ac8c-b8584c9112d3" status: 200 len: 260 microversion: 1.28
Aug 05 08:49:25.256395 n-d-800087-19 devstack@placement-api.service[94867]: [pid: 94867|app: 0|req: 311/619] 10.222.0.59 () {60 vars in 1381 bytes} [Thu Aug 5 08:49:25 2021] GET /placement/allocations/339cc9a8-9111-420b-ac8c-b8584c9112d3 => generated 260 bytes in 228 msecs (HTTP/1.1 200) 8 headers in 296 bytes (2 switches on core 0)
Aug 05 08:49:25.269138 n-d-800087-19 devstack@placement-api.service[94867]: DEBUG placement.requestlog [req-4246bfc7-85b9-406f-8277-f194dd68cbe3 req-54fb4a88-cd89-487c-a779-e6d3e6af3840 None None] Starting request: 10.222.0.59 "PUT /placement/allocations/339cc9a8-9111-420b-ac8c-b8584c9112d3" {{(pid=94867) __call__ /opt/stack/placement/placement/requestlog.py:55}}
Aug 05 08:49:25.343910 n-d-800087-19 devstack@placement-api.service[94866]: DEBUG placement.handlers.allocation [req-9d77eafd-55b9-41fd-8217-24fd36993376 req-7df5bb73-3cea-4547-9eef-2597b4c6f187 service placement] Successfully wrote allocations [, , ] {{(pid=94866) _create_allocations /opt/stack/placement/placement/handlers/allocation.py:435}}
Aug 05 08:49:25.344413 n-d-800087-19 devstack@placement-api.service[94866]: INFO placement.requestlog [req-9d77eafd-55b9-41fd-8217-24fd36993376 req-7df5bb73-3cea-4547-9eef-2597b4c6f187 service placement] 10.222.0.59 "PUT /placement/allocations/339cc9a8-9111-420b-ac8c-b8584c9112d3" status: 204 len: 0 microversion: 1.28
Aug 05 08:49:25.344973 n-d-800087-19 devstack@placement-api.service[94866]: [pid: 94866|app: 0|req: 309/620] 10.222.0.59 () {64 vars in 1425 bytes} [Thu Aug 5 08:49:25 2021] PUT /placement/allocations/339cc9a8-9111-420b-ac8c-b8584c9112d3 => generated 0 bytes in 156 msecs (HTTP/1.1 204) 5 headers in 199 bytes (2 switches on core 0)
Aug 05 08:49:25.363988 n-d-800087-19 devstack@placement-api.service[94867]: DEBUG placement.objects.allocation [req-4246bfc7-85b9-406f-8277-f194dd68cbe3 req-54fb4a88-cd89-487c-a779-e6d3e6af3840 service placement] Retrying allocations write on resource provider generation conflict {{(pid=94867) replace_all /opt/stack/placement/placement/objects/allocation.py:505}}
Aug 05 08:49:25.387605 n-d-800087-19 devstack@placement-api.service[94867]: DEBUG placement.wsgi_wrapper [req-4246bfc7-85b9-406f-8277-f194dd68cbe3 req-54fb4a88-cd89-487c-a779-e6d3e6af3840 service placement] Placement API returning an error response: Inventory and/or allocations changed while attempting to allocate: Another thread concurrently updated the data. Please retry your update {{(pid=94867) call_func /opt/stack/placement/placement/wsgi_wrapper.py:31}}
Aug 05 08:49:25.391991 n-d-800087-19 devstack@placement-api.service[94867]: INFO placement.requestlog [req-4246bfc7-85b9-406f-8277-f194dd68cbe3 req-54fb4a88-cd89-487c-a779-e6d3e6af3840 service placement] 10.222.0.59 "PUT /placement/allocations/339cc9a8-9111-420b-ac8c-b8584c9112d3" status: 409 len: 363 microversion: 1.28
Aug 05 08:49:25.392891 n-d-800087-19 devstack@placement-api.service[94867]: [pid: 94867|app: 0|req: 312/621] 10.222.0.59 () {64 vars in 1434 bytes} [Thu Aug 5 08:49:25 2021] PUT /placement/allocations/339cc9a8-9111-420b-ac8c-b8584c9112d3 => generated 363 bytes in 124 msecs (HTTP/1.1 409) 6 headers in 231 bytes (1 switches on core 0)
Aug 05 08:49:27.624876 n-d-800087-19 devstack@placement-api.service[94866]: DEBUG placement.requestlog [req-0bc3e335-eb90-4d99-9803-ca152c12fa62 req-6261a8ec-b76e-446c-a673-d16c1859e1ee None None] Starting request: 10.222.0.59 "GET /placement/allocation_candidates?limit=1000&resources=DISK_GB%3A1%2CMEMORY_MB%3A1024%2CVCPU%3A1&root_required=%21COMPUTE_STATUS_DISABLED" {{(pid=94866) __call__ /opt/stack/placement/placement/requestlog.py:55}}
Aug 05 08:49:27.687493 n-d-800087-19 devstack@placement-api.service[94866]: DEBUG placement.objects.research_context [req-0bc3e335-eb90-4d99-9803-ca152c12fa62 req-6261a8ec-b76e-446c-a673-d16c1859e1ee service placement] getting providers with 1 DISK_GB {{(pid=94866) __init__ /opt/stack/placement/placement/objects/research_context.py:126}}
Aug 05 08:49:27.712695 n-d-800087-19 devstack@placement-api.service[94866]: DEBUG placement.objects.research_context [req-0bc3e335-eb90-4d99-9803-ca152c12fa62 req-6261a8ec-b76e-446c-a673-d16c1859e1ee service placement] getting providers with 1024 MEMORY_MB {{(pid=94866) __init__ /opt/stack/placement/placement/objects/research_context.py:126}}
Aug 05 08:49:27.723086 n-d-800087-19 devstack@placement-api.service[94866]: DEBUG placement.objects.research_context [req-0bc3e335-eb90-4d99-9803-ca152c12fa62 req-6261a8ec-b76e-446c-a673-d16c1859e1ee service placement] getting providers with 1 VCPU {{(pid=94866) __init__ /opt/stack/placement/placement/objects/research_context.py:126}}
Aug 05 08:49:27.737840 n-d-800087-19 devstack@placement-api.service[94866]: DEBUG placement.objects.research_context [req-0bc3e335-eb90-4d99-9803-ca152c12fa62 req-6261a8ec-b76e-446c-a673-d16c1859e1ee service placement] found 2 providers with available 1 DISK_GB {{(pid=94866) get_provider_ids_matching /opt/stack/placement/placement/objects/research_context.py:549}}
Aug 05 08:49:27.738365 n-d-800087-19 devstack@placement-api.service[94866]: DEBUG placement.objects.research_context [req-0bc3e335-eb90-4d99-9803-ca152c12fa62 req-6261a8ec-b76e-446c-a673-d16c1859e1ee service placement] found 2 providers with available 1024 MEMORY_MB {{(pid=94866) get_provider_ids_matching /opt/stack/placement/placement/objects/research_context.py:549}}
Aug 05 08:49:27.738786 n-d-800087-19 devstack@placement-api.service[94866]: DEBUG placement.objects.research_context [req-0bc3e335-eb90-4d99-9803-ca152c12fa62 req-6261a8ec-b76e-446c-a673-d16c1859e1ee service placement] found 2 providers after filtering by previous result {{(pid=94866) get_provider_ids_matching /opt/stack/placement/placement/objects/research_context.py:580}}
Aug 05 08:49:27.739187 n-d-800087-19 devstack@placement-api.service[94866]: DEBUG placement.objects.research_context [req-0bc3e335-eb90-4d99-9803-ca152c12fa62 req-6261a8ec-b76e-446c-a673-d16c1859e1ee service placement] found 2 providers with available 1 VCPU {{(pid=94866) get_provider_ids_matching /opt/stack/placement/placement/objects/research_context.py:549}}
Aug 05 08:49:27.740454 n-d-800087-19 devstack@placement-api.service[94866]: DEBUG placement.objects.research_context [req-0bc3e335-eb90-4d99-9803-ca152c12fa62 req-6261a8ec-b76e-446c-a673-d16c1859e1ee service placement] found 2 providers after filtering by previous result {{(pid=94866) get_provider_ids_matching /opt/stack/placement/placement/objects/research_context.py:580}}
Aug 05 08:49:27.769170 n-d-800087-19 devstack@placement-api.service[94866]: DEBUG placement.objects.allocation_candidate [req-0bc3e335-eb90-4d99-9803-ca152c12fa62 req-6261a8ec-b76e-446c-a673-d16c1859e1ee service placement] RequestGroup(use_same_provider=False, resources={DISK_GB:1, MEMORY_MB:1024, VCPU:1}, traits=[], aggregates=[]) (suffix '') returned 2 matches {{(pid=94866) _get_by_requests /opt/stack/placement/placement/objects/allocation_candidate.py:145}}
Aug 05 08:49:27.769874 n-d-800087-19 devstack@placement-api.service[94866]: DEBUG placement.objects.allocation_candidate [req-0bc3e335-eb90-4d99-9803-ca152c12fa62 req-6261a8ec-b76e-446c-a673-d16c1859e1ee service placement] Merging candidates yields 2 allocation requests and 2 provider summaries {{(pid=94866) _merge_candidates /opt/stack/placement/placement/objects/allocation_candidate.py:783}}
Aug 05 08:49:27.773001 n-d-800087-19 devstack@placement-api.service[94866]: INFO placement.requestlog [req-0bc3e335-eb90-4d99-9803-ca152c12fa62 req-6261a8ec-b76e-446c-a673-d16c1859e1ee service placement] 10.222.0.59 "GET /placement/allocation_candidates?limit=1000&resources=DISK_GB%3A1%2CMEMORY_MB%3A1024%2CVCPU%3A1&root_required=%21COMPUTE_STATUS_DISABLED" status: 200 len: 1309 microversion: 1.36
Aug 05 08:49:27.776173 n-d-800087-19 devstack@placement-api.service[94866]: [pid: 94866|app: 0|req: 310/622] 10.222.0.59 () {60 vars in 1507 bytes} [Thu Aug 5 08:49:27 2021] GET /placement/allocation_candidates?limit=1000&resources=DISK_GB%3A1%2CMEMORY_MB%3A1024%2CVCPU%3A1&root_required=%21COMPUTE_STATUS_DISABLED => generated 1309 bytes in 152 msecs (HTTP/1.1 200) 8 headers in 297 bytes (1 switches on core 0)
Aug 05 08:49:28.022884 n-d-800087-19 devstack@placement-api.service[94867]: DEBUG placement.requestlog [req-0bc3e335-eb90-4d99-9803-ca152c12fa62 req-6f8bf62d-b0bd-4477-bcf1-b8a12bb5fecf None None] Starting request: 10.222.0.59 "GET /placement/allocations/09f06bc3-f8f4-4375-9200-8f58211d8bbc" {{(pid=94867) __call__ /opt/stack/placement/placement/requestlog.py:55}}
Aug 05 08:49:28.071835 n-d-800087-19 devstack@placement-api.service[94867]: INFO placement.requestlog [req-0bc3e335-eb90-4d99-9803-ca152c12fa62 req-6f8bf62d-b0bd-4477-bcf1-b8a12bb5fecf service placement] 10.222.0.59 "GET /placement/allocations/09f06bc3-f8f4-4375-9200-8f58211d8bbc" status: 200 len: 19 microversion: 1.28
Aug 05 08:49:28.072166 n-d-800087-19 devstack@placement-api.service[94867]: [pid: 94867|app: 0|req: 313/623] 10.222.0.59 () {60 vars in 1381 bytes} [Thu Aug 5 08:49:28 2021] GET /placement/allocations/09f06bc3-f8f4-4375-9200-8f58211d8bbc => generated 19 bytes in 50 msecs (HTTP/1.1 200) 8 headers in 295 bytes (1 switches on core 0)
Aug 05 08:49:28.081783 n-d-800087-19 devstack@placement-api.service[94866]: DEBUG placement.requestlog [req-0bc3e335-eb90-4d99-9803-ca152c12fa62 req-002450bf-878f-4b62-9431-63b99fe0faec None None] Starting request: 10.222.0.59 "PUT /placement/allocations/09f06bc3-f8f4-4375-9200-8f58211d8bbc" {{(pid=94866) __call__ /opt/stack/placement/placement/requestlog.py:55}}
Aug 05 08:49:28.284788 n-d-800087-19 devstack@placement-api.service[94866]: DEBUG placement.handlers.allocation [req-0bc3e335-eb90-4d99-9803-ca152c12fa62 req-002450bf-878f-4b62-9431-63b99fe0faec service placement] Successfully wrote allocations [, , ] {{(pid=94866) _create_allocations /opt/stack/placement/placement/handlers/allocation.py:435}}
Aug 05 08:49:28.285984 n-d-800087-19 devstack@placement-api.service[94866]: INFO placement.requestlog [req-0bc3e335-eb90-4d99-9803-ca152c12fa62 req-002450bf-878f-4b62-9431-63b99fe0faec service placement] 10.222.0.59 "PUT /placement/allocations/09f06bc3-f8f4-4375-9200-8f58211d8bbc" status: 204 len: 0 microversion: 1.36
Aug 05 08:49:28.286979 n-d-800087-19 devstack@placement-api.service[94866]: [pid: 94866|app: 0|req: 311/624] 10.222.0.59 () {64 vars in 1434 bytes} [Thu Aug 5 08:49:28 2021] PUT /placement/allocations/09f06bc3-f8f4-4375-9200-8f58211d8bbc => generated 0 bytes in 206 msecs (HTTP/1.1 204) 5 headers in 199 bytes (1 switches on core 0)
Aug 05 08:49:28.932304 n-d-800087-19 devstack@placement-api.service[94867]: DEBUG placement.requestlog [req-0bc3e335-eb90-4d99-9803-ca152c12fa62 req-a0bed072-ed04-4dc1-84a1-17312bd6efe5 None None] Starting request: 10.222.0.44 "GET /placement/allocations/09f06bc3-f8f4-4375-9200-8f58211d8bbc" {{(pid=94867) __call__ /opt/stack/placement/placement/requestlog.py:55}}
Aug 05 08:49:28.971932 n-d-800087-19 devstack@placement-api.service[94867]: INFO placement.requestlog [req-0bc3e335-eb90-4d99-9803-ca152c12fa62 req-a0bed072-ed04-4dc1-84a1-17312bd6efe5 service placement] 10.222.0.44 "GET /placement/allocations/09f06bc3-f8f4-4375-9200-8f58211d8bbc" status: 200 len: 260 microversion: 1.28
Aug 05 08:49:28.973160 n-d-800087-19 devstack@placement-api.service[94867]: [pid: 94867|app: 0|req: 314/625] 10.222.0.44 () {60 vars in 1378 bytes} [Thu Aug 5 08:49:28 2021] GET /placement/allocations/09f06bc3-f8f4-4375-9200-8f58211d8bbc => generated 260 bytes in 41 msecs (HTTP/1.1 200) 8 headers in 296 bytes (1 switches on core 0)
Aug 05 08:49:29.988172 n-d-800087-19 devstack@placement-api.service[94866]: DEBUG placement.requestlog [req-11e813b3-b9ce-4136-bcd5-46f2bf346236 req-4e80a6c1-3de4-425d-8c27-aa47f00b669c None None] Starting request: 10.222.0.59 "GET /placement/allocation_candidates?limit=1000&resources=DISK_GB%3A1%2CMEMORY_MB%3A1024%2CVCPU%3A1&root_required=%21COMPUTE_STATUS_DISABLED" {{(pid=94866) __call__ /opt/stack/placement/placement/requestlog.py:55}}
Aug 05 08:49:30.050248 n-d-800087-19 devstack@placement-api.service[94866]: DEBUG placement.objects.research_context [req-11e813b3-b9ce-4136-bcd5-46f2bf346236 req-4e80a6c1-3de4-425d-8c27-aa47f00b669c service placement] getting providers with 1 DISK_GB {{(pid=94866) __init__ /opt/stack/placement/placement/objects/research_context.py:126}}
Aug 05 08:49:30.069714 n-d-800087-19 devstack@placement-api.service[94866]: DEBUG placement.objects.research_context [req-11e813b3-b9ce-4136-bcd5-46f2bf346236 req-4e80a6c1-3de4-425d-8c27-aa47f00b669c service placement] getting providers with 1024 MEMORY_MB {{(pid=94866) __init__ /opt/stack/placement/placement/objects/research_context.py:126}}
Aug 05 08:49:30.085294 n-d-800087-19 devstack@placement-api.service[94866]: DEBUG placement.objects.research_context [req-11e813b3-b9ce-4136-bcd5-46f2bf346236 req-4e80a6c1-3de4-425d-8c27-aa47f00b669c service placement] getting providers with 1 VCPU {{(pid=94866) __init__ /opt/stack/placement/placement/objects/research_context.py:126}}
Aug 05 08:49:30.099782 n-d-800087-19 devstack@placement-api.service[94866]: DEBUG placement.objects.research_context [req-11e813b3-b9ce-4136-bcd5-46f2bf346236 req-4e80a6c1-3de4-425d-8c27-aa47f00b669c service placement] found 2 providers with available 1 DISK_GB {{(pid=94866) get_provider_ids_matching /opt/stack/placement/placement/objects/research_context.py:549}}
Aug 05 08:49:30.100155 n-d-800087-19 devstack@placement-api.service[94866]: DEBUG placement.objects.research_context [req-11e813b3-b9ce-4136-bcd5-46f2bf346236 req-4e80a6c1-3de4-425d-8c27-aa47f00b669c service placement] found 2 providers with available 1024 MEMORY_MB {{(pid=94866) get_provider_ids_matching /opt/stack/placement/placement/objects/research_context.py:549}}
Aug 05 08:49:30.100440 n-d-800087-19 devstack@placement-api.service[94866]: DEBUG placement.objects.research_context [req-11e813b3-b9ce-4136-bcd5-46f2bf346236 req-4e80a6c1-3de4-425d-8c27-aa47f00b669c service placement] found 2 providers after filtering by previous result {{(pid=94866) get_provider_ids_matching /opt/stack/placement/placement/objects/research_context.py:580}}
Aug 05 08:49:30.100760 n-d-800087-19 devstack@placement-api.service[94866]: DEBUG placement.objects.research_context [req-11e813b3-b9ce-4136-bcd5-46f2bf346236 req-4e80a6c1-3de4-425d-8c27-aa47f00b669c service placement] found 2 providers with available 1 VCPU {{(pid=94866) get_provider_ids_matching /opt/stack/placement/placement/objects/research_context.py:549}}
Aug 05 08:49:30.101105 n-d-800087-19 devstack@placement-api.service[94866]: DEBUG placement.objects.research_context [req-11e813b3-b9ce-4136-bcd5-46f2bf346236 req-4e80a6c1-3de4-425d-8c27-aa47f00b669c service placement] found 2 providers after filtering by previous result {{(pid=94866) get_provider_ids_matching /opt/stack/placement/placement/objects/research_context.py:580}}
Aug 05 08:49:30.126727 n-d-800087-19 devstack@placement-api.service[94866]: DEBUG placement.objects.allocation_candidate [req-11e813b3-b9ce-4136-bcd5-46f2bf346236 req-4e80a6c1-3de4-425d-8c27-aa47f00b669c service placement] RequestGroup(use_same_provider=False, resources={DISK_GB:1, MEMORY_MB:1024, VCPU:1}, traits=[], aggregates=[]) (suffix '') returned 2 matches {{(pid=94866) _get_by_requests /opt/stack/placement/placement/objects/allocation_candidate.py:145}}
Aug 05 08:49:30.127808 n-d-800087-19 devstack@placement-api.service[94866]: DEBUG placement.objects.allocation_candidate [req-11e813b3-b9ce-4136-bcd5-46f2bf346236 req-4e80a6c1-3de4-425d-8c27-aa47f00b669c service placement] Merging candidates yields 2 allocation requests and 2 provider summaries {{(pid=94866) _merge_candidates /opt/stack/placement/placement/objects/allocation_candidate.py:783}}
Aug 05 08:49:30.131051 n-d-800087-19 devstack@placement-api.service[94866]: INFO placement.requestlog [req-11e813b3-b9ce-4136-bcd5-46f2bf346236 req-4e80a6c1-3de4-425d-8c27-aa47f00b669c service placement] 10.222.0.59 "GET /placement/allocation_candidates?limit=1000&resources=DISK_GB%3A1%2CMEMORY_MB%3A1024%2CVCPU%3A1&root_required=%21COMPUTE_STATUS_DISABLED" status: 200 len: 1309 microversion: 1.36
Aug 05 08:49:30.131812 n-d-800087-19 devstack@placement-api.service[94866]: [pid: 94866|app: 0|req: 312/626] 10.222.0.59 () {60 vars in 1507 bytes} [Thu Aug 5 08:49:29 2021] GET /placement/allocation_candidates?limit=1000&resources=DISK_GB%3A1%2CMEMORY_MB%3A1024%2CVCPU%3A1&root_required=%21COMPUTE_STATUS_DISABLED => generated 1309 bytes in 144 msecs (HTTP/1.1 200) 8 headers in 297 bytes (2 switches on core 0)
Aug 05 08:49:30.293689 n-d-800087-19 devstack@placement-api.service[94867]: DEBUG placement.requestlog [req-11e813b3-b9ce-4136-bcd5-46f2bf346236 req-68829c3a-1488-4a3b-9791-e3d2deaf4b24 None None] Starting request: 10.222.0.59 "GET /placement/allocations/8f1c9051-132d-4560-be88-ccde0aebc0a5" {{(pid=94867) __call__ /opt/stack/placement/placement/requestlog.py:55}}
Aug 05 08:49:30.329982 n-d-800087-19 devstack@placement-api.service[94867]: INFO placement.requestlog [req-11e813b3-b9ce-4136-bcd5-46f2bf346236 req-68829c3a-1488-4a3b-9791-e3d2deaf4b24 service placement] 10.222.0.59 "GET /placement/allocations/8f1c9051-132d-4560-be88-ccde0aebc0a5" status: 200 len: 19 microversion: 1.28
Aug 05 08:49:30.330756 n-d-800087-19 devstack@placement-api.service[94867]: [pid: 94867|app: 0|req: 315/627] 10.222.0.59 () {60 vars in 1381 bytes} [Thu Aug 5 08:49:30 2021] GET /placement/allocations/8f1c9051-132d-4560-be88-ccde0aebc0a5 => generated 19 bytes in 37 msecs (HTTP/1.1 200) 8 headers in 295 bytes (1 switches on core 0)
Aug 05 08:49:30.337094 n-d-800087-19 devstack@placement-api.service[94866]: DEBUG placement.requestlog [req-11e813b3-b9ce-4136-bcd5-46f2bf346236 req-ea10c98a-4409-4b77-922d-f44b4f5d32bd None None] Starting request: 10.222.0.59 "PUT /placement/allocations/8f1c9051-132d-4560-be88-ccde0aebc0a5" {{(pid=94866) __call__ /opt/stack/placement/placement/requestlog.py:55}}
Aug 05 08:49:30.483030 n-d-800087-19 devstack@placement-api.service[94866]: DEBUG placement.handlers.allocation [req-11e813b3-b9ce-4136-bcd5-46f2bf346236 req-ea10c98a-4409-4b77-922d-f44b4f5d32bd service placement] Successfully wrote allocations [, , ] {{(pid=94866) _create_allocations /opt/stack/placement/placement/handlers/allocation.py:435}}
Aug 05 08:49:30.483693 n-d-800087-19 devstack@placement-api.service[94866]: INFO placement.requestlog [req-11e813b3-b9ce-4136-bcd5-46f2bf346236 req-ea10c98a-4409-4b77-922d-f44b4f5d32bd service placement] 10.222.0.59 "PUT /placement/allocations/8f1c9051-132d-4560-be88-ccde0aebc0a5" status: 204 len: 0 microversion: 1.36
Aug 05 08:49:30.487963 n-d-800087-19 devstack@placement-api.service[94866]: [pid: 94866|app: 0|req: 313/628] 10.222.0.59 () {64 vars in 1434 bytes} [Thu Aug 5 08:49:30 2021] PUT /placement/allocations/8f1c9051-132d-4560-be88-ccde0aebc0a5 => generated 0 bytes in 148 msecs (HTTP/1.1 204) 5 headers in 199 bytes (1 switches on core 0)
Aug 05 08:49:31.048601 n-d-800087-19 devstack@placement-api.service[94867]: DEBUG placement.requestlog [req-11e813b3-b9ce-4136-bcd5-46f2bf346236 req-88249729-1908-4447-ad6a-651290f63158 None None] Starting request: 10.222.0.57 "GET /placement/allocations/8f1c9051-132d-4560-be88-ccde0aebc0a5" {{(pid=94867) __call__ /opt/stack/placement/placement/requestlog.py:55}}
Aug 05 08:49:31.099610 n-d-800087-19 devstack@placement-api.service[94867]: INFO placement.requestlog [req-11e813b3-b9ce-4136-bcd5-46f2bf346236 req-88249729-1908-4447-ad6a-651290f63158 service placement] 10.222.0.57 "GET /placement/allocations/8f1c9051-132d-4560-be88-ccde0aebc0a5" status: 200 len: 259 microversion: 1.28
Aug 05 08:49:31.101883 n-d-800087-19 devstack@placement-api.service[94867]: [pid: 94867|app: 0|req: 316/629] 10.222.0.57 () {60 vars in 1378 bytes} [Thu Aug 5 08:49:31 2021] GET /placement/allocations/8f1c9051-132d-4560-be88-ccde0aebc0a5 => generated 259 bytes in 54 msecs (HTTP/1.1 200) 8 headers in 296 bytes (1 switches on core 0)
Aug 05 08:49:50.799977 n-d-800087-19 devstack@placement-api.service[94866]: DEBUG placement.requestlog [req-37b0bf9d-792e-485d-b4c2-1ee2adbbb85b req-29c0b8d3-c2d3-464c-98b0-1d9788ec7863 None None] Starting request: 10.222.0.44 "GET /placement/resource_providers/df66f4b0-1a4d-4ada-9272-ced811fe871a/allocations" {{(pid=94866) __call__ /opt/stack/placement/placement/requestlog.py:55}}
Aug 05 08:49:50.855939 n-d-800087-19 devstack@placement-api.service[94866]: INFO placement.requestlog [req-37b0bf9d-792e-485d-b4c2-1ee2adbbb85b req-29c0b8d3-c2d3-464c-98b0-1d9788ec7863 service placement] 10.222.0.44 "GET /placement/resource_providers/df66f4b0-1a4d-4ada-9272-ced811fe871a/allocations" status: 200 len: 343 microversion: 1.0
Aug 05 08:49:50.856472 n-d-800087-19 devstack@placement-api.service[94866]: [pid: 94866|app: 0|req: 314/630] 10.222.0.44 () {58 vars in 1391 bytes} [Thu Aug 5 08:49:50 2021] GET /placement/resource_providers/df66f4b0-1a4d-4ada-9272-ced811fe871a/allocations => generated 343 bytes in 57 msecs (HTTP/1.1 200) 6 headers in 224 bytes (1 switches on core 0)
Aug 05 08:50:07.584133 n-d-800087-19 devstack@placement-api.service[94867]: DEBUG placement.requestlog [req-ef970625-2484-4784-a2b9-ed2184f12aac req-62ff43cf-2dde-4be4-8ea5-8ef6b7fe9c3e None None] Starting request: 10.222.0.44 "GET /placement/allocations/09f06bc3-f8f4-4375-9200-8f58211d8bbc" {{(pid=94867) __call__ /opt/stack/placement/placement/requestlog.py:55}}
Aug 05 08:50:07.616858 n-d-800087-19 devstack@placement-api.service[94867]: INFO placement.requestlog [req-ef970625-2484-4784-a2b9-ed2184f12aac req-62ff43cf-2dde-4be4-8ea5-8ef6b7fe9c3e service placement] 10.222.0.44 "GET /placement/allocations/09f06bc3-f8f4-4375-9200-8f58211d8bbc" status: 200 len: 260 microversion: 1.28
Aug 05 08:50:07.616858 n-d-800087-19 devstack@placement-api.service[94867]: [pid: 94867|app: 0|req: 317/631] 10.222.0.44 () {60 vars in 1378 bytes} [Thu Aug 5 08:50:07 2021] GET /placement/allocations/09f06bc3-f8f4-4375-9200-8f58211d8bbc => generated 260 bytes in 33 msecs (HTTP/1.1 200) 8 headers in 296 bytes (1 switches on core 0)
Aug 05 08:50:07.625899 n-d-800087-19 devstack@placement-api.service[94866]: DEBUG placement.requestlog [req-ef970625-2484-4784-a2b9-ed2184f12aac req-7c67fe3c-6402-4298-b07c-32e00d702dfd None None] Starting request: 10.222.0.44 "PUT /placement/allocations/09f06bc3-f8f4-4375-9200-8f58211d8bbc" {{(pid=94866) __call__ /opt/stack/placement/placement/requestlog.py:55}}
Aug 05 08:50:07.718293 n-d-800087-19 devstack@placement-api.service[94866]: DEBUG placement.handlers.allocation [req-ef970625-2484-4784-a2b9-ed2184f12aac req-7c67fe3c-6402-4298-b07c-32e00d702dfd service placement] Successfully wrote allocations [, , ] {{(pid=94866) _create_allocations /opt/stack/placement/placement/handlers/allocation.py:435}}
Aug 05 08:50:07.719410 n-d-800087-19 devstack@placement-api.service[94866]: INFO placement.requestlog [req-ef970625-2484-4784-a2b9-ed2184f12aac req-7c67fe3c-6402-4298-b07c-32e00d702dfd service placement] 10.222.0.44 "PUT /placement/allocations/09f06bc3-f8f4-4375-9200-8f58211d8bbc" status: 204 len: 0 microversion: 1.28
Aug 05 08:50:07.720307 n-d-800087-19 devstack@placement-api.service[94866]: [pid: 94866|app: 0|req: 315/632] 10.222.0.44 () {64 vars in 1431 bytes} [Thu Aug 5 08:50:07 2021] PUT /placement/allocations/09f06bc3-f8f4-4375-9200-8f58211d8bbc => generated 0 bytes in 95 msecs (HTTP/1.1 204) 5 headers in 199 bytes (2 switches on core 0)
Aug 05 08:50:08.559306 n-d-800087-19 devstack@placement-api.service[94867]: DEBUG placement.requestlog [req-0010680b-26e7-48dd-ab6e-87576793b6a7 req-853d171e-924a-4ed9-9866-b6f24c407e64 None None] Starting request: 10.222.0.57 "GET /placement/allocations/8f1c9051-132d-4560-be88-ccde0aebc0a5" {{(pid=94867) __call__ /opt/stack/placement/placement/requestlog.py:55}}
Aug 05 08:50:08.581464 n-d-800087-19 devstack@placement-api.service[94867]: INFO placement.requestlog [req-0010680b-26e7-48dd-ab6e-87576793b6a7 req-853d171e-924a-4ed9-9866-b6f24c407e64 service placement] 10.222.0.57 "GET /placement/allocations/8f1c9051-132d-4560-be88-ccde0aebc0a5" status: 200 len: 259 microversion: 1.28
Aug 05 08:50:08.582476 n-d-800087-19 devstack@placement-api.service[94867]: [pid: 94867|app: 0|req: 318/633] 10.222.0.57 () {60 vars in 1378 bytes} [Thu Aug 5 08:50:08 2021] GET /placement/allocations/8f1c9051-132d-4560-be88-ccde0aebc0a5 => generated 259 bytes in 23 msecs (HTTP/1.1 200) 8 headers in 296 bytes (1 switches on core 0)
Aug 05 08:50:08.606934 n-d-800087-19 devstack@placement-api.service[94866]: DEBUG placement.requestlog [req-0010680b-26e7-48dd-ab6e-87576793b6a7 req-efa1fe30-7282-4fc8-8e48-7dee2f5a14ce None None] Starting request: 10.222.0.57 "PUT /placement/allocations/8f1c9051-132d-4560-be88-ccde0aebc0a5" {{(pid=94866) __call__ /opt/stack/placement/placement/requestlog.py:55}}
Aug 05 08:50:08.695267 n-d-800087-19 devstack@placement-api.service[94866]: DEBUG placement.handlers.allocation [req-0010680b-26e7-48dd-ab6e-87576793b6a7 req-efa1fe30-7282-4fc8-8e48-7dee2f5a14ce service placement] Successfully wrote allocations [, , ] {{(pid=94866) _create_allocations /opt/stack/placement/placement/handlers/allocation.py:435}}
Aug 05 08:50:08.696912 n-d-800087-19 devstack@placement-api.service[94866]: INFO placement.requestlog [req-0010680b-26e7-48dd-ab6e-87576793b6a7 req-efa1fe30-7282-4fc8-8e48-7dee2f5a14ce service placement] 10.222.0.57 "PUT /placement/allocations/8f1c9051-132d-4560-be88-ccde0aebc0a5" status: 204 len: 0 microversion: 1.28
Aug 05 08:50:08.697806 n-d-800087-19 devstack@placement-api.service[94866]: [pid: 94866|app: 0|req: 316/634] 10.222.0.57 () {64 vars in 1431 bytes} [Thu Aug 5 08:50:08 2021] PUT /placement/allocations/8f1c9051-132d-4560-be88-ccde0aebc0a5 => generated 0 bytes in 91 msecs (HTTP/1.1 204) 5 headers in 199 bytes (1 switches on core 0)
Aug 05 08:50:08.963285 n-d-800087-19 devstack@placement-api.service[94867]: DEBUG placement.requestlog [req-0793760a-9eaa-429f-8a92-384e9c6851cf req-311e5c5f-3b28-415b-b131-ac8397887a5f None None] Starting request: 10.222.0.57 "GET /placement/allocations/6d518589-e446-4615-9a55-00c5eec70450" {{(pid=94867) __call__ /opt/stack/placement/placement/requestlog.py:55}}
Aug 05 08:50:08.988921 n-d-800087-19 devstack@placement-api.service[94867]: INFO placement.requestlog [req-0793760a-9eaa-429f-8a92-384e9c6851cf req-311e5c5f-3b28-415b-b131-ac8397887a5f service placement] 10.222.0.57 "GET /placement/allocations/6d518589-e446-4615-9a55-00c5eec70450" status: 200 len: 259 microversion: 1.28
Aug 05 08:50:08.990835 n-d-800087-19 devstack@placement-api.service[94867]: [pid: 94867|app: 0|req: 319/635] 10.222.0.57 () {60 vars in 1378 bytes} [Thu Aug 5 08:50:08 2021] GET /placement/allocations/6d518589-e446-4615-9a55-00c5eec70450 => generated 259 bytes in 28 msecs (HTTP/1.1 200) 8 headers in 296 bytes (1 switches on core 0)
Aug 05 08:50:08.998401 n-d-800087-19 devstack@placement-api.service[94866]: DEBUG placement.requestlog [req-0793760a-9eaa-429f-8a92-384e9c6851cf req-307f1bdd-1c91-4bcb-b8cb-59ea5765e123 None None] Starting request: 10.222.0.57 "PUT /placement/allocations/6d518589-e446-4615-9a55-00c5eec70450" {{(pid=94866) __call__ /opt/stack/placement/placement/requestlog.py:55}}
Aug 05 08:50:09.107047 n-d-800087-19 devstack@placement-api.service[94866]: DEBUG placement.handlers.allocation [req-0793760a-9eaa-429f-8a92-384e9c6851cf req-307f1bdd-1c91-4bcb-b8cb-59ea5765e123 service placement] Successfully wrote allocations [, , ] {{(pid=94866) _create_allocations /opt/stack/placement/placement/handlers/allocation.py:435}}
