Jul 08 21:23:28.221677 n-d-800087-1 devstack@n-api.service[108684]: DEBUG nova.policy [None req-e871cc76-427f-467d-97e5-5f2d83686fc0 tempest-DeleteServersAdminTestJSON-1085721114 tempest-DeleteServersAdminTestJSON-1085721114-project] Policy check for os_compute_api:os-extended-server-attributes failed with credentials {'is_admin': False, 'user_id': '4a48e211522049a88a09c1dbd6b83772', 'user_domain_id': 'default', 'system_scope': None, 'domain_id': None, 'project_id': '2328857be1104557b1e9540131e96268', 'project_domain_id': 'default', 'roles': ['reader', 'member'], 'is_admin_project': True, 'service_user_id': None, 'service_user_domain_id': None, 'service_project_id': None, 'service_project_domain_id': None, 'service_roles': []} {{(pid=108684) authorize /opt/stack/nova/nova/policy.py:199}}
Jul 08 21:23:28.224462 n-d-800087-1 devstack@n-api.service[108684]: /opt/stack/nova/nova/db/sqlalchemy/api.py:3000: SAWarning: TypeDecorator SoftDeleteInteger() will not produce a cache key because the ``cache_ok`` flag is not set to True. Set this flag to True if this type object's state is safe to use in a cache key, or False to disable this warning.
Jul 08 21:23:28.224462 n-d-800087-1 devstack@n-api.service[108684]: return _block_device_mapping_get_query(context).filter(
Jul 08 21:23:28.235349 n-d-800087-1 devstack@n-api.service[108684]: INFO nova.api.openstack.requestlog [None req-e871cc76-427f-467d-97e5-5f2d83686fc0 tempest-DeleteServersAdminTestJSON-1085721114 tempest-DeleteServersAdminTestJSON-1085721114-project] 10.222.0.32 "GET /compute/v2.1/servers/7cb41c54-6152-4525-bda9-cfd4e9bf49da" status: 200 len: 1340 microversion: 2.1 time: 1.268547
Jul 08 21:23:28.241867 n-d-800087-1 devstack@n-api.service[108684]: [pid: 108684|app: 0|req: 58/130] 10.222.0.32 () {58 vars in 1236 bytes} [Thu Jul 8 21:23:26 2021] GET /compute/v2.1/servers/7cb41c54-6152-4525-bda9-cfd4e9bf49da => generated 1340 bytes in 1276 msecs (HTTP/1.1 200) 9 headers in 358 bytes (1 switches on core 0)
Jul 08 21:23:28.252599 n-d-800087-1 devstack@n-api.service[108684]: DEBUG nova.api.openstack.wsgi [None req-fc5a1df1-7ff9-4067-a221-7ba9b57acb70 tempest-FlavorsAdminTestJSON-1673590624 tempest-FlavorsAdminTestJSON-1673590624-project-admin] Calling method '>' {{(pid=108684) _process_stack /opt/stack/nova/nova/api/openstack/wsgi.py:513}}
Jul 08 21:23:28.293274 n-d-800087-1 devstack@n-api.service[108684]: INFO nova.api.openstack.requestlog [None req-fc5a1df1-7ff9-4067-a221-7ba9b57acb70 tempest-FlavorsAdminTestJSON-1673590624 tempest-FlavorsAdminTestJSON-1673590624-project-admin] 10.222.0.32 "GET /compute/v2.1/flavors/detail?is_public=false" status: 200 len: 413 microversion: 2.1 time: 0.049918
Jul 08 21:23:28.315406 n-d-800087-1 devstack@n-api.service[108684]: [pid: 108684|app: 0|req: 59/131] 10.222.0.32 () {58 vars in 1177 bytes} [Thu Jul 8 21:23:28 2021] GET /compute/v2.1/flavors/detail?is_public=false => generated 413 bytes in 72 msecs (HTTP/1.1 200) 9 headers in 357 bytes (1 switches on core 0)
Jul 08 21:23:28.330237 n-d-800087-1 devstack@n-api.service[108684]: DEBUG nova.api.openstack.wsgi [None req-a8f8a00e-e9f5-449c-ba7b-7de91f0478c8 tempest-FlavorsAdminTestJSON-1673590624 tempest-FlavorsAdminTestJSON-1673590624-project-admin] Calling method '>' {{(pid=108684) _process_stack /opt/stack/nova/nova/api/openstack/wsgi.py:513}}
Jul 08 21:23:28.346465 n-d-800087-1 devstack@n-api.service[108684]: INFO nova.api.openstack.requestlog [None req-a8f8a00e-e9f5-449c-ba7b-7de91f0478c8 tempest-FlavorsAdminTestJSON-1673590624 tempest-FlavorsAdminTestJSON-1673590624-project-admin] 10.222.0.32 "GET /compute/v2.1/flavors/detail?is_public=no" status: 200 len: 413 microversion: 2.1 time: 0.025666
Jul 08 21:23:28.347092 n-d-800087-1 devstack@n-api.service[108684]: [pid: 108684|app: 0|req: 60/132] 10.222.0.32 () {58 vars in 1171 bytes} [Thu Jul 8 21:23:28 2021] GET /compute/v2.1/flavors/detail?is_public=no => generated 413 bytes in 31 msecs (HTTP/1.1 200) 9 headers in 357 bytes (1 switches on core 0)
Jul 08 21:23:28.380271 n-d-800087-1 devstack@n-api.service[108684]: DEBUG nova.api.openstack.wsgi [None req-190d8a8e-09a9-4e3e-9108-8f0870e0c6f2 tempest-FlavorsAdminTestJSON-1673590624 tempest-FlavorsAdminTestJSON-1673590624-project-admin] Calling method '>' {{(pid=108684) _process_stack /opt/stack/nova/nova/api/openstack/wsgi.py:513}}
Jul 08 21:23:28.398992 n-d-800087-1 devstack@n-api.service[108684]: INFO nova.api.openstack.requestlog [None req-190d8a8e-09a9-4e3e-9108-8f0870e0c6f2 tempest-FlavorsAdminTestJSON-1673590624 tempest-FlavorsAdminTestJSON-1673590624-project-admin] 10.222.0.32 "GET /compute/v2.1/flavors/detail?is_public=0" status: 200 len: 413 microversion: 2.1 time: 0.044172
Jul 08 21:23:28.422705 n-d-800087-1 devstack@n-api.service[108684]: [pid: 108684|app: 0|req: 61/133] 10.222.0.32 () {58 vars in 1169 bytes} [Thu Jul 8 21:23:28 2021] GET /compute/v2.1/flavors/detail?is_public=0 => generated 413 bytes in 68 msecs (HTTP/1.1 200) 9 headers in 357 bytes (1 switches on core 0)
Jul 08 21:23:28.438658 n-d-800087-1 devstack@n-api.service[108684]: DEBUG nova.api.openstack.wsgi [None req-e5a71b9b-bb71-476e-9585-f01f3754a419 tempest-FlavorsAdminTestJSON-1673590624 tempest-FlavorsAdminTestJSON-1673590624-project-admin] Calling method '>' {{(pid=108684) _process_stack /opt/stack/nova/nova/api/openstack/wsgi.py:513}}
Jul 08 21:23:28.480711 n-d-800087-1 devstack@n-api.service[108684]: INFO nova.api.openstack.requestlog [None req-e5a71b9b-bb71-476e-9585-f01f3754a419 tempest-FlavorsAdminTestJSON-1673590624 tempest-FlavorsAdminTestJSON-1673590624-project-admin] 10.222.0.32 "GET /compute/v2.1/flavors/detail?is_public=t" status: 200 len: 5395 microversion: 2.1 time: 0.054999
Jul 08 21:23:28.482572 n-d-800087-1 devstack@n-api.service[108684]: [pid: 108684|app: 0|req: 62/134] 10.222.0.32 () {58 vars in 1169 bytes} [Thu Jul 8 21:23:28 2021] GET /compute/v2.1/flavors/detail?is_public=t => generated 5395 bytes in 58 msecs (HTTP/1.1 200) 9 headers in 358 bytes (1 switches on core 0)
Jul 08 21:23:28.496790 n-d-800087-1 devstack@n-api.service[108684]: DEBUG nova.api.openstack.wsgi [None req-f724bb32-2b39-409a-a54d-a4ed4f226d9f tempest-FlavorsAdminTestJSON-1673590624 tempest-FlavorsAdminTestJSON-1673590624-project-admin] Calling method '>' {{(pid=108684) _process_stack /opt/stack/nova/nova/api/openstack/wsgi.py:513}}
Jul 08 21:23:28.540721 n-d-800087-1 devstack@n-api.service[108684]: INFO nova.api.openstack.requestlog [None req-f724bb32-2b39-409a-a54d-a4ed4f226d9f tempest-FlavorsAdminTestJSON-1673590624 tempest-FlavorsAdminTestJSON-1673590624-project-admin] 10.222.0.32 "GET /compute/v2.1/flavors/detail?is_public=true" status: 200 len: 5395 microversion: 2.1 time: 0.040471
Jul 08 21:23:28.541487 n-d-800087-1 devstack@n-api.service[108684]: [pid: 108684|app: 0|req: 63/135] 10.222.0.32 () {58 vars in 1175 bytes} [Thu Jul 8 21:23:28 2021] GET /compute/v2.1/flavors/detail?is_public=true => generated 5395 bytes in 49 msecs (HTTP/1.1 200) 9 headers in 358 bytes (1 switches on core 0)
Jul 08 21:23:28.564385 n-d-800087-1 devstack@n-api.service[108684]: DEBUG nova.api.openstack.wsgi [None req-f1b333e6-f3d4-480d-a209-7f383faf9a4c tempest-FlavorsAdminTestJSON-1673590624 tempest-FlavorsAdminTestJSON-1673590624-project-admin] Calling method '>' {{(pid=108684) _process_stack /opt/stack/nova/nova/api/openstack/wsgi.py:513}}
Jul 08 21:23:28.594627 n-d-800087-1 devstack@n-api.service[108684]: INFO nova.api.openstack.requestlog [None req-f1b333e6-f3d4-480d-a209-7f383faf9a4c tempest-FlavorsAdminTestJSON-1673590624 tempest-FlavorsAdminTestJSON-1673590624-project-admin] 10.222.0.32 "GET /compute/v2.1/flavors/detail?is_public=yes" status: 200 len: 5395 microversion: 2.1 time: 0.036495
Jul 08 21:23:28.595932 n-d-800087-1 devstack@n-api.service[108684]: [pid: 108684|app: 0|req: 64/136] 10.222.0.32 () {58 vars in 1173 bytes} [Thu Jul 8 21:23:28 2021] GET /compute/v2.1/flavors/detail?is_public=yes => generated 5395 bytes in 38 msecs (HTTP/1.1 200) 9 headers in 358 bytes (1 switches on core 0)
Jul 08 21:23:28.633395 n-d-800087-1 devstack@n-api.service[108684]: DEBUG nova.api.openstack.wsgi [None req-6aca965e-d4bc-43c8-840a-3b8ef2a1ec93 tempest-FlavorsAdminTestJSON-1673590624 tempest-FlavorsAdminTestJSON-1673590624-project-admin] Calling method '>' {{(pid=108684) _process_stack /opt/stack/nova/nova/api/openstack/wsgi.py:513}}
Jul 08 21:23:28.689376 n-d-800087-1 devstack@n-api.service[108684]: INFO nova.api.openstack.requestlog [None req-6aca965e-d4bc-43c8-840a-3b8ef2a1ec93 tempest-FlavorsAdminTestJSON-1673590624 tempest-FlavorsAdminTestJSON-1673590624-project-admin] 10.222.0.32 "GET /compute/v2.1/flavors/detail?is_public=1" status: 200 len: 5395 microversion: 2.1 time: 0.058119
Jul 08 21:23:28.692513 n-d-800087-1 devstack@n-api.service[108684]: [pid: 108684|app: 0|req: 65/137] 10.222.0.32 () {58 vars in 1169 bytes} [Thu Jul 8 21:23:28 2021] GET /compute/v2.1/flavors/detail?is_public=1 => generated 5395 bytes in 75 msecs (HTTP/1.1 200) 9 headers in 358 bytes (1 switches on core 0)
Jul 08 21:23:28.710254 n-d-800087-1 devstack@n-api.service[108684]: DEBUG nova.api.openstack.wsgi [None req-6e7e7044-938e-4f15-883a-aa5cf3bdc813 tempest-FlavorsAdminTestJSON-1673590624 tempest-FlavorsAdminTestJSON-1673590624-project-admin] Calling method '>' {{(pid=108684) _process_stack /opt/stack/nova/nova/api/openstack/wsgi.py:513}}
Jul 08 21:23:28.713518 n-d-800087-1 devstack@n-api.service[108684]: /usr/local/lib/python3.8/dist-packages/oslo_policy/policy.py:1064: UserWarning: Policy os_compute_api:os-flavor-manage:delete failed scope check. The token used to make the request was project scoped but the policy requires ['system'] scope. This behavior may change in the future where using the intended scope is required
Jul 08 21:23:28.713518 n-d-800087-1 devstack@n-api.service[108684]: warnings.warn(msg)
Jul 08 21:23:28.777895 n-d-800087-1 devstack@n-api.service[108684]: INFO nova.api.openstack.requestlog [None req-6e7e7044-938e-4f15-883a-aa5cf3bdc813 tempest-FlavorsAdminTestJSON-1673590624 tempest-FlavorsAdminTestJSON-1673590624-project-admin] 10.222.0.32 "DELETE /compute/v2.1/flavors/1529857674" status: 202 len: 0 microversion: 2.1 time: 0.071594
Jul 08 21:23:28.782310 n-d-800087-1 devstack@n-api.service[108684]: [pid: 108684|app: 0|req: 66/138] 10.222.0.32 () {58 vars in 1161 bytes} [Thu Jul 8 21:23:28 2021] DELETE /compute/v2.1/flavors/1529857674 => generated 0 bytes in 76 msecs (HTTP/1.1 202) 9 headers in 361 bytes (1 switches on core 0)
Jul 08 21:23:28.796615 n-d-800087-1 devstack@n-api.service[108684]: DEBUG nova.api.openstack.wsgi [None req-6587330e-cda8-440c-9156-f2c96dbae7c0 tempest-FlavorsAdminTestJSON-1673590624 tempest-FlavorsAdminTestJSON-1673590624-project-admin] Calling method '>' {{(pid=108684) _process_stack /opt/stack/nova/nova/api/openstack/wsgi.py:513}}
Jul 08 21:23:28.874565 n-d-800087-1 devstack@n-api.service[108684]: INFO nova.api.openstack.requestlog [None req-6587330e-cda8-440c-9156-f2c96dbae7c0 tempest-FlavorsAdminTestJSON-1673590624 tempest-FlavorsAdminTestJSON-1673590624-project-admin] 10.222.0.32 "GET /compute/v2.1/flavors/detail" status: 200 len: 4991 microversion: 2.1 time: 0.089809
Jul 08 21:23:28.893156 n-d-800087-1 devstack@n-api.service[108684]: [pid: 108684|app: 0|req: 67/139] 10.222.0.32 () {58 vars in 1146 bytes} [Thu Jul 8 21:23:28 2021] GET /compute/v2.1/flavors/detail => generated 4991 bytes in 109 msecs (HTTP/1.1 200) 9 headers in 358 bytes (1 switches on core 0)
Jul 08 21:23:28.923675 n-d-800087-1 devstack@n-api.service[108684]: DEBUG nova.api.openstack.wsgi [None req-90f4758c-0957-495c-8ea5-2e966f9ac957 tempest-FlavorsAdminTestJSON-1673590624 tempest-FlavorsAdminTestJSON-1673590624-project-admin] Calling method '>' {{(pid=108684) _process_stack /opt/stack/nova/nova/api/openstack/wsgi.py:513}}
Jul 08 21:23:28.928790 n-d-800087-1 devstack@n-api.service[108683]: DEBUG nova.policy [None req-5f042a41-b0ec-4b62-989a-2ad1ce2d4532 tempest-ServersOnMultiNodesTest-535657575 tempest-ServersOnMultiNodesTest-535657575-project] Policy check for os_compute_api:os-extended-server-attributes failed with credentials {'is_admin': False, 'user_id': '2c7369c1ca434afc9393f1db6b08907c', 'user_domain_id': 'default', 'system_scope': None, 'domain_id': None, 'project_id': 'b39332568d3c48e9b26f8bf7b24d3798', 'project_domain_id': 'default', 'roles': ['reader', 'member'], 'is_admin_project': True, 'service_user_id': None, 'service_user_domain_id': None, 'service_project_id': None, 'service_project_domain_id': None, 'service_roles': []} {{(pid=108683) authorize /opt/stack/nova/nova/policy.py:199}}
Jul 08 21:23:28.934191 n-d-800087-1 devstack@n-api.service[108683]: /opt/stack/nova/nova/db/sqlalchemy/api.py:3000: SAWarning: TypeDecorator SoftDeleteInteger() will not produce a cache key because the ``cache_ok`` flag is not set to True. Set this flag to True if this type object's state is safe to use in a cache key, or False to disable this warning.
Jul 08 21:23:28.934191 n-d-800087-1 devstack@n-api.service[108683]: return _block_device_mapping_get_query(context).filter(
Jul 08 21:23:28.956211 n-d-800087-1 devstack@n-api.service[108683]: INFO nova.api.openstack.requestlog [None req-5f042a41-b0ec-4b62-989a-2ad1ce2d4532 tempest-ServersOnMultiNodesTest-535657575 tempest-ServersOnMultiNodesTest-535657575-project] 10.222.0.32 "GET /compute/v2.1/servers/c1f2df60-eb5c-4ee7-8319-3cf040a52970" status: 200 len: 1316 microversion: 2.1 time: 0.783240
Jul 08 21:23:28.970166 n-d-800087-1 devstack@n-api.service[108683]: [pid: 108683|app: 0|req: 73/140] 10.222.0.32 () {58 vars in 1236 bytes} [Thu Jul 8 21:23:28 2021] GET /compute/v2.1/servers/c1f2df60-eb5c-4ee7-8319-3cf040a52970 => generated 1316 bytes in 798 msecs (HTTP/1.1 200) 9 headers in 358 bytes (1 switches on core 0)
Jul 08 21:23:29.009593 n-d-800087-1 devstack@n-api.service[108684]: INFO nova.api.openstack.requestlog [None req-90f4758c-0957-495c-8ea5-2e966f9ac957 tempest-FlavorsAdminTestJSON-1673590624 tempest-FlavorsAdminTestJSON-1673590624-project-admin] 10.222.0.32 "DELETE /compute/v2.1/flavors/128779289" status: 202 len: 0 microversion: 2.1 time: 0.095418
Jul 08 21:23:29.010635 n-d-800087-1 devstack@n-api.service[108684]: [pid: 108684|app: 0|req: 68/141] 10.222.0.32 () {58 vars in 1158 bytes} [Thu Jul 8 21:23:28 2021] DELETE /compute/v2.1/flavors/128779289 => generated 0 bytes in 98 msecs (HTTP/1.1 202) 9 headers in 361 bytes (1 switches on core 0)
Jul 08 21:23:29.020036 n-d-800087-1 devstack@n-api.service[108683]: DEBUG nova.api.openstack.wsgi [None req-90741d98-8a0d-4fb1-8238-3b5604f6db0e tempest-FlavorsAdminTestJSON-1673590624 tempest-FlavorsAdminTestJSON-1673590624-project-admin] Calling method '>' {{(pid=108683) _process_stack /opt/stack/nova/nova/api/openstack/wsgi.py:513}}
Jul 08 21:23:29.072781 n-d-800087-1 devstack@n-api.service[108683]: INFO nova.api.openstack.requestlog [None req-90741d98-8a0d-4fb1-8238-3b5604f6db0e tempest-FlavorsAdminTestJSON-1673590624 tempest-FlavorsAdminTestJSON-1673590624-project-admin] 10.222.0.32 "GET /compute/v2.1/flavors/detail" status: 200 len: 4991 microversion: 2.1 time: 0.056891
Jul 08 21:23:29.080467 n-d-800087-1 devstack@n-api.service[108683]: [pid: 108683|app: 0|req: 74/142] 10.222.0.32 () {58 vars in 1146 bytes} [Thu Jul 8 21:23:29 2021] GET /compute/v2.1/flavors/detail => generated 4991 bytes in 66 msecs (HTTP/1.1 200) 9 headers in 358 bytes (1 switches on core 0)
Jul 08 21:23:29.092311 n-d-800087-1 devstack@n-api.service[108684]: DEBUG nova.api.openstack.wsgi [None req-7abab453-0a46-4602-8f72-721fd01dd1f2 tempest-FlavorsAdminTestJSON-1673590624 tempest-FlavorsAdminTestJSON-1673590624-project-admin] Action: 'create', calling method: >, body: {"flavor": {"ram": 512, "vcpus": 1, "disk": 10, "name": "tempest-test_flavor_-360603705", "id": 134494467, "os-flavor-access:is_public": "False"}} {{(pid=108684) _process_stack /opt/stack/nova/nova/api/openstack/wsgi.py:511}}
Jul 08 21:23:29.094460 n-d-800087-1 devstack@n-api.service[108684]: /usr/local/lib/python3.8/dist-packages/oslo_policy/policy.py:1064: UserWarning: Policy os_compute_api:os-flavor-manage:create failed scope check. The token used to make the request was project scoped but the policy requires ['system'] scope. This behavior may change in the future where using the intended scope is required
Jul 08 21:23:29.094460 n-d-800087-1 devstack@n-api.service[108684]: warnings.warn(msg)
Jul 08 21:23:29.117952 n-d-800087-1 devstack@n-api.service[108683]: DEBUG nova.api.openstack.wsgi [None req-482ae8f9-c4c5-4cfb-b400-8fc27fd096c1 tempest-AggregatesAdminTestJSON-2098693913 tempest-AggregatesAdminTestJSON-2098693913-project] Calling method '>' {{(pid=108683) _process_stack /opt/stack/nova/nova/api/openstack/wsgi.py:513}}
Jul 08 21:23:29.119134 n-d-800087-1 devstack@n-api.service[108683]: DEBUG nova.compute.api [None req-482ae8f9-c4c5-4cfb-b400-8fc27fd096c1 tempest-AggregatesAdminTestJSON-2098693913 tempest-AggregatesAdminTestJSON-2098693913-project] [instance: 48ab9419-c704-4934-afc9-5fc1b8a0a96c] Fetching instance by UUID {{(pid=108683) get /opt/stack/nova/nova/compute/api.py:2793}}
Jul 08 21:23:29.144130 n-d-800087-1 devstack@n-api.service[108683]: DEBUG oslo_concurrency.lockutils [None req-482ae8f9-c4c5-4cfb-b400-8fc27fd096c1 tempest-AggregatesAdminTestJSON-2098693913 tempest-AggregatesAdminTestJSON-2098693913-project] Lock "1b26a89b-bb0e-4131-ab3a-3a73b1f1ebdd" acquired by "nova.context.set_target_cell..get_or_set_cached_cell_and_set_connections" :: waited 0.000s {{(pid=108683) inner /usr/local/lib/python3.8/dist-packages/oslo_concurrency/lockutils.py:355}}
Jul 08 21:23:29.144784 n-d-800087-1 devstack@n-api.service[108684]: INFO nova.api.openstack.requestlog [None req-7abab453-0a46-4602-8f72-721fd01dd1f2 tempest-FlavorsAdminTestJSON-1673590624 tempest-FlavorsAdminTestJSON-1673590624-project-admin] 10.222.0.32 "POST /compute/v2.1/flavors" status: 200 len: 411 microversion: 2.1 time: 0.054938
Jul 08 21:23:29.146213 n-d-800087-1 devstack@n-api.service[108683]: DEBUG oslo_concurrency.lockutils [None req-482ae8f9-c4c5-4cfb-b400-8fc27fd096c1 tempest-AggregatesAdminTestJSON-2098693913 tempest-AggregatesAdminTestJSON-2098693913-project] Lock "1b26a89b-bb0e-4131-ab3a-3a73b1f1ebdd" released by "nova.context.set_target_cell..get_or_set_cached_cell_and_set_connections" :: held 0.003s {{(pid=108683) inner /usr/local/lib/python3.8/dist-packages/oslo_concurrency/lockutils.py:367}}
Jul 08 21:23:29.147202 n-d-800087-1 devstack@n-api.service[108683]: DEBUG oslo_concurrency.lockutils [None req-482ae8f9-c4c5-4cfb-b400-8fc27fd096c1 tempest-AggregatesAdminTestJSON-2098693913 tempest-AggregatesAdminTestJSON-2098693913-project] Lock "1b26a89b-bb0e-4131-ab3a-3a73b1f1ebdd" acquired by "nova.context.set_target_cell..get_or_set_cached_cell_and_set_connections" :: waited 0.000s {{(pid=108683) inner /usr/local/lib/python3.8/dist-packages/oslo_concurrency/lockutils.py:355}}
Jul 08 21:23:29.148237 n-d-800087-1 devstack@n-api.service[108684]: [pid: 108684|app: 0|req: 69/143] 10.222.0.32 () {60 vars in 1147 bytes} [Thu Jul 8 21:23:29 2021] POST /compute/v2.1/flavors => generated 411 bytes in 60 msecs (HTTP/1.1 200) 9 headers in 357 bytes (1 switches on core 0)
Jul 08 21:23:29.149816 n-d-800087-1 devstack@n-api.service[108683]: DEBUG oslo_concurrency.lockutils [None req-482ae8f9-c4c5-4cfb-b400-8fc27fd096c1 tempest-AggregatesAdminTestJSON-2098693913 tempest-AggregatesAdminTestJSON-2098693913-project] Lock "1b26a89b-bb0e-4131-ab3a-3a73b1f1ebdd" released by "nova.context.set_target_cell..get_or_set_cached_cell_and_set_connections" :: held 0.002s {{(pid=108683) inner /usr/local/lib/python3.8/dist-packages/oslo_concurrency/lockutils.py:367}}
Jul 08 21:23:29.161773 n-d-800087-1 devstack@n-api.service[108683]: /opt/stack/nova/nova/db/sqlalchemy/api.py:1385: SAWarning: TypeDecorator SoftDeleteInteger() will not produce a cache key because the ``cache_ok`` flag is not set to True. Set this flag to True if this type object's state is safe to use in a cache key, or False to disable this warning.
Jul 08 21:23:29.161773 n-d-800087-1 devstack@n-api.service[108683]: result = _build_instance_get(context, columns_to_join=columns_to_join).\
Jul 08 21:23:29.162393 n-d-800087-1 devstack@n-api.service[108684]: DEBUG nova.api.openstack.wsgi [None req-4a2a2909-4fdc-44aa-9f92-39bf9d0bdf65 tempest-FlavorsAdminTestJSON-1673590624 tempest-FlavorsAdminTestJSON-1673590624-project-admin] Calling method '>' {{(pid=108684) _process_stack /opt/stack/nova/nova/api/openstack/wsgi.py:513}}
Jul 08 21:23:29.201008 n-d-800087-1 devstack@n-api.service[108684]: INFO nova.api.openstack.requestlog [None req-4a2a2909-4fdc-44aa-9f92-39bf9d0bdf65 tempest-FlavorsAdminTestJSON-1673590624 tempest-FlavorsAdminTestJSON-1673590624-project-admin] 10.222.0.32 "GET /compute/v2.1/flavors/detail" status: 200 len: 4991 microversion: 2.1 time: 0.047820
Jul 08 21:23:29.207856 n-d-800087-1 devstack@n-api.service[108684]: [pid: 108684|app: 0|req: 70/144] 10.222.0.32 () {58 vars in 1146 bytes} [Thu Jul 8 21:23:29 2021] GET /compute/v2.1/flavors/detail => generated 4991 bytes in 55 msecs (HTTP/1.1 200) 9 headers in 358 bytes (1 switches on core 0)
Jul 08 21:23:29.223554 n-d-800087-1 devstack@n-api.service[108684]: DEBUG nova.api.openstack.wsgi [None req-3b6cc680-f378-4b5c-b8d9-de727a6bf3e7 tempest-FlavorsAdminTestJSON-526518920 tempest-FlavorsAdminTestJSON-526518920-project] Calling method '>' {{(pid=108684) _process_stack /opt/stack/nova/nova/api/openstack/wsgi.py:513}}
Jul 08 21:23:29.280673 n-d-800087-1 devstack@n-api.service[108684]: INFO nova.api.openstack.requestlog [None req-3b6cc680-f378-4b5c-b8d9-de727a6bf3e7 tempest-FlavorsAdminTestJSON-526518920 tempest-FlavorsAdminTestJSON-526518920-project] 10.222.0.32 "GET /compute/v2.1/flavors/detail" status: 200 len: 4991 microversion: 2.1 time: 0.051110
Jul 08 21:23:29.283608 n-d-800087-1 devstack@n-api.service[108684]: [pid: 108684|app: 0|req: 71/145] 10.222.0.32 () {58 vars in 1146 bytes} [Thu Jul 8 21:23:29 2021] GET /compute/v2.1/flavors/detail => generated 4991 bytes in 66 msecs (HTTP/1.1 200) 9 headers in 358 bytes (1 switches on core 0)
Jul 08 21:23:29.289036 n-d-800087-1 devstack@n-api.service[108684]: DEBUG nova.api.openstack.wsgi [None req-e4623fab-1829-4f12-9514-096ca8bfc7b2 tempest-DeleteServersAdminTestJSON-1085721114 tempest-DeleteServersAdminTestJSON-1085721114-project] Calling method '>' {{(pid=108684) _process_stack /opt/stack/nova/nova/api/openstack/wsgi.py:513}}
Jul 08 21:23:29.289935 n-d-800087-1 devstack@n-api.service[108684]: DEBUG nova.compute.api [None req-e4623fab-1829-4f12-9514-096ca8bfc7b2 tempest-DeleteServersAdminTestJSON-1085721114 tempest-DeleteServersAdminTestJSON-1085721114-project] [instance: 7cb41c54-6152-4525-bda9-cfd4e9bf49da] Fetching instance by UUID {{(pid=108684) get /opt/stack/nova/nova/compute/api.py:2793}}
Jul 08 21:23:29.303407 n-d-800087-1 devstack@n-api.service[108684]: DEBUG oslo_concurrency.lockutils [None req-e4623fab-1829-4f12-9514-096ca8bfc7b2 tempest-DeleteServersAdminTestJSON-1085721114 tempest-DeleteServersAdminTestJSON-1085721114-project] Lock "1b26a89b-bb0e-4131-ab3a-3a73b1f1ebdd" acquired by "nova.context.set_target_cell..get_or_set_cached_cell_and_set_connections" :: waited 0.000s {{(pid=108684) inner /usr/local/lib/python3.8/dist-packages/oslo_concurrency/lockutils.py:355}}
Jul 08 21:23:29.304470 n-d-800087-1 devstack@n-api.service[108684]: DEBUG oslo_concurrency.lockutils [None req-e4623fab-1829-4f12-9514-096ca8bfc7b2 tempest-DeleteServersAdminTestJSON-1085721114 tempest-DeleteServersAdminTestJSON-1085721114-project] Lock "1b26a89b-bb0e-4131-ab3a-3a73b1f1ebdd" released by "nova.context.set_target_cell..get_or_set_cached_cell_and_set_connections" :: held 0.002s {{(pid=108684) inner /usr/local/lib/python3.8/dist-packages/oslo_concurrency/lockutils.py:367}}
Jul 08 21:23:29.308438 n-d-800087-1 devstack@n-api.service[108684]: DEBUG oslo_concurrency.lockutils [None req-e4623fab-1829-4f12-9514-096ca8bfc7b2 tempest-DeleteServersAdminTestJSON-1085721114 tempest-DeleteServersAdminTestJSON-1085721114-project] Lock "1b26a89b-bb0e-4131-ab3a-3a73b1f1ebdd" acquired by "nova.context.set_target_cell..get_or_set_cached_cell_and_set_connections" :: waited 0.000s {{(pid=108684) inner /usr/local/lib/python3.8/dist-packages/oslo_concurrency/lockutils.py:355}}
Jul 08 21:23:29.309425 n-d-800087-1 devstack@n-api.service[108684]: DEBUG oslo_concurrency.lockutils [None req-e4623fab-1829-4f12-9514-096ca8bfc7b2 tempest-DeleteServersAdminTestJSON-1085721114 tempest-DeleteServersAdminTestJSON-1085721114-project] Lock "1b26a89b-bb0e-4131-ab3a-3a73b1f1ebdd" released by "nova.context.set_target_cell..get_or_set_cached_cell_and_set_connections" :: held 0.003s {{(pid=108684) inner /usr/local/lib/python3.8/dist-packages/oslo_concurrency/lockutils.py:367}}
Jul 08 21:23:29.321919 n-d-800087-1 devstack@n-api.service[108684]: /opt/stack/nova/nova/db/sqlalchemy/api.py:1385: SAWarning: TypeDecorator SoftDeleteInteger() will not produce a cache key because the ``cache_ok`` flag is not set to True. Set this flag to True if this type object's state is safe to use in a cache key, or False to disable this warning.
Jul 08 21:23:29.321919 n-d-800087-1 devstack@n-api.service[108684]: result = _build_instance_get(context, columns_to_join=columns_to_join).\
Jul 08 21:23:29.927667 n-d-800087-1 devstack@n-api.service[108683]: DEBUG nova.policy [None req-482ae8f9-c4c5-4cfb-b400-8fc27fd096c1 tempest-AggregatesAdminTestJSON-2098693913 tempest-AggregatesAdminTestJSON-2098693913-project] Policy check for os_compute_api:os-extended-server-attributes failed with credentials {'is_admin': False, 'user_id': 'dffe57806e094f1994fb96b59c84c991', 'user_domain_id': 'default', 'system_scope': None, 'domain_id': None, 'project_id': 'aa762a3ea65b4e8980f1e4399eea5517', 'project_domain_id': 'default', 'roles': ['reader', 'member'], 'is_admin_project': True, 'service_user_id': None, 'service_user_domain_id': None, 'service_project_id': None, 'service_project_domain_id': None, 'service_roles': []} {{(pid=108683) authorize /opt/stack/nova/nova/policy.py:199}}
Jul 08 21:23:29.931822 n-d-800087-1 devstack@n-api.service[108683]: /opt/stack/nova/nova/db/sqlalchemy/api.py:3000: SAWarning: TypeDecorator SoftDeleteInteger() will not produce a cache key because the ``cache_ok`` flag is not set to True. Set this flag to True if this type object's state is safe to use in a cache key, or False to disable this warning.
Jul 08 21:23:29.931822 n-d-800087-1 devstack@n-api.service[108683]: return _block_device_mapping_get_query(context).filter(
Jul 08 21:23:29.950418 n-d-800087-1 devstack@n-api.service[108683]: INFO nova.api.openstack.requestlog [None req-482ae8f9-c4c5-4cfb-b400-8fc27fd096c1 tempest-AggregatesAdminTestJSON-2098693913 tempest-AggregatesAdminTestJSON-2098693913-project] 10.222.0.32 "GET /compute/v2.1/servers/48ab9419-c704-4934-afc9-5fc1b8a0a96c" status: 200 len: 1338 microversion: 2.1 time: 0.841733
Jul 08 21:23:29.952109 n-d-800087-1 devstack@n-api.service[108683]: [pid: 108683|app: 0|req: 75/146] 10.222.0.32 () {58 vars in 1236 bytes} [Thu Jul 8 21:23:29 2021] GET /compute/v2.1/servers/48ab9419-c704-4934-afc9-5fc1b8a0a96c => generated 1338 bytes in 844 msecs (HTTP/1.1 200) 9 headers in 358 bytes (2 switches on core 0)
Jul 08 21:23:29.956878 n-d-800087-1 devstack@n-api.service[108683]: DEBUG nova.api.openstack.wsgi [None req-dbef73ce-1c03-4213-b7bd-fd4ff134f513 tempest-FlavorsAdminTestJSON-1673590624 tempest-FlavorsAdminTestJSON-1673590624-project-admin] Calling method '>' {{(pid=108683) _process_stack /opt/stack/nova/nova/api/openstack/wsgi.py:513}}
Jul 08 21:23:29.965872 n-d-800087-1 devstack@n-api.service[108683]: /usr/local/lib/python3.8/dist-packages/oslo_policy/policy.py:1064: UserWarning: Policy os_compute_api:os-flavor-manage:delete failed scope check. The token used to make the request was project scoped but the policy requires ['system'] scope. This behavior may change in the future where using the intended scope is required
Jul 08 21:23:29.965872 n-d-800087-1 devstack@n-api.service[108683]: warnings.warn(msg)
Jul 08 21:23:30.017880 n-d-800087-1 devstack@n-api.service[108683]: INFO nova.api.openstack.requestlog [None req-dbef73ce-1c03-4213-b7bd-fd4ff134f513 tempest-FlavorsAdminTestJSON-1673590624 tempest-FlavorsAdminTestJSON-1673590624-project-admin] 10.222.0.32 "DELETE /compute/v2.1/flavors/134494467" status: 202 len: 0 microversion: 2.1 time: 0.063918
Jul 08 21:23:30.019015 n-d-800087-1 devstack@n-api.service[108683]: [pid: 108683|app: 0|req: 76/147] 10.222.0.32 () {58 vars in 1158 bytes} [Thu Jul 8 21:23:29 2021] DELETE /compute/v2.1/flavors/134494467 => generated 0 bytes in 66 msecs (HTTP/1.1 202) 9 headers in 361 bytes (1 switches on core 0)
Jul 08 21:23:30.027109 n-d-800087-1 devstack@n-api.service[108683]: DEBUG nova.api.openstack.wsgi [req-a15346fe-a7d4-4aae-8680-03808245ee99 req-62bd1143-3561-47a5-9915-89256936120a service nova] Action: 'create', calling method: >, body: {"events": [{"name": "network-changed", "server_uuid": "7cb41c54-6152-4525-bda9-cfd4e9bf49da", "tag": "8c131598-9f36-42a9-84b8-5960da83f0b0"}]} {{(pid=108683) _process_stack /opt/stack/nova/nova/api/openstack/wsgi.py:511}}
Jul 08 21:23:30.030598 n-d-800087-1 devstack@n-api.service[108683]: /usr/local/lib/python3.8/dist-packages/oslo_policy/policy.py:1064: UserWarning: Policy os_compute_api:os-server-external-events:create failed scope check. The token used to make the request was project scoped but the policy requires ['system'] scope. This behavior may change in the future where using the intended scope is required
Jul 08 21:23:30.030598 n-d-800087-1 devstack@n-api.service[108683]: warnings.warn(msg)
Jul 08 21:23:30.034917 n-d-800087-1 devstack@n-api.service[108684]: DEBUG nova.policy [None req-e4623fab-1829-4f12-9514-096ca8bfc7b2 tempest-DeleteServersAdminTestJSON-1085721114 tempest-DeleteServersAdminTestJSON-1085721114-project] Policy check for os_compute_api:os-extended-server-attributes failed with credentials {'is_admin': False, 'user_id': '4a48e211522049a88a09c1dbd6b83772', 'user_domain_id': 'default', 'system_scope': None, 'domain_id': None, 'project_id': '2328857be1104557b1e9540131e96268', 'project_domain_id': 'default', 'roles': ['reader', 'member'], 'is_admin_project': True, 'service_user_id': None, 'service_user_domain_id': None, 'service_project_id': None, 'service_project_domain_id': None, 'service_roles': []} {{(pid=108684) authorize /opt/stack/nova/nova/policy.py:199}}
Jul 08 21:23:30.041475 n-d-800087-1 devstack@n-api.service[108684]: /opt/stack/nova/nova/db/sqlalchemy/api.py:3000: SAWarning: TypeDecorator SoftDeleteInteger() will not produce a cache key because the ``cache_ok`` flag is not set to True. Set this flag to True if this type object's state is safe to use in a cache key, or False to disable this warning.
Jul 08 21:23:30.041475 n-d-800087-1 devstack@n-api.service[108684]: return _block_device_mapping_get_query(context).filter(
Jul 08 21:23:30.043615 n-d-800087-1 devstack@n-api.service[108683]: DEBUG oslo_concurrency.lockutils [req-a15346fe-a7d4-4aae-8680-03808245ee99 req-62bd1143-3561-47a5-9915-89256936120a service nova] Lock "1b26a89b-bb0e-4131-ab3a-3a73b1f1ebdd" acquired by "nova.context.set_target_cell..get_or_set_cached_cell_and_set_connections" :: waited 0.000s {{(pid=108683) inner /usr/local/lib/python3.8/dist-packages/oslo_concurrency/lockutils.py:355}}
Jul 08 21:23:30.044691 n-d-800087-1 devstack@n-api.service[108683]: DEBUG oslo_concurrency.lockutils [req-a15346fe-a7d4-4aae-8680-03808245ee99 req-62bd1143-3561-47a5-9915-89256936120a service nova] Lock "1b26a89b-bb0e-4131-ab3a-3a73b1f1ebdd" released by "nova.context.set_target_cell..get_or_set_cached_cell_and_set_connections" :: held 0.001s {{(pid=108683) inner /usr/local/lib/python3.8/dist-packages/oslo_concurrency/lockutils.py:367}}
Jul 08 21:23:30.054539 n-d-800087-1 devstack@n-api.service[108684]: INFO nova.api.openstack.requestlog [None req-e4623fab-1829-4f12-9514-096ca8bfc7b2 tempest-DeleteServersAdminTestJSON-1085721114 tempest-DeleteServersAdminTestJSON-1085721114-project] 10.222.0.32 "GET /compute/v2.1/servers/7cb41c54-6152-4525-bda9-cfd4e9bf49da" status: 200 len: 1340 microversion: 2.1 time: 0.769460
Jul 08 21:23:30.066581 n-d-800087-1 devstack@n-api.service[108684]: [pid: 108684|app: 0|req: 72/148] 10.222.0.32 () {58 vars in 1236 bytes} [Thu Jul 8 21:23:29 2021] GET /compute/v2.1/servers/7cb41c54-6152-4525-bda9-cfd4e9bf49da => generated 1340 bytes in 782 msecs (HTTP/1.1 200) 9 headers in 358 bytes (1 switches on core 0)
Jul 08 21:23:30.072538 n-d-800087-1 devstack@n-api.service[108684]: DEBUG nova.api.openstack.wsgi [None req-4fbf89c1-5c3f-4c2a-964c-7900c4e96bee tempest-ServersOnMultiNodesTest-535657575 tempest-ServersOnMultiNodesTest-535657575-project] Calling method '>' {{(pid=108684) _process_stack /opt/stack/nova/nova/api/openstack/wsgi.py:513}}
Jul 08 21:23:30.074335 n-d-800087-1 devstack@n-api.service[108683]: INFO nova.api.openstack.compute.server_external_events [req-a15346fe-a7d4-4aae-8680-03808245ee99 req-62bd1143-3561-47a5-9915-89256936120a service nova] Creating event network-changed:8c131598-9f36-42a9-84b8-5960da83f0b0 for instance 7cb41c54-6152-4525-bda9-cfd4e9bf49da on n-h2-800087-1
Jul 08 21:23:30.074580 n-d-800087-1 devstack@n-api.service[108684]: DEBUG nova.compute.api [None req-4fbf89c1-5c3f-4c2a-964c-7900c4e96bee tempest-ServersOnMultiNodesTest-535657575 tempest-ServersOnMultiNodesTest-535657575-project] [instance: c1f2df60-eb5c-4ee7-8319-3cf040a52970] Fetching instance by UUID {{(pid=108684) get /opt/stack/nova/nova/compute/api.py:2793}}
Jul 08 21:23:30.087168 n-d-800087-1 devstack@n-api.service[108683]: INFO nova.api.openstack.requestlog [req-a15346fe-a7d4-4aae-8680-03808245ee99 req-62bd1143-3561-47a5-9915-89256936120a service nova] 10.222.0.32 "POST /compute/v2.1/os-server-external-events" status: 200 len: 179 microversion: 2.1 time: 0.063785
Jul 08 21:23:30.088598 n-d-800087-1 devstack@n-api.service[108683]: [pid: 108683|app: 0|req: 77/149] 10.222.0.32 () {64 vars in 1318 bytes} [Thu Jul 8 21:23:30 2021] POST /compute/v2.1/os-server-external-events => generated 179 bytes in 69 msecs (HTTP/1.1 200) 9 headers in 357 bytes (1 switches on core 0)
Jul 08 21:23:30.099936 n-d-800087-1 devstack@n-api.service[108684]: DEBUG oslo_concurrency.lockutils [None req-4fbf89c1-5c3f-4c2a-964c-7900c4e96bee tempest-ServersOnMultiNodesTest-535657575 tempest-ServersOnMultiNodesTest-535657575-project] Lock "1b26a89b-bb0e-4131-ab3a-3a73b1f1ebdd" acquired by "nova.context.set_target_cell..get_or_set_cached_cell_and_set_connections" :: waited 0.000s {{(pid=108684) inner /usr/local/lib/python3.8/dist-packages/oslo_concurrency/lockutils.py:355}}
Jul 08 21:23:30.100822 n-d-800087-1 devstack@n-api.service[108684]: DEBUG oslo_concurrency.lockutils [None req-4fbf89c1-5c3f-4c2a-964c-7900c4e96bee tempest-ServersOnMultiNodesTest-535657575 tempest-ServersOnMultiNodesTest-535657575-project] Lock "1b26a89b-bb0e-4131-ab3a-3a73b1f1ebdd" released by "nova.context.set_target_cell..get_or_set_cached_cell_and_set_connections" :: held 0.001s {{(pid=108684) inner /usr/local/lib/python3.8/dist-packages/oslo_concurrency/lockutils.py:367}}
Jul 08 21:23:30.103025 n-d-800087-1 devstack@n-api.service[108684]: DEBUG oslo_concurrency.lockutils [None req-4fbf89c1-5c3f-4c2a-964c-7900c4e96bee tempest-ServersOnMultiNodesTest-535657575 tempest-ServersOnMultiNodesTest-535657575-project] Lock "1b26a89b-bb0e-4131-ab3a-3a73b1f1ebdd" acquired by "nova.context.set_target_cell..get_or_set_cached_cell_and_set_connections" :: waited 0.001s {{(pid=108684) inner /usr/local/lib/python3.8/dist-packages/oslo_concurrency/lockutils.py:355}}
Jul 08 21:23:30.104205 n-d-800087-1 devstack@n-api.service[108684]: DEBUG oslo_concurrency.lockutils [None req-4fbf89c1-5c3f-4c2a-964c-7900c4e96bee tempest-ServersOnMultiNodesTest-535657575 tempest-ServersOnMultiNodesTest-535657575-project] Lock "1b26a89b-bb0e-4131-ab3a-3a73b1f1ebdd" released by "nova.context.set_target_cell..get_or_set_cached_cell_and_set_connections" :: held 0.001s {{(pid=108684) inner /usr/local/lib/python3.8/dist-packages/oslo_concurrency/lockutils.py:367}}
Jul 08 21:23:30.105208 n-d-800087-1 devstack@n-api.service[108683]: DEBUG nova.api.openstack.wsgi [None req-98232a7f-82cf-43b8-8428-0c98480e5e8b tempest-FlavorsAdminTestJSON-1673590624 tempest-FlavorsAdminTestJSON-1673590624-project-admin] Calling method '>' {{(pid=108683) _process_stack /opt/stack/nova/nova/api/openstack/wsgi.py:513}}
Jul 08 21:23:30.111138 n-d-800087-1 devstack@n-api.service[108684]: /opt/stack/nova/nova/db/sqlalchemy/api.py:1385: SAWarning: TypeDecorator SoftDeleteInteger() will not produce a cache key because the ``cache_ok`` flag is not set to True. Set this flag to True if this type object's state is safe to use in a cache key, or False to disable this warning.
Jul 08 21:23:30.111138 n-d-800087-1 devstack@n-api.service[108684]: result = _build_instance_get(context, columns_to_join=columns_to_join).\
Jul 08 21:23:30.157007 n-d-800087-1 devstack@n-api.service[108683]: INFO nova.api.openstack.requestlog [None req-98232a7f-82cf-43b8-8428-0c98480e5e8b tempest-FlavorsAdminTestJSON-1673590624 tempest-FlavorsAdminTestJSON-1673590624-project-admin] 10.222.0.32 "GET /compute/v2.1/flavors/detail" status: 200 len: 4991 microversion: 2.1 time: 0.065991
Jul 08 21:23:30.159000 n-d-800087-1 devstack@n-api.service[108683]: [pid: 108683|app: 0|req: 78/150] 10.222.0.32 () {58 vars in 1146 bytes} [Thu Jul 8 21:23:30 2021] GET /compute/v2.1/flavors/detail => generated 4991 bytes in 70 msecs (HTTP/1.1 200) 9 headers in 358 bytes (1 switches on core 0)
Jul 08 21:23:30.177810 n-d-800087-1 devstack@n-api.service[108683]: DEBUG nova.api.openstack.wsgi [None req-b9d5f57b-ac08-4f15-9e0e-41e50969d717 tempest-FlavorsAdminTestJSON-1673590624 tempest-FlavorsAdminTestJSON-1673590624-project-admin] Action: 'create', calling method: >, body: {"flavor": {"ram": 512, "vcpus": 1, "disk": 10, "name": "tempest-test_flavor_-2041921794", "id": 905086901, "os-flavor-access:is_public": "True"}} {{(pid=108683) _process_stack /opt/stack/nova/nova/api/openstack/wsgi.py:511}}
Jul 08 21:23:30.179262 n-d-800087-1 devstack@n-api.service[108683]: /usr/local/lib/python3.8/dist-packages/oslo_policy/policy.py:1064: UserWarning: Policy os_compute_api:os-flavor-manage:create failed scope check. The token used to make the request was project scoped but the policy requires ['system'] scope. This behavior may change in the future where using the intended scope is required
Jul 08 21:23:30.179262 n-d-800087-1 devstack@n-api.service[108683]: warnings.warn(msg)
Jul 08 21:23:30.217397 n-d-800087-1 devstack@n-api.service[108683]: INFO nova.api.openstack.requestlog [None req-b9d5f57b-ac08-4f15-9e0e-41e50969d717 tempest-FlavorsAdminTestJSON-1673590624 tempest-FlavorsAdminTestJSON-1673590624-project-admin] 10.222.0.32 "POST /compute/v2.1/flavors" status: 200 len: 411 microversion: 2.1 time: 0.042264
Jul 08 21:23:30.225037 n-d-800087-1 devstack@n-api.service[108683]: [pid: 108683|app: 0|req: 79/151] 10.222.0.32 () {60 vars in 1147 bytes} [Thu Jul 8 21:23:30 2021] POST /compute/v2.1/flavors => generated 411 bytes in 47 msecs (HTTP/1.1 200) 9 headers in 357 bytes (1 switches on core 0)
Jul 08 21:23:30.231688 n-d-800087-1 devstack@n-api.service[108683]: DEBUG nova.api.openstack.wsgi [None req-71f1f450-e536-4174-a8dd-cd35b5cfe4f0 tempest-FlavorsAdminTestJSON-526518920 tempest-FlavorsAdminTestJSON-526518920-project] Calling method '>' {{(pid=108683) _process_stack /opt/stack/nova/nova/api/openstack/wsgi.py:513}}
Jul 08 21:23:30.281225 n-d-800087-1 devstack@n-api.service[108683]: INFO nova.api.openstack.requestlog [None req-71f1f450-e536-4174-a8dd-cd35b5cfe4f0 tempest-FlavorsAdminTestJSON-526518920 tempest-FlavorsAdminTestJSON-526518920-project] 10.222.0.32 "GET /compute/v2.1/flavors/detail" status: 200 len: 5392 microversion: 2.1 time: 0.054912
Jul 08 21:23:30.285413 n-d-800087-1 devstack@n-api.service[108683]: [pid: 108683|app: 0|req: 80/152] 10.222.0.32 () {58 vars in 1146 bytes} [Thu Jul 8 21:23:30 2021] GET /compute/v2.1/flavors/detail => generated 5392 bytes in 60 msecs (HTTP/1.1 200) 9 headers in 358 bytes (2 switches on core 0)
Jul 08 21:23:30.302370 n-d-800087-1 devstack@n-api.service[108683]: DEBUG nova.api.openstack.wsgi [None req-14366408-c0c4-4cb8-b9d7-e07ba6e07e41 tempest-FlavorsAdminTestJSON-1673590624 tempest-FlavorsAdminTestJSON-1673590624-project-admin] Calling method '>' {{(pid=108683) _process_stack /opt/stack/nova/nova/api/openstack/wsgi.py:513}}
Jul 08 21:23:30.303219 n-d-800087-1 devstack@n-api.service[108683]: /usr/local/lib/python3.8/dist-packages/oslo_policy/policy.py:1064: UserWarning: Policy os_compute_api:os-flavor-manage:delete failed scope check. The token used to make the request was project scoped but the policy requires ['system'] scope. This behavior may change in the future where using the intended scope is required
Jul 08 21:23:30.303219 n-d-800087-1 devstack@n-api.service[108683]: warnings.warn(msg)
Jul 08 21:23:30.339008 n-d-800087-1 devstack@n-api.service[108683]: INFO nova.api.openstack.requestlog [None req-14366408-c0c4-4cb8-b9d7-e07ba6e07e41 tempest-FlavorsAdminTestJSON-1673590624 tempest-FlavorsAdminTestJSON-1673590624-project-admin] 10.222.0.32 "DELETE /compute/v2.1/flavors/905086901" status: 202 len: 0 microversion: 2.1 time: 0.040009
Jul 08 21:23:30.342682 n-d-800087-1 devstack@n-api.service[108683]: [pid: 108683|app: 0|req: 81/153] 10.222.0.32 () {58 vars in 1158 bytes} [Thu Jul 8 21:23:30 2021] DELETE /compute/v2.1/flavors/905086901 => generated 0 bytes in 43 msecs (HTTP/1.1 202) 9 headers in 361 bytes (2 switches on core 0)
Jul 08 21:23:30.353466 n-d-800087-1 devstack@n-api.service[108683]: DEBUG nova.api.openstack.wsgi [None req-89e8f3a7-0f98-4183-9756-0e6ea6aee59e tempest-FlavorsAdminTestJSON-1673590624 tempest-FlavorsAdminTestJSON-1673590624-project-admin] Calling method '>' {{(pid=108683) _process_stack /opt/stack/nova/nova/api/openstack/wsgi.py:513}}
Jul 08 21:23:30.395619 n-d-800087-1 devstack@n-api.service[108683]: INFO nova.api.openstack.requestlog [None req-89e8f3a7-0f98-4183-9756-0e6ea6aee59e tempest-FlavorsAdminTestJSON-1673590624 tempest-FlavorsAdminTestJSON-1673590624-project-admin] 10.222.0.32 "GET /compute/v2.1/flavors/detail" status: 200 len: 4991 microversion: 2.1 time: 0.050114
Jul 08 21:23:30.403403 n-d-800087-1 devstack@n-api.service[108683]: [pid: 108683|app: 0|req: 82/154] 10.222.0.32 () {58 vars in 1146 bytes} [Thu Jul 8 21:23:30 2021] GET /compute/v2.1/flavors/detail => generated 4991 bytes in 59 msecs (HTTP/1.1 200) 9 headers in 358 bytes (1 switches on core 0)
Jul 08 21:23:30.968704 n-d-800087-1 devstack@n-api.service[108683]: DEBUG nova.api.openstack.wsgi [None req-8493a696-729e-419d-9e32-e3f32a7d2d6c tempest-AggregatesAdminTestJSON-2098693913 tempest-AggregatesAdminTestJSON-2098693913-project] Calling method '>' {{(pid=108683) _process_stack /opt/stack/nova/nova/api/openstack/wsgi.py:513}}
Jul 08 21:23:30.969360 n-d-800087-1 devstack@n-api.service[108683]: DEBUG nova.compute.api [None req-8493a696-729e-419d-9e32-e3f32a7d2d6c tempest-AggregatesAdminTestJSON-2098693913 tempest-AggregatesAdminTestJSON-2098693913-project] [instance: 48ab9419-c704-4934-afc9-5fc1b8a0a96c] Fetching instance by UUID {{(pid=108683) get /opt/stack/nova/nova/compute/api.py:2793}}
Jul 08 21:23:30.977765 n-d-800087-1 devstack@n-api.service[108683]: DEBUG oslo_concurrency.lockutils [None req-8493a696-729e-419d-9e32-e3f32a7d2d6c tempest-AggregatesAdminTestJSON-2098693913 tempest-AggregatesAdminTestJSON-2098693913-project] Lock "1b26a89b-bb0e-4131-ab3a-3a73b1f1ebdd" acquired by "nova.context.set_target_cell..get_or_set_cached_cell_and_set_connections" :: waited 0.000s {{(pid=108683) inner /usr/local/lib/python3.8/dist-packages/oslo_concurrency/lockutils.py:355}}
Jul 08 21:23:30.978201 n-d-800087-1 devstack@n-api.service[108683]: DEBUG oslo_concurrency.lockutils [None req-8493a696-729e-419d-9e32-e3f32a7d2d6c tempest-AggregatesAdminTestJSON-2098693913 tempest-AggregatesAdminTestJSON-2098693913-project] Lock "1b26a89b-bb0e-4131-ab3a-3a73b1f1ebdd" released by "nova.context.set_target_cell..get_or_set_cached_cell_and_set_connections" :: held 0.001s {{(pid=108683) inner /usr/local/lib/python3.8/dist-packages/oslo_concurrency/lockutils.py:367}}
Jul 08 21:23:30.979077 n-d-800087-1 devstack@n-api.service[108683]: DEBUG oslo_concurrency.lockutils [None req-8493a696-729e-419d-9e32-e3f32a7d2d6c tempest-AggregatesAdminTestJSON-2098693913 tempest-AggregatesAdminTestJSON-2098693913-project] Lock "1b26a89b-bb0e-4131-ab3a-3a73b1f1ebdd" acquired by "nova.context.set_target_cell..get_or_set_cached_cell_and_set_connections" :: waited 0.000s {{(pid=108683) inner /usr/local/lib/python3.8/dist-packages/oslo_concurrency/lockutils.py:355}}
Jul 08 21:23:30.979673 n-d-800087-1 devstack@n-api.service[108683]: DEBUG oslo_concurrency.lockutils [None req-8493a696-729e-419d-9e32-e3f32a7d2d6c tempest-AggregatesAdminTestJSON-2098693913 tempest-AggregatesAdminTestJSON-2098693913-project] Lock "1b26a89b-bb0e-4131-ab3a-3a73b1f1ebdd" released by "nova.context.set_target_cell..get_or_set_cached_cell_and_set_connections" :: held 0.001s {{(pid=108683) inner /usr/local/lib/python3.8/dist-packages/oslo_concurrency/lockutils.py:367}}
Jul 08 21:23:31.001051 n-d-800087-1 devstack@n-api.service[108684]: DEBUG nova.policy [None req-4fbf89c1-5c3f-4c2a-964c-7900c4e96bee tempest-ServersOnMultiNodesTest-535657575 tempest-ServersOnMultiNodesTest-535657575-project] Policy check for os_compute_api:os-extended-server-attributes failed with credentials {'is_admin': False, 'user_id': '2c7369c1ca434afc9393f1db6b08907c', 'user_domain_id': 'default', 'system_scope': None, 'domain_id': None, 'project_id': 'b39332568d3c48e9b26f8bf7b24d3798', 'project_domain_id': 'default', 'roles': ['reader', 'member'], 'is_admin_project': True, 'service_user_id': None, 'service_user_domain_id': None, 'service_project_id': None, 'service_project_domain_id': None, 'service_roles': []} {{(pid=108684) authorize /opt/stack/nova/nova/policy.py:199}}
Jul 08 21:23:31.004319 n-d-800087-1 devstack@n-api.service[108684]: /opt/stack/nova/nova/db/sqlalchemy/api.py:3000: SAWarning: TypeDecorator SoftDeleteInteger() will not produce a cache key because the ``cache_ok`` flag is not set to True. Set this flag to True if this type object's state is safe to use in a cache key, or False to disable this warning.
Jul 08 21:23:31.004319 n-d-800087-1 devstack@n-api.service[108684]: return _block_device_mapping_get_query(context).filter(
Jul 08 21:23:31.014246 n-d-800087-1 devstack@n-api.service[108683]: /opt/stack/nova/nova/db/sqlalchemy/api.py:1385: SAWarning: TypeDecorator SoftDeleteInteger() will not produce a cache key because the ``cache_ok`` flag is not set to True. Set this flag to True if this type object's state is safe to use in a cache key, or False to disable this warning.
Jul 08 21:23:31.014246 n-d-800087-1 devstack@n-api.service[108683]: result = _build_instance_get(context, columns_to_join=columns_to_join).\
Jul 08 21:23:31.026309 n-d-800087-1 devstack@n-api.service[108684]: INFO nova.api.openstack.requestlog [None req-4fbf89c1-5c3f-4c2a-964c-7900c4e96bee tempest-ServersOnMultiNodesTest-535657575 tempest-ServersOnMultiNodesTest-535657575-project] 10.222.0.32 "GET /compute/v2.1/servers/c1f2df60-eb5c-4ee7-8319-3cf040a52970" status: 200 len: 1316 microversion: 2.1 time: 0.957965
Jul 08 21:23:31.029498 n-d-800087-1 devstack@n-api.service[108684]: [pid: 108684|app: 0|req: 73/155] 10.222.0.32 () {58 vars in 1236 bytes} [Thu Jul 8 21:23:30 2021] GET /compute/v2.1/servers/c1f2df60-eb5c-4ee7-8319-3cf040a52970 => generated 1316 bytes in 962 msecs (HTTP/1.1 200) 9 headers in 358 bytes (1 switches on core 0)
Jul 08 21:23:31.073321 n-d-800087-1 devstack@n-api.service[108684]: DEBUG nova.api.openstack.wsgi [None req-0036a88d-571e-451f-ae11-abfc3985759e tempest-DeleteServersAdminTestJSON-1085721114 tempest-DeleteServersAdminTestJSON-1085721114-project] Calling method '>' {{(pid=108684) _process_stack /opt/stack/nova/nova/api/openstack/wsgi.py:513}}
Jul 08 21:23:31.073991 n-d-800087-1 devstack@n-api.service[108684]: DEBUG nova.compute.api [None req-0036a88d-571e-451f-ae11-abfc3985759e tempest-DeleteServersAdminTestJSON-1085721114 tempest-DeleteServersAdminTestJSON-1085721114-project] [instance: 7cb41c54-6152-4525-bda9-cfd4e9bf49da] Fetching instance by UUID {{(pid=108684) get /opt/stack/nova/nova/compute/api.py:2793}}
Jul 08 21:23:31.086664 n-d-800087-1 devstack@n-api.service[108684]: DEBUG oslo_concurrency.lockutils [None req-0036a88d-571e-451f-ae11-abfc3985759e tempest-DeleteServersAdminTestJSON-1085721114 tempest-DeleteServersAdminTestJSON-1085721114-project] Lock "1b26a89b-bb0e-4131-ab3a-3a73b1f1ebdd" acquired by "nova.context.set_target_cell..get_or_set_cached_cell_and_set_connections" :: waited 0.000s {{(pid=108684) inner /usr/local/lib/python3.8/dist-packages/oslo_concurrency/lockutils.py:355}}
Jul 08 21:23:31.087122 n-d-800087-1 devstack@n-api.service[108684]: DEBUG oslo_concurrency.lockutils [None req-0036a88d-571e-451f-ae11-abfc3985759e tempest-DeleteServersAdminTestJSON-1085721114 tempest-DeleteServersAdminTestJSON-1085721114-project] Lock "1b26a89b-bb0e-4131-ab3a-3a73b1f1ebdd" released by "nova.context.set_target_cell..get_or_set_cached_cell_and_set_connections" :: held 0.001s {{(pid=108684) inner /usr/local/lib/python3.8/dist-packages/oslo_concurrency/lockutils.py:367}}
