Jul 16 20:25:00.321343 n-d-800086-7 neutron-server[93778]: DEBUG neutron.plugins.ml2.drivers.helpers [None req-8591d85a-894f-4ce6-9070-5526c150c5c4 admin admin] vlan segment allocate from pool success with {'physical_network': 'physnet1', 'vlan_id': 106} {{(pid=93778) allocate_partially_specified_segment /opt/stack/neutron/neutron/plugins/ml2/drivers/helpers.py:153}}
Jul 16 20:25:00.343891 n-d-800086-7 neutron-server[93778]: DEBUG neutron.api.rpc.handlers.resources_rpc [None req-8591d85a-894f-4ce6-9070-5526c150c5c4 admin admin] Pushing event updated for resources: {'SecurityGroup': ['ID=5ac8a236-1f8f-4ef8-a807-26ae8ac47b04,revision_number=1']} {{(pid=93778) push /opt/stack/neutron/neutron/api/rpc/handlers/resources_rpc.py:237}}
Jul 16 20:25:00.370604 n-d-800086-7 neutron-server[93778]: DEBUG neutron_lib.callbacks.manager [None req-8591d85a-894f-4ce6-9070-5526c150c5c4 admin admin] Notify callbacks ['neutron.plugins.ml2.plugin.Ml2Plugin._handle_segment_change-1397400'] for segment, precommit_create {{(pid=93778) _notify_loop /usr/local/lib/python3.8/dist-packages/neutron_lib/callbacks/manager.py:192}}
Jul 16 20:25:00.379689 n-d-800086-7 neutron-server[93778]: INFO neutron.db.segments_db [None req-8591d85a-894f-4ce6-9070-5526c150c5c4 admin admin] Added segment 03334bd8-7613-41c4-9aa3-89794bfdab74 of type vlan for network 8773a1be-a2be-4c93-85ca-e96240ccec7d
Jul 16 20:25:00.449249 n-d-800086-7 neutron-server[93777]: DEBUG neutron.api.rpc.handlers.resources_rpc [None req-ddbd96d3-71c8-4127-a219-002bed91cab7 service neutron] Pushing event updated for resources: {'Port': ['ID=506e9e8d-47ff-4d61-bfee-554eadfd8497,revision_number=2']} {{(pid=93777) push /opt/stack/neutron/neutron/api/rpc/handlers/resources_rpc.py:237}}
Jul 16 20:25:00.531703 n-d-800086-7 neutron-server[93778]: DEBUG neutron_lib.callbacks.manager [None req-8591d85a-894f-4ce6-9070-5526c150c5c4 admin admin] Notify callbacks ['neutron.services.auto_allocate.db._ensure_external_network_default_value_callback-8794174189060'] for network, precommit_create {{(pid=93778) _notify_loop /usr/local/lib/python3.8/dist-packages/neutron_lib/callbacks/manager.py:192}}
Jul 16 20:25:00.610511 n-d-800086-7 neutron-server[93778]: DEBUG neutron_lib.callbacks.manager [None req-8591d85a-894f-4ce6-9070-5526c150c5c4 admin admin] Notify callbacks ['neutron.plugins.ml2.ovo_rpc._ObjectChangeHandler.handle_event-712395', 'neutron.api.rpc.agentnotifiers.dhcp_rpc_agent_api.DhcpAgentNotifyAPI._native_event_send_dhcp_notification-531730'] for network, after_create {{(pid=93778) _notify_loop /usr/local/lib/python3.8/dist-packages/neutron_lib/callbacks/manager.py:192}}
Jul 16 20:25:00.612989 n-d-800086-7 neutron-server[93778]: DEBUG neutron.pecan_wsgi.hooks.policy_enforcement [None req-8591d85a-894f-4ce6-9070-5526c150c5c4 admin admin] Attributes excluded by policy engine: ['standard_attr_id', 'vlan_transparent'] {{(pid=93778) _exclude_attributes_by_policy /opt/stack/neutron/neutron/pecan_wsgi/hooks/policy_enforcement.py:255}}
Jul 16 20:25:00.613982 n-d-800086-7 neutron-server[93778]: DEBUG neutron_lib.callbacks.manager [None req-8591d85a-894f-4ce6-9070-5526c150c5c4 admin admin] Notify callbacks ['neutron.api.rpc.agentnotifiers.dhcp_rpc_agent_api.DhcpAgentNotifyAPI._send_dhcp_notification-531812'] for network, before_response {{(pid=93778) _notify_loop /usr/local/lib/python3.8/dist-packages/neutron_lib/callbacks/manager.py:192}}
Jul 16 20:25:00.621896 n-d-800086-7 neutron-server[93777]: DEBUG neutron.plugins.ml2.managers [req-7a1e88fa-8eeb-42ed-aa84-1fc52b77d5d1 req-ddbd96d3-71c8-4127-a219-002bed91cab7 service neutron] Attempting to bind port 506e9e8d-47ff-4d61-bfee-554eadfd8497 on host n-h1-800086-7 for vnic_type normal with profile {{(pid=93777) bind_port /opt/stack/neutron/neutron/plugins/ml2/managers.py:790}}
Jul 16 20:25:00.622309 n-d-800086-7 neutron-server[93777]: DEBUG neutron.plugins.ml2.managers [req-7a1e88fa-8eeb-42ed-aa84-1fc52b77d5d1 req-ddbd96d3-71c8-4127-a219-002bed91cab7 service neutron] Attempting to bind port 506e9e8d-47ff-4d61-bfee-554eadfd8497 by drivers openvswitch,hyperv on host n-h1-800086-7 at level 0 using segments [{'id': '9d0c70a7-3046-4212-b602-8cf9d33d02d2', 'network_type': 'vlan', 'physical_network': 'physnet1', 'segmentation_id': 135, 'network_id': '3962f97c-3996-4457-9d2c-8e0ca8d5eb78'}] {{(pid=93777) _bind_port_level /opt/stack/neutron/neutron/plugins/ml2/managers.py:815}}
Jul 16 20:25:00.622643 n-d-800086-7 neutron-server[93777]: DEBUG neutron.plugins.ml2.drivers.mech_agent [req-7a1e88fa-8eeb-42ed-aa84-1fc52b77d5d1 req-ddbd96d3-71c8-4127-a219-002bed91cab7 service neutron] Attempting to bind port 506e9e8d-47ff-4d61-bfee-554eadfd8497 on network 3962f97c-3996-4457-9d2c-8e0ca8d5eb78 {{(pid=93777) bind_port /opt/stack/neutron/neutron/plugins/ml2/drivers/mech_agent.py:86}}
Jul 16 20:25:00.641762 n-d-800086-7 neutron-server[93777]: DEBUG neutron.plugins.ml2.drivers.mech_agent [req-7a1e88fa-8eeb-42ed-aa84-1fc52b77d5d1 req-ddbd96d3-71c8-4127-a219-002bed91cab7 service neutron] Port 506e9e8d-47ff-4d61-bfee-554eadfd8497 on network 3962f97c-3996-4457-9d2c-8e0ca8d5eb78 not bound, no agent of type Open vSwitch agent registered on host n-h1-800086-7 {{(pid=93777) bind_port /opt/stack/neutron/neutron/plugins/ml2/drivers/mech_agent.py:98}}
Jul 16 20:25:00.642317 n-d-800086-7 neutron-server[93777]: DEBUG neutron.plugins.ml2.drivers.mech_agent [req-7a1e88fa-8eeb-42ed-aa84-1fc52b77d5d1 req-ddbd96d3-71c8-4127-a219-002bed91cab7 service neutron] Attempting to bind port 506e9e8d-47ff-4d61-bfee-554eadfd8497 on network 3962f97c-3996-4457-9d2c-8e0ca8d5eb78 {{(pid=93777) bind_port /opt/stack/neutron/neutron/plugins/ml2/drivers/mech_agent.py:86}}
Jul 16 20:25:00.655973 n-d-800086-7 neutron-server[93778]: INFO neutron.wsgi [None req-8591d85a-894f-4ce6-9070-5526c150c5c4 admin admin] 10.222.0.44 "POST /v2.0/networks HTTP/1.1" status: 201 len: 885 time: 1.1163335
Jul 16 20:25:00.658470 n-d-800086-7 neutron-server[93777]: DEBUG neutron.wsgi [-] (93777) accepted ('10.222.0.44', 52470) {{(pid=93777) server /usr/local/lib/python3.8/dist-packages/eventlet/wsgi.py:982}}
Jul 16 20:25:00.673337 n-d-800086-7 neutron-server[93777]: DEBUG neutron.api.v2.base [None req-ba700464-e180-4fee-b251-ba00bc9e759f admin admin] Request body: {'subnet': {'network_id': '8773a1be-a2be-4c93-85ca-e96240ccec7d', 'cidr': '172.20.0.0/28', 'name': 'tempest-AttachSCSIVolumeTestJSON-4570209-subnet', 'tenant_id': 'd3e2ac416abd4a9c9d04e63e96624b9f', 'enable_dhcp': True, 'ip_version': 4}} {{(pid=93777) prepare_request_body /opt/stack/neutron/neutron/api/v2/base.py:729}}
Jul 16 20:25:00.682579 n-d-800086-7 neutron-server[93777]: DEBUG neutron.plugins.ml2.drivers.mech_agent [req-7a1e88fa-8eeb-42ed-aa84-1fc52b77d5d1 req-ddbd96d3-71c8-4127-a219-002bed91cab7 service neutron] Checking agent: {'id': 'd5dcec50-64ea-4aba-a9f8-25bdda475357', 'agent_type': 'HyperV agent', 'binary': 'neutron-hyperv-agent', 'topic': 'N/A', 'host': 'n-h1-800086-7', 'admin_state_up': True, 'created_at': datetime.datetime(2021, 7, 16, 20, 22, 6), 'started_at': datetime.datetime(2021, 7, 16, 20, 22, 6), 'heartbeat_timestamp': datetime.datetime(2021, 7, 16, 20, 24, 36), 'description': None, 'resources_synced': None, 'availability_zone': None, 'alive': True, 'configurations': {'vswitch_mappings': {'physnet1$': 'br-data'}}, 'resource_versions': {}} {{(pid=93777) bind_port /opt/stack/neutron/neutron/plugins/ml2/drivers/mech_agent.py:105}}
Jul 16 20:25:00.682936 n-d-800086-7 neutron-server[93777]: DEBUG neutron.plugins.ml2.drivers.mech_agent [req-7a1e88fa-8eeb-42ed-aa84-1fc52b77d5d1 req-ddbd96d3-71c8-4127-a219-002bed91cab7 service neutron] Checking segment: {'id': '9d0c70a7-3046-4212-b602-8cf9d33d02d2', 'network_type': 'vlan', 'physical_network': 'physnet1', 'segmentation_id': 135, 'network_id': '3962f97c-3996-4457-9d2c-8e0ca8d5eb78'} for mappings: {'physnet1$': 'br-data'} with network types: ['local', 'flat', 'vlan'] {{(pid=93777) check_segment_for_agent /opt/stack/neutron/neutron/plugins/ml2/drivers/mech_agent.py:341}}
Jul 16 20:25:00.683898 n-d-800086-7 neutron-server[93777]: DEBUG neutron.plugins.ml2.drivers.mech_agent [req-7a1e88fa-8eeb-42ed-aa84-1fc52b77d5d1 req-ddbd96d3-71c8-4127-a219-002bed91cab7 service neutron] Bound using segment: {'id': '9d0c70a7-3046-4212-b602-8cf9d33d02d2', 'network_type': 'vlan', 'physical_network': 'physnet1', 'segmentation_id': 135, 'network_id': '3962f97c-3996-4457-9d2c-8e0ca8d5eb78'} {{(pid=93777) bind_port /opt/stack/neutron/neutron/plugins/ml2/drivers/mech_agent.py:115}}
Jul 16 20:25:00.685767 n-d-800086-7 neutron-server[93777]: DEBUG neutron.plugins.ml2.managers [req-7a1e88fa-8eeb-42ed-aa84-1fc52b77d5d1 req-ddbd96d3-71c8-4127-a219-002bed91cab7 service neutron] Bound port: 506e9e8d-47ff-4d61-bfee-554eadfd8497, host: n-h1-800086-7, vif_type: hyperv, vif_details: {"connectivity": "legacy", "port_filter": false}, binding_levels: [{'bound_driver': 'hyperv', 'bound_segment': {'id': '9d0c70a7-3046-4212-b602-8cf9d33d02d2', 'network_type': 'vlan', 'physical_network': 'physnet1', 'segmentation_id': 135, 'network_id': '3962f97c-3996-4457-9d2c-8e0ca8d5eb78'}}] {{(pid=93777) _bind_port_level /opt/stack/neutron/neutron/plugins/ml2/managers.py:928}}
Jul 16 20:25:00.686142 n-d-800086-7 neutron-server[93777]: DEBUG neutron_lib.callbacks.manager [req-7a1e88fa-8eeb-42ed-aa84-1fc52b77d5d1 req-ddbd96d3-71c8-4127-a219-002bed91cab7 service neutron] Notify callbacks ['neutron.plugins.ml2.plugin.SecurityGroupDbMixin._ensure_default_security_group_handler-1579737'] for port, before_update {{(pid=93777) _notify_loop /usr/local/lib/python3.8/dist-packages/neutron_lib/callbacks/manager.py:192}}
Jul 16 20:25:00.821376 n-d-800086-7 neutron-server[93778]: DEBUG neutron.api.rpc.handlers.resources_rpc [None req-8591d85a-894f-4ce6-9070-5526c150c5c4 admin admin] Pushing event updated for resources: {'Network': ['ID=8773a1be-a2be-4c93-85ca-e96240ccec7d,revision_number=1']} {{(pid=93778) push /opt/stack/neutron/neutron/api/rpc/handlers/resources_rpc.py:237}}
Jul 16 20:25:00.843122 n-d-800086-7 neutron-server[93779]: DEBUG neutron.plugins.ml2.rpc [None req-2a681af8-e7e9-468d-9023-319d7e75697b None None] Network 8773a1be-a2be-4c93-85ca-e96240ccec7d details requested by agent ovs-agent-n-d-800086-7 with host n-d-800086-7 {{(pid=93779) get_network_details /opt/stack/neutron/neutron/plugins/ml2/rpc.py:248}}
Jul 16 20:25:00.891723 n-d-800086-7 neutron-server[93777]: DEBUG neutron.pecan_wsgi.hooks.quota_enforcement [None req-ba700464-e180-4fee-b251-ba00bc9e759f admin admin] Made reservation on behalf of d3e2ac416abd4a9c9d04e63e96624b9f for: {'subnet': 1} {{(pid=93777) before /opt/stack/neutron/neutron/pecan_wsgi/hooks/quota_enforcement.py:53}}
Jul 16 20:25:00.903486 n-d-800086-7 neutron-server[93777]: DEBUG neutron_lib.callbacks.manager [None req-ba700464-e180-4fee-b251-ba00bc9e759f admin admin] Notify callbacks [] for subnet, before_create {{(pid=93777) _notify_loop /usr/local/lib/python3.8/dist-packages/neutron_lib/callbacks/manager.py:192}}
Jul 16 20:25:01.064036 n-d-800086-7 neutron-server[93778]: DEBUG neutron.pecan_wsgi.hooks.policy_enforcement [req-42fa16ad-d0d7-485b-aacf-32d0feea2a25 req-09a1d7c0-4101-4c08-a6c1-044e9c84aac5 service neutron] Attributes excluded by policy engine: ['standard_attr_id', 'shared'] {{(pid=93778) _exclude_attributes_by_policy /opt/stack/neutron/neutron/pecan_wsgi/hooks/policy_enforcement.py:255}}
Jul 16 20:25:01.069563 n-d-800086-7 neutron-server[93778]: INFO neutron.wsgi [req-42fa16ad-d0d7-485b-aacf-32d0feea2a25 req-09a1d7c0-4101-4c08-a6c1-044e9c84aac5 service neutron] 10.222.0.46 "GET /v2.0/subnets?id=028829c4-e478-4b41-8f37-287a33cd7366 HTTP/1.1" status: 200 len: 843 time: 0.2503383
Jul 16 20:25:01.155721 n-d-800086-7 neutron-server[93777]: DEBUG neutron.plugins.ml2.db [req-7a1e88fa-8eeb-42ed-aa84-1fc52b77d5d1 req-ddbd96d3-71c8-4127-a219-002bed91cab7 service neutron] For port 506e9e8d-47ff-4d61-bfee-554eadfd8497, host n-h1-800086-7, cleared binding levels {{(pid=93777) clear_binding_levels /opt/stack/neutron/neutron/plugins/ml2/db.py:87}}
Jul 16 20:25:01.211349 n-d-800086-7 neutron-server[93777]: DEBUG neutron.plugins.ml2.db [req-7a1e88fa-8eeb-42ed-aa84-1fc52b77d5d1 req-ddbd96d3-71c8-4127-a219-002bed91cab7 service neutron] For port 506e9e8d-47ff-4d61-bfee-554eadfd8497, host n-h1-800086-7, set binding levels [PortBindingLevel(driver='hyperv',host='n-h1-800086-7',level=0,port_id=506e9e8d-47ff-4d61-bfee-554eadfd8497,segment=NetworkSegment(9d0c70a7-3046-4212-b602-8cf9d33d02d2),segment_id=9d0c70a7-3046-4212-b602-8cf9d33d02d2)] {{(pid=93777) set_binding_levels /opt/stack/neutron/neutron/plugins/ml2/db.py:59}}
Jul 16 20:25:01.224053 n-d-800086-7 neutron-server[93777]: DEBUG neutron_lib.callbacks.manager [req-7a1e88fa-8eeb-42ed-aa84-1fc52b77d5d1 req-ddbd96d3-71c8-4127-a219-002bed91cab7 service neutron] Notify callbacks ['neutron.plugins.ml2.plugin.SecurityGroupServerNotifierRpcMixin._notify_sg_on_port_change-1578786', 'neutron.plugins.ml2.ovo_rpc._ObjectChangeHandler.handle_event-927548', 'neutron.api.rpc.agentnotifiers.dhcp_rpc_agent_api.DhcpAgentNotifyAPI._native_event_send_dhcp_notification-531730', 'neutron.db.l3_db.L3RpcNotifierMixin._notify_gateway_port_ip_changed-8794174634325', 'neutron.db.l3_dvrscheduler_db._notify_l3_agent_port_update-8794174233757', 'neutron.db.l3_hascheduler_db._notify_l3_agent_ha_port_update-8794174233775'] for port, after_update {{(pid=93777) _notify_loop /usr/local/lib/python3.8/dist-packages/neutron_lib/callbacks/manager.py:192}}
Jul 16 20:25:01.317683 n-d-800086-7 neutron-server[93777]: DEBUG neutron.pecan_wsgi.hooks.policy_enforcement [req-7a1e88fa-8eeb-42ed-aa84-1fc52b77d5d1 req-ddbd96d3-71c8-4127-a219-002bed91cab7 service neutron] Attributes excluded by policy engine: ['standard_attr_id'] {{(pid=93777) _exclude_attributes_by_policy /opt/stack/neutron/neutron/pecan_wsgi/hooks/policy_enforcement.py:255}}
Jul 16 20:25:01.319014 n-d-800086-7 neutron-server[93777]: DEBUG neutron_lib.callbacks.manager [req-7a1e88fa-8eeb-42ed-aa84-1fc52b77d5d1 req-ddbd96d3-71c8-4127-a219-002bed91cab7 service neutron] Notify callbacks ['neutron.notifiers.nova.Notifier._send_nova_notification-984527', 'neutron.api.rpc.agentnotifiers.dhcp_rpc_agent_api.DhcpAgentNotifyAPI._send_dhcp_notification-531812'] for port, before_response {{(pid=93777) _notify_loop /usr/local/lib/python3.8/dist-packages/neutron_lib/callbacks/manager.py:192}}
Jul 16 20:25:01.320612 n-d-800086-7 neutron-server[93777]: INFO neutron.wsgi [req-7a1e88fa-8eeb-42ed-aa84-1fc52b77d5d1 req-ddbd96d3-71c8-4127-a219-002bed91cab7 service neutron] 10.222.0.52 "PUT /v2.0/ports/506e9e8d-47ff-4d61-bfee-554eadfd8497 HTTP/1.1" status: 200 len: 1095 time: 2.4769108
Jul 16 20:25:01.332382 n-d-800086-7 neutron-server[93777]: DEBUG neutron.notifiers.nova [-] Sending events: [{'name': 'network-changed', 'server_uuid': '9b5ec6bb-968d-4cec-89ca-48caaa14ce62', 'tag': '506e9e8d-47ff-4d61-bfee-554eadfd8497'}] {{(pid=93777) send_events /opt/stack/neutron/neutron/notifiers/nova.py:262}}
Jul 16 20:25:01.469738 n-d-800086-7 neutron-server[93778]: DEBUG neutron.pecan_wsgi.hooks.policy_enforcement [req-42fa16ad-d0d7-485b-aacf-32d0feea2a25 req-2cbdebe9-dd7e-40fb-b439-9e42950bf958 service neutron] Attributes excluded by policy engine: ['standard_attr_id'] {{(pid=93778) _exclude_attributes_by_policy /opt/stack/neutron/neutron/pecan_wsgi/hooks/policy_enforcement.py:255}}
Jul 16 20:25:01.480779 n-d-800086-7 neutron-server[93778]: INFO neutron.wsgi [req-42fa16ad-d0d7-485b-aacf-32d0feea2a25 req-2cbdebe9-dd7e-40fb-b439-9e42950bf958 service neutron] 10.222.0.46 "GET /v2.0/ports?network_id=3962f97c-3996-4457-9d2c-8e0ca8d5eb78&device_owner=network%3Adhcp HTTP/1.1" status: 200 len: 1166 time: 0.3434446
Jul 16 20:25:01.583228 n-d-800086-7 neutron-server[93778]: DEBUG novaclient.v2.client [-] RESP: [200] Connection: close Content-Length: 179 Content-Type: application/json Date: Fri, 16 Jul 2021 20:24:59 GMT OpenStack-API-Version: compute 2.1 Server: Apache/2.4.41 (Ubuntu) Vary: OpenStack-API-Version,X-OpenStack-Nova-API-Version X-OpenStack-Nova-API-Version: 2.1 x-compute-request-id: req-c6283e80-e94c-41c5-88c3-6cf71b9a737c x-openstack-request-id: req-c6283e80-e94c-41c5-88c3-6cf71b9a737c {{(pid=93778) _http_log_response /usr/local/lib/python3.8/dist-packages/keystoneauth1/session.py:550}}
Jul 16 20:25:01.583672 n-d-800086-7 neutron-server[93778]: DEBUG novaclient.v2.client [-] RESP BODY: {"events": [{"name": "network-changed", "server_uuid": "516716c4-6b3e-44c1-8a14-b4c31f004083", "tag": "c939333d-ec22-47b7-9ddc-f35a04212fcf", "status": "completed", "code": 200}]} {{(pid=93778) _http_log_response /usr/local/lib/python3.8/dist-packages/keystoneauth1/session.py:582}}
Jul 16 20:25:01.584051 n-d-800086-7 neutron-server[93778]: DEBUG novaclient.v2.client [-] POST call to compute for http://10.222.0.44/compute/v2.1/os-server-external-events used request id req-c6283e80-e94c-41c5-88c3-6cf71b9a737c {{(pid=93778) request /usr/local/lib/python3.8/dist-packages/keystoneauth1/session.py:954}}
Jul 16 20:25:01.584625 n-d-800086-7 neutron-server[93778]: INFO neutron.notifiers.nova [-] Nova event response: {'name': 'network-changed', 'server_uuid': '516716c4-6b3e-44c1-8a14-b4c31f004083', 'tag': 'c939333d-ec22-47b7-9ddc-f35a04212fcf', 'status': 'completed', 'code': 200}
Jul 16 20:25:01.829295 n-d-800086-7 neutron-server[93777]: DEBUG neutron.api.rpc.handlers.resources_rpc [None req-ddbd96d3-71c8-4127-a219-002bed91cab7 service neutron] Pushing event updated for resources: {'Port': ['ID=506e9e8d-47ff-4d61-bfee-554eadfd8497,revision_number=3']} {{(pid=93777) push /opt/stack/neutron/neutron/api/rpc/handlers/resources_rpc.py:237}}
Jul 16 20:25:01.849731 n-d-800086-7 neutron-server[93778]: INFO neutron.wsgi [req-42fa16ad-d0d7-485b-aacf-32d0feea2a25 req-a875f73c-b5a5-4f4c-8382-60297338ede2 service neutron] 10.222.0.46 "GET /v2.0/networks/3962f97c-3996-4457-9d2c-8e0ca8d5eb78?fields=segments HTTP/1.1" status: 200 len: 212 time: 0.3457916
Jul 16 20:25:01.897635 n-d-800086-7 neutron-server[93777]: DEBUG novaclient.v2.client [-] REQ: curl -g -i --cacert "/opt/stack/data/ca-bundle.pem" -X POST http://10.222.0.44/compute/v2.1/os-server-external-events -H "Accept: application/json" -H "Content-Type: application/json" -H "User-Agent: python-novaclient" -H "X-Auth-Token: {SHA256}78195ed3e2ef5de873d2891447f4f2066b195e0ff42963523295cf6da85f5dd7" -H "X-OpenStack-Nova-API-Version: 2.1" -H "X-OpenStack-Request-ID: req-d0dfd8ab-29aa-4192-8c26-f60102c0f47c" -d '{"events": [{"name": "network-changed", "server_uuid": "9b5ec6bb-968d-4cec-89ca-48caaa14ce62", "tag": "506e9e8d-47ff-4d61-bfee-554eadfd8497"}]}' {{(pid=93777) _http_log_request /usr/local/lib/python3.8/dist-packages/keystoneauth1/session.py:519}}
Jul 16 20:25:02.004832 n-d-800086-7 neutron-server[93778]: DEBUG neutron.pecan_wsgi.hooks.policy_enforcement [req-ea260d47-f5c1-4a95-b94b-4d885c464631 req-8641e2cc-88b7-4560-ac61-6e4e11c0cc75 tempest-AggregatesAdminTestJSON-1102852806 tempest-AggregatesAdminTestJSON-1102852806-project] Attributes excluded by policy engine: ['standard_attr_id', 'binding:profile', 'binding:host_id', 'binding:vif_type', 'binding:vif_details'] {{(pid=93778) _exclude_attributes_by_policy /opt/stack/neutron/neutron/pecan_wsgi/hooks/policy_enforcement.py:255}}
Jul 16 20:25:02.018276 n-d-800086-7 neutron-server[93778]: INFO neutron.wsgi [req-ea260d47-f5c1-4a95-b94b-4d885c464631 req-8641e2cc-88b7-4560-ac61-6e4e11c0cc75 tempest-AggregatesAdminTestJSON-1102852806 tempest-AggregatesAdminTestJSON-1102852806-project] 10.222.0.44 "GET /v2.0/ports?device_id=516716c4-6b3e-44c1-8a14-b4c31f004083 HTTP/1.1" status: 200 len: 970 time: 0.1734333
Jul 16 20:25:02.032342 n-d-800086-7 neutron-server[93777]: DEBUG neutron.pecan_wsgi.hooks.policy_enforcement [req-7a1e88fa-8eeb-42ed-aa84-1fc52b77d5d1 req-e9c76135-bfdd-4d50-8cb2-3b1879a7e2bd service neutron] Attributes excluded by policy engine: ['standard_attr_id'] {{(pid=93777) _exclude_attributes_by_policy /opt/stack/neutron/neutron/pecan_wsgi/hooks/policy_enforcement.py:255}}
Jul 16 20:25:02.033963 n-d-800086-7 neutron-server[93777]: INFO neutron.wsgi [req-7a1e88fa-8eeb-42ed-aa84-1fc52b77d5d1 req-e9c76135-bfdd-4d50-8cb2-3b1879a7e2bd service neutron] 10.222.0.52 "GET /v2.0/ports?tenant_id=044145b79b3d42e09fa0aedf9d8ae792&device_id=9b5ec6bb-968d-4cec-89ca-48caaa14ce62 HTTP/1.1" status: 200 len: 1098 time: 0.5220542
Jul 16 20:25:02.090698 n-d-800086-7 neutron-server[93778]: INFO neutron.wsgi [req-ea260d47-f5c1-4a95-b94b-4d885c464631 req-981d0793-1d34-4a9f-80e4-4f642b74c1a8 tempest-AggregatesAdminTestJSON-1102852806 tempest-AggregatesAdminTestJSON-1102852806-project] 10.222.0.44 "GET /v2.0/security-groups?id=057ee880-7428-44d3-9339-9a973a332def&fields=id&fields=name HTTP/1.1" status: 200 len: 286 time: 0.0711846
Jul 16 20:25:02.128475 n-d-800086-7 neutron-server[93777]: DEBUG neutron_lib.callbacks.manager [None req-ba700464-e180-4fee-b251-ba00bc9e759f admin admin] Notify callbacks ['neutron.plugins.ml2.ovo_rpc._ObjectChangeHandler.handle_event-18314', 'neutron.api.rpc.agentnotifiers.dhcp_rpc_agent_api.DhcpAgentNotifyAPI._native_event_send_dhcp_notification-531730'] for subnet, after_create {{(pid=93777) _notify_loop /usr/local/lib/python3.8/dist-packages/neutron_lib/callbacks/manager.py:192}}
Jul 16 20:25:02.172298 n-d-800086-7 neutron-server[93777]: INFO neutron.wsgi [req-7a1e88fa-8eeb-42ed-aa84-1fc52b77d5d1 req-68f4ea4a-0b5d-4ebb-bd4c-11d724ea1cea service neutron] 10.222.0.52 "GET /v2.0/floatingips?fixed_ip_address=192.168.233.49&port_id=506e9e8d-47ff-4d61-bfee-554eadfd8497 HTTP/1.1" status: 200 len: 217 time: 0.1266997
Jul 16 20:25:02.173843 n-d-800086-7 neutron-server[93777]: DEBUG neutron.api.rpc.handlers.resources_rpc [None req-ba700464-e180-4fee-b251-ba00bc9e759f admin admin] Pushing event updated for resources: {'Subnet': ['ID=91760e42-88de-4e6c-afbf-fc40fd717f9e,revision_number=0']} {{(pid=93777) push /opt/stack/neutron/neutron/api/rpc/handlers/resources_rpc.py:237}}
Jul 16 20:25:02.318890 n-d-800086-7 neutron-server[93777]: DEBUG neutron.plugins.ml2.drivers.mech_agent [None req-ba700464-e180-4fee-b251-ba00bc9e759f admin admin] Checking segment: {'id': '03334bd8-7613-41c4-9aa3-89794bfdab74', 'network_type': 'vlan', 'physical_network': 'physnet1', 'segmentation_id': 106, 'network_id': '8773a1be-a2be-4c93-85ca-e96240ccec7d'} for mappings: {'physnet1': 'br-data'} with network types: ['local', 'flat', 'vlan'] {{(pid=93777) check_segment_for_agent /opt/stack/neutron/neutron/plugins/ml2/drivers/mech_agent.py:341}}
Jul 16 20:25:02.319832 n-d-800086-7 neutron-server[93777]: DEBUG neutron.scheduler.dhcp_agent_scheduler [None req-ba700464-e180-4fee-b251-ba00bc9e759f admin admin] Network hostable DHCP agents. Network: 8773a1be-a2be-4c93-85ca-e96240ccec7d, hostable agents: ['bb7cdf3c-3a68-42f7-8776-04602e817bf6'], hosted agents: [] {{(pid=93777) _get_network_hostable_dhcp_agents /opt/stack/neutron/neutron/scheduler/dhcp_agent_scheduler.py:329}}
Jul 16 20:25:02.386087 n-d-800086-7 neutron-server[93777]: DEBUG neutron.scheduler.dhcp_agent_scheduler [None req-ba700464-e180-4fee-b251-ba00bc9e759f admin admin] Network 8773a1be-a2be-4c93-85ca-e96240ccec7d is scheduled to be hosted by DHCP agent bb7cdf3c-3a68-42f7-8776-04602e817bf6 with binding_index 1 {{(pid=93777) bind /opt/stack/neutron/neutron/scheduler/dhcp_agent_scheduler.py:227}}
Jul 16 20:25:02.398040 n-d-800086-7 neutron-server[93777]: DEBUG neutron.pecan_wsgi.hooks.policy_enforcement [req-7a1e88fa-8eeb-42ed-aa84-1fc52b77d5d1 req-6fd8232f-e88b-4d00-aeca-b16c42f2941f service neutron] Attributes excluded by policy engine: ['standard_attr_id', 'shared'] {{(pid=93777) _exclude_attributes_by_policy /opt/stack/neutron/neutron/pecan_wsgi/hooks/policy_enforcement.py:255}}
Jul 16 20:25:02.401477 n-d-800086-7 neutron-server[93777]: INFO neutron.wsgi [req-7a1e88fa-8eeb-42ed-aa84-1fc52b77d5d1 req-6fd8232f-e88b-4d00-aeca-b16c42f2941f service neutron] 10.222.0.52 "GET /v2.0/subnets?id=028829c4-e478-4b41-8f37-287a33cd7366 HTTP/1.1" status: 200 len: 843 time: 0.1880956
Jul 16 20:25:02.402625 n-d-800086-7 neutron-server[93777]: DEBUG neutron.scheduler.base_scheduler [None req-ba700464-e180-4fee-b251-ba00bc9e759f admin admin] Resources bound (agent type, host, resource id): (DHCP agent, n-d-800086-7, 8773a1be-a2be-4c93-85ca-e96240ccec7d) {{(pid=93777) schedule /opt/stack/neutron/neutron/scheduler/base_scheduler.py:57}}
Jul 16 20:25:02.409503 n-d-800086-7 neutron-server[93777]: DEBUG neutron.pecan_wsgi.hooks.policy_enforcement [None req-ba700464-e180-4fee-b251-ba00bc9e759f admin admin] Attributes excluded by policy engine: ['standard_attr_id', 'shared', 'network'] {{(pid=93777) _exclude_attributes_by_policy /opt/stack/neutron/neutron/pecan_wsgi/hooks/policy_enforcement.py:255}}
Jul 16 20:25:02.410222 n-d-800086-7 neutron-server[93777]: DEBUG neutron_lib.callbacks.manager [None req-ba700464-e180-4fee-b251-ba00bc9e759f admin admin] Notify callbacks ['neutron.api.rpc.agentnotifiers.dhcp_rpc_agent_api.DhcpAgentNotifyAPI._send_dhcp_notification-531812'] for subnet, before_response {{(pid=93777) _notify_loop /usr/local/lib/python3.8/dist-packages/neutron_lib/callbacks/manager.py:192}}
Jul 16 20:25:02.414255 n-d-800086-7 neutron-server[93779]: DEBUG neutron.api.rpc.handlers.dhcp_rpc [None req-0f1819c2-3a1b-4d0f-b98a-a8af49d08e28 None None] Network 8773a1be-a2be-4c93-85ca-e96240ccec7d requested from n-d-800086-7 {{(pid=93779) get_network_info /opt/stack/neutron/neutron/api/rpc/handlers/dhcp_rpc.py:218}}
Jul 16 20:25:02.453644 n-d-800086-7 neutron-server[93777]: INFO neutron.wsgi [None req-ba700464-e180-4fee-b251-ba00bc9e759f admin admin] 10.222.0.44 "POST /v2.0/subnets HTTP/1.1" status: 201 len: 848 time: 1.7929134
Jul 16 20:25:02.456138 n-d-800086-7 neutron-server[93777]: DEBUG neutron.wsgi [-] (93777) accepted ('10.222.0.44', 52500) {{(pid=93777) server /usr/local/lib/python3.8/dist-packages/eventlet/wsgi.py:982}}
Jul 16 20:25:02.468294 n-d-800086-7 neutron-server[93777]: DEBUG neutron.api.v2.base [None req-88c9cc61-0a79-4386-8fcd-12d1c14e05f6 admin admin] Request body: {'router': {'name': 'tempest-AttachSCSIVolumeTestJSON-4570209-router', 'tenant_id': 'd3e2ac416abd4a9c9d04e63e96624b9f', 'external_gateway_info': {'network_id': 'ca0d5be1-5b4f-4cc2-9a76-8b7d942c75fb'}}} {{(pid=93777) prepare_request_body /opt/stack/neutron/neutron/api/v2/base.py:729}}
Jul 16 20:25:02.530744 n-d-800086-7 neutron-server[93777]: DEBUG neutron_lib.callbacks.manager [None req-88c9cc61-0a79-4386-8fcd-12d1c14e05f6 admin admin] Notify callbacks ['neutron.services.l3_router.l3_router_plugin.L3_HA_NAT_db_mixin._before_router_create-311287', 'neutron.services.l3_router.service_providers.driver_controller.DriverController._check_router_request-27802'] for router, before_create {{(pid=93777) _notify_loop /usr/local/lib/python3.8/dist-packages/neutron_lib/callbacks/manager.py:192}}
Jul 16 20:25:02.533847 n-d-800086-7 neutron-server[93777]: DEBUG neutron_lib.callbacks.manager [None req-88c9cc61-0a79-4386-8fcd-12d1c14e05f6 admin admin] Notify callbacks ['neutron.services.l3_router.l3_router_plugin.L3_HA_NAT_db_mixin._precommit_router_create-387973', 'neutron.services.l3_router.l3_router_plugin.DVRResourceOperationHandler._set_distributed_flag-311088', 'neutron.services.l3_router.l3_router_plugin.RouterAvailabilityZoneMixin._process_az_request-285912', 'neutron.services.l3_router.service_providers.driver_controller.DriverController._set_router_provider-27793'] for router, precommit_create {{(pid=93777) _notify_loop /usr/local/lib/python3.8/dist-packages/neutron_lib/callbacks/manager.py:192}}
Jul 16 20:25:02.566113 n-d-800086-7 neutron-server[93778]: DEBUG neutron.pecan_wsgi.hooks.policy_enforcement [req-ad11606f-3461-4689-9832-0df5354daff8 req-952d26b4-7477-4105-ac41-1c333e131181 tempest-ServersOnMultiNodesTest-1534641192 tempest-ServersOnMultiNodesTest-1534641192-project] Attributes excluded by policy engine: ['standard_attr_id', 'binding:profile', 'binding:host_id', 'binding:vif_type', 'binding:vif_details'] {{(pid=93778) _exclude_attributes_by_policy /opt/stack/neutron/neutron/pecan_wsgi/hooks/policy_enforcement.py:255}}
Jul 16 20:25:02.583750 n-d-800086-7 neutron-server[93778]: INFO neutron.wsgi [req-ad11606f-3461-4689-9832-0df5354daff8 req-952d26b4-7477-4105-ac41-1c333e131181 tempest-ServersOnMultiNodesTest-1534641192 tempest-ServersOnMultiNodesTest-1534641192-project] 10.222.0.44 "GET /v2.0/ports?device_id=9b5ec6bb-968d-4cec-89ca-48caaa14ce62 HTTP/1.1" status: 200 len: 947 time: 0.2891941
Jul 16 20:25:02.659138 n-d-800086-7 neutron-server[93778]: INFO neutron.wsgi [req-42fa16ad-d0d7-485b-aacf-32d0feea2a25 req-eb98c14a-59a0-47f6-87ae-e19e678077d2 service neutron] 10.222.0.46 "GET /v2.0/networks/3962f97c-3996-4457-9d2c-8e0ca8d5eb78?fields=provider%3Aphysical_network&fields=provider%3Anetwork_type HTTP/1.1" status: 200 len: 281 time: 0.2898805
Jul 16 20:25:02.711155 n-d-800086-7 neutron-server[93779]: DEBUG neutron.api.rpc.handlers.dhcp_rpc [None req-3c1c00e6-9c32-4890-a538-cb2c2e965e90 None None] Create dhcp port {'port': {'name': '', 'admin_state_up': True, 'device_id': 'dhcp9a0eeae4-829a-574f-8255-8eedf3d242ec-8773a1be-a2be-4c93-85ca-e96240ccec7d', 'network_id': '8773a1be-a2be-4c93-85ca-e96240ccec7d', 'tenant_id': 'd3e2ac416abd4a9c9d04e63e96624b9f', 'fixed_ips': [{'subnet_id': '91760e42-88de-4e6c-afbf-fc40fd717f9e'}]}} from n-d-800086-7. {{(pid=93779) create_dhcp_port /opt/stack/neutron/neutron/api/rpc/handlers/dhcp_rpc.py:285}}
Jul 16 20:25:02.716383 n-d-800086-7 neutron-server[93779]: DEBUG neutron_lib.callbacks.manager [None req-3c1c00e6-9c32-4890-a538-cb2c2e965e90 None None] Notify callbacks ['neutron.plugins.ml2.plugin.SecurityGroupDbMixin._ensure_default_security_group_handler-1579737'] for port, before_create {{(pid=93779) _notify_loop /usr/local/lib/python3.8/dist-packages/neutron_lib/callbacks/manager.py:192}}
Jul 16 20:25:02.717573 n-d-800086-7 neutron-server[93778]: INFO neutron.wsgi [req-ad11606f-3461-4689-9832-0df5354daff8 req-e672735f-a9b1-49ef-a94e-d31a8df23d11 tempest-ServersOnMultiNodesTest-1534641192 tempest-ServersOnMultiNodesTest-1534641192-project] 10.222.0.44 "GET /v2.0/security-groups?id=9bd501b1-daa1-4ce4-9f89-81f0f8991de9&fields=id&fields=name HTTP/1.1" status: 200 len: 286 time: 0.1320562
Jul 16 20:25:02.749792 n-d-800086-7 neutron-server[93777]: DEBUG neutron_lib.callbacks.manager [None req-88c9cc61-0a79-4386-8fcd-12d1c14e05f6 admin admin] Notify callbacks [] for router_controller, precommit_add_association {{(pid=93777) _notify_loop /usr/local/lib/python3.8/dist-packages/neutron_lib/callbacks/manager.py:192}}
Jul 16 20:25:02.906574 n-d-800086-7 neutron-server[93778]: DEBUG neutron.pecan_wsgi.hooks.policy_enforcement [req-71e9732d-10be-4d00-baea-30c82c6e27fd req-9b82c08b-ef05-47e0-9906-7868a40740d6 service neutron] Attributes excluded by policy engine: ['standard_attr_id'] {{(pid=93778) _exclude_attributes_by_policy /opt/stack/neutron/neutron/pecan_wsgi/hooks/policy_enforcement.py:255}}
Jul 16 20:25:02.911667 n-d-800086-7 neutron-server[93778]: INFO neutron.wsgi [req-71e9732d-10be-4d00-baea-30c82c6e27fd req-9b82c08b-ef05-47e0-9906-7868a40740d6 service neutron] 10.222.0.46 "GET /v2.0/ports?tenant_id=3dea0688d82f4263ab0e708170dcd6b0&device_id=516716c4-6b3e-44c1-8a14-b4c31f004083 HTTP/1.1" status: 200 len: 1121 time: 0.1899762
Jul 16 20:25:03.053358 n-d-800086-7 neutron-server[93777]: DEBUG neutron_lib.callbacks.manager [None req-88c9cc61-0a79-4386-8fcd-12d1c14e05f6 admin admin] Notify callbacks ['neutron.services.l3_router.l3_router_plugin.DVRResourceOperationHandler._handle_distributed_migration-311074', 'neutron.services.l3_router.l3_router_plugin.L3_HA_NAT_db_mixin._validate_migration-311186', 'neutron.services.l3_router.service_providers.driver_controller.DriverController._update_router_provider-31355'] for router, precommit_update {{(pid=93777) _notify_loop /usr/local/lib/python3.8/dist-packages/neutron_lib/callbacks/manager.py:192}}
Jul 16 20:25:03.129906 n-d-800086-7 neutron-server[93779]: DEBUG neutron.db.db_base_plugin_common [None req-3c1c00e6-9c32-4890-a538-cb2c2e965e90 None None] Allocated IP 172.20.0.2 (8773a1be-a2be-4c93-85ca-e96240ccec7d/91760e42-88de-4e6c-afbf-fc40fd717f9e/af78f015-b16a-4e41-9543-48a70468a10e) {{(pid=93779) _store_ip_allocation /opt/stack/neutron/neutron/db/db_base_plugin_common.py:131}}
Jul 16 20:25:03.167574 n-d-800086-7 neutron-server[93778]: DEBUG neutron.pecan_wsgi.hooks.policy_enforcement [req-71e9732d-10be-4d00-baea-30c82c6e27fd req-be710739-02df-4df3-b4ec-a125b7f42888 service neutron] Attributes excluded by policy engine: ['standard_attr_id', 'vlan_transparent'] {{(pid=93778) _exclude_attributes_by_policy /opt/stack/neutron/neutron/pecan_wsgi/hooks/policy_enforcement.py:255}}
Jul 16 20:25:03.170951 n-d-800086-7 neutron-server[93778]: INFO neutron.wsgi [req-71e9732d-10be-4d00-baea-30c82c6e27fd req-be710739-02df-4df3-b4ec-a125b7f42888 service neutron] 10.222.0.46 "GET /v2.0/networks?id=3962f97c-3996-4457-9d2c-8e0ca8d5eb78 HTTP/1.1" status: 200 len: 870 time: 0.2530377
Jul 16 20:25:03.256696 n-d-800086-7 neutron-server[93778]: INFO neutron.wsgi [req-71e9732d-10be-4d00-baea-30c82c6e27fd req-bd189fa7-c081-4a21-b1cb-1e1a89025132 service neutron] 10.222.0.46 "GET /v2.0/floatingips?fixed_ip_address=192.168.233.242&port_id=c939333d-ec22-47b7-9ddc-f35a04212fcf HTTP/1.1" status: 200 len: 217 time: 0.0784500
Jul 16 20:25:03.407988 n-d-800086-7 neutron-server[93778]: DEBUG neutron.pecan_wsgi.hooks.policy_enforcement [req-71e9732d-10be-4d00-baea-30c82c6e27fd req-cceed9d7-6d25-4751-8287-4b348b5a1c68 service neutron] Attributes excluded by policy engine: ['standard_attr_id', 'shared'] {{(pid=93778) _exclude_attributes_by_policy /opt/stack/neutron/neutron/pecan_wsgi/hooks/policy_enforcement.py:255}}
Jul 16 20:25:03.409450 n-d-800086-7 neutron-server[93778]: INFO neutron.wsgi [req-71e9732d-10be-4d00-baea-30c82c6e27fd req-cceed9d7-6d25-4751-8287-4b348b5a1c68 service neutron] 10.222.0.46 "GET /v2.0/subnets?id=028829c4-e478-4b41-8f37-287a33cd7366 HTTP/1.1" status: 200 len: 843 time: 0.1457412
Jul 16 20:25:03.528148 n-d-800086-7 neutron-server[93778]: DEBUG neutron.pecan_wsgi.hooks.policy_enforcement [req-71e9732d-10be-4d00-baea-30c82c6e27fd req-64605968-be4e-4ae5-b876-f609fe4f2065 service neutron] Attributes excluded by policy engine: ['standard_attr_id'] {{(pid=93778) _exclude_attributes_by_policy /opt/stack/neutron/neutron/pecan_wsgi/hooks/policy_enforcement.py:255}}
Jul 16 20:25:03.530146 n-d-800086-7 neutron-server[93778]: INFO neutron.wsgi [req-71e9732d-10be-4d00-baea-30c82c6e27fd req-64605968-be4e-4ae5-b876-f609fe4f2065 service neutron] 10.222.0.46 "GET /v2.0/ports?network_id=3962f97c-3996-4457-9d2c-8e0ca8d5eb78&device_owner=network%3Adhcp HTTP/1.1" status: 200 len: 1166 time: 0.1071007
Jul 16 20:25:03.552336 n-d-800086-7 neutron-server[93779]: DEBUG neutron_lib.callbacks.manager [None req-3c1c00e6-9c32-4890-a538-cb2c2e965e90 None None] Notify callbacks [] for port, precommit_create {{(pid=93779) _notify_loop /usr/local/lib/python3.8/dist-packages/neutron_lib/callbacks/manager.py:192}}
Jul 16 20:25:03.569804 n-d-800086-7 neutron-server[93779]: DEBUG neutron.db.provisioning_blocks [None req-3c1c00e6-9c32-4890-a538-cb2c2e965e90 None None] Transition to ACTIVE for port object af78f015-b16a-4e41-9543-48a70468a10e will not be triggered until provisioned by entity L2. {{(pid=93779) add_provisioning_component /opt/stack/neutron/neutron/db/provisioning_blocks.py:73}}
Jul 16 20:25:03.583336 n-d-800086-7 neutron-server[93777]: DEBUG novaclient.v2.client [-] RESP: [200] Connection: close Content-Length: 179 Content-Type: application/json Date: Fri, 16 Jul 2021 20:25:01 GMT OpenStack-API-Version: compute 2.1 Server: Apache/2.4.41 (Ubuntu) Vary: OpenStack-API-Version,X-OpenStack-Nova-API-Version X-OpenStack-Nova-API-Version: 2.1 x-compute-request-id: req-cd9f3b9f-8d8a-4f1e-9d57-152142650f1b x-openstack-request-id: req-cd9f3b9f-8d8a-4f1e-9d57-152142650f1b {{(pid=93777) _http_log_response /usr/local/lib/python3.8/dist-packages/keystoneauth1/session.py:550}}
Jul 16 20:25:03.583996 n-d-800086-7 neutron-server[93777]: DEBUG novaclient.v2.client [-] RESP BODY: {"events": [{"name": "network-changed", "server_uuid": "9b5ec6bb-968d-4cec-89ca-48caaa14ce62", "tag": "506e9e8d-47ff-4d61-bfee-554eadfd8497", "status": "completed", "code": 200}]} {{(pid=93777) _http_log_response /usr/local/lib/python3.8/dist-packages/keystoneauth1/session.py:582}}
Jul 16 20:25:03.583996 n-d-800086-7 neutron-server[93777]: DEBUG novaclient.v2.client [-] POST call to compute for http://10.222.0.44/compute/v2.1/os-server-external-events used request id req-cd9f3b9f-8d8a-4f1e-9d57-152142650f1b {{(pid=93777) request /usr/local/lib/python3.8/dist-packages/keystoneauth1/session.py:954}}
Jul 16 20:25:03.584375 n-d-800086-7 neutron-server[93777]: INFO neutron.notifiers.nova [-] Nova event response: {'name': 'network-changed', 'server_uuid': '9b5ec6bb-968d-4cec-89ca-48caaa14ce62', 'tag': '506e9e8d-47ff-4d61-bfee-554eadfd8497', 'status': 'completed', 'code': 200}
Jul 16 20:25:03.602147 n-d-800086-7 neutron-server[93779]: DEBUG neutron.db.provisioning_blocks [None req-3c1c00e6-9c32-4890-a538-cb2c2e965e90 None None] Transition to ACTIVE for port object af78f015-b16a-4e41-9543-48a70468a10e will not be triggered until provisioned by entity DHCP. {{(pid=93779) add_provisioning_component /opt/stack/neutron/neutron/db/provisioning_blocks.py:73}}
Jul 16 20:25:03.614259 n-d-800086-7 neutron-server[93779]: DEBUG neutron_lib.callbacks.manager [None req-3c1c00e6-9c32-4890-a538-cb2c2e965e90 None None] Notify callbacks ['neutron.plugins.ml2.plugin.SecurityGroupServerNotifierRpcMixin._notify_sg_on_port_change-1578786', 'neutron.plugins.ml2.ovo_rpc._ObjectChangeHandler.handle_event-927548', 'neutron.api.rpc.agentnotifiers.dhcp_rpc_agent_api.DhcpAgentNotifyAPI._native_event_send_dhcp_notification-531730', 'neutron.db.l3_dvrscheduler_db._notify_l3_agent_new_port-8794174233739'] for port, after_create {{(pid=93779) _notify_loop /usr/local/lib/python3.8/dist-packages/neutron_lib/callbacks/manager.py:192}}
Jul 16 20:25:03.672368 n-d-800086-7 neutron-server[93777]: DEBUG neutron_lib.callbacks.manager [None req-88c9cc61-0a79-4386-8fcd-12d1c14e05f6 admin admin] Notify callbacks [] for router_gateway, before_create {{(pid=93777) _notify_loop /usr/local/lib/python3.8/dist-packages/neutron_lib/callbacks/manager.py:192}}
Jul 16 20:25:03.689324 n-d-800086-7 neutron-server[93779]: DEBUG neutron.scheduler.dhcp_agent_scheduler [None req-3c1c00e6-9c32-4890-a538-cb2c2e965e90 None None] Network 8773a1be-a2be-4c93-85ca-e96240ccec7d is already hosted by enough agents. {{(pid=93779) _get_dhcp_agents_hosting_network /opt/stack/neutron/neutron/scheduler/dhcp_agent_scheduler.py:275}}
Jul 16 20:25:03.695845 n-d-800086-7 neutron-server[93779]: DEBUG neutron.scheduler.base_scheduler [None req-3c1c00e6-9c32-4890-a538-cb2c2e965e90 None None] Resources bound (agent type, host, resource id): {{(pid=93779) schedule /opt/stack/neutron/neutron/scheduler/base_scheduler.py:57}}
Jul 16 20:25:03.707584 n-d-800086-7 neutron-server[93777]: DEBUG neutron_lib.callbacks.manager [None req-88c9cc61-0a79-4386-8fcd-12d1c14e05f6 admin admin] Notify callbacks ['neutron.plugins.ml2.plugin.SecurityGroupDbMixin._ensure_default_security_group_handler-1579737'] for port, before_create {{(pid=93777) _notify_loop /usr/local/lib/python3.8/dist-packages/neutron_lib/callbacks/manager.py:192}}
Jul 16 20:25:03.717739 n-d-800086-7 neutron-server[93779]: DEBUG neutron.db.l3_dvrscheduler_db [None req-3c1c00e6-9c32-4890-a538-cb2c2e965e90 None None] Received port after_create {{(pid=93779) _notify_l3_agent_new_port /opt/stack/neutron/neutron/db/l3_dvrscheduler_db.py:535}}
Jul 16 20:25:03.758961 n-d-800086-7 neutron-server[93779]: DEBUG neutron.api.rpc.handlers.resources_rpc [None req-3c1c00e6-9c32-4890-a538-cb2c2e965e90 None None] Pushing event updated for resources: {'Port': ['ID=af78f015-b16a-4e41-9543-48a70468a10e,revision_number=1']} {{(pid=93779) push /opt/stack/neutron/neutron/api/rpc/handlers/resources_rpc.py:237}}
Jul 16 20:25:03.794539 n-d-800086-7 neutron-server[93779]: DEBUG neutron.api.rpc.callbacks.version_manager [None req-3c1c00e6-9c32-4890-a538-cb2c2e965e90 None None] Version for resource type AddressGroup changed None to 1.2 on consumer Open vSwitch agent@n-d-800086-7 {{(pid=93779) _set_version /opt/stack/neutron/neutron/api/rpc/callbacks/version_manager.py:113}}
Jul 16 20:25:03.795026 n-d-800086-7 neutron-server[93779]: DEBUG neutron.api.rpc.callbacks.version_manager [None req-3c1c00e6-9c32-4890-a538-cb2c2e965e90 None None] Version for resource type ConntrackHelper changed None to 1.0 on consumer Open vSwitch agent@n-d-800086-7 {{(pid=93779) _set_version /opt/stack/neutron/neutron/api/rpc/callbacks/version_manager.py:113}}
Jul 16 20:25:03.795464 n-d-800086-7 neutron-server[93779]: DEBUG neutron.api.rpc.callbacks.version_manager [None req-3c1c00e6-9c32-4890-a538-cb2c2e965e90 None None] Version for resource type Log changed None to 1.0 on consumer Open vSwitch agent@n-d-800086-7 {{(pid=93779) _set_version /opt/stack/neutron/neutron/api/rpc/callbacks/version_manager.py:113}}
Jul 16 20:25:03.795894 n-d-800086-7 neutron-server[93779]: DEBUG neutron.api.rpc.callbacks.version_manager [None req-3c1c00e6-9c32-4890-a538-cb2c2e965e90 None None] Version for resource type Network changed None to 1.1 on consumer Open vSwitch agent@n-d-800086-7 {{(pid=93779) _set_version /opt/stack/neutron/neutron/api/rpc/callbacks/version_manager.py:113}}
Jul 16 20:25:03.796501 n-d-800086-7 neutron-server[93779]: DEBUG neutron.api.rpc.callbacks.version_manager [None req-3c1c00e6-9c32-4890-a538-cb2c2e965e90 None None] Version for resource type Port changed None to 1.7 on consumer Open vSwitch agent@n-d-800086-7 {{(pid=93779) _set_version /opt/stack/neutron/neutron/api/rpc/callbacks/version_manager.py:113}}
Jul 16 20:25:03.796891 n-d-800086-7 neutron-server[93779]: DEBUG neutron.api.rpc.callbacks.version_manager [None req-3c1c00e6-9c32-4890-a538-cb2c2e965e90 None None] Version for resource type PortForwarding changed None to 1.2 on consumer Open vSwitch agent@n-d-800086-7 {{(pid=93779) _set_version /opt/stack/neutron/neutron/api/rpc/callbacks/version_manager.py:113}}
Jul 16 20:25:03.797340 n-d-800086-7 neutron-server[93779]: DEBUG neutron.api.rpc.callbacks.version_manager [None req-3c1c00e6-9c32-4890-a538-cb2c2e965e90 None None] Version for resource type QosPolicy changed None to 1.8 on consumer Open vSwitch agent@n-d-800086-7 {{(pid=93779) _set_version /opt/stack/neutron/neutron/api/rpc/callbacks/version_manager.py:113}}
Jul 16 20:25:03.797791 n-d-800086-7 neutron-server[93779]: DEBUG neutron.api.rpc.callbacks.version_manager [None req-3c1c00e6-9c32-4890-a538-cb2c2e965e90 None None] Version for resource type SecurityGroup changed None to 1.4 on consumer Open vSwitch agent@n-d-800086-7 {{(pid=93779) _set_version /opt/stack/neutron/neutron/api/rpc/callbacks/version_manager.py:113}}
Jul 16 20:25:03.798194 n-d-800086-7 neutron-server[93779]: DEBUG neutron.api.rpc.callbacks.version_manager [None req-3c1c00e6-9c32-4890-a538-cb2c2e965e90 None None] Version for resource type SecurityGroupRule changed None to 1.2 on consumer Open vSwitch agent@n-d-800086-7 {{(pid=93779) _set_version /opt/stack/neutron/neutron/api/rpc/callbacks/version_manager.py:113}}
Jul 16 20:25:03.798695 n-d-800086-7 neutron-server[93779]: DEBUG neutron.api.rpc.callbacks.version_manager [None req-3c1c00e6-9c32-4890-a538-cb2c2e965e90 None None] Version for resource type SubPort changed None to 1.0 on consumer Open vSwitch agent@n-d-800086-7 {{(pid=93779) _set_version /opt/stack/neutron/neutron/api/rpc/callbacks/version_manager.py:113}}
Jul 16 20:25:03.799126 n-d-800086-7 neutron-server[93779]: DEBUG neutron.api.rpc.callbacks.version_manager [None req-3c1c00e6-9c32-4890-a538-cb2c2e965e90 None None] Version for resource type Subnet changed None to 1.1 on consumer Open vSwitch agent@n-d-800086-7 {{(pid=93779) _set_version /opt/stack/neutron/neutron/api/rpc/callbacks/version_manager.py:113}}
Jul 16 20:25:03.799579 n-d-800086-7 neutron-server[93779]: DEBUG neutron.api.rpc.callbacks.version_manager [None req-3c1c00e6-9c32-4890-a538-cb2c2e965e90 None None] Version for resource type Trunk changed None to 1.1 on consumer Open vSwitch agent@n-d-800086-7 {{(pid=93779) _set_version /opt/stack/neutron/neutron/api/rpc/callbacks/version_manager.py:113}}
Jul 16 20:25:03.800792 n-d-800086-7 neutron-server[93779]: DEBUG neutron.api.rpc.callbacks.version_manager [None req-3c1c00e6-9c32-4890-a538-cb2c2e965e90 None None] Tracked resource versions report:
Jul 16 20:25:03.800792 n-d-800086-7 neutron-server[93779]: pushed versions:
Jul 16 20:25:03.800792 n-d-800086-7 neutron-server[93779]: { 'AddressGroup': {'1.2'},
Jul 16 20:25:03.800792 n-d-800086-7 neutron-server[93779]: 'ConntrackHelper': {'1.0'},
Jul 16 20:25:03.800792 n-d-800086-7 neutron-server[93779]: 'Log': {'1.0'},
Jul 16 20:25:03.800792 n-d-800086-7 neutron-server[93779]: 'Network': {'1.1'},
Jul 16 20:25:03.800792 n-d-800086-7 neutron-server[93779]: 'Port': {'1.7'},
Jul 16 20:25:03.800792 n-d-800086-7 neutron-server[93779]: 'PortForwarding': {'1.2'},
Jul 16 20:25:03.800792 n-d-800086-7 neutron-server[93779]: 'QosPolicy': {'1.8'},
Jul 16 20:25:03.800792 n-d-800086-7 neutron-server[93779]: 'SecurityGroup': {'1.4'},
Jul 16 20:25:03.800792 n-d-800086-7 neutron-server[93779]: 'SecurityGroupRule': {'1.2'},
Jul 16 20:25:03.800792 n-d-800086-7 neutron-server[93779]: 'SubPort': {'1.0'},
Jul 16 20:25:03.800792 n-d-800086-7 neutron-server[93779]: 'Subnet': {'1.1'},
Jul 16 20:25:03.800792 n-d-800086-7 neutron-server[93779]: 'Trunk': {'1.1'}}
Jul 16 20:25:03.800792 n-d-800086-7 neutron-server[93779]: consumer versions:
Jul 16 20:25:03.800792 n-d-800086-7 neutron-server[93779]: { DHCP agent@n-d-800086-7: {},
Jul 16 20:25:03.800792 n-d-800086-7 neutron-server[93779]: HyperV agent@n-h1-800086-7: {},
Jul 16 20:25:03.800792 n-d-800086-7 neutron-server[93779]: HyperV agent@n-h2-800086-7: {},
Jul 16 20:25:03.800792 n-d-800086-7 neutron-server[93779]: L3 agent@n-d-800086-7: {},
Jul 16 20:25:03.800792 n-d-800086-7 neutron-server[93779]: Metadata agent@n-d-800086-7: {},
Jul 16 20:25:03.800792 n-d-800086-7 neutron-server[93779]: Metering agent@n-d-800086-7: {},
Jul 16 20:25:03.800792 n-d-800086-7 neutron-server[93779]: Open vSwitch agent@n-d-800086-7: { 'AddressGroup': '1.2',
Jul 16 20:25:03.800792 n-d-800086-7 neutron-server[93779]: 'ConntrackHelper': '1.0',
Jul 16 20:25:03.800792 n-d-800086-7 neutron-server[93779]: 'Log': '1.0',
Jul 16 20:25:03.800792 n-d-800086-7 neutron-server[93779]: 'Network': '1.1',
Jul 16 20:25:03.800792 n-d-800086-7 neutron-server[93779]: 'Port': '1.7',
Jul 16 20:25:03.800792 n-d-800086-7 neutron-server[93779]: 'PortForwarding': '1.2',
Jul 16 20:25:03.800792 n-d-800086-7 neutron-server[93779]: 'QosPolicy': '1.8',
Jul 16 20:25:03.800792 n-d-800086-7 neutron-server[93779]: 'SecurityGroup': '1.4',
Jul 16 20:25:03.800792 n-d-800086-7 neutron-server[93779]: 'SecurityGroupRule': '1.2',
Jul 16 20:25:03.800792 n-d-800086-7 neutron-server[93779]: 'SubPort': '1.0',
Jul 16 20:25:03.800792 n-d-800086-7 neutron-server[93779]: 'Subnet': '1.1',
Jul 16 20:25:03.800792 n-d-800086-7 neutron-server[93779]: 'Trunk': '1.1'}}
Jul 16 20:25:03.800792 n-d-800086-7 neutron-server[93779]: {{(pid=93779) report /opt/stack/neutron/neutron/api/rpc/callbacks/version_manager.py:175}}
Jul 16 20:25:03.842506 n-d-800086-7 neutron-server[93779]: DEBUG neutron.plugins.ml2.managers [None req-3c1c00e6-9c32-4890-a538-cb2c2e965e90 None None] Attempting to bind port af78f015-b16a-4e41-9543-48a70468a10e on host n-d-800086-7 for vnic_type normal with profile {{(pid=93779) bind_port /opt/stack/neutron/neutron/plugins/ml2/managers.py:790}}
Jul 16 20:25:03.842980 n-d-800086-7 neutron-server[93779]: DEBUG neutron.plugins.ml2.managers [None req-3c1c00e6-9c32-4890-a538-cb2c2e965e90 None None] Attempting to bind port af78f015-b16a-4e41-9543-48a70468a10e by drivers openvswitch,hyperv on host n-d-800086-7 at level 0 using segments [{'id': '03334bd8-7613-41c4-9aa3-89794bfdab74', 'network_type': 'vlan', 'physical_network': 'physnet1', 'segmentation_id': 106, 'network_id': '8773a1be-a2be-4c93-85ca-e96240ccec7d'}] {{(pid=93779) _bind_port_level /opt/stack/neutron/neutron/plugins/ml2/managers.py:815}}
Jul 16 20:25:03.843637 n-d-800086-7 neutron-server[93779]: DEBUG neutron.plugins.ml2.drivers.mech_agent [None req-3c1c00e6-9c32-4890-a538-cb2c2e965e90 None None] Attempting to bind port af78f015-b16a-4e41-9543-48a70468a10e on network 8773a1be-a2be-4c93-85ca-e96240ccec7d {{(pid=93779) bind_port /opt/stack/neutron/neutron/plugins/ml2/drivers/mech_agent.py:86}}
