Aug 31 18:02:16.634964 n-d-800086-17 neutron-server[102007]: DEBUG neutron.plugins.ml2.rpc [None req-52d00c7d-94a3-43e8-a106-ec22fbd39222 None None] Device 81746230-e781-4da5-9673-6d6591f338dc up at agent ovs-agent-n-d-800086-17 {{(pid=102007) update_device_up /opt/stack/neutron/neutron/plugins/ml2/rpc.py:296}}
Aug 31 18:02:16.710862 n-d-800086-17 neutron-server[102007]: DEBUG neutron.api.rpc.handlers.dhcp_rpc [None req-a4a79591-e605-4203-9e39-3d5ff853a475 None None] Network 5d5e6f8d-52db-491d-9ff4-e5e5321e4b8f requested from n-d-800086-17 {{(pid=102007) get_network_info /opt/stack/neutron/neutron/api/rpc/handlers/dhcp_rpc.py:218}}
Aug 31 18:02:16.769634 n-d-800086-17 neutron-server[102006]: DEBUG neutron.pecan_wsgi.hooks.policy_enforcement [req-28af7edf-2113-481a-b4b7-92a3ed3457ab req-5e44c09f-7654-4233-be8f-3f8919873106 tempest-ServerDiagnosticsNegativeTest-1906620366 tempest-ServerDiagnosticsNegativeTest-1906620366-project] Attributes excluded by policy engine: ['standard_attr_id', 'vlan_transparent', 'provider:network_type', 'provider:physical_network', 'provider:segmentation_id'] {{(pid=102006) _exclude_attributes_by_policy /opt/stack/neutron/neutron/pecan_wsgi/hooks/policy_enforcement.py:255}}
Aug 31 18:02:16.771397 n-d-800086-17 neutron-server[102006]: INFO neutron.wsgi [req-28af7edf-2113-481a-b4b7-92a3ed3457ab req-5e44c09f-7654-4233-be8f-3f8919873106 tempest-ServerDiagnosticsNegativeTest-1906620366 tempest-ServerDiagnosticsNegativeTest-1906620366-project] 10.222.0.21 "GET /v2.0/networks?shared=True HTTP/1.1" status: 200 len: 769 time: 0.1433113
Aug 31 18:02:16.787771 n-d-800086-17 neutron-server[102005]: DEBUG neutron.db.db_base_plugin_common [req-a8e5385b-3262-47a9-a758-7cc965f780f1 req-70d81491-13f5-48a9-9430-1f2ce09a4270 tempest-ServersAdminTestJSON-506179830 tempest-ServersAdminTestJSON-506179830-project] Allocated IP 192.168.233.129 (a91d25d3-be86-433b-947e-04598056cb7b/8a261165-ba6d-4dff-a98a-287ec23a8728/afab9294-ad5c-4bd5-a01e-5c6376b29027) {{(pid=102005) _store_ip_allocation /opt/stack/neutron/neutron/db/db_base_plugin_common.py:131}}
Aug 31 18:02:16.815202 n-d-800086-17 neutron-server[102005]: INFO neutron.wsgi [req-330b3b57-cddb-4cdf-9af2-dccd771b4941 req-39feb961-0bfc-4559-a6da-277c3214c8d1 tempest-LiveAutoBlockMigrationV225Test-1064612742 tempest-LiveAutoBlockMigrationV225Test-1064612742-project] 10.222.0.21 "GET /v2.0/security-groups?id=e671e402-5e49-4365-b955-98685f5e88dc&fields=id&fields=name HTTP/1.1" status: 200 len: 286 time: 0.1239853
Aug 31 18:02:16.912020 n-d-800086-17 neutron-server[102006]: INFO neutron.wsgi [req-28af7edf-2113-481a-b4b7-92a3ed3457ab req-68873376-b760-4e4c-ba23-87d9bb622be1 tempest-ServerDiagnosticsNegativeTest-1906620366 tempest-ServerDiagnosticsNegativeTest-1906620366-project] 10.222.0.21 "GET /v2.0/quotas/c60cbd2918b14096946df82eac5fe33b HTTP/1.1" status: 200 len: 375 time: 0.0532999
Aug 31 18:02:16.930151 n-d-800086-17 neutron-server[102007]: DEBUG neutron.notifiers.nova [-] Sending events: [{'server_uuid': 'f875a84b-c5e1-4b17-b3b1-30b386efdb06', 'name': 'network-vif-plugged', 'status': 'completed', 'tag': 'aa442d99-0404-472d-b80b-b3be79acd050'}] {{(pid=102007) send_events /opt/stack/neutron/neutron/notifiers/nova.py:262}}
Aug 31 18:02:16.943577 n-d-800086-17 neutron-server[102007]: DEBUG novaclient.v2.client [-] REQ: curl -g -i --cacert "/opt/stack/data/ca-bundle.pem" -X POST http://10.222.0.21/compute/v2.1/os-server-external-events -H "Accept: application/json" -H "Content-Type: application/json" -H "User-Agent: python-novaclient" -H "X-Auth-Token: {SHA256}37468ac2bcc4231bfedf82ee89d6b763440bef4ec7eb851815e1836b2ad96f0d" -H "X-OpenStack-Nova-API-Version: 2.1" -H "X-OpenStack-Request-ID: req-f50a2f3f-512b-46bf-a68e-d4deb201331f" -d '{"events": [{"server_uuid": "f875a84b-c5e1-4b17-b3b1-30b386efdb06", "name": "network-vif-plugged", "status": "completed", "tag": "aa442d99-0404-472d-b80b-b3be79acd050"}]}' {{(pid=102007) _http_log_request /usr/local/lib/python3.8/dist-packages/keystoneauth1/session.py:519}}
Aug 31 18:02:16.991828 n-d-800086-17 neutron-server[102007]: DEBUG neutron.plugins.ml2.db [None req-0f70efe7-fede-4395-b27e-8030b6b4acc2 None None] For port aa442d99-0404-472d-b80b-b3be79acd050, host n-h1-800086-17, got binding levels [PortBindingLevel(driver='hyperv',host='n-h1-800086-17',level=0,port_id=aa442d99-0404-472d-b80b-b3be79acd050,segment=NetworkSegment(4aa2d98e-733a-4704-8fad-7fd3546fa55a),segment_id=4aa2d98e-733a-4704-8fad-7fd3546fa55a)] {{(pid=102007) get_binding_level_objs /opt/stack/neutron/neutron/plugins/ml2/db.py:74}}
Aug 31 18:02:17.014678 n-d-800086-17 neutron-server[102006]: INFO neutron.wsgi [req-28af7edf-2113-481a-b4b7-92a3ed3457ab req-88aacdb2-fc21-4b43-83dd-f70a0688ce7c tempest-ServerDiagnosticsNegativeTest-1906620366 tempest-ServerDiagnosticsNegativeTest-1906620366-project] 10.222.0.21 "GET /v2.0/ports?tenant_id=c60cbd2918b14096946df82eac5fe33b&fields=id HTTP/1.1" status: 200 len: 210 time: 0.0942707
Aug 31 18:02:17.041530 n-d-800086-17 neutron-server[102007]: DEBUG neutron.db.provisioning_blocks [None req-81180863-14c5-40cc-a451-08d343273961 None None] Provisioning for port 81746230-e781-4da5-9673-6d6591f338dc completed by entity DHCP. {{(pid=102007) provisioning_complete /opt/stack/neutron/neutron/db/provisioning_blocks.py:133}}
Aug 31 18:02:17.105645 n-d-800086-17 neutron-server[102007]: DEBUG neutron_lib.callbacks.manager [None req-0f70efe7-fede-4395-b27e-8030b6b4acc2 None None] Notify callbacks ['neutron.plugins.ml2.plugin.SecurityGroupServerNotifierRpcMixin._notify_sg_on_port_change-1520701', 'neutron.plugins.ml2.ovo_rpc._ObjectChangeHandler.handle_event-36670', 'neutron.api.rpc.agentnotifiers.dhcp_rpc_agent_api.DhcpAgentNotifyAPI._native_event_send_dhcp_notification-636003', 'neutron.db.l3_db.L3RpcNotifierMixin._notify_gateway_port_ip_changed-8731752999379', 'neutron.db.l3_dvrscheduler_db._notify_l3_agent_port_update-8731752435496', 'neutron.db.l3_hascheduler_db._notify_l3_agent_ha_port_update-8731752435514'] for port, after_update {{(pid=102007) _notify_loop /usr/local/lib/python3.8/dist-packages/neutron_lib/callbacks/manager.py:192}}
Aug 31 18:02:17.106438 n-d-800086-17 neutron-server[102007]: DEBUG neutron.plugins.ml2.rpc [None req-0f70efe7-fede-4395-b27e-8030b6b4acc2 None None] Device 8ecaeba3-df55-4796-a337-270cd136233a up at agent hyperv_n-h1-800086-17 {{(pid=102007) update_device_up /opt/stack/neutron/neutron/plugins/ml2/rpc.py:296}}
Aug 31 18:02:17.123337 n-d-800086-17 neutron-server[102006]: DEBUG neutron_lib.callbacks.manager [None req-89ef910f-50ea-46db-a292-fd966cd48730 admin admin] Notify callbacks ['neutron.services.l3_router.l3_router_plugin.L3_HA_NAT_db_mixin._after_router_create-552141', 'neutron.services.l3_router.l3_router_plugin.DVRResourceOperationHandler._create_snat_interfaces_after_change-530420'] for router, after_create {{(pid=102006) _notify_loop /usr/local/lib/python3.8/dist-packages/neutron_lib/callbacks/manager.py:192}}
Aug 31 18:02:17.137208 n-d-800086-17 neutron-server[102005]: DEBUG neutron_lib.callbacks.manager [req-a8e5385b-3262-47a9-a758-7cc965f780f1 req-70d81491-13f5-48a9-9430-1f2ce09a4270 tempest-ServersAdminTestJSON-506179830 tempest-ServersAdminTestJSON-506179830-project] Notify callbacks [] for port, precommit_create {{(pid=102005) _notify_loop /usr/local/lib/python3.8/dist-packages/neutron_lib/callbacks/manager.py:192}}
Aug 31 18:02:17.181812 n-d-800086-17 neutron-server[102005]: DEBUG neutron.db.provisioning_blocks [req-a8e5385b-3262-47a9-a758-7cc965f780f1 req-70d81491-13f5-48a9-9430-1f2ce09a4270 tempest-ServersAdminTestJSON-506179830 tempest-ServersAdminTestJSON-506179830-project] Transition to ACTIVE for port object afab9294-ad5c-4bd5-a01e-5c6376b29027 will not be triggered until provisioned by entity DHCP. {{(pid=102005) add_provisioning_component /opt/stack/neutron/neutron/db/provisioning_blocks.py:73}}
Aug 31 18:02:17.354546 n-d-800086-17 neutron-server[102005]: DEBUG neutron.notifiers.nova [req-718e4e7d-9f2a-4b37-95b8-852299f520b6 req-55a1844a-0e61-463a-95df-477fe0a2e6aa service neutron] Ignoring state change previous_port_status: DOWN current_port_status: DOWN port_id 1f34fdf2-e955-46ac-b0f1-c7978fe3e3a1 {{(pid=102005) record_port_status_changed /opt/stack/neutron/neutron/notifiers/nova.py:224}}
Aug 31 18:02:17.366252 n-d-800086-17 neutron-server[102005]: DEBUG neutron_lib.callbacks.manager [req-718e4e7d-9f2a-4b37-95b8-852299f520b6 req-55a1844a-0e61-463a-95df-477fe0a2e6aa service neutron] Notify callbacks [] for port, precommit_update {{(pid=102005) _notify_loop /usr/local/lib/python3.8/dist-packages/neutron_lib/callbacks/manager.py:192}}
Aug 31 18:02:17.382262 n-d-800086-17 neutron-server[102005]: DEBUG neutron.db.provisioning_blocks [req-718e4e7d-9f2a-4b37-95b8-852299f520b6 req-55a1844a-0e61-463a-95df-477fe0a2e6aa service neutron] Transition to ACTIVE for port object 1f34fdf2-e955-46ac-b0f1-c7978fe3e3a1 will not be triggered until provisioned by entity L2. {{(pid=102005) add_provisioning_component /opt/stack/neutron/neutron/db/provisioning_blocks.py:73}}
Aug 31 18:02:17.382664 n-d-800086-17 neutron-server[102007]: DEBUG neutron.db.provisioning_blocks [None req-52d00c7d-94a3-43e8-a106-ec22fbd39222 None None] Provisioning for port 81746230-e781-4da5-9673-6d6591f338dc completed by entity L2. {{(pid=102007) provisioning_complete /opt/stack/neutron/neutron/db/provisioning_blocks.py:133}}
Aug 31 18:02:17.394191 n-d-800086-17 neutron-server[102005]: DEBUG neutron.pecan_wsgi.hooks.policy_enforcement [req-5ba9f6c5-7349-4ac8-a1e6-2d774c98bb88 req-157bd6fb-8bc0-4604-84c3-1b0ffb6f8b39 tempest-ListImageFiltersTestJSON-1601963486 tempest-ListImageFiltersTestJSON-1601963486-project] Attributes excluded by policy engine: ['standard_attr_id', 'binding:profile', 'binding:host_id', 'binding:vif_type', 'binding:vif_details'] {{(pid=102005) _exclude_attributes_by_policy /opt/stack/neutron/neutron/pecan_wsgi/hooks/policy_enforcement.py:255}}
Aug 31 18:02:17.403109 n-d-800086-17 neutron-server[102007]: DEBUG neutron.db.provisioning_blocks [None req-52d00c7d-94a3-43e8-a106-ec22fbd39222 None None] Provisioning complete for port 81746230-e781-4da5-9673-6d6591f338dc triggered by entity L2. {{(pid=102007) provisioning_complete /opt/stack/neutron/neutron/db/provisioning_blocks.py:139}}
Aug 31 18:02:17.403319 n-d-800086-17 neutron-server[102005]: INFO neutron.wsgi [req-5ba9f6c5-7349-4ac8-a1e6-2d774c98bb88 req-157bd6fb-8bc0-4604-84c3-1b0ffb6f8b39 tempest-ListImageFiltersTestJSON-1601963486 tempest-ListImageFiltersTestJSON-1601963486-project] 10.222.0.21 "GET /v2.0/ports?device_id=f875a84b-c5e1-4b17-b3b1-30b386efdb06 HTTP/1.1" status: 200 len: 950 time: 0.1585922
Aug 31 18:02:17.403536 n-d-800086-17 neutron-server[102007]: DEBUG neutron_lib.callbacks.manager [None req-52d00c7d-94a3-43e8-a106-ec22fbd39222 None None] Notify callbacks ['neutron.plugins.ml2.plugin.Ml2Plugin._port_provisioned-1468845'] for port, provisioning_complete {{(pid=102007) _notify_loop /usr/local/lib/python3.8/dist-packages/neutron_lib/callbacks/manager.py:192}}
Aug 31 18:02:17.423491 n-d-800086-17 neutron-server[102005]: DEBUG neutron_lib.callbacks.manager [req-a8e5385b-3262-47a9-a758-7cc965f780f1 req-70d81491-13f5-48a9-9430-1f2ce09a4270 tempest-ServersAdminTestJSON-506179830 tempest-ServersAdminTestJSON-506179830-project] Notify callbacks ['neutron.plugins.ml2.plugin.SecurityGroupServerNotifierRpcMixin._notify_sg_on_port_change-1520701', 'neutron.plugins.ml2.ovo_rpc._ObjectChangeHandler.handle_event-36670', 'neutron.api.rpc.agentnotifiers.dhcp_rpc_agent_api.DhcpAgentNotifyAPI._native_event_send_dhcp_notification-636003', 'neutron.db.l3_dvrscheduler_db._notify_l3_agent_new_port-8731752435478'] for port, after_create {{(pid=102005) _notify_loop /usr/local/lib/python3.8/dist-packages/neutron_lib/callbacks/manager.py:192}}
Aug 31 18:02:17.465458 n-d-800086-17 neutron-server[102007]: DEBUG neutron.plugins.ml2.db [None req-611390cf-c9dc-4300-acf6-28a7aba05ae1 None None] get_ports_and_sgs() called for port_ids ['7c5cd7d3-eae6-4883-a85c-d3c921729af0'] {{(pid=102007) get_ports_and_sgs /opt/stack/neutron/neutron/plugins/ml2/db.py:156}}
Aug 31 18:02:17.489184 n-d-800086-17 neutron-server[102006]: DEBUG neutron.scheduler.l3_agent_scheduler [None req-89ef910f-50ea-46db-a292-fd966cd48730 admin admin] Router ece9696a-91ef-4adf-8ac5-65d21414d100 is scheduled to L3 agent e6cb93d6-da42-4e51-b6b8-a89250a001a5 with binding_index 1 {{(pid=102006) bind_router /opt/stack/neutron/neutron/scheduler/l3_agent_scheduler.py:209}}
Aug 31 18:02:17.509145 n-d-800086-17 neutron-server[102007]: DEBUG neutron.plugins.ml2.db [None req-0f70efe7-fede-4395-b27e-8030b6b4acc2 None None] get_ports_and_sgs() called for port_ids ['e8486dc2-96a0-43da-9013-2c2c8a231edf'] {{(pid=102007) get_ports_and_sgs /opt/stack/neutron/neutron/plugins/ml2/db.py:156}}
Aug 31 18:02:17.556977 n-d-800086-17 neutron-server[102005]: DEBUG neutron.scheduler.dhcp_agent_scheduler [req-a8e5385b-3262-47a9-a758-7cc965f780f1 req-70d81491-13f5-48a9-9430-1f2ce09a4270 tempest-ServersAdminTestJSON-506179830 tempest-ServersAdminTestJSON-506179830-project] Network a91d25d3-be86-433b-947e-04598056cb7b is already hosted by enough agents. {{(pid=102005) _get_dhcp_agents_hosting_network /opt/stack/neutron/neutron/scheduler/dhcp_agent_scheduler.py:275}}
Aug 31 18:02:17.562670 n-d-800086-17 neutron-server[102005]: DEBUG neutron_lib.callbacks.manager [req-718e4e7d-9f2a-4b37-95b8-852299f520b6 req-55a1844a-0e61-463a-95df-477fe0a2e6aa service neutron] Notify callbacks ['neutron.plugins.ml2.plugin.SecurityGroupServerNotifierRpcMixin._notify_sg_on_port_change-1520701', 'neutron.plugins.ml2.ovo_rpc._ObjectChangeHandler.handle_event-36670', 'neutron.api.rpc.agentnotifiers.dhcp_rpc_agent_api.DhcpAgentNotifyAPI._native_event_send_dhcp_notification-636003', 'neutron.db.l3_db.L3RpcNotifierMixin._notify_gateway_port_ip_changed-8731752999379', 'neutron.db.l3_dvrscheduler_db._notify_l3_agent_port_update-8731752435496', 'neutron.db.l3_hascheduler_db._notify_l3_agent_ha_port_update-8731752435514'] for port, after_update {{(pid=102005) _notify_loop /usr/local/lib/python3.8/dist-packages/neutron_lib/callbacks/manager.py:192}}
Aug 31 18:02:17.608914 n-d-800086-17 neutron-server[102005]: DEBUG neutron.scheduler.base_scheduler [req-a8e5385b-3262-47a9-a758-7cc965f780f1 req-70d81491-13f5-48a9-9430-1f2ce09a4270 tempest-ServersAdminTestJSON-506179830 tempest-ServersAdminTestJSON-506179830-project] Resources bound (agent type, host, resource id): {{(pid=102005) schedule /opt/stack/neutron/neutron/scheduler/base_scheduler.py:57}}
Aug 31 18:02:17.623458 n-d-800086-17 neutron-server[102005]: DEBUG neutron.db.l3_dvrscheduler_db [req-a8e5385b-3262-47a9-a758-7cc965f780f1 req-70d81491-13f5-48a9-9430-1f2ce09a4270 tempest-ServersAdminTestJSON-506179830 tempest-ServersAdminTestJSON-506179830-project] Received port after_create {{(pid=102005) _notify_l3_agent_new_port /opt/stack/neutron/neutron/db/l3_dvrscheduler_db.py:535}}
Aug 31 18:02:17.629106 n-d-800086-17 neutron-server[102005]: DEBUG neutron.pecan_wsgi.hooks.policy_enforcement [req-a8e5385b-3262-47a9-a758-7cc965f780f1 req-70d81491-13f5-48a9-9430-1f2ce09a4270 tempest-ServersAdminTestJSON-506179830 tempest-ServersAdminTestJSON-506179830-project] Attributes excluded by policy engine: ['standard_attr_id', 'binding:profile', 'binding:host_id', 'binding:vif_type', 'binding:vif_details', 'network'] {{(pid=102005) _exclude_attributes_by_policy /opt/stack/neutron/neutron/pecan_wsgi/hooks/policy_enforcement.py:255}}
Aug 31 18:02:17.629725 n-d-800086-17 neutron-server[102005]: DEBUG neutron_lib.callbacks.manager [req-a8e5385b-3262-47a9-a758-7cc965f780f1 req-70d81491-13f5-48a9-9430-1f2ce09a4270 tempest-ServersAdminTestJSON-506179830 tempest-ServersAdminTestJSON-506179830-project] Notify callbacks ['neutron.notifiers.nova.Notifier._send_nova_notification-51811'] for port, before_response {{(pid=102005) _notify_loop /usr/local/lib/python3.8/dist-packages/neutron_lib/callbacks/manager.py:192}}
Aug 31 18:02:17.636309 n-d-800086-17 neutron-server[102005]: DEBUG neutron.api.rpc.handlers.resources_rpc [None req-70d81491-13f5-48a9-9430-1f2ce09a4270 tempest-ServersAdminTestJSON-506179830 tempest-ServersAdminTestJSON-506179830-project] Pushing event updated for resources: {'Port': ['ID=afab9294-ad5c-4bd5-a01e-5c6376b29027,revision_number=1']} {{(pid=102005) push /opt/stack/neutron/neutron/api/rpc/handlers/resources_rpc.py:237}}
Aug 31 18:02:17.644895 n-d-800086-17 neutron-server[102005]: INFO neutron.wsgi [req-5ba9f6c5-7349-4ac8-a1e6-2d774c98bb88 req-6ceb4327-7d55-45cd-9663-7bed0c04b114 tempest-ListImageFiltersTestJSON-1601963486 tempest-ListImageFiltersTestJSON-1601963486-project] 10.222.0.21 "GET /v2.0/security-groups?id=19b63fee-72b6-44d9-a821-20f10762d33c&fields=id&fields=name HTTP/1.1" status: 200 len: 286 time: 0.2408490
Aug 31 18:02:17.645864 n-d-800086-17 neutron-server[102007]: DEBUG neutron.api.rpc.handlers.resources_rpc [None req-0f70efe7-fede-4395-b27e-8030b6b4acc2 None None] Pushing event updated for resources: {'Port': ['ID=aa442d99-0404-472d-b80b-b3be79acd050,revision_number=5']} {{(pid=102007) push /opt/stack/neutron/neutron/api/rpc/handlers/resources_rpc.py:237}}
Aug 31 18:02:17.648525 n-d-800086-17 neutron-server[102007]: DEBUG neutron.db.provisioning_blocks [None req-d5fbbf5a-e567-4bc5-be3f-a47a16570b2a None None] Provisioning complete for port 81746230-e781-4da5-9673-6d6591f338dc triggered by entity DHCP. {{(pid=102007) provisioning_complete /opt/stack/neutron/neutron/db/provisioning_blocks.py:139}}
Aug 31 18:02:17.648897 n-d-800086-17 neutron-server[102007]: DEBUG neutron_lib.callbacks.manager [None req-d5fbbf5a-e567-4bc5-be3f-a47a16570b2a None None] Notify callbacks ['neutron.plugins.ml2.plugin.Ml2Plugin._port_provisioned-1468845'] for port, provisioning_complete {{(pid=102007) _notify_loop /usr/local/lib/python3.8/dist-packages/neutron_lib/callbacks/manager.py:192}}
Aug 31 18:02:17.734379 n-d-800086-17 neutron-server[102005]: DEBUG neutron.plugins.ml2.managers [req-718e4e7d-9f2a-4b37-95b8-852299f520b6 req-55a1844a-0e61-463a-95df-477fe0a2e6aa service neutron] Attempting to bind port 1f34fdf2-e955-46ac-b0f1-c7978fe3e3a1 on host n-h2-800086-17 for vnic_type normal with profile {{(pid=102005) bind_port /opt/stack/neutron/neutron/plugins/ml2/managers.py:790}}
Aug 31 18:02:17.735368 n-d-800086-17 neutron-server[102005]: DEBUG neutron.plugins.ml2.managers [req-718e4e7d-9f2a-4b37-95b8-852299f520b6 req-55a1844a-0e61-463a-95df-477fe0a2e6aa service neutron] Attempting to bind port 1f34fdf2-e955-46ac-b0f1-c7978fe3e3a1 by drivers openvswitch,hyperv on host n-h2-800086-17 at level 0 using segments [{'id': 'f2a9a34e-ceb0-47db-91ea-90b6d53cd0b4', 'network_type': 'vlan', 'physical_network': 'physnet1', 'segmentation_id': 246, 'network_id': 'd3de2cff-4b3c-43ef-b918-11d2925ae509'}] {{(pid=102005) _bind_port_level /opt/stack/neutron/neutron/plugins/ml2/managers.py:815}}
Aug 31 18:02:17.735613 n-d-800086-17 neutron-server[102005]: DEBUG neutron.plugins.ml2.drivers.mech_agent [req-718e4e7d-9f2a-4b37-95b8-852299f520b6 req-55a1844a-0e61-463a-95df-477fe0a2e6aa service neutron] Attempting to bind port 1f34fdf2-e955-46ac-b0f1-c7978fe3e3a1 on network d3de2cff-4b3c-43ef-b918-11d2925ae509 {{(pid=102005) bind_port /opt/stack/neutron/neutron/plugins/ml2/drivers/mech_agent.py:85}}
Aug 31 18:02:17.739036 n-d-800086-17 neutron-server[102005]: DEBUG neutron.api.rpc.handlers.resources_rpc [None req-55a1844a-0e61-463a-95df-477fe0a2e6aa service neutron] Pushing event updated for resources: {'Port': ['ID=1f34fdf2-e955-46ac-b0f1-c7978fe3e3a1,revision_number=2']} {{(pid=102005) push /opt/stack/neutron/neutron/api/rpc/handlers/resources_rpc.py:237}}
Aug 31 18:02:17.745019 n-d-800086-17 neutron-server[102005]: DEBUG neutron.plugins.ml2.drivers.mech_agent [req-718e4e7d-9f2a-4b37-95b8-852299f520b6 req-55a1844a-0e61-463a-95df-477fe0a2e6aa service neutron] Port 1f34fdf2-e955-46ac-b0f1-c7978fe3e3a1 on network d3de2cff-4b3c-43ef-b918-11d2925ae509 not bound, no agent of type Open vSwitch agent registered on host n-h2-800086-17 {{(pid=102005) bind_port /opt/stack/neutron/neutron/plugins/ml2/drivers/mech_agent.py:97}}
Aug 31 18:02:17.745019 n-d-800086-17 neutron-server[102005]: DEBUG neutron.plugins.ml2.drivers.mech_agent [req-718e4e7d-9f2a-4b37-95b8-852299f520b6 req-55a1844a-0e61-463a-95df-477fe0a2e6aa service neutron] Attempting to bind port 1f34fdf2-e955-46ac-b0f1-c7978fe3e3a1 on network d3de2cff-4b3c-43ef-b918-11d2925ae509 {{(pid=102005) bind_port /opt/stack/neutron/neutron/plugins/ml2/drivers/mech_agent.py:85}}
Aug 31 18:02:17.749219 n-d-800086-17 neutron-server[102005]: DEBUG neutron.plugins.ml2.drivers.mech_agent [req-718e4e7d-9f2a-4b37-95b8-852299f520b6 req-55a1844a-0e61-463a-95df-477fe0a2e6aa service neutron] Checking agent: {'id': '27e93345-2f00-4c73-9a9f-2c796e8f0c7a', 'agent_type': 'HyperV agent', 'binary': 'neutron-hyperv-agent', 'topic': 'N/A', 'host': 'n-h2-800086-17', 'admin_state_up': True, 'created_at': datetime.datetime(2021, 8, 31, 17, 58, 21), 'started_at': datetime.datetime(2021, 8, 31, 17, 58, 21), 'heartbeat_timestamp': datetime.datetime(2021, 8, 31, 18, 1, 51), 'description': None, 'resources_synced': None, 'availability_zone': None, 'alive': True, 'configurations': {'vswitch_mappings': {'physnet1$': 'br-data'}}, 'resource_versions': {}} {{(pid=102005) bind_port /opt/stack/neutron/neutron/plugins/ml2/drivers/mech_agent.py:104}}
Aug 31 18:02:17.749558 n-d-800086-17 neutron-server[102005]: DEBUG neutron.plugins.ml2.drivers.mech_agent [req-718e4e7d-9f2a-4b37-95b8-852299f520b6 req-55a1844a-0e61-463a-95df-477fe0a2e6aa service neutron] Checking segment: {'id': 'f2a9a34e-ceb0-47db-91ea-90b6d53cd0b4', 'network_type': 'vlan', 'physical_network': 'physnet1', 'segmentation_id': 246, 'network_id': 'd3de2cff-4b3c-43ef-b918-11d2925ae509'} for mappings: {'physnet1$': 'br-data'} with network types: ['local', 'flat', 'vlan'] {{(pid=102005) check_segment_for_agent /opt/stack/neutron/neutron/plugins/ml2/drivers/mech_agent.py:352}}
Aug 31 18:02:17.750019 n-d-800086-17 neutron-server[102005]: DEBUG neutron.plugins.ml2.drivers.mech_agent [req-718e4e7d-9f2a-4b37-95b8-852299f520b6 req-55a1844a-0e61-463a-95df-477fe0a2e6aa service neutron] Bound using segment: {'id': 'f2a9a34e-ceb0-47db-91ea-90b6d53cd0b4', 'network_type': 'vlan', 'physical_network': 'physnet1', 'segmentation_id': 246, 'network_id': 'd3de2cff-4b3c-43ef-b918-11d2925ae509'} {{(pid=102005) bind_port /opt/stack/neutron/neutron/plugins/ml2/drivers/mech_agent.py:114}}
Aug 31 18:02:17.751088 n-d-800086-17 neutron-server[102005]: DEBUG neutron.plugins.ml2.managers [req-718e4e7d-9f2a-4b37-95b8-852299f520b6 req-55a1844a-0e61-463a-95df-477fe0a2e6aa service neutron] Bound port: 1f34fdf2-e955-46ac-b0f1-c7978fe3e3a1, host: n-h2-800086-17, vif_type: hyperv, vif_details: {"connectivity": "legacy", "port_filter": false}, binding_levels: [{'bound_driver': 'hyperv', 'bound_segment': {'id': 'f2a9a34e-ceb0-47db-91ea-90b6d53cd0b4', 'network_type': 'vlan', 'physical_network': 'physnet1', 'segmentation_id': 246, 'network_id': 'd3de2cff-4b3c-43ef-b918-11d2925ae509'}}] {{(pid=102005) _bind_port_level /opt/stack/neutron/neutron/plugins/ml2/managers.py:928}}
Aug 31 18:02:17.751446 n-d-800086-17 neutron-server[102005]: DEBUG neutron_lib.callbacks.manager [req-718e4e7d-9f2a-4b37-95b8-852299f520b6 req-55a1844a-0e61-463a-95df-477fe0a2e6aa service neutron] Notify callbacks ['neutron.plugins.ml2.plugin.SecurityGroupDbMixin._ensure_default_security_group_handler-1520762'] for port, before_update {{(pid=102005) _notify_loop /usr/local/lib/python3.8/dist-packages/neutron_lib/callbacks/manager.py:192}}
Aug 31 18:02:17.795031 n-d-800086-17 neutron-server[102006]: DEBUG neutron.pecan_wsgi.hooks.policy_enforcement [req-f588ee1c-3fad-4bbc-974a-fc777c0974bd req-140b629c-5501-4383-aaeb-7a4516b01ed4 tempest-ServersAdminTestJSON-506179830 tempest-ServersAdminTestJSON-506179830-project] Attributes excluded by policy engine: ['standard_attr_id', 'binding:profile', 'binding:host_id', 'binding:vif_type', 'binding:vif_details'] {{(pid=102006) _exclude_attributes_by_policy /opt/stack/neutron/neutron/pecan_wsgi/hooks/policy_enforcement.py:255}}
Aug 31 18:02:17.803539 n-d-800086-17 neutron-server[102006]: INFO neutron.wsgi [req-f588ee1c-3fad-4bbc-974a-fc777c0974bd req-140b629c-5501-4383-aaeb-7a4516b01ed4 tempest-ServersAdminTestJSON-506179830 tempest-ServersAdminTestJSON-506179830-project] 10.222.0.21 "GET /v2.0/ports?device_id=29a38965-c13d-4a76-a0ea-7e7e245b5af5 HTTP/1.1" status: 200 len: 936 time: 0.2123754
Aug 31 18:02:17.806531 n-d-800086-17 neutron-server[102006]: DEBUG neutron.api.rpc.agentnotifiers.l3_rpc_agent_api [None req-89ef910f-50ea-46db-a292-fd966cd48730 admin admin] Notify agent at l3_agent.n-d-800086-17 the message routers_updated {{(pid=102006) _agent_notification /opt/stack/neutron/neutron/api/rpc/agentnotifiers/l3_rpc_agent_api.py:65}}
Aug 31 18:02:17.818125 n-d-800086-17 neutron-server[102005]: INFO neutron.wsgi [req-a8e5385b-3262-47a9-a758-7cc965f780f1 req-70d81491-13f5-48a9-9430-1f2ce09a4270 tempest-ServersAdminTestJSON-506179830 tempest-ServersAdminTestJSON-506179830-project] 10.222.0.81 "POST /v2.0/ports HTTP/1.1" status: 201 len: 938 time: 2.4698024
Aug 31 18:02:17.828318 n-d-800086-17 neutron-server[102008]: DEBUG neutron.api.rpc.handlers.l3_rpc [None req-5fa4f2f5-6e93-4f67-9e5a-bfed301f845f None None] Sync routers for ids ['ece9696a-91ef-4adf-8ac5-65d21414d100'] in n-d-800086-17 {{(pid=102008) sync_routers /opt/stack/neutron/neutron/api/rpc/handlers/l3_rpc.py:125}}
Aug 31 18:02:17.835833 n-d-800086-17 neutron-server[102005]: DEBUG neutron.api.v2.base [req-a8e5385b-3262-47a9-a758-7cc965f780f1 req-96143b77-d6ce-4d03-910a-65267ad92893 service neutron] Request body: {'port': {'device_id': '29a38965-c13d-4a76-a0ea-7e7e245b5af5', 'device_owner': 'compute:nova', 'binding:host_id': 'n-h2-800086-17'}} {{(pid=102005) prepare_request_body /opt/stack/neutron/neutron/api/v2/base.py:730}}
Aug 31 18:02:17.842688 n-d-800086-17 neutron-server[102008]: DEBUG neutron.db.l3_dvrscheduler_db [None req-5fa4f2f5-6e93-4f67-9e5a-bfed301f845f None None] Routers {'ece9696a-91ef-4adf-8ac5-65d21414d100'} bound to L3 agent in host n-d-800086-17 {{(pid=102008) _get_router_ids_for_agent /opt/stack/neutron/neutron/db/l3_dvrscheduler_db.py:420}}
Aug 31 18:02:17.843512 n-d-800086-17 neutron-server[102008]: DEBUG neutron.db.l3_hamode_db [None req-5fa4f2f5-6e93-4f67-9e5a-bfed301f845f None None] neutron.services.l3_router.l3_router_plugin.L3RouterPlugin method get_ha_sync_data_for_host called with arguments (, 'n-d-800086-17', Agent(admin_state_up=True,agent_type='L3 agent',availability_zone='nova',binary='neutron-l3-agent',configurations={"agent_mode": "legacy", "ex_gw_ports": 1, "extensions": [], "floating_ips": 0, "handle_internal_only_routers": true, "interface_driver": "openvswitch", "interfaces": 1, "log_agent_heartbeats": false, "routers": 1},created_at=2021-08-31T17:50:12Z,description=,heartbeat_timestamp=2021-08-31T18:02:12Z,host='n-d-800086-17',id=e6cb93d6-da42-4e51-b6b8-a89250a001a5,load=0,resource_versions=,resources_synced=,started_at=2021-08-31T17:50:12Z,topic='l3_agent')) {'router_ids': ['ece9696a-91ef-4adf-8ac5-65d21414d100'], 'active': True} {{(pid=102008) wrapper /usr/local/lib/python3.8/dist-packages/oslo_log/helpers.py:65}}
Aug 31 18:02:17.872621 n-d-800086-17 neutron-server[102005]: DEBUG neutron.plugins.ml2.db [req-718e4e7d-9f2a-4b37-95b8-852299f520b6 req-55a1844a-0e61-463a-95df-477fe0a2e6aa service neutron] For port 1f34fdf2-e955-46ac-b0f1-c7978fe3e3a1, host n-h2-800086-17, cleared binding levels {{(pid=102005) clear_binding_levels /opt/stack/neutron/neutron/plugins/ml2/db.py:87}}
Aug 31 18:02:17.874859 n-d-800086-17 neutron-server[102006]: INFO neutron.wsgi [req-f588ee1c-3fad-4bbc-974a-fc777c0974bd req-4be1c5b9-7607-4c19-b4aa-73d4aa971ea7 tempest-ServersAdminTestJSON-506179830 tempest-ServersAdminTestJSON-506179830-project] 10.222.0.21 "GET /v2.0/security-groups?id=cefd4561-4b01-4be5-b3ac-c2416aafe9da&fields=id&fields=name HTTP/1.1" status: 200 len: 286 time: 0.0703464
Aug 31 18:02:17.926605 n-d-800086-17 neutron-server[102005]: DEBUG neutron.plugins.ml2.db [req-718e4e7d-9f2a-4b37-95b8-852299f520b6 req-55a1844a-0e61-463a-95df-477fe0a2e6aa service neutron] For port 1f34fdf2-e955-46ac-b0f1-c7978fe3e3a1, host n-h2-800086-17, set binding levels [PortBindingLevel(driver='hyperv',host='n-h2-800086-17',level=0,port_id=1f34fdf2-e955-46ac-b0f1-c7978fe3e3a1,segment=NetworkSegment(f2a9a34e-ceb0-47db-91ea-90b6d53cd0b4),segment_id=f2a9a34e-ceb0-47db-91ea-90b6d53cd0b4)] {{(pid=102005) set_binding_levels /opt/stack/neutron/neutron/plugins/ml2/db.py:59}}
Aug 31 18:02:17.986158 n-d-800086-17 neutron-server[102006]: DEBUG neutron_lib.callbacks.manager [None req-89ef910f-50ea-46db-a292-fd966cd48730 admin admin] Notify callbacks [] for router, before_response {{(pid=102006) _notify_loop /usr/local/lib/python3.8/dist-packages/neutron_lib/callbacks/manager.py:192}}
Aug 31 18:02:17.990349 n-d-800086-17 neutron-server[102006]: INFO neutron.wsgi [None req-89ef910f-50ea-46db-a292-fd966cd48730 admin admin] 10.222.0.21 "POST /v2.0/routers HTTP/1.1" status: 201 len: 935 time: 4.4144652
Aug 31 18:02:17.990611 n-d-800086-17 neutron-server[102006]: DEBUG neutron.wsgi [-] (102006) accepted ('10.222.0.21', 57680) {{(pid=102006) server /usr/local/lib/python3.8/dist-packages/eventlet/wsgi.py:982}}
Aug 31 18:02:18.003570 n-d-800086-17 neutron-server[102007]: DEBUG neutron.plugins.ml2.rpc [None req-611390cf-c9dc-4300-acf6-28a7aba05ae1 None None] Device bd003a91-8ae8-4ebd-b551-db3fdecaacaa no longer exists at agent hyperv_n-h2-800086-17 {{(pid=102007) update_device_down /opt/stack/neutron/neutron/plugins/ml2/rpc.py:259}}
Aug 31 18:02:18.044666 n-d-800086-17 neutron-server[102008]: DEBUG neutron.db.l3_dvr_db [None req-5fa4f2f5-6e93-4f67-9e5a-bfed301f845f None None] Set router ece9696a-91ef-4adf-8ac5-65d21414d100 gateway port host: n-d-800086-17 {{(pid=102008) _build_routers_list /opt/stack/neutron/neutron/db/l3_dvr_db.py:906}}
Aug 31 18:02:18.044823 n-d-800086-17 neutron-server[102007]: DEBUG novaclient.v2.client [-] RESP: [200] Connection: close Content-Length: 183 Content-Type: application/json Date: Tue, 31 Aug 2021 18:02:16 GMT OpenStack-API-Version: compute 2.1 Server: Apache/2.4.41 (Ubuntu) Vary: OpenStack-API-Version,X-OpenStack-Nova-API-Version X-OpenStack-Nova-API-Version: 2.1 x-compute-request-id: req-701bce38-9c6e-4d5f-b6d7-fcc13e9f27a3 x-openstack-request-id: req-701bce38-9c6e-4d5f-b6d7-fcc13e9f27a3 {{(pid=102007) _http_log_response /usr/local/lib/python3.8/dist-packages/keystoneauth1/session.py:550}}
Aug 31 18:02:18.044823 n-d-800086-17 neutron-server[102007]: DEBUG novaclient.v2.client [-] RESP BODY: {"events": [{"server_uuid": "f875a84b-c5e1-4b17-b3b1-30b386efdb06", "name": "network-vif-plugged", "status": "completed", "tag": "aa442d99-0404-472d-b80b-b3be79acd050", "code": 200}]} {{(pid=102007) _http_log_response /usr/local/lib/python3.8/dist-packages/keystoneauth1/session.py:582}}
Aug 31 18:02:18.044823 n-d-800086-17 neutron-server[102007]: DEBUG novaclient.v2.client [-] POST call to compute for http://10.222.0.21/compute/v2.1/os-server-external-events used request id req-701bce38-9c6e-4d5f-b6d7-fcc13e9f27a3 {{(pid=102007) request /usr/local/lib/python3.8/dist-packages/keystoneauth1/session.py:954}}
Aug 31 18:02:18.044823 n-d-800086-17 neutron-server[102007]: INFO neutron.notifiers.nova [-] Nova event response: {'server_uuid': 'f875a84b-c5e1-4b17-b3b1-30b386efdb06', 'name': 'network-vif-plugged', 'status': 'completed', 'tag': 'aa442d99-0404-472d-b80b-b3be79acd050', 'code': 200}
Aug 31 18:02:18.050443 n-d-800086-17 neutron-server[102007]: DEBUG neutron.db.provisioning_blocks [None req-0f70efe7-fede-4395-b27e-8030b6b4acc2 None None] Provisioning for port 8ecaeba3-df55-4796-a337-270cd136233a completed by entity L2. {{(pid=102007) provisioning_complete /opt/stack/neutron/neutron/db/provisioning_blocks.py:133}}
Aug 31 18:02:18.078148 n-d-800086-17 neutron-server[102007]: DEBUG neutron.db.provisioning_blocks [None req-0f70efe7-fede-4395-b27e-8030b6b4acc2 None None] Provisioning complete for port 8ecaeba3-df55-4796-a337-270cd136233a triggered by entity L2. {{(pid=102007) provisioning_complete /opt/stack/neutron/neutron/db/provisioning_blocks.py:139}}
Aug 31 18:02:18.080386 n-d-800086-17 neutron-server[102007]: DEBUG neutron_lib.callbacks.manager [None req-0f70efe7-fede-4395-b27e-8030b6b4acc2 None None] Notify callbacks ['neutron.plugins.ml2.plugin.Ml2Plugin._port_provisioned-1468845'] for port, provisioning_complete {{(pid=102007) _notify_loop /usr/local/lib/python3.8/dist-packages/neutron_lib/callbacks/manager.py:192}}
Aug 31 18:02:18.148685 n-d-800086-17 neutron-server[102005]: DEBUG neutron_lib.callbacks.manager [req-718e4e7d-9f2a-4b37-95b8-852299f520b6 req-55a1844a-0e61-463a-95df-477fe0a2e6aa service neutron] Notify callbacks ['neutron.plugins.ml2.plugin.SecurityGroupServerNotifierRpcMixin._notify_sg_on_port_change-1520701', 'neutron.plugins.ml2.ovo_rpc._ObjectChangeHandler.handle_event-36670', 'neutron.api.rpc.agentnotifiers.dhcp_rpc_agent_api.DhcpAgentNotifyAPI._native_event_send_dhcp_notification-636003', 'neutron.db.l3_db.L3RpcNotifierMixin._notify_gateway_port_ip_changed-8731752999379', 'neutron.db.l3_dvrscheduler_db._notify_l3_agent_port_update-8731752435496', 'neutron.db.l3_hascheduler_db._notify_l3_agent_ha_port_update-8731752435514'] for port, after_update {{(pid=102005) _notify_loop /usr/local/lib/python3.8/dist-packages/neutron_lib/callbacks/manager.py:192}}
Aug 31 18:02:18.153250 n-d-800086-17 neutron-server[102007]: DEBUG neutron_lib.callbacks.manager [None req-52d00c7d-94a3-43e8-a106-ec22fbd39222 None None] Notify callbacks ['neutron.plugins.ml2.plugin.SecurityGroupDbMixin._ensure_default_security_group_handler-1520762'] for port, before_update {{(pid=102007) _notify_loop /usr/local/lib/python3.8/dist-packages/neutron_lib/callbacks/manager.py:192}}
Aug 31 18:02:18.173790 n-d-800086-17 neutron-server[102007]: DEBUG neutron.plugins.ml2.plugin [None req-611390cf-c9dc-4300-acf6-28a7aba05ae1 None None] No Port match for: bd003a91-8ae8-4ebd-b551-db3fdecaacaa {{(pid=102007) port_bound_to_host /opt/stack/neutron/neutron/plugins/ml2/plugin.py:2257}}
Aug 31 18:02:18.176065 n-d-800086-17 neutron-server[102007]: DEBUG neutron.plugins.ml2.rpc [None req-611390cf-c9dc-4300-acf6-28a7aba05ae1 None None] Device bd003a91-8ae8-4ebd-b551-db3fdecaacaa not bound to the agent host n-h2-800086-17 {{(pid=102007) update_device_down /opt/stack/neutron/neutron/plugins/ml2/rpc.py:269}}
Aug 31 18:02:18.216818 n-d-800086-17 neutron-server[102006]: INFO neutron.wsgi [req-11f2e7fb-69b9-46df-9d8f-bc744807aa20 req-9a0cb5d2-3e9d-4f9c-9084-cf8dcc034cdc tempest-AbsoluteLimitsNegativeTestJSON-1631003428 tempest-AbsoluteLimitsNegativeTestJSON-1631003428-project] 10.222.0.21 "GET /v2.0/networks?tenant_id=2fecdbc8b1014e619a3008258a27bafb&shared=False HTTP/1.1" status: 200 len: 213 time: 0.0846355
Aug 31 18:02:18.230469 n-d-800086-17 neutron-server[102007]: DEBUG neutron_lib.callbacks.manager [None req-d5fbbf5a-e567-4bc5-be3f-a47a16570b2a None None] Notify callbacks ['neutron.plugins.ml2.plugin.SecurityGroupDbMixin._ensure_default_security_group_handler-1520762'] for port, before_update {{(pid=102007) _notify_loop /usr/local/lib/python3.8/dist-packages/neutron_lib/callbacks/manager.py:192}}
Aug 31 18:02:18.234272 n-d-800086-17 neutron-server[102005]: DEBUG neutron_lib.callbacks.manager [req-a8e5385b-3262-47a9-a758-7cc965f780f1 req-96143b77-d6ce-4d03-910a-65267ad92893 service neutron] Notify callbacks ['neutron.plugins.ml2.plugin.SecurityGroupDbMixin._ensure_default_security_group_handler-1520762'] for port, before_update {{(pid=102005) _notify_loop /usr/local/lib/python3.8/dist-packages/neutron_lib/callbacks/manager.py:192}}
Aug 31 18:02:18.246457 n-d-800086-17 neutron-server[102005]: DEBUG neutron.pecan_wsgi.hooks.policy_enforcement [req-718e4e7d-9f2a-4b37-95b8-852299f520b6 req-55a1844a-0e61-463a-95df-477fe0a2e6aa service neutron] Attributes excluded by policy engine: ['standard_attr_id'] {{(pid=102005) _exclude_attributes_by_policy /opt/stack/neutron/neutron/pecan_wsgi/hooks/policy_enforcement.py:255}}
Aug 31 18:02:18.250994 n-d-800086-17 neutron-server[102005]: DEBUG neutron_lib.callbacks.manager [req-718e4e7d-9f2a-4b37-95b8-852299f520b6 req-55a1844a-0e61-463a-95df-477fe0a2e6aa service neutron] Notify callbacks ['neutron.notifiers.nova.Notifier._send_nova_notification-51811'] for port, before_response {{(pid=102005) _notify_loop /usr/local/lib/python3.8/dist-packages/neutron_lib/callbacks/manager.py:192}}
Aug 31 18:02:18.250994 n-d-800086-17 neutron-server[102005]: INFO neutron.wsgi [req-718e4e7d-9f2a-4b37-95b8-852299f520b6 req-55a1844a-0e61-463a-95df-477fe0a2e6aa service neutron] 10.222.0.81 "PUT /v2.0/ports/1f34fdf2-e955-46ac-b0f1-c7978fe3e3a1 HTTP/1.1" status: 200 len: 1093 time: 2.3392639
Aug 31 18:02:18.263934 n-d-800086-17 neutron-server[102005]: DEBUG neutron.notifiers.nova [-] Sending events: [{'name': 'network-changed', 'server_uuid': 'ab191abf-ff49-4a0d-bde9-04fd6d527f07', 'tag': '1f34fdf2-e955-46ac-b0f1-c7978fe3e3a1'}] {{(pid=102005) send_events /opt/stack/neutron/neutron/notifiers/nova.py:262}}
Aug 31 18:02:18.266264 n-d-800086-17 neutron-server[102005]: DEBUG novaclient.v2.client [-] REQ: curl -g -i --cacert "/opt/stack/data/ca-bundle.pem" -X POST http://10.222.0.21/compute/v2.1/os-server-external-events -H "Accept: application/json" -H "Content-Type: application/json" -H "User-Agent: python-novaclient" -H "X-Auth-Token: {SHA256}f04d69b651bef6ff365ecd0aba89c4e3cb6414f251f481b022a68a5b1dac9ef7" -H "X-OpenStack-Nova-API-Version: 2.1" -H "X-OpenStack-Request-ID: req-9b4b01c6-1a68-4076-9d7a-6e4074a4ba4d" -d '{"events": [{"name": "network-changed", "server_uuid": "ab191abf-ff49-4a0d-bde9-04fd6d527f07", "tag": "1f34fdf2-e955-46ac-b0f1-c7978fe3e3a1"}]}' {{(pid=102005) _http_log_request /usr/local/lib/python3.8/dist-packages/keystoneauth1/session.py:519}}
Aug 31 18:02:18.295312 n-d-800086-17 neutron-server[102005]: DEBUG neutron.pecan_wsgi.hooks.policy_enforcement [req-1c5e06df-9ee3-4b98-b234-9a693ecae979 req-4543edf6-558b-4938-a7e0-00c0b117322a tempest-LiveMigrationTest-2070223814 tempest-LiveMigrationTest-2070223814-project] Attributes excluded by policy engine: ['standard_attr_id', 'vlan_transparent', 'provider:network_type', 'provider:physical_network', 'provider:segmentation_id'] {{(pid=102005) _exclude_attributes_by_policy /opt/stack/neutron/neutron/pecan_wsgi/hooks/policy_enforcement.py:255}}
Aug 31 18:02:18.296918 n-d-800086-17 neutron-server[102005]: INFO neutron.wsgi [req-1c5e06df-9ee3-4b98-b234-9a693ecae979 req-4543edf6-558b-4938-a7e0-00c0b117322a tempest-LiveMigrationTest-2070223814 tempest-LiveMigrationTest-2070223814-project] 10.222.0.21 "GET /v2.0/networks?id=a991b905-ebcd-4980-892b-3507e5550254 HTTP/1.1" status: 200 len: 807 time: 0.3772912
Aug 31 18:02:18.326704 n-d-800086-17 neutron-server[102007]: DEBUG neutron_lib.callbacks.manager [None req-0f70efe7-fede-4395-b27e-8030b6b4acc2 None None] Notify callbacks ['neutron.plugins.ml2.plugin.SecurityGroupDbMixin._ensure_default_security_group_handler-1520762'] for port, before_update {{(pid=102007) _notify_loop /usr/local/lib/python3.8/dist-packages/neutron_lib/callbacks/manager.py:192}}
Aug 31 18:02:18.369512 n-d-800086-17 neutron-server[102007]: DEBUG neutron.plugins.ml2.db [None req-52d00c7d-94a3-43e8-a106-ec22fbd39222 None None] For port 81746230-e781-4da5-9673-6d6591f338dc, host n-d-800086-17, got binding levels [PortBindingLevel(driver='openvswitch',host='n-d-800086-17',level=0,port_id=81746230-e781-4da5-9673-6d6591f338dc,segment=NetworkSegment(6c6d5084-9b89-46c0-9ff8-d34c763850f2),segment_id=6c6d5084-9b89-46c0-9ff8-d34c763850f2)] {{(pid=102007) get_binding_level_objs /opt/stack/neutron/neutron/plugins/ml2/db.py:74}}
Aug 31 18:02:18.394201 n-d-800086-17 neutron-server[102007]: DEBUG neutron.plugins.ml2.db [None req-0f70efe7-fede-4395-b27e-8030b6b4acc2 None None] For port 8ecaeba3-df55-4796-a337-270cd136233a, host n-h1-800086-17, got binding levels [PortBindingLevel(driver='hyperv',host='n-h1-800086-17',level=0,port_id=8ecaeba3-df55-4796-a337-270cd136233a,segment=NetworkSegment(4aa2d98e-733a-4704-8fad-7fd3546fa55a),segment_id=4aa2d98e-733a-4704-8fad-7fd3546fa55a)] {{(pid=102007) get_binding_level_objs /opt/stack/neutron/neutron/plugins/ml2/db.py:74}}
Aug 31 18:02:18.400375 n-d-800086-17 neutron-server[102005]: DEBUG neutron.wsgi [-] (102005) accepted ('10.222.0.21', 57696) {{(pid=102005) server /usr/local/lib/python3.8/dist-packages/eventlet/wsgi.py:982}}
Aug 31 18:02:18.409042 n-d-800086-17 neutron-server[102005]: DEBUG neutron.api.rpc.handlers.resources_rpc [None req-55a1844a-0e61-463a-95df-477fe0a2e6aa service neutron] Pushing event updated for resources: {'Port': ['ID=1f34fdf2-e955-46ac-b0f1-c7978fe3e3a1,revision_number=3']} {{(pid=102005) push /opt/stack/neutron/neutron/api/rpc/handlers/resources_rpc.py:237}}
Aug 31 18:02:18.428466 n-d-800086-17 neutron-server[102005]: INFO neutron.wsgi [req-1c5e06df-9ee3-4b98-b234-9a693ecae979 req-fa1c5071-8d71-42d3-8f26-cb0c4bac23b2 tempest-LiveMigrationTest-2070223814 tempest-LiveMigrationTest-2070223814-project] 10.222.0.21 "GET /v2.0/quotas/8b77a99dfe8941d78a3693886cbccff8 HTTP/1.1" status: 200 len: 375 time: 0.1084039
Aug 31 18:02:18.457296 n-d-800086-17 neutron-server[102006]: DEBUG neutron.pecan_wsgi.hooks.policy_enforcement [req-d2598243-5b1e-48dd-bf7e-280620c471e1 req-8a00a3e1-8498-4ff9-b237-1eb843309b1a service neutron] Attributes excluded by policy engine: ['standard_attr_id'] {{(pid=102006) _exclude_attributes_by_policy /opt/stack/neutron/neutron/pecan_wsgi/hooks/policy_enforcement.py:255}}
Aug 31 18:02:18.459226 n-d-800086-17 neutron-server[102006]: INFO neutron.wsgi [req-d2598243-5b1e-48dd-bf7e-280620c471e1 req-8a00a3e1-8498-4ff9-b237-1eb843309b1a service neutron] 10.222.0.79 "GET /v2.0/ports?device_id=f875a84b-c5e1-4b17-b3b1-30b386efdb06 HTTP/1.1" status: 200 len: 1102 time: 0.3809516
Aug 31 18:02:18.461642 n-d-800086-17 neutron-server[102008]: DEBUG neutron.db.l3_hamode_db [None req-5fa4f2f5-6e93-4f67-9e5a-bfed301f845f None None] neutron.services.l3_router.l3_router_plugin.L3RouterPlugin method _process_sync_ha_data called with arguments (, [{'id': 'ece9696a-91ef-4adf-8ac5-65d21414d100', 'name': 'tempest-ServersWithSpecificFlavorTestJSON-602797093-router', 'tenant_id': '21f7099ccff64631ac4c9e2ab358e5c0', 'admin_state_up': True, 'status': 'ACTIVE', 'external_gateway_info': {'network_id': 'd55399af-3b82-4b85-92b1-ad654b0685b4', 'external_fixed_ips': [{'subnet_id': '93418d25-3465-4d16-8fe7-5a0f97f96cba', 'ip_address': '172.25.8.176'}], 'enable_snat': True}, 'gw_port_id': '6a83a7f5-c17d-4396-9a33-e910534df6f5', 'description': '', 'availability_zones': ['nova'], 'distributed': False, 'ha': False, 'ha_vr_id': 0, 'availability_zone_hints': [], 'routes': [], 'flavor_id': None, 'tags': [], 'created_at': '2021-08-31T18:02:13Z', 'updated_at': '2021-08-31T18:02:16Z', 'revision_number': 3, 'project_id': '21f7099ccff64631ac4c9e2ab358e5c0', 'gw_port': {'id': '6a83a7f5-c17d-4396-9a33-e910534df6f5', 'name': '', 'network_id': 'd55399af-3b82-4b85-92b1-ad654b0685b4', 'tenant_id': '', 'mac_address': 'fa:16:3e:79:02:93', 'admin_state_up': True, 'status': 'DOWN', 'device_id': 'ece9696a-91ef-4adf-8ac5-65d21414d100', 'device_owner': 'network:router_gateway', 'standard_attr_id': 440, 'fixed_ips': [{'subnet_id': '93418d25-3465-4d16-8fe7-5a0f97f96cba', 'ip_address': '172.25.8.176', 'prefixlen': 24}], 'allowed_address_pairs': [], 'extra_dhcp_opts': [], 'security_groups': [], 'description': '', 'binding:vnic_type': 'normal', 'binding:profile': {}, 'binding:host_id': '', 'binding:vif_type': 'unbound', 'binding:vif_details': {}, 'port_security_enabled': False, 'tags': [], 'created_at': '2021-08-31T18:02:15Z', 'updated_at': '2021-08-31T18:02:15Z', 'revision_number': 1, 'project_id': '', 'subnets': [{'id': '93418d25-3465-4d16-8fe7-5a0f97f96cba', 'cidr': '172.25.8.0/24', 'gateway_ip': '172.25.8.1', 'dns_nameservers': [], 'ipv6_ra_mode': None, 'subnetpool_id': None}], 'extra_subnets': [], 'address_scopes': {4: None, 6: None}, 'mtu': 1500}, 'enable_snat': True, 'gw_port_host': 'n-d-800086-17'}], 'n-d-800086-17', False) {} {{(pid=102008) wrapper /usr/local/lib/python3.8/dist-packages/oslo_log/helpers.py:65}}
Aug 31 18:02:18.494532 n-d-800086-17 neutron-server[102005]: INFO neutron.wsgi [req-1c5e06df-9ee3-4b98-b234-9a693ecae979 req-14719bec-2954-443c-814e-60d2ce20481c tempest-LiveMigrationTest-2070223814 tempest-LiveMigrationTest-2070223814-project] 10.222.0.21 "GET /v2.0/ports?tenant_id=8b77a99dfe8941d78a3693886cbccff8&fields=id HTTP/1.1" status: 200 len: 210 time: 0.0429742
Aug 31 18:02:18.507591 n-d-800086-17 neutron-server[102008]: DEBUG neutron.api.rpc.handlers.l3_rpc [None req-5fa4f2f5-6e93-4f67-9e5a-bfed301f845f None None] Checking router: ece9696a-91ef-4adf-8ac5-65d21414d100 for host: n-d-800086-17 {{(pid=102008) _ensure_host_set_on_ports /opt/stack/neutron/neutron/api/rpc/handlers/l3_rpc.py:155}}
Aug 31 18:02:18.508273 n-d-800086-17 neutron-server[102008]: DEBUG neutron.api.rpc.handlers.l3_rpc [None req-5fa4f2f5-6e93-4f67-9e5a-bfed301f845f None None] Updating router ece9696a-91ef-4adf-8ac5-65d21414d100 port 6a83a7f5-c17d-4396-9a33-e910534df6f5 binding host n-d-800086-17 {{(pid=102008) _ensure_host_set_on_port /opt/stack/neutron/neutron/api/rpc/handlers/l3_rpc.py:205}}
Aug 31 18:02:18.540048 n-d-800086-17 neutron-server[102008]: DEBUG neutron_lib.callbacks.manager [None req-5fa4f2f5-6e93-4f67-9e5a-bfed301f845f None None] Notify callbacks ['neutron.plugins.ml2.plugin.SecurityGroupDbMixin._ensure_default_security_group_handler-1520762'] for port, before_update {{(pid=102008) _notify_loop /usr/local/lib/python3.8/dist-packages/neutron_lib/callbacks/manager.py:192}}
Aug 31 18:02:18.592975 n-d-800086-17 neutron-server[102006]: INFO neutron.wsgi [req-d2598243-5b1e-48dd-bf7e-280620c471e1 req-55d75d21-a311-4247-a2bf-1eb9a141e447 service neutron] 10.222.0.79 "GET /v2.0/security-groups?id=19b63fee-72b6-44d9-a821-20f10762d33c&fields=id&fields=name HTTP/1.1" status: 200 len: 286 time: 0.1167278
Aug 31 18:02:18.600074 n-d-800086-17 neutron-server[102007]: DEBUG neutron_lib.callbacks.manager [None req-52d00c7d-94a3-43e8-a106-ec22fbd39222 None None] Notify callbacks ['neutron.plugins.ml2.plugin.SecurityGroupServerNotifierRpcMixin._notify_sg_on_port_change-1520701', 'neutron.plugins.ml2.ovo_rpc._ObjectChangeHandler.handle_event-36670', 'neutron.api.rpc.agentnotifiers.dhcp_rpc_agent_api.DhcpAgentNotifyAPI._native_event_send_dhcp_notification-636003', 'neutron.db.l3_db.L3RpcNotifierMixin._notify_gateway_port_ip_changed-8731752999379', 'neutron.db.l3_dvrscheduler_db._notify_l3_agent_port_update-8731752435496', 'neutron.db.l3_hascheduler_db._notify_l3_agent_ha_port_update-8731752435514'] for port, after_update {{(pid=102007) _notify_loop /usr/local/lib/python3.8/dist-packages/neutron_lib/callbacks/manager.py:192}}
Aug 31 18:02:18.652527 n-d-800086-17 neutron-server[102005]: DEBUG neutron.pecan_wsgi.hooks.policy_enforcement [req-718e4e7d-9f2a-4b37-95b8-852299f520b6 req-e309a6ee-6185-4281-9bdc-3f7bcfd7b1e1 service neutron] Attributes excluded by policy engine: ['standard_attr_id'] {{(pid=102005) _exclude_attributes_by_policy /opt/stack/neutron/neutron/pecan_wsgi/hooks/policy_enforcement.py:255}}
Aug 31 18:02:18.654062 n-d-800086-17 neutron-server[102005]: INFO neutron.wsgi [req-718e4e7d-9f2a-4b37-95b8-852299f520b6 req-e309a6ee-6185-4281-9bdc-3f7bcfd7b1e1 service neutron] 10.222.0.81 "GET /v2.0/ports?tenant_id=0bf72e56f7d8489c8442e4f2af825b30&device_id=ab191abf-ff49-4a0d-bde9-04fd6d527f07 HTTP/1.1" status: 200 len: 1096 time: 0.2483490
Aug 31 18:02:18.709953 n-d-800086-17 neutron-server[102007]: DEBUG neutron_lib.db.api [None req-d5fbbf5a-e567-4bc5-be3f-a47a16570b2a None None] Retry wrapper got retriable exception: UPDATE statement on table 'standardattributes' expected to update 1 row(s); 0 were matched. {{(pid=102007) wrapped /usr/local/lib/python3.8/dist-packages/neutron_lib/db/api.py:183}}
Aug 31 18:02:18.710638 n-d-800086-17 neutron-server[102007]: DEBUG oslo_db.api [None req-d5fbbf5a-e567-4bc5-be3f-a47a16570b2a None None] Performing DB retry for function neutron.plugins.ml2.plugin.Ml2Plugin.update_port_statuses {{(pid=102007) wrapper /usr/local/lib/python3.8/dist-packages/oslo_db/api.py:155}}
Aug 31 18:02:18.711595 n-d-800086-17 neutron-server[102007]: DEBUG neutron_lib.callbacks.manager [None req-0f70efe7-fede-4395-b27e-8030b6b4acc2 None None] Notify callbacks ['neutron.plugins.ml2.plugin.SecurityGroupServerNotifierRpcMixin._notify_sg_on_port_change-1520701', 'neutron.plugins.ml2.ovo_rpc._ObjectChangeHandler.handle_event-36670', 'neutron.api.rpc.agentnotifiers.dhcp_rpc_agent_api.DhcpAgentNotifyAPI._native_event_send_dhcp_notification-636003', 'neutron.db.l3_db.L3RpcNotifierMixin._notify_gateway_port_ip_changed-8731752999379', 'neutron.db.l3_dvrscheduler_db._notify_l3_agent_port_update-8731752435496', 'neutron.db.l3_hascheduler_db._notify_l3_agent_ha_port_update-8731752435514'] for port, after_update {{(pid=102007) _notify_loop /usr/local/lib/python3.8/dist-packages/neutron_lib/callbacks/manager.py:192}}
Aug 31 18:02:18.752331 n-d-800086-17 neutron-server[102007]: DEBUG neutron.api.rpc.handlers.resources_rpc [None req-52d00c7d-94a3-43e8-a106-ec22fbd39222 None None] Pushing event updated for resources: {'Port': ['ID=81746230-e781-4da5-9673-6d6591f338dc,revision_number=3']} {{(pid=102007) push /opt/stack/neutron/neutron/api/rpc/handlers/resources_rpc.py:237}}
