Aug 31 18:01:53.374143 n-d-800086-17 neutron-server[102006]: INFO neutron.wsgi [req-abf8eb43-0c59-4d45-a19f-1ba722da9bfb req-9adc8706-8f47-4cb4-a6b8-f88bcea30b2c service neutron] 10.222.0.81 "GET /v2.0/networks/a91d25d3-be86-433b-947e-04598056cb7b?fields=segments HTTP/1.1" status: 200 len: 212 time: 0.1183527
Aug 31 18:01:53.395428 n-d-800086-17 neutron-server[102005]: INFO neutron.wsgi [req-59d1ae6c-7886-4da9-ad94-98017d873ce6 req-5b3b2668-6fdb-4bfc-9a79-eefb6d830b06 service neutron] 10.222.0.81 "GET /v2.0/floatingips?fixed_ip_address=172.20.0.12&port_id=26ae7ade-551c-4fca-94d7-96ccc18ffdf2 HTTP/1.1" status: 200 len: 217 time: 0.0453150
Aug 31 18:01:53.435481 n-d-800086-17 neutron-server[102005]: DEBUG neutron_lib.callbacks.manager [req-390aa6ca-7bc4-4f64-8cda-02ff4de7f58d req-dfcef934-3c75-41cb-bdbd-5558b0c1e9d2 tempest-ServersAdminTestJSON-506179830 tempest-ServersAdminTestJSON-506179830-project] Notify callbacks ['neutron.plugins.ml2.ovo_rpc._ObjectChangeHandler.handle_event-468938'] for security_group, after_create {{(pid=102005) _notify_loop /usr/local/lib/python3.8/dist-packages/neutron_lib/callbacks/manager.py:192}}
Aug 31 18:01:53.496997 n-d-800086-17 neutron-server[102005]: DEBUG neutron.pecan_wsgi.hooks.policy_enforcement [req-59d1ae6c-7886-4da9-ad94-98017d873ce6 req-e671ab7d-21e3-4b8c-9f89-5a3155ec49a1 service neutron] Attributes excluded by policy engine: ['standard_attr_id', 'shared'] {{(pid=102005) _exclude_attributes_by_policy /opt/stack/neutron/neutron/pecan_wsgi/hooks/policy_enforcement.py:255}}
Aug 31 18:01:53.498489 n-d-800086-17 neutron-server[102005]: INFO neutron.wsgi [req-59d1ae6c-7886-4da9-ad94-98017d873ce6 req-e671ab7d-21e3-4b8c-9f89-5a3155ec49a1 service neutron] 10.222.0.81 "GET /v2.0/subnets?id=ca966fae-5849-48df-9f19-623a4e9eff6f HTTP/1.1" status: 200 len: 861 time: 0.0951991
Aug 31 18:01:53.504071 n-d-800086-17 neutron-server[102006]: DEBUG neutron.pecan_wsgi.hooks.policy_enforcement [req-809d752d-e033-417d-b20d-2cd9ba54fef6 req-9d559506-9e85-44eb-a8ea-6d55bd22cbfd tempest-LiveAutoBlockMigrationV225Test-1064612742 tempest-LiveAutoBlockMigrationV225Test-1064612742-project] Attributes excluded by policy engine: ['standard_attr_id', 'binding:profile', 'binding:host_id', 'binding:vif_type', 'binding:vif_details'] {{(pid=102006) _exclude_attributes_by_policy /opt/stack/neutron/neutron/pecan_wsgi/hooks/policy_enforcement.py:255}}
Aug 31 18:01:53.505576 n-d-800086-17 neutron-server[102006]: INFO neutron.wsgi [req-809d752d-e033-417d-b20d-2cd9ba54fef6 req-9d559506-9e85-44eb-a8ea-6d55bd22cbfd tempest-LiveAutoBlockMigrationV225Test-1064612742 tempest-LiveAutoBlockMigrationV225Test-1064612742-project] 10.222.0.21 "GET /v2.0/ports?device_id=ee093f37-7d55-4fec-9c8a-7070f3d9b7f5 HTTP/1.1" status: 200 len: 946 time: 0.0817893
Aug 31 18:01:53.509348 n-d-800086-17 neutron-server[102006]: INFO neutron.wsgi [req-abf8eb43-0c59-4d45-a19f-1ba722da9bfb req-e8ad4b15-27b3-4de5-8b1b-22c3d39ae073 service neutron] 10.222.0.81 "GET /v2.0/networks/a91d25d3-be86-433b-947e-04598056cb7b?fields=provider%3Aphysical_network&fields=provider%3Anetwork_type HTTP/1.1" status: 200 len: 281 time: 0.1280024
Aug 31 18:01:53.546511 n-d-800086-17 neutron-server[102006]: INFO neutron.wsgi [req-809d752d-e033-417d-b20d-2cd9ba54fef6 req-8ecf224c-7429-422b-b23b-7cd3d91bc285 tempest-LiveAutoBlockMigrationV225Test-1064612742 tempest-LiveAutoBlockMigrationV225Test-1064612742-project] 10.222.0.21 "GET /v2.0/security-groups?id=e671e402-5e49-4365-b955-98685f5e88dc&fields=id&fields=name HTTP/1.1" status: 200 len: 286 time: 0.0326641
Aug 31 18:01:53.546741 n-d-800086-17 neutron-server[102005]: INFO neutron.wsgi [req-59d1ae6c-7886-4da9-ad94-98017d873ce6 req-4aadfcd1-eeff-41eb-9931-fd9b5b704a85 service neutron] 10.222.0.81 "GET /v2.0/ports?network_id=d3de2cff-4b3c-43ef-b918-11d2925ae509&device_owner=network%3Adhcp HTTP/1.1" status: 200 len: 210 time: 0.0402997
Aug 31 18:01:53.550489 n-d-800086-17 neutron-server[102005]: DEBUG neutron.api.rpc.handlers.resources_rpc [None req-dfcef934-3c75-41cb-bdbd-5558b0c1e9d2 tempest-ServersAdminTestJSON-506179830 tempest-ServersAdminTestJSON-506179830-project] Pushing event updated for resources: {'SecurityGroup': ['ID=cefd4561-4b01-4be5-b3ac-c2416aafe9da,revision_number=1']} {{(pid=102005) push /opt/stack/neutron/neutron/api/rpc/handlers/resources_rpc.py:237}}
Aug 31 18:01:53.676605 n-d-800086-17 neutron-server[102005]: DEBUG neutron.db.db_base_plugin_common [req-390aa6ca-7bc4-4f64-8cda-02ff4de7f58d req-dfcef934-3c75-41cb-bdbd-5558b0c1e9d2 tempest-ServersAdminTestJSON-506179830 tempest-ServersAdminTestJSON-506179830-project] Allocated IP 192.168.233.83 (a91d25d3-be86-433b-947e-04598056cb7b/8a261165-ba6d-4dff-a98a-287ec23a8728/7c5cd7d3-eae6-4883-a85c-d3c921729af0) {{(pid=102005) _store_ip_allocation /opt/stack/neutron/neutron/db/db_base_plugin_common.py:131}}
Aug 31 18:01:53.689903 n-d-800086-17 neutron-server[102006]: DEBUG neutron.pecan_wsgi.hooks.policy_enforcement [req-4c4c7eda-b25c-4ef2-8ab3-bf9c4ef301f5 req-6deaef2e-cce5-4909-9901-ef7ba4bae88a tempest-LiveMigrationNegativeTest-1723890011 tempest-LiveMigrationNegativeTest-1723890011-project] Attributes excluded by policy engine: ['standard_attr_id', 'binding:profile', 'binding:host_id', 'binding:vif_type', 'binding:vif_details'] {{(pid=102006) _exclude_attributes_by_policy /opt/stack/neutron/neutron/pecan_wsgi/hooks/policy_enforcement.py:255}}
Aug 31 18:01:53.691645 n-d-800086-17 neutron-server[102006]: INFO neutron.wsgi [req-4c4c7eda-b25c-4ef2-8ab3-bf9c4ef301f5 req-6deaef2e-cce5-4909-9901-ef7ba4bae88a tempest-LiveMigrationNegativeTest-1723890011 tempest-LiveMigrationNegativeTest-1723890011-project] 10.222.0.21 "GET /v2.0/ports?device_id=4d08b8f6-a48e-4fbd-a4b5-f48eeced53a8 HTTP/1.1" status: 200 len: 948 time: 0.0616376
Aug 31 18:01:53.712113 n-d-800086-17 neutron-server[102005]: INFO neutron.wsgi [req-59d1ae6c-7886-4da9-ad94-98017d873ce6 req-28e8200b-ad18-4970-96b3-1ae7ea74f280 service neutron] 10.222.0.81 "GET /v2.0/networks/d3de2cff-4b3c-43ef-b918-11d2925ae509?fields=segments HTTP/1.1" status: 200 len: 212 time: 0.1560526
Aug 31 18:01:53.730699 n-d-800086-17 neutron-server[102006]: INFO neutron.wsgi [req-4c4c7eda-b25c-4ef2-8ab3-bf9c4ef301f5 req-955ea5e6-bc58-4c48-92a7-d51a401b5cbc tempest-LiveMigrationNegativeTest-1723890011 tempest-LiveMigrationNegativeTest-1723890011-project] 10.222.0.21 "GET /v2.0/security-groups?id=f94fbbb0-4c43-407c-ba6a-7455c2cb3612&fields=id&fields=name HTTP/1.1" status: 200 len: 286 time: 0.0315423
Aug 31 18:01:53.754947 n-d-800086-17 neutron-server[102007]: DEBUG neutron.plugins.ml2.rpc [None req-611390cf-c9dc-4300-acf6-28a7aba05ae1 None None] Device 64874ae7-c430-40dd-a455-639150bb6e97 details requested by agent hyperv_n-h2-800086-17 with host n-h2-800086-17 {{(pid=102007) get_device_details /opt/stack/neutron/neutron/plugins/ml2/rpc.py:102}}
Aug 31 18:01:53.805230 n-d-800086-17 neutron-server[102005]: INFO neutron.wsgi [req-ceefb99a-27ea-45f1-aa1b-4f5cbecbce12 req-687ecd37-898b-4cbd-a47b-5377f45bc9a8 tempest-SecurityGroupsTestAdminJSON-926130053 tempest-SecurityGroupsTestAdminJSON-926130053-project-admin] 10.222.0.21 "GET /v2.0/security-groups/05722ae0-6fc5-4326-afb8-c94b36b86050 HTTP/1.1" status: 200 len: 1776 time: 0.1249700
Aug 31 18:01:53.867551 n-d-800086-17 neutron-server[102007]: DEBUG neutron.plugins.ml2.db [None req-611390cf-c9dc-4300-acf6-28a7aba05ae1 None None] For port 64874ae7-c430-40dd-a455-639150bb6e97, host n-h2-800086-17, got binding levels [PortBindingLevel(driver='hyperv',host='n-h2-800086-17',level=0,port_id=64874ae7-c430-40dd-a455-639150bb6e97,segment=NetworkSegment(4aa2d98e-733a-4704-8fad-7fd3546fa55a),segment_id=4aa2d98e-733a-4704-8fad-7fd3546fa55a)] {{(pid=102007) get_binding_level_objs /opt/stack/neutron/neutron/plugins/ml2/db.py:74}}
Aug 31 18:01:53.884622 n-d-800086-17 neutron-server[102007]: DEBUG neutron.plugins.ml2.rpc [None req-611390cf-c9dc-4300-acf6-28a7aba05ae1 None None] Returning: {'device': '64874ae7-c430-40dd-a455-639150bb6e97', 'network_id': 'a91d25d3-be86-433b-947e-04598056cb7b', 'port_id': '64874ae7-c430-40dd-a455-639150bb6e97', 'mac_address': 'fa:16:3e:08:6e:58', 'admin_state_up': True, 'network_type': 'vlan', 'segmentation_id': 222, 'physical_network': 'physnet1', 'mtu': 1500, 'fixed_ips': [{'subnet_id': '8a261165-ba6d-4dff-a98a-287ec23a8728', 'ip_address': '192.168.233.234'}], 'device_owner': 'compute:nova', 'allowed_address_pairs': [], 'port_security_enabled': True, 'qos_policy_id': None, 'network_qos_policy_id': None, 'profile': {}, 'propagate_uplink_status': False} {{(pid=102007) _get_device_details /opt/stack/neutron/neutron/plugins/ml2/rpc.py:184}}
Aug 31 18:01:53.923138 n-d-800086-17 neutron-server[102007]: DEBUG neutron_lib.callbacks.manager [None req-611390cf-c9dc-4300-acf6-28a7aba05ae1 None None] Notify callbacks ['neutron.plugins.ml2.plugin.SecurityGroupDbMixin._ensure_default_security_group_handler-1520762'] for port, before_update {{(pid=102007) _notify_loop /usr/local/lib/python3.8/dist-packages/neutron_lib/callbacks/manager.py:192}}
Aug 31 18:01:53.940300 n-d-800086-17 neutron-server[102007]: DEBUG neutron.notifiers.nova [None req-611390cf-c9dc-4300-acf6-28a7aba05ae1 None None] Ignoring state change previous_port_status: DOWN current_port_status: BUILD port_id 64874ae7-c430-40dd-a455-639150bb6e97 {{(pid=102007) record_port_status_changed /opt/stack/neutron/neutron/notifiers/nova.py:224}}
Aug 31 18:01:53.949912 n-d-800086-17 neutron-server[102005]: INFO neutron.wsgi [req-59d1ae6c-7886-4da9-ad94-98017d873ce6 req-5491ab5e-5424-4687-b768-b0c47fdc1192 service neutron] 10.222.0.81 "GET /v2.0/networks/d3de2cff-4b3c-43ef-b918-11d2925ae509?fields=provider%3Aphysical_network&fields=provider%3Anetwork_type HTTP/1.1" status: 200 len: 281 time: 0.2253301
Aug 31 18:01:53.968302 n-d-800086-17 neutron-server[102007]: DEBUG neutron.plugins.ml2.db [None req-611390cf-c9dc-4300-acf6-28a7aba05ae1 None None] For port 64874ae7-c430-40dd-a455-639150bb6e97, host n-h2-800086-17, got binding levels [PortBindingLevel(driver='hyperv',host='n-h2-800086-17',level=0,port_id=64874ae7-c430-40dd-a455-639150bb6e97,segment=NetworkSegment(4aa2d98e-733a-4704-8fad-7fd3546fa55a),segment_id=4aa2d98e-733a-4704-8fad-7fd3546fa55a)] {{(pid=102007) get_binding_level_objs /opt/stack/neutron/neutron/plugins/ml2/db.py:74}}
Aug 31 18:01:53.985036 n-d-800086-17 neutron-server[102005]: DEBUG neutron_lib.callbacks.manager [req-ceefb99a-27ea-45f1-aa1b-4f5cbecbce12 req-2139d0f0-3059-42af-acad-9a446215ab31 tempest-SecurityGroupsTestAdminJSON-926130053 tempest-SecurityGroupsTestAdminJSON-926130053-project-admin] Notify callbacks [] for security_group, before_delete {{(pid=102005) _notify_loop /usr/local/lib/python3.8/dist-packages/neutron_lib/callbacks/manager.py:192}}
Aug 31 18:01:54.001808 n-d-800086-17 neutron-server[102005]: DEBUG neutron_lib.callbacks.manager [req-390aa6ca-7bc4-4f64-8cda-02ff4de7f58d req-dfcef934-3c75-41cb-bdbd-5558b0c1e9d2 tempest-ServersAdminTestJSON-506179830 tempest-ServersAdminTestJSON-506179830-project] Notify callbacks [] for port, precommit_create {{(pid=102005) _notify_loop /usr/local/lib/python3.8/dist-packages/neutron_lib/callbacks/manager.py:192}}
Aug 31 18:01:54.021411 n-d-800086-17 neutron-server[102005]: DEBUG neutron_lib.callbacks.manager [req-ceefb99a-27ea-45f1-aa1b-4f5cbecbce12 req-2139d0f0-3059-42af-acad-9a446215ab31 tempest-SecurityGroupsTestAdminJSON-926130053 tempest-SecurityGroupsTestAdminJSON-926130053-project-admin] Notify callbacks [] for security_group, precommit_delete {{(pid=102005) _notify_loop /usr/local/lib/python3.8/dist-packages/neutron_lib/callbacks/manager.py:192}}
Aug 31 18:01:54.028501 n-d-800086-17 neutron-server[102005]: DEBUG neutron.db.provisioning_blocks [req-390aa6ca-7bc4-4f64-8cda-02ff4de7f58d req-dfcef934-3c75-41cb-bdbd-5558b0c1e9d2 tempest-ServersAdminTestJSON-506179830 tempest-ServersAdminTestJSON-506179830-project] Transition to ACTIVE for port object 7c5cd7d3-eae6-4883-a85c-d3c921729af0 will not be triggered until provisioned by entity DHCP. {{(pid=102005) add_provisioning_component /opt/stack/neutron/neutron/db/provisioning_blocks.py:73}}
Aug 31 18:01:54.049323 n-d-800086-17 neutron-server[102007]: DEBUG neutron_lib.callbacks.manager [None req-611390cf-c9dc-4300-acf6-28a7aba05ae1 None None] Notify callbacks ['neutron.plugins.ml2.plugin.SecurityGroupServerNotifierRpcMixin._notify_sg_on_port_change-1520701', 'neutron.plugins.ml2.ovo_rpc._ObjectChangeHandler.handle_event-36670', 'neutron.api.rpc.agentnotifiers.dhcp_rpc_agent_api.DhcpAgentNotifyAPI._native_event_send_dhcp_notification-636003', 'neutron.db.l3_db.L3RpcNotifierMixin._notify_gateway_port_ip_changed-8731752999379', 'neutron.db.l3_dvrscheduler_db._notify_l3_agent_port_update-8731752435496', 'neutron.db.l3_hascheduler_db._notify_l3_agent_ha_port_update-8731752435514'] for port, after_update {{(pid=102007) _notify_loop /usr/local/lib/python3.8/dist-packages/neutron_lib/callbacks/manager.py:192}}
Aug 31 18:01:54.101344 n-d-800086-17 neutron-server[102007]: DEBUG neutron.api.rpc.handlers.resources_rpc [None req-611390cf-c9dc-4300-acf6-28a7aba05ae1 None None] Pushing event updated for resources: {'Port': ['ID=64874ae7-c430-40dd-a455-639150bb6e97,revision_number=4']} {{(pid=102007) push /opt/stack/neutron/neutron/api/rpc/handlers/resources_rpc.py:237}}
Aug 31 18:01:54.151366 n-d-800086-17 neutron-server[102005]: DEBUG neutron_lib.callbacks.manager [req-ceefb99a-27ea-45f1-aa1b-4f5cbecbce12 req-2139d0f0-3059-42af-acad-9a446215ab31 tempest-SecurityGroupsTestAdminJSON-926130053 tempest-SecurityGroupsTestAdminJSON-926130053-project-admin] Notify callbacks ['neutron.plugins.ml2.ovo_rpc._ObjectChangeHandler.handle_event-468938'] for security_group, after_delete {{(pid=102005) _notify_loop /usr/local/lib/python3.8/dist-packages/neutron_lib/callbacks/manager.py:192}}
Aug 31 18:01:54.153938 n-d-800086-17 neutron-server[102005]: DEBUG neutron_lib.callbacks.manager [req-ceefb99a-27ea-45f1-aa1b-4f5cbecbce12 req-2139d0f0-3059-42af-acad-9a446215ab31 tempest-SecurityGroupsTestAdminJSON-926130053 tempest-SecurityGroupsTestAdminJSON-926130053-project-admin] Notify callbacks [] for security_group, before_response {{(pid=102005) _notify_loop /usr/local/lib/python3.8/dist-packages/neutron_lib/callbacks/manager.py:192}}
Aug 31 18:01:54.155053 n-d-800086-17 neutron-server[102005]: INFO neutron.wsgi [req-ceefb99a-27ea-45f1-aa1b-4f5cbecbce12 req-2139d0f0-3059-42af-acad-9a446215ab31 tempest-SecurityGroupsTestAdminJSON-926130053 tempest-SecurityGroupsTestAdminJSON-926130053-project-admin] 10.222.0.21 "DELETE /v2.0/security-groups/05722ae0-6fc5-4326-afb8-c94b36b86050 HTTP/1.1" status: 204 len: 173 time: 0.3319912
Aug 31 18:01:54.157904 n-d-800086-17 neutron-server[102005]: DEBUG neutron_lib.callbacks.manager [req-390aa6ca-7bc4-4f64-8cda-02ff4de7f58d req-dfcef934-3c75-41cb-bdbd-5558b0c1e9d2 tempest-ServersAdminTestJSON-506179830 tempest-ServersAdminTestJSON-506179830-project] Notify callbacks ['neutron.plugins.ml2.plugin.SecurityGroupServerNotifierRpcMixin._notify_sg_on_port_change-1520701', 'neutron.plugins.ml2.ovo_rpc._ObjectChangeHandler.handle_event-36670', 'neutron.api.rpc.agentnotifiers.dhcp_rpc_agent_api.DhcpAgentNotifyAPI._native_event_send_dhcp_notification-636003', 'neutron.db.l3_dvrscheduler_db._notify_l3_agent_new_port-8731752435478'] for port, after_create {{(pid=102005) _notify_loop /usr/local/lib/python3.8/dist-packages/neutron_lib/callbacks/manager.py:192}}
Aug 31 18:01:54.183010 n-d-800086-17 neutron-server[102005]: DEBUG neutron.api.rpc.handlers.resources_rpc [None req-2139d0f0-3059-42af-acad-9a446215ab31 tempest-SecurityGroupsTestAdminJSON-926130053 tempest-SecurityGroupsTestAdminJSON-926130053-project-admin] Pushing event deleted for resources: {'SecurityGroup': ['ID=05722ae0-6fc5-4326-afb8-c94b36b86050,revision_number=None']} {{(pid=102005) push /opt/stack/neutron/neutron/api/rpc/handlers/resources_rpc.py:237}}
Aug 31 18:01:54.263122 n-d-800086-17 neutron-server[102006]: DEBUG neutron.pecan_wsgi.hooks.policy_enforcement [req-eb9fa982-fccc-4124-9c4d-9add3ed7afcd req-d5073a45-3776-44b8-8ad4-ac5a54e990d4 tempest-DeleteServersAdminTestJSON-77192627 tempest-DeleteServersAdminTestJSON-77192627-project] Attributes excluded by policy engine: ['standard_attr_id', 'binding:profile', 'binding:host_id', 'binding:vif_type', 'binding:vif_details'] {{(pid=102006) _exclude_attributes_by_policy /opt/stack/neutron/neutron/pecan_wsgi/hooks/policy_enforcement.py:255}}
Aug 31 18:01:54.264649 n-d-800086-17 neutron-server[102006]: INFO neutron.wsgi [req-eb9fa982-fccc-4124-9c4d-9add3ed7afcd req-d5073a45-3776-44b8-8ad4-ac5a54e990d4 tempest-DeleteServersAdminTestJSON-77192627 tempest-DeleteServersAdminTestJSON-77192627-project] 10.222.0.21 "GET /v2.0/ports?device_id=093a168c-cded-41ea-bbb1-47d3a8264400 HTTP/1.1" status: 200 len: 949 time: 0.0569785
Aug 31 18:01:54.273614 n-d-800086-17 neutron-server[102007]: DEBUG neutron.plugins.ml2.db [None req-611390cf-c9dc-4300-acf6-28a7aba05ae1 None None] get_ports_and_sgs() called for port_ids ['64874ae7-c430-40dd-a455-639150bb6e97'] {{(pid=102007) get_ports_and_sgs /opt/stack/neutron/neutron/plugins/ml2/db.py:156}}
Aug 31 18:01:54.296768 n-d-800086-17 neutron-server[102005]: DEBUG neutron.scheduler.dhcp_agent_scheduler [req-390aa6ca-7bc4-4f64-8cda-02ff4de7f58d req-dfcef934-3c75-41cb-bdbd-5558b0c1e9d2 tempest-ServersAdminTestJSON-506179830 tempest-ServersAdminTestJSON-506179830-project] Network a91d25d3-be86-433b-947e-04598056cb7b is already hosted by enough agents. {{(pid=102005) _get_dhcp_agents_hosting_network /opt/stack/neutron/neutron/scheduler/dhcp_agent_scheduler.py:275}}
Aug 31 18:01:54.305044 n-d-800086-17 neutron-server[102005]: DEBUG neutron.api.rpc.handlers.resources_rpc [None req-dfcef934-3c75-41cb-bdbd-5558b0c1e9d2 tempest-ServersAdminTestJSON-506179830 tempest-ServersAdminTestJSON-506179830-project] Pushing event updated for resources: {'Port': ['ID=7c5cd7d3-eae6-4883-a85c-d3c921729af0,revision_number=1']} {{(pid=102005) push /opt/stack/neutron/neutron/api/rpc/handlers/resources_rpc.py:237}}
Aug 31 18:01:54.307712 n-d-800086-17 neutron-server[102005]: DEBUG neutron.scheduler.base_scheduler [req-390aa6ca-7bc4-4f64-8cda-02ff4de7f58d req-dfcef934-3c75-41cb-bdbd-5558b0c1e9d2 tempest-ServersAdminTestJSON-506179830 tempest-ServersAdminTestJSON-506179830-project] Resources bound (agent type, host, resource id): {{(pid=102005) schedule /opt/stack/neutron/neutron/scheduler/base_scheduler.py:57}}
Aug 31 18:01:54.320370 n-d-800086-17 neutron-server[102006]: INFO neutron.wsgi [req-eb9fa982-fccc-4124-9c4d-9add3ed7afcd req-3abcbc85-3768-4163-bf3d-cd98fc60ac69 tempest-DeleteServersAdminTestJSON-77192627 tempest-DeleteServersAdminTestJSON-77192627-project] 10.222.0.21 "GET /v2.0/security-groups?id=30ddfbf3-ee4e-4356-afdb-7b1b9aa9b921&fields=id&fields=name HTTP/1.1" status: 200 len: 286 time: 0.0492032
Aug 31 18:01:54.322172 n-d-800086-17 neutron-server[102005]: DEBUG neutron.db.l3_dvrscheduler_db [req-390aa6ca-7bc4-4f64-8cda-02ff4de7f58d req-dfcef934-3c75-41cb-bdbd-5558b0c1e9d2 tempest-ServersAdminTestJSON-506179830 tempest-ServersAdminTestJSON-506179830-project] Received port after_create {{(pid=102005) _notify_l3_agent_new_port /opt/stack/neutron/neutron/db/l3_dvrscheduler_db.py:535}}
Aug 31 18:01:54.327826 n-d-800086-17 neutron-server[102005]: DEBUG neutron.pecan_wsgi.hooks.policy_enforcement [req-390aa6ca-7bc4-4f64-8cda-02ff4de7f58d req-dfcef934-3c75-41cb-bdbd-5558b0c1e9d2 tempest-ServersAdminTestJSON-506179830 tempest-ServersAdminTestJSON-506179830-project] Attributes excluded by policy engine: ['standard_attr_id', 'binding:profile', 'binding:host_id', 'binding:vif_type', 'binding:vif_details', 'network'] {{(pid=102005) _exclude_attributes_by_policy /opt/stack/neutron/neutron/pecan_wsgi/hooks/policy_enforcement.py:255}}
Aug 31 18:01:54.328525 n-d-800086-17 neutron-server[102005]: DEBUG neutron_lib.callbacks.manager [req-390aa6ca-7bc4-4f64-8cda-02ff4de7f58d req-dfcef934-3c75-41cb-bdbd-5558b0c1e9d2 tempest-ServersAdminTestJSON-506179830 tempest-ServersAdminTestJSON-506179830-project] Notify callbacks ['neutron.notifiers.nova.Notifier._send_nova_notification-51811'] for port, before_response {{(pid=102005) _notify_loop /usr/local/lib/python3.8/dist-packages/neutron_lib/callbacks/manager.py:192}}
Aug 31 18:01:54.378295 n-d-800086-17 neutron-server[102005]: DEBUG neutron.pecan_wsgi.hooks.policy_enforcement [req-59d1ae6c-7886-4da9-ad94-98017d873ce6 req-36218c9e-1a4a-4bd4-8d94-35c708a0e887 tempest-LiveAutoBlockMigrationV225Test-1030351115 tempest-LiveAutoBlockMigrationV225Test-1030351115-project-admin] Attributes excluded by policy engine: ['standard_attr_id'] {{(pid=102005) _exclude_attributes_by_policy /opt/stack/neutron/neutron/pecan_wsgi/hooks/policy_enforcement.py:255}}
Aug 31 18:01:54.393603 n-d-800086-17 neutron-server[102005]: INFO neutron.wsgi [req-59d1ae6c-7886-4da9-ad94-98017d873ce6 req-36218c9e-1a4a-4bd4-8d94-35c708a0e887 tempest-LiveAutoBlockMigrationV225Test-1030351115 tempest-LiveAutoBlockMigrationV225Test-1030351115-project-admin] 10.222.0.81 "GET /v2.0/ports?device_id=ee093f37-7d55-4fec-9c8a-7070f3d9b7f5&tenant_id=0bf72e56f7d8489c8442e4f2af825b30&binding%3Ahost_id=n-h1-800086-17 HTTP/1.1" status: 200 len: 1098 time: 0.1724091
Aug 31 18:01:54.408970 n-d-800086-17 neutron-server[102005]: DEBUG neutron.api.v2.base [req-59d1ae6c-7886-4da9-ad94-98017d873ce6 req-23ea5d8b-e17e-46c1-b0e5-411af95105d7 service neutron] Request body: {'port': {'binding:profile': {'migrating_to': 'n-h2-800086-17'}}} {{(pid=102005) prepare_request_body /opt/stack/neutron/neutron/api/v2/base.py:730}}
Aug 31 18:01:54.643153 n-d-800086-17 neutron-server[102005]: INFO neutron.wsgi [req-390aa6ca-7bc4-4f64-8cda-02ff4de7f58d req-dfcef934-3c75-41cb-bdbd-5558b0c1e9d2 tempest-ServersAdminTestJSON-506179830 tempest-ServersAdminTestJSON-506179830-project] 10.222.0.81 "POST /v2.0/ports HTTP/1.1" status: 201 len: 937 time: 1.9070258
Aug 31 18:01:54.664592 n-d-800086-17 neutron-server[102005]: DEBUG neutron.api.v2.base [req-390aa6ca-7bc4-4f64-8cda-02ff4de7f58d req-fe7f308e-f569-4c6f-a9b9-f8a481396f25 service neutron] Request body: {'port': {'device_id': 'bd03d3c0-0f44-4648-b076-b793d88d7e08', 'device_owner': 'compute:nova', 'binding:host_id': 'n-h2-800086-17'}} {{(pid=102005) prepare_request_body /opt/stack/neutron/neutron/api/v2/base.py:730}}
Aug 31 18:01:54.714861 n-d-800086-17 neutron-server[102005]: INFO neutron.wsgi [req-f21febe2-91fc-45eb-b365-142340ba6add req-def3b6d3-4511-4ba0-8ffe-38235e82924b tempest-SecurityGroupsTestAdminJSON-926130053 tempest-SecurityGroupsTestAdminJSON-926130053-project-admin] 10.222.0.21 "GET /v2.0/security-groups/f778e7ca-78f5-467d-a02f-b8c3551e8830 HTTP/1.1" status: 200 len: 1777 time: 0.3130937
Aug 31 18:01:54.715312 n-d-800086-17 neutron-server[102005]: DEBUG neutron_lib.callbacks.manager [req-59d1ae6c-7886-4da9-ad94-98017d873ce6 req-23ea5d8b-e17e-46c1-b0e5-411af95105d7 service neutron] Notify callbacks ['neutron.plugins.ml2.plugin.SecurityGroupDbMixin._ensure_default_security_group_handler-1520762'] for port, before_update {{(pid=102005) _notify_loop /usr/local/lib/python3.8/dist-packages/neutron_lib/callbacks/manager.py:192}}
Aug 31 18:01:54.728372 n-d-800086-17 neutron-server[102007]: DEBUG neutron.db.provisioning_blocks [None req-0d2f3430-31c7-4709-afb3-e5a2d5ba2394 None None] Provisioning for port 7c5cd7d3-eae6-4883-a85c-d3c921729af0 completed by entity DHCP. {{(pid=102007) provisioning_complete /opt/stack/neutron/neutron/db/provisioning_blocks.py:133}}
Aug 31 18:01:54.732532 n-d-800086-17 neutron-server[102007]: DEBUG neutron.db.provisioning_blocks [None req-0d2f3430-31c7-4709-afb3-e5a2d5ba2394 None None] Provisioning complete for port 7c5cd7d3-eae6-4883-a85c-d3c921729af0 triggered by entity DHCP. {{(pid=102007) provisioning_complete /opt/stack/neutron/neutron/db/provisioning_blocks.py:139}}
Aug 31 18:01:54.733002 n-d-800086-17 neutron-server[102007]: DEBUG neutron_lib.callbacks.manager [None req-0d2f3430-31c7-4709-afb3-e5a2d5ba2394 None None] Notify callbacks ['neutron.plugins.ml2.plugin.Ml2Plugin._port_provisioned-1468845'] for port, provisioning_complete {{(pid=102007) _notify_loop /usr/local/lib/python3.8/dist-packages/neutron_lib/callbacks/manager.py:192}}
Aug 31 18:01:54.772130 n-d-800086-17 neutron-server[102007]: DEBUG neutron.plugins.ml2.plugin [None req-0d2f3430-31c7-4709-afb3-e5a2d5ba2394 None None] Port 7c5cd7d3-eae6-4883-a85c-d3c921729af0 cannot update to ACTIVE because it is not bound. {{(pid=102007) _port_provisioned /opt/stack/neutron/neutron/plugins/ml2/plugin.py:337}}
Aug 31 18:01:54.789567 n-d-800086-17 neutron-server[102005]: DEBUG neutron_lib.callbacks.manager [req-390aa6ca-7bc4-4f64-8cda-02ff4de7f58d req-fe7f308e-f569-4c6f-a9b9-f8a481396f25 service neutron] Notify callbacks ['neutron.plugins.ml2.plugin.SecurityGroupDbMixin._ensure_default_security_group_handler-1520762'] for port, before_update {{(pid=102005) _notify_loop /usr/local/lib/python3.8/dist-packages/neutron_lib/callbacks/manager.py:192}}
Aug 31 18:01:54.911495 n-d-800086-17 neutron-server[102005]: DEBUG neutron_lib.callbacks.manager [req-f21febe2-91fc-45eb-b365-142340ba6add req-961ba9ff-8be2-41a0-a740-95e7b70a3bbe tempest-SecurityGroupsTestAdminJSON-926130053 tempest-SecurityGroupsTestAdminJSON-926130053-project-admin] Notify callbacks [] for security_group, before_delete {{(pid=102005) _notify_loop /usr/local/lib/python3.8/dist-packages/neutron_lib/callbacks/manager.py:192}}
Aug 31 18:01:55.006353 n-d-800086-17 neutron-server[102005]: DEBUG neutron_lib.callbacks.manager [req-f21febe2-91fc-45eb-b365-142340ba6add req-961ba9ff-8be2-41a0-a740-95e7b70a3bbe tempest-SecurityGroupsTestAdminJSON-926130053 tempest-SecurityGroupsTestAdminJSON-926130053-project-admin] Notify callbacks [] for security_group, precommit_delete {{(pid=102005) _notify_loop /usr/local/lib/python3.8/dist-packages/neutron_lib/callbacks/manager.py:192}}
Aug 31 18:01:55.022648 n-d-800086-17 neutron-server[102006]: INFO neutron.wsgi [req-2cdee8c0-48e8-4d15-865a-629ffd8f4ddf req-7cf0926d-6fcd-4205-a8e5-2ce5725ade0d tempest-ServersAdminTestJSON-506179830 tempest-ServersAdminTestJSON-506179830-project] 10.222.0.21 "GET /v2.0/ports?device_id=54c5fc2e-e31d-489b-9c00-2e4f3630e68e HTTP/1.1" status: 200 len: 210 time: 0.0302396
Aug 31 18:01:55.081622 n-d-800086-17 neutron-server[102005]: DEBUG neutron.plugins.ml2.db [req-59d1ae6c-7886-4da9-ad94-98017d873ce6 req-23ea5d8b-e17e-46c1-b0e5-411af95105d7 service neutron] For port 26ae7ade-551c-4fca-94d7-96ccc18ffdf2, host n-h1-800086-17, got binding levels [PortBindingLevel(driver='hyperv',host='n-h1-800086-17',level=0,port_id=26ae7ade-551c-4fca-94d7-96ccc18ffdf2,segment=NetworkSegment(f2a9a34e-ceb0-47db-91ea-90b6d53cd0b4),segment_id=f2a9a34e-ceb0-47db-91ea-90b6d53cd0b4)] {{(pid=102005) get_binding_level_objs /opt/stack/neutron/neutron/plugins/ml2/db.py:74}}
Aug 31 18:01:55.158407 n-d-800086-17 neutron-server[102005]: INFO neutron.wsgi [req-0306c160-3a01-4aa3-a417-36638302c56f req-5dac5d34-6f81-419a-8f3b-9e0cdd7bdae2 tempest-ServersAdminTestJSON-506179830 tempest-ServersAdminTestJSON-506179830-project] 10.222.0.79 "GET /v2.0/networks?tenant_id=a9618112fc18490e8480d402ce602953&shared=False HTTP/1.1" status: 200 len: 213 time: 0.0433643
Aug 31 18:01:55.239677 n-d-800086-17 neutron-server[102005]: DEBUG neutron.plugins.ml2.db [req-59d1ae6c-7886-4da9-ad94-98017d873ce6 req-23ea5d8b-e17e-46c1-b0e5-411af95105d7 service neutron] For port 26ae7ade-551c-4fca-94d7-96ccc18ffdf2, host n-h1-800086-17, cleared binding levels {{(pid=102005) clear_binding_levels /opt/stack/neutron/neutron/plugins/ml2/db.py:87}}
Aug 31 18:01:55.243958 n-d-800086-17 neutron-server[102005]: DEBUG neutron_lib.callbacks.manager [req-f21febe2-91fc-45eb-b365-142340ba6add req-961ba9ff-8be2-41a0-a740-95e7b70a3bbe tempest-SecurityGroupsTestAdminJSON-926130053 tempest-SecurityGroupsTestAdminJSON-926130053-project-admin] Notify callbacks ['neutron.plugins.ml2.ovo_rpc._ObjectChangeHandler.handle_event-468938'] for security_group, after_delete {{(pid=102005) _notify_loop /usr/local/lib/python3.8/dist-packages/neutron_lib/callbacks/manager.py:192}}
Aug 31 18:01:55.246410 n-d-800086-17 neutron-server[102005]: DEBUG neutron_lib.callbacks.manager [req-f21febe2-91fc-45eb-b365-142340ba6add req-961ba9ff-8be2-41a0-a740-95e7b70a3bbe tempest-SecurityGroupsTestAdminJSON-926130053 tempest-SecurityGroupsTestAdminJSON-926130053-project-admin] Notify callbacks [] for security_group, before_response {{(pid=102005) _notify_loop /usr/local/lib/python3.8/dist-packages/neutron_lib/callbacks/manager.py:192}}
Aug 31 18:01:55.247547 n-d-800086-17 neutron-server[102005]: INFO neutron.wsgi [req-f21febe2-91fc-45eb-b365-142340ba6add req-961ba9ff-8be2-41a0-a740-95e7b70a3bbe tempest-SecurityGroupsTestAdminJSON-926130053 tempest-SecurityGroupsTestAdminJSON-926130053-project-admin] 10.222.0.21 "DELETE /v2.0/security-groups/f778e7ca-78f5-467d-a02f-b8c3551e8830 HTTP/1.1" status: 204 len: 173 time: 0.5250366
Aug 31 18:01:55.294663 n-d-800086-17 neutron-server[102005]: DEBUG neutron.api.rpc.handlers.resources_rpc [None req-961ba9ff-8be2-41a0-a740-95e7b70a3bbe tempest-SecurityGroupsTestAdminJSON-926130053 tempest-SecurityGroupsTestAdminJSON-926130053-project-admin] Pushing event deleted for resources: {'SecurityGroup': ['ID=f778e7ca-78f5-467d-a02f-b8c3551e8830,revision_number=None']} {{(pid=102005) push /opt/stack/neutron/neutron/api/rpc/handlers/resources_rpc.py:237}}
Aug 31 18:01:55.380374 n-d-800086-17 neutron-server[102005]: DEBUG neutron.notifiers.nova [-] Sending events: [{'server_uuid': 'ee093f37-7d55-4fec-9c8a-7070f3d9b7f5', 'name': 'network-vif-unplugged', 'status': 'completed', 'tag': '26ae7ade-551c-4fca-94d7-96ccc18ffdf2'}] {{(pid=102005) send_events /opt/stack/neutron/neutron/notifiers/nova.py:262}}
Aug 31 18:01:55.382622 n-d-800086-17 neutron-server[102005]: DEBUG novaclient.v2.client [-] REQ: curl -g -i --cacert "/opt/stack/data/ca-bundle.pem" -X POST http://10.222.0.21/compute/v2.1/os-server-external-events -H "Accept: application/json" -H "Content-Type: application/json" -H "User-Agent: python-novaclient" -H "X-Auth-Token: {SHA256}f04d69b651bef6ff365ecd0aba89c4e3cb6414f251f481b022a68a5b1dac9ef7" -H "X-OpenStack-Nova-API-Version: 2.1" -H "X-OpenStack-Request-ID: req-79197f3c-164a-46bd-9592-218c85b30129" -d '{"events": [{"server_uuid": "ee093f37-7d55-4fec-9c8a-7070f3d9b7f5", "name": "network-vif-unplugged", "status": "completed", "tag": "26ae7ade-551c-4fca-94d7-96ccc18ffdf2"}]}' {{(pid=102005) _http_log_request /usr/local/lib/python3.8/dist-packages/keystoneauth1/session.py:519}}
Aug 31 18:01:55.388406 n-d-800086-17 neutron-server[102005]: DEBUG neutron_lib.callbacks.manager [req-59d1ae6c-7886-4da9-ad94-98017d873ce6 req-23ea5d8b-e17e-46c1-b0e5-411af95105d7 service neutron] Notify callbacks [] for port, precommit_update {{(pid=102005) _notify_loop /usr/local/lib/python3.8/dist-packages/neutron_lib/callbacks/manager.py:192}}
Aug 31 18:01:55.404892 n-d-800086-17 neutron-server[102006]: DEBUG neutron.pecan_wsgi.hooks.policy_enforcement [req-cfd50363-97c6-4f1a-a908-5aee539562a9 req-64cf79d2-9a8c-4d38-9d75-9ebb8585a14f tempest-LiveMigrationNegativeTest-1723890011 tempest-LiveMigrationNegativeTest-1723890011-project] Attributes excluded by policy engine: ['standard_attr_id', 'binding:profile', 'binding:host_id', 'binding:vif_type', 'binding:vif_details'] {{(pid=102006) _exclude_attributes_by_policy /opt/stack/neutron/neutron/pecan_wsgi/hooks/policy_enforcement.py:255}}
Aug 31 18:01:55.406405 n-d-800086-17 neutron-server[102006]: INFO neutron.wsgi [req-cfd50363-97c6-4f1a-a908-5aee539562a9 req-64cf79d2-9a8c-4d38-9d75-9ebb8585a14f tempest-LiveMigrationNegativeTest-1723890011 tempest-LiveMigrationNegativeTest-1723890011-project] 10.222.0.21 "GET /v2.0/ports?device_id=4d08b8f6-a48e-4fbd-a4b5-f48eeced53a8 HTTP/1.1" status: 200 len: 949 time: 0.0504375
Aug 31 18:01:55.418967 n-d-800086-17 neutron-server[102005]: DEBUG neutron.notifiers.nova [req-390aa6ca-7bc4-4f64-8cda-02ff4de7f58d req-fe7f308e-f569-4c6f-a9b9-f8a481396f25 service neutron] Ignoring state change previous_port_status: DOWN current_port_status: DOWN port_id 7c5cd7d3-eae6-4883-a85c-d3c921729af0 {{(pid=102005) record_port_status_changed /opt/stack/neutron/neutron/notifiers/nova.py:224}}
Aug 31 18:01:55.430848 n-d-800086-17 neutron-server[102005]: DEBUG neutron_lib.callbacks.manager [req-390aa6ca-7bc4-4f64-8cda-02ff4de7f58d req-fe7f308e-f569-4c6f-a9b9-f8a481396f25 service neutron] Notify callbacks [] for port, precommit_update {{(pid=102005) _notify_loop /usr/local/lib/python3.8/dist-packages/neutron_lib/callbacks/manager.py:192}}
Aug 31 18:01:55.439713 n-d-800086-17 neutron-server[102005]: DEBUG neutron.pecan_wsgi.hooks.policy_enforcement [req-0306c160-3a01-4aa3-a417-36638302c56f req-b2d221ec-f082-4e70-90a8-5e9e30ec2940 tempest-ServersAdminTestJSON-506179830 tempest-ServersAdminTestJSON-506179830-project] Attributes excluded by policy engine: ['standard_attr_id', 'vlan_transparent', 'provider:network_type', 'provider:physical_network', 'provider:segmentation_id'] {{(pid=102005) _exclude_attributes_by_policy /opt/stack/neutron/neutron/pecan_wsgi/hooks/policy_enforcement.py:255}}
Aug 31 18:01:55.441267 n-d-800086-17 neutron-server[102005]: INFO neutron.wsgi [req-0306c160-3a01-4aa3-a417-36638302c56f req-b2d221ec-f082-4e70-90a8-5e9e30ec2940 tempest-ServersAdminTestJSON-506179830 tempest-ServersAdminTestJSON-506179830-project] 10.222.0.79 "GET /v2.0/networks?shared=True HTTP/1.1" status: 200 len: 769 time: 0.2728293
Aug 31 18:01:55.447778 n-d-800086-17 neutron-server[102006]: INFO neutron.wsgi [req-cfd50363-97c6-4f1a-a908-5aee539562a9 req-ac830b22-17da-4a3e-a3ca-ff0d778335bf tempest-LiveMigrationNegativeTest-1723890011 tempest-LiveMigrationNegativeTest-1723890011-project] 10.222.0.21 "GET /v2.0/security-groups?id=f94fbbb0-4c43-407c-ba6a-7455c2cb3612&fields=id&fields=name HTTP/1.1" status: 200 len: 286 time: 0.0351384
Aug 31 18:01:55.458686 n-d-800086-17 neutron-server[102005]: DEBUG neutron.pecan_wsgi.hooks.policy_enforcement [req-2e989856-98e5-40b6-b3d0-9d2ed97e8611 req-b192ef42-2f6a-4ce1-9325-5ce43983dba1 tempest-LiveAutoBlockMigrationV225Test-1064612742 tempest-LiveAutoBlockMigrationV225Test-1064612742-project] Attributes excluded by policy engine: ['standard_attr_id', 'binding:profile', 'binding:host_id', 'binding:vif_type', 'binding:vif_details'] {{(pid=102005) _exclude_attributes_by_policy /opt/stack/neutron/neutron/pecan_wsgi/hooks/policy_enforcement.py:255}}
Aug 31 18:01:55.460195 n-d-800086-17 neutron-server[102005]: INFO neutron.wsgi [req-2e989856-98e5-40b6-b3d0-9d2ed97e8611 req-b192ef42-2f6a-4ce1-9325-5ce43983dba1 tempest-LiveAutoBlockMigrationV225Test-1064612742 tempest-LiveAutoBlockMigrationV225Test-1064612742-project] 10.222.0.21 "GET /v2.0/ports?device_id=ee093f37-7d55-4fec-9c8a-7070f3d9b7f5 HTTP/1.1" status: 200 len: 946 time: 0.1529396
Aug 31 18:01:55.467169 n-d-800086-17 neutron-server[102005]: DEBUG neutron.api.v2.base [req-0306c160-3a01-4aa3-a417-36638302c56f req-3f5136bf-fe51-49c6-99c6-18d7812e9404 tempest-ServersAdminTestJSON-506179830 tempest-ServersAdminTestJSON-506179830-project] Request body: {'port': {'device_id': '54c5fc2e-e31d-489b-9c00-2e4f3630e68e', 'network_id': 'a91d25d3-be86-433b-947e-04598056cb7b', 'admin_state_up': True, 'tenant_id': 'a9618112fc18490e8480d402ce602953'}} {{(pid=102005) prepare_request_body /opt/stack/neutron/neutron/api/v2/base.py:730}}
Aug 31 18:01:55.473446 n-d-800086-17 neutron-server[102005]: DEBUG neutron.db.provisioning_blocks [req-390aa6ca-7bc4-4f64-8cda-02ff4de7f58d req-fe7f308e-f569-4c6f-a9b9-f8a481396f25 service neutron] Transition to ACTIVE for port object 7c5cd7d3-eae6-4883-a85c-d3c921729af0 will not be triggered until provisioned by entity L2. {{(pid=102005) add_provisioning_component /opt/stack/neutron/neutron/db/provisioning_blocks.py:73}}
Aug 31 18:01:55.509315 n-d-800086-17 neutron-server[102005]: DEBUG neutron_lib.callbacks.manager [req-59d1ae6c-7886-4da9-ad94-98017d873ce6 req-23ea5d8b-e17e-46c1-b0e5-411af95105d7 service neutron] Notify callbacks ['neutron.plugins.ml2.plugin.SecurityGroupServerNotifierRpcMixin._notify_sg_on_port_change-1520701', 'neutron.plugins.ml2.ovo_rpc._ObjectChangeHandler.handle_event-36670', 'neutron.api.rpc.agentnotifiers.dhcp_rpc_agent_api.DhcpAgentNotifyAPI._native_event_send_dhcp_notification-636003', 'neutron.db.l3_db.L3RpcNotifierMixin._notify_gateway_port_ip_changed-8731752999379', 'neutron.db.l3_dvrscheduler_db._notify_l3_agent_port_update-8731752435496', 'neutron.db.l3_hascheduler_db._notify_l3_agent_ha_port_update-8731752435514'] for port, after_update {{(pid=102005) _notify_loop /usr/local/lib/python3.8/dist-packages/neutron_lib/callbacks/manager.py:192}}
Aug 31 18:01:55.571512 n-d-800086-17 neutron-server[102006]: DEBUG neutron.pecan_wsgi.hooks.policy_enforcement [req-0a517679-6864-4798-96e7-6276d103cd88 req-e876a382-a559-4a97-98f6-9fb774b09c3b tempest-DeleteServersAdminTestJSON-77192627 tempest-DeleteServersAdminTestJSON-77192627-project] Attributes excluded by policy engine: ['standard_attr_id', 'binding:profile', 'binding:host_id', 'binding:vif_type', 'binding:vif_details'] {{(pid=102006) _exclude_attributes_by_policy /opt/stack/neutron/neutron/pecan_wsgi/hooks/policy_enforcement.py:255}}
Aug 31 18:01:55.573057 n-d-800086-17 neutron-server[102006]: INFO neutron.wsgi [req-0a517679-6864-4798-96e7-6276d103cd88 req-e876a382-a559-4a97-98f6-9fb774b09c3b tempest-DeleteServersAdminTestJSON-77192627 tempest-DeleteServersAdminTestJSON-77192627-project] 10.222.0.21 "GET /v2.0/ports?device_id=093a168c-cded-41ea-bbb1-47d3a8264400 HTTP/1.1" status: 200 len: 949 time: 0.0525990
Aug 31 18:01:55.592573 n-d-800086-17 neutron-server[102005]: DEBUG neutron_lib.callbacks.manager [req-390aa6ca-7bc4-4f64-8cda-02ff4de7f58d req-fe7f308e-f569-4c6f-a9b9-f8a481396f25 service neutron] Notify callbacks ['neutron.plugins.ml2.plugin.SecurityGroupServerNotifierRpcMixin._notify_sg_on_port_change-1520701', 'neutron.plugins.ml2.ovo_rpc._ObjectChangeHandler.handle_event-36670', 'neutron.api.rpc.agentnotifiers.dhcp_rpc_agent_api.DhcpAgentNotifyAPI._native_event_send_dhcp_notification-636003', 'neutron.db.l3_db.L3RpcNotifierMixin._notify_gateway_port_ip_changed-8731752999379', 'neutron.db.l3_dvrscheduler_db._notify_l3_agent_port_update-8731752435496', 'neutron.db.l3_hascheduler_db._notify_l3_agent_ha_port_update-8731752435514'] for port, after_update {{(pid=102005) _notify_loop /usr/local/lib/python3.8/dist-packages/neutron_lib/callbacks/manager.py:192}}
Aug 31 18:01:55.612659 n-d-800086-17 neutron-server[102006]: INFO neutron.wsgi [req-0a517679-6864-4798-96e7-6276d103cd88 req-d87cb89e-6fe3-4f74-939b-b2f245ddeb0a tempest-DeleteServersAdminTestJSON-77192627 tempest-DeleteServersAdminTestJSON-77192627-project] 10.222.0.21 "GET /v2.0/security-groups?id=30ddfbf3-ee4e-4356-afdb-7b1b9aa9b921&fields=id&fields=name HTTP/1.1" status: 200 len: 286 time: 0.0323939
Aug 31 18:01:55.625907 n-d-800086-17 neutron-server[102005]: INFO neutron.wsgi [req-2e989856-98e5-40b6-b3d0-9d2ed97e8611 req-0c0dd842-adb0-4f44-9038-1f53ed60042d tempest-LiveAutoBlockMigrationV225Test-1064612742 tempest-LiveAutoBlockMigrationV225Test-1064612742-project] 10.222.0.21 "GET /v2.0/security-groups?id=e671e402-5e49-4365-b955-98685f5e88dc&fields=id&fields=name HTTP/1.1" status: 200 len: 286 time: 0.1418934
Aug 31 18:01:55.693271 n-d-800086-17 neutron-server[102005]: DEBUG neutron.api.rpc.handlers.resources_rpc [None req-23ea5d8b-e17e-46c1-b0e5-411af95105d7 service neutron] Pushing event updated for resources: {'Port': ['ID=26ae7ade-551c-4fca-94d7-96ccc18ffdf2,revision_number=7']} {{(pid=102005) push /opt/stack/neutron/neutron/api/rpc/handlers/resources_rpc.py:237}}
Aug 31 18:01:55.716558 n-d-800086-17 neutron-server[102005]: DEBUG neutron.plugins.ml2.managers [req-59d1ae6c-7886-4da9-ad94-98017d873ce6 req-23ea5d8b-e17e-46c1-b0e5-411af95105d7 service neutron] Attempting to bind port 26ae7ade-551c-4fca-94d7-96ccc18ffdf2 on host n-h1-800086-17 for vnic_type normal with profile {"migrating_to": "n-h2-800086-17"} {{(pid=102005) bind_port /opt/stack/neutron/neutron/plugins/ml2/managers.py:790}}
Aug 31 18:01:55.716981 n-d-800086-17 neutron-server[102005]: DEBUG neutron.plugins.ml2.managers [req-59d1ae6c-7886-4da9-ad94-98017d873ce6 req-23ea5d8b-e17e-46c1-b0e5-411af95105d7 service neutron] Attempting to bind port 26ae7ade-551c-4fca-94d7-96ccc18ffdf2 by drivers openvswitch,hyperv on host n-h1-800086-17 at level 0 using segments [{'id': 'f2a9a34e-ceb0-47db-91ea-90b6d53cd0b4', 'network_type': 'vlan', 'physical_network': 'physnet1', 'segmentation_id': 246, 'network_id': 'd3de2cff-4b3c-43ef-b918-11d2925ae509'}] {{(pid=102005) _bind_port_level /opt/stack/neutron/neutron/plugins/ml2/managers.py:815}}
Aug 31 18:01:55.725988 n-d-800086-17 neutron-server[102005]: DEBUG neutron.plugins.ml2.drivers.mech_agent [req-59d1ae6c-7886-4da9-ad94-98017d873ce6 req-23ea5d8b-e17e-46c1-b0e5-411af95105d7 service neutron] Attempting to bind port 26ae7ade-551c-4fca-94d7-96ccc18ffdf2 on network d3de2cff-4b3c-43ef-b918-11d2925ae509 {{(pid=102005) bind_port /opt/stack/neutron/neutron/plugins/ml2/drivers/mech_agent.py:85}}
Aug 31 18:01:55.764522 n-d-800086-17 neutron-server[102007]: DEBUG neutron.plugins.ml2.rpc [None req-611390cf-c9dc-4300-acf6-28a7aba05ae1 None None] Device 64874ae7-c430-40dd-a455-639150bb6e97 up at agent hyperv_n-h2-800086-17 {{(pid=102007) update_device_up /opt/stack/neutron/neutron/plugins/ml2/rpc.py:296}}
Aug 31 18:01:55.792132 n-d-800086-17 neutron-server[102005]: DEBUG neutron.plugins.ml2.drivers.mech_agent [req-59d1ae6c-7886-4da9-ad94-98017d873ce6 req-23ea5d8b-e17e-46c1-b0e5-411af95105d7 service neutron] Port 26ae7ade-551c-4fca-94d7-96ccc18ffdf2 on network d3de2cff-4b3c-43ef-b918-11d2925ae509 not bound, no agent of type Open vSwitch agent registered on host n-h1-800086-17 {{(pid=102005) bind_port /opt/stack/neutron/neutron/plugins/ml2/drivers/mech_agent.py:97}}
Aug 31 18:01:55.792132 n-d-800086-17 neutron-server[102005]: DEBUG neutron.plugins.ml2.drivers.mech_agent [req-59d1ae6c-7886-4da9-ad94-98017d873ce6 req-23ea5d8b-e17e-46c1-b0e5-411af95105d7 service neutron] Attempting to bind port 26ae7ade-551c-4fca-94d7-96ccc18ffdf2 on network d3de2cff-4b3c-43ef-b918-11d2925ae509 {{(pid=102005) bind_port /opt/stack/neutron/neutron/plugins/ml2/drivers/mech_agent.py:85}}
Aug 31 18:01:55.801289 n-d-800086-17 neutron-server[102005]: DEBUG neutron.plugins.ml2.drivers.mech_agent [req-59d1ae6c-7886-4da9-ad94-98017d873ce6 req-23ea5d8b-e17e-46c1-b0e5-411af95105d7 service neutron] Checking agent: {'id': 'd2bb3da6-b6e4-43be-8fc2-6f6313dde424', 'agent_type': 'HyperV agent', 'binary': 'neutron-hyperv-agent', 'topic': 'N/A', 'host': 'n-h1-800086-17', 'admin_state_up': True, 'created_at': datetime.datetime(2021, 8, 31, 17, 58, 21), 'started_at': datetime.datetime(2021, 8, 31, 17, 58, 21), 'heartbeat_timestamp': datetime.datetime(2021, 8, 31, 18, 1, 51), 'description': None, 'resources_synced': None, 'availability_zone': None, 'alive': True, 'configurations': {'vswitch_mappings': {'physnet1$': 'br-data'}}, 'resource_versions': {}} {{(pid=102005) bind_port /opt/stack/neutron/neutron/plugins/ml2/drivers/mech_agent.py:104}}
Aug 31 18:01:55.801714 n-d-800086-17 neutron-server[102005]: DEBUG neutron.plugins.ml2.drivers.mech_agent [req-59d1ae6c-7886-4da9-ad94-98017d873ce6 req-23ea5d8b-e17e-46c1-b0e5-411af95105d7 service neutron] Checking segment: {'id': 'f2a9a34e-ceb0-47db-91ea-90b6d53cd0b4', 'network_type': 'vlan', 'physical_network': 'physnet1', 'segmentation_id': 246, 'network_id': 'd3de2cff-4b3c-43ef-b918-11d2925ae509'} for mappings: {'physnet1$': 'br-data'} with network types: ['local', 'flat', 'vlan'] {{(pid=102005) check_segment_for_agent /opt/stack/neutron/neutron/plugins/ml2/drivers/mech_agent.py:352}}
Aug 31 18:01:55.802201 n-d-800086-17 neutron-server[102005]: DEBUG neutron.plugins.ml2.drivers.mech_agent [req-59d1ae6c-7886-4da9-ad94-98017d873ce6 req-23ea5d8b-e17e-46c1-b0e5-411af95105d7 service neutron] Bound using segment: {'id': 'f2a9a34e-ceb0-47db-91ea-90b6d53cd0b4', 'network_type': 'vlan', 'physical_network': 'physnet1', 'segmentation_id': 246, 'network_id': 'd3de2cff-4b3c-43ef-b918-11d2925ae509'} {{(pid=102005) bind_port /opt/stack/neutron/neutron/plugins/ml2/drivers/mech_agent.py:114}}
Aug 31 18:01:55.802912 n-d-800086-17 neutron-server[102005]: DEBUG neutron.plugins.ml2.managers [req-59d1ae6c-7886-4da9-ad94-98017d873ce6 req-23ea5d8b-e17e-46c1-b0e5-411af95105d7 service neutron] Bound port: 26ae7ade-551c-4fca-94d7-96ccc18ffdf2, host: n-h1-800086-17, vif_type: hyperv, vif_details: {"connectivity": "legacy", "port_filter": false}, binding_levels: [{'bound_driver': 'hyperv', 'bound_segment': {'id': 'f2a9a34e-ceb0-47db-91ea-90b6d53cd0b4', 'network_type': 'vlan', 'physical_network': 'physnet1', 'segmentation_id': 246, 'network_id': 'd3de2cff-4b3c-43ef-b918-11d2925ae509'}}] {{(pid=102005) _bind_port_level /opt/stack/neutron/neutron/plugins/ml2/managers.py:928}}
Aug 31 18:01:55.803440 n-d-800086-17 neutron-server[102005]: DEBUG neutron_lib.callbacks.manager [req-59d1ae6c-7886-4da9-ad94-98017d873ce6 req-23ea5d8b-e17e-46c1-b0e5-411af95105d7 service neutron] Notify callbacks ['neutron.plugins.ml2.plugin.SecurityGroupDbMixin._ensure_default_security_group_handler-1520762'] for port, before_update {{(pid=102005) _notify_loop /usr/local/lib/python3.8/dist-packages/neutron_lib/callbacks/manager.py:192}}
Aug 31 18:01:55.837522 n-d-800086-17 neutron-server[102005]: DEBUG neutron.plugins.ml2.managers [req-390aa6ca-7bc4-4f64-8cda-02ff4de7f58d req-fe7f308e-f569-4c6f-a9b9-f8a481396f25 service neutron] Attempting to bind port 7c5cd7d3-eae6-4883-a85c-d3c921729af0 on host n-h2-800086-17 for vnic_type normal with profile {{(pid=102005) bind_port /opt/stack/neutron/neutron/plugins/ml2/managers.py:790}}
Aug 31 18:01:55.837856 n-d-800086-17 neutron-server[102005]: DEBUG neutron.plugins.ml2.managers [req-390aa6ca-7bc4-4f64-8cda-02ff4de7f58d req-fe7f308e-f569-4c6f-a9b9-f8a481396f25 service neutron] Attempting to bind port 7c5cd7d3-eae6-4883-a85c-d3c921729af0 by drivers openvswitch,hyperv on host n-h2-800086-17 at level 0 using segments [{'id': '4aa2d98e-733a-4704-8fad-7fd3546fa55a', 'network_type': 'vlan', 'physical_network': 'physnet1', 'segmentation_id': 222, 'network_id': 'a91d25d3-be86-433b-947e-04598056cb7b'}] {{(pid=102005) _bind_port_level /opt/stack/neutron/neutron/plugins/ml2/managers.py:815}}
Aug 31 18:01:55.838176 n-d-800086-17 neutron-server[102005]: DEBUG neutron.plugins.ml2.drivers.mech_agent [req-390aa6ca-7bc4-4f64-8cda-02ff4de7f58d req-fe7f308e-f569-4c6f-a9b9-f8a481396f25 service neutron] Attempting to bind port 7c5cd7d3-eae6-4883-a85c-d3c921729af0 on network a91d25d3-be86-433b-947e-04598056cb7b {{(pid=102005) bind_port /opt/stack/neutron/neutron/plugins/ml2/drivers/mech_agent.py:85}}
Aug 31 18:01:55.851586 n-d-800086-17 neutron-server[102005]: DEBUG neutron.api.rpc.handlers.resources_rpc [None req-fe7f308e-f569-4c6f-a9b9-f8a481396f25 service neutron] Pushing event updated for resources: {'Port': ['ID=7c5cd7d3-eae6-4883-a85c-d3c921729af0,revision_number=2']} {{(pid=102005) push /opt/stack/neutron/neutron/api/rpc/handlers/resources_rpc.py:237}}
Aug 31 18:01:55.882052 n-d-800086-17 neutron-server[102006]: INFO neutron.wsgi [req-0d4bcb8f-1b7e-48f1-884b-775e6d7ba60a req-9722c508-5b33-4804-9801-e460043db79c tempest-QuotasAdminNegativeTest-2032679784 tempest-QuotasAdminNegativeTest-2032679784-project] 10.222.0.21 "GET /v2.0/networks?tenant_id=a988f2565a8a46988dc3abcbf06c8295&shared=False HTTP/1.1" status: 200 len: 213 time: 0.0347564
Aug 31 18:01:55.883097 n-d-800086-17 neutron-server[102005]: INFO neutron.wsgi [req-d2aa6473-aa40-4f67-b8f0-be61df9438ea req-f726be32-c9a2-49bc-a28b-2b7bc47fc139 tempest-SecurityGroupsTestAdminJSON-1982903790 tempest-SecurityGroupsTestAdminJSON-1982903790-project] 10.222.0.21 "GET /v2.0/security-groups/fc8b3d3f-76f9-47e6-b05d-571051bbe56c HTTP/1.1" status: 200 len: 1777 time: 0.2182512
Aug 31 18:01:55.885833 n-d-800086-17 neutron-server[102005]: DEBUG neutron.pecan_wsgi.hooks.quota_enforcement [req-0306c160-3a01-4aa3-a417-36638302c56f req-3f5136bf-fe51-49c6-99c6-18d7812e9404 tempest-ServersAdminTestJSON-506179830 tempest-ServersAdminTestJSON-506179830-project] Made reservation on behalf of a9618112fc18490e8480d402ce602953 for: {'port': 1} {{(pid=102005) before /opt/stack/neutron/neutron/pecan_wsgi/hooks/quota_enforcement.py:53}}
Aug 31 18:01:55.888922 n-d-800086-17 neutron-server[102005]: DEBUG neutron_lib.callbacks.manager [req-0306c160-3a01-4aa3-a417-36638302c56f req-3f5136bf-fe51-49c6-99c6-18d7812e9404 tempest-ServersAdminTestJSON-506179830 tempest-ServersAdminTestJSON-506179830-project] Notify callbacks ['neutron.plugins.ml2.plugin.SecurityGroupDbMixin._ensure_default_security_group_handler-1520762'] for port, before_create {{(pid=102005) _notify_loop /usr/local/lib/python3.8/dist-packages/neutron_lib/callbacks/manager.py:192}}
Aug 31 18:01:55.893512 n-d-800086-17 neutron-server[102005]: DEBUG neutron.plugins.ml2.drivers.mech_agent [req-390aa6ca-7bc4-4f64-8cda-02ff4de7f58d req-fe7f308e-f569-4c6f-a9b9-f8a481396f25 service neutron] Port 7c5cd7d3-eae6-4883-a85c-d3c921729af0 on network a91d25d3-be86-433b-947e-04598056cb7b not bound, no agent of type Open vSwitch agent registered on host n-h2-800086-17 {{(pid=102005) bind_port /opt/stack/neutron/neutron/plugins/ml2/drivers/mech_agent.py:97}}
Aug 31 18:01:55.893842 n-d-800086-17 neutron-server[102005]: DEBUG neutron.plugins.ml2.drivers.mech_agent [req-390aa6ca-7bc4-4f64-8cda-02ff4de7f58d req-fe7f308e-f569-4c6f-a9b9-f8a481396f25 service neutron] Attempting to bind port 7c5cd7d3-eae6-4883-a85c-d3c921729af0 on network a91d25d3-be86-433b-947e-04598056cb7b {{(pid=102005) bind_port /opt/stack/neutron/neutron/plugins/ml2/drivers/mech_agent.py:85}}
