Jul 15 16:42:48.241573 n-d-800085-3 devstack@n-api.service[115332]: DEBUG nova.policy [None req-39736400-95a6-4592-853b-7db82775f7a8 tempest-ServersAdminTestJSON-2088112992 tempest-ServersAdminTestJSON-2088112992-project] Policy check for os_compute_api:os-extended-server-attributes failed with credentials {'is_admin': False, 'user_id': '4dcd966220d84a87a1200ed5e4caadf0', 'user_domain_id': 'default', 'system_scope': None, 'domain_id': None, 'project_id': '6020d16d6b1a4311a53ae42b3a787935', 'project_domain_id': 'default', 'roles': ['member', 'reader'], 'is_admin_project': True, 'service_user_id': None, 'service_user_domain_id': None, 'service_project_id': None, 'service_project_domain_id': None, 'service_roles': []} {{(pid=115332) authorize /opt/stack/nova/nova/policy.py:199}}
Jul 15 16:42:48.244071 n-d-800085-3 devstack@n-api.service[115332]: /opt/stack/nova/nova/db/sqlalchemy/api.py:3000: SAWarning: TypeDecorator SoftDeleteInteger() will not produce a cache key because the ``cache_ok`` flag is not set to True. Set this flag to True if this type object's state is safe to use in a cache key, or False to disable this warning.
Jul 15 16:42:48.244071 n-d-800085-3 devstack@n-api.service[115332]: return _block_device_mapping_get_query(context).filter(
Jul 15 16:42:48.261260 n-d-800085-3 devstack@n-api.service[115332]: INFO nova.api.openstack.requestlog [None req-39736400-95a6-4592-853b-7db82775f7a8 tempest-ServersAdminTestJSON-2088112992 tempest-ServersAdminTestJSON-2088112992-project] 10.222.0.25 "GET /compute/v2.1/servers/998e45e9-3a18-4cf6-8694-e1b365a898a8" status: 200 len: 1314 microversion: 2.1 time: 0.685939
Jul 15 16:42:48.272246 n-d-800085-3 devstack@n-api.service[115332]: [pid: 115332|app: 0|req: 120/282] 10.222.0.25 () {58 vars in 1236 bytes} [Thu Jul 15 16:42:47 2021] GET /compute/v2.1/servers/998e45e9-3a18-4cf6-8694-e1b365a898a8 => generated 1314 bytes in 697 msecs (HTTP/1.1 200) 9 headers in 358 bytes (1 switches on core 0)
Jul 15 16:42:48.282128 n-d-800085-3 devstack@n-api.service[115332]: DEBUG nova.api.openstack.wsgi [None req-3aacecdf-0e8e-4fba-84f1-1cfb895746b9 tempest-ServersWithSpecificFlavorTestJSON-558388330 tempest-ServersWithSpecificFlavorTestJSON-558388330-project] Action: 'action', calling method: >, body: {"os-getConsoleOutput": {}} {{(pid=115332) _process_stack /opt/stack/nova/nova/api/openstack/wsgi.py:511}}
Jul 15 16:42:48.283421 n-d-800085-3 devstack@n-api.service[115332]: DEBUG nova.compute.api [None req-3aacecdf-0e8e-4fba-84f1-1cfb895746b9 tempest-ServersWithSpecificFlavorTestJSON-558388330 tempest-ServersWithSpecificFlavorTestJSON-558388330-project] [instance: 6f9fa08c-7875-4f25-8cd9-3550615cba5f] Fetching instance by UUID {{(pid=115332) get /opt/stack/nova/nova/compute/api.py:2793}}
Jul 15 16:42:48.292469 n-d-800085-3 devstack@n-api.service[115332]: DEBUG oslo_concurrency.lockutils [None req-3aacecdf-0e8e-4fba-84f1-1cfb895746b9 tempest-ServersWithSpecificFlavorTestJSON-558388330 tempest-ServersWithSpecificFlavorTestJSON-558388330-project] Lock "e9528a24-1c5d-4714-827b-9cbe2e29defb" acquired by "nova.context.set_target_cell..get_or_set_cached_cell_and_set_connections" :: waited 0.000s {{(pid=115332) inner /usr/local/lib/python3.8/dist-packages/oslo_concurrency/lockutils.py:355}}
Jul 15 16:42:48.293658 n-d-800085-3 devstack@n-api.service[115332]: DEBUG oslo_concurrency.lockutils [None req-3aacecdf-0e8e-4fba-84f1-1cfb895746b9 tempest-ServersWithSpecificFlavorTestJSON-558388330 tempest-ServersWithSpecificFlavorTestJSON-558388330-project] Lock "e9528a24-1c5d-4714-827b-9cbe2e29defb" released by "nova.context.set_target_cell..get_or_set_cached_cell_and_set_connections" :: held 0.002s {{(pid=115332) inner /usr/local/lib/python3.8/dist-packages/oslo_concurrency/lockutils.py:367}}
Jul 15 16:42:48.294863 n-d-800085-3 devstack@n-api.service[115332]: DEBUG oslo_concurrency.lockutils [None req-3aacecdf-0e8e-4fba-84f1-1cfb895746b9 tempest-ServersWithSpecificFlavorTestJSON-558388330 tempest-ServersWithSpecificFlavorTestJSON-558388330-project] Lock "e9528a24-1c5d-4714-827b-9cbe2e29defb" acquired by "nova.context.set_target_cell..get_or_set_cached_cell_and_set_connections" :: waited 0.000s {{(pid=115332) inner /usr/local/lib/python3.8/dist-packages/oslo_concurrency/lockutils.py:355}}
Jul 15 16:42:48.296664 n-d-800085-3 devstack@n-api.service[115332]: DEBUG oslo_concurrency.lockutils [None req-3aacecdf-0e8e-4fba-84f1-1cfb895746b9 tempest-ServersWithSpecificFlavorTestJSON-558388330 tempest-ServersWithSpecificFlavorTestJSON-558388330-project] Lock "e9528a24-1c5d-4714-827b-9cbe2e29defb" released by "nova.context.set_target_cell..get_or_set_cached_cell_and_set_connections" :: held 0.001s {{(pid=115332) inner /usr/local/lib/python3.8/dist-packages/oslo_concurrency/lockutils.py:367}}
Jul 15 16:42:48.299852 n-d-800085-3 devstack@n-api.service[115332]: /opt/stack/nova/nova/db/sqlalchemy/api.py:1385: SAWarning: TypeDecorator SoftDeleteInteger() will not produce a cache key because the ``cache_ok`` flag is not set to True. Set this flag to True if this type object's state is safe to use in a cache key, or False to disable this warning.
Jul 15 16:42:48.299852 n-d-800085-3 devstack@n-api.service[115332]: result = _build_instance_get(context, columns_to_join=columns_to_join).\
Jul 15 16:42:48.384919 n-d-800085-3 devstack@n-api.service[115332]: INFO nova.api.openstack.requestlog [None req-3aacecdf-0e8e-4fba-84f1-1cfb895746b9 tempest-ServersWithSpecificFlavorTestJSON-558388330 tempest-ServersWithSpecificFlavorTestJSON-558388330-project] 10.222.0.25 "POST /compute/v2.1/servers/6f9fa08c-7875-4f25-8cd9-3550615cba5f/action" status: 200 len: 14 microversion: 2.1 time: 0.109695
Jul 15 16:42:48.385734 n-d-800085-3 devstack@n-api.service[115332]: [pid: 115332|app: 0|req: 121/283] 10.222.0.25 () {60 vars in 1278 bytes} [Thu Jul 15 16:42:48 2021] POST /compute/v2.1/servers/6f9fa08c-7875-4f25-8cd9-3550615cba5f/action => generated 14 bytes in 112 msecs (HTTP/1.1 200) 9 headers in 356 bytes (1 switches on core 0)
Jul 15 16:42:48.393766 n-d-800085-3 devstack@n-api.service[115332]: DEBUG nova.api.openstack.wsgi [None req-85ade1f3-284b-4c78-90a3-f7434ee9d3ed tempest-AggregatesAdminTestV241-437515830 tempest-AggregatesAdminTestV241-437515830-project-admin] Action: 'create', calling method: >, body: {"aggregate": {"name": "tempest-test_aggregate-20685391"}} {{(pid=115332) _process_stack /opt/stack/nova/nova/api/openstack/wsgi.py:511}}
Jul 15 16:42:48.395332 n-d-800085-3 devstack@n-api.service[115332]: /usr/local/lib/python3.8/dist-packages/oslo_policy/policy.py:1064: UserWarning: Policy os_compute_api:os-aggregates:create failed scope check. The token used to make the request was project scoped but the policy requires ['system'] scope. This behavior may change in the future where using the intended scope is required
Jul 15 16:42:48.395332 n-d-800085-3 devstack@n-api.service[115332]: warnings.warn(msg)
Jul 15 16:42:48.396842 n-d-800085-3 devstack@n-api.service[115332]: DEBUG nova.objects.aggregate [None req-85ade1f3-284b-4c78-90a3-f7434ee9d3ed tempest-AggregatesAdminTestV241-437515830 tempest-AggregatesAdminTestV241-437515830-project-admin] Generated uuid ba1f8572-2e59-4ac1-a0d1-e5b041e09fc6 for aggregate {{(pid=115332) create /opt/stack/nova/nova/objects/aggregate.py:299}}
Jul 15 16:42:48.411928 n-d-800085-3 devstack@n-api.service[115333]: DEBUG nova.policy [None req-430e2424-07a8-418e-b8b6-503444d5f43a tempest-LiveAutoBlockMigrationV225Test-1978714631 tempest-LiveAutoBlockMigrationV225Test-1978714631-project] Policy check for os_compute_api:os-extended-server-attributes failed with credentials {'is_admin': False, 'user_id': 'bb96a562bec04b08b31e7056ba99fd21', 'user_domain_id': 'default', 'system_scope': None, 'domain_id': None, 'project_id': '068a326cd3c54277ae6cac90328d7e76', 'project_domain_id': 'default', 'roles': ['member', 'reader'], 'is_admin_project': True, 'service_user_id': None, 'service_user_domain_id': None, 'service_project_id': None, 'service_project_domain_id': None, 'service_roles': []} {{(pid=115333) authorize /opt/stack/nova/nova/policy.py:199}}
Jul 15 16:42:48.416694 n-d-800085-3 devstack@n-api.service[115333]: /opt/stack/nova/nova/db/sqlalchemy/api.py:3000: SAWarning: TypeDecorator SoftDeleteInteger() will not produce a cache key because the ``cache_ok`` flag is not set to True. Set this flag to True if this type object's state is safe to use in a cache key, or False to disable this warning.
Jul 15 16:42:48.416694 n-d-800085-3 devstack@n-api.service[115333]: return _block_device_mapping_get_query(context).filter(
Jul 15 16:42:48.431175 n-d-800085-3 devstack@n-api.service[115333]: DEBUG nova.policy [None req-430e2424-07a8-418e-b8b6-503444d5f43a tempest-LiveAutoBlockMigrationV225Test-1978714631 tempest-LiveAutoBlockMigrationV225Test-1978714631-project] Policy check for os_compute_api:servers:show:host_status failed with credentials {'is_admin': False, 'user_id': 'bb96a562bec04b08b31e7056ba99fd21', 'user_domain_id': 'default', 'system_scope': None, 'domain_id': None, 'project_id': '068a326cd3c54277ae6cac90328d7e76', 'project_domain_id': 'default', 'roles': ['member', 'reader'], 'is_admin_project': True, 'service_user_id': None, 'service_user_domain_id': None, 'service_project_id': None, 'service_project_domain_id': None, 'service_roles': []} {{(pid=115333) authorize /opt/stack/nova/nova/policy.py:199}}
Jul 15 16:42:48.433893 n-d-800085-3 devstack@n-api.service[115332]: INFO nova.api.openstack.requestlog [None req-85ade1f3-284b-4c78-90a3-f7434ee9d3ed tempest-AggregatesAdminTestV241-437515830 tempest-AggregatesAdminTestV241-437515830-project-admin] 10.222.0.25 "POST /compute/v2.1/os-aggregates" status: 200 len: 245 microversion: 2.41 time: 0.044261
Jul 15 16:42:48.439605 n-d-800085-3 devstack@n-api.service[115333]: DEBUG nova.policy [None req-430e2424-07a8-418e-b8b6-503444d5f43a tempest-LiveAutoBlockMigrationV225Test-1978714631 tempest-LiveAutoBlockMigrationV225Test-1978714631-project] Policy check for os_compute_api:servers:show:host_status:unknown-only failed with credentials {'is_admin': False, 'user_id': 'bb96a562bec04b08b31e7056ba99fd21', 'user_domain_id': 'default', 'system_scope': None, 'domain_id': None, 'project_id': '068a326cd3c54277ae6cac90328d7e76', 'project_domain_id': 'default', 'roles': ['member', 'reader'], 'is_admin_project': True, 'service_user_id': None, 'service_user_domain_id': None, 'service_project_id': None, 'service_project_domain_id': None, 'service_roles': []} {{(pid=115333) authorize /opt/stack/nova/nova/policy.py:199}}
Jul 15 16:42:48.439836 n-d-800085-3 devstack@n-api.service[115332]: [pid: 115332|app: 0|req: 122/284] 10.222.0.25 () {62 vars in 1205 bytes} [Thu Jul 15 16:42:48 2021] POST /compute/v2.1/os-aggregates => generated 245 bytes in 51 msecs (HTTP/1.1 200) 9 headers in 359 bytes (1 switches on core 0)
Jul 15 16:42:48.441108 n-d-800085-3 devstack@n-api.service[115333]: INFO nova.api.openstack.requestlog [None req-430e2424-07a8-418e-b8b6-503444d5f43a tempest-LiveAutoBlockMigrationV225Test-1978714631 tempest-LiveAutoBlockMigrationV225Test-1978714631-project] 10.222.0.25 "GET /compute/v2.1/servers/f7068249-8af4-44f2-90ad-4340b070f4fe" status: 200 len: 1361 microversion: 2.25 time: 0.662830
Jul 15 16:42:48.442230 n-d-800085-3 devstack@n-api.service[115333]: [pid: 115333|app: 0|req: 163/285] 10.222.0.25 () {60 vars in 1277 bytes} [Thu Jul 15 16:42:47 2021] GET /compute/v2.1/servers/f7068249-8af4-44f2-90ad-4340b070f4fe => generated 1361 bytes in 665 msecs (HTTP/1.1 200) 9 headers in 360 bytes (1 switches on core 0)
Jul 15 16:42:48.447545 n-d-800085-3 devstack@n-api.service[115332]: DEBUG nova.api.openstack.wsgi [None req-d4bdcad5-7379-4aba-9697-d62b4241f03e tempest-LiveMigrationNegativeTest-679261992 tempest-LiveMigrationNegativeTest-679261992-project] Calling method '>' {{(pid=115332) _process_stack /opt/stack/nova/nova/api/openstack/wsgi.py:513}}
Jul 15 16:42:48.448419 n-d-800085-3 devstack@n-api.service[115333]: DEBUG nova.api.openstack.wsgi [None req-94c65fcc-f79a-4cef-a0ac-0693c7ec3f86 tempest-LiveMigrationTest-174088388 tempest-LiveMigrationTest-174088388-project] Calling method '>' {{(pid=115333) _process_stack /opt/stack/nova/nova/api/openstack/wsgi.py:513}}
Jul 15 16:42:48.448840 n-d-800085-3 devstack@n-api.service[115332]: DEBUG nova.compute.api [None req-d4bdcad5-7379-4aba-9697-d62b4241f03e tempest-LiveMigrationNegativeTest-679261992 tempest-LiveMigrationNegativeTest-679261992-project] [instance: 82f18fc9-dbe9-44d3-aa7d-bc891a133f4e] Fetching instance by UUID {{(pid=115332) get /opt/stack/nova/nova/compute/api.py:2793}}
Jul 15 16:42:48.449764 n-d-800085-3 devstack@n-api.service[115333]: DEBUG nova.compute.api [None req-94c65fcc-f79a-4cef-a0ac-0693c7ec3f86 tempest-LiveMigrationTest-174088388 tempest-LiveMigrationTest-174088388-project] [instance: daac775e-09a2-4b90-896d-ccb0d7fbb021] Fetching instance by UUID {{(pid=115333) get /opt/stack/nova/nova/compute/api.py:2793}}
Jul 15 16:42:48.461041 n-d-800085-3 devstack@n-api.service[115333]: DEBUG oslo_concurrency.lockutils [None req-94c65fcc-f79a-4cef-a0ac-0693c7ec3f86 tempest-LiveMigrationTest-174088388 tempest-LiveMigrationTest-174088388-project] Lock "e9528a24-1c5d-4714-827b-9cbe2e29defb" acquired by "nova.context.set_target_cell..get_or_set_cached_cell_and_set_connections" :: waited 0.000s {{(pid=115333) inner /usr/local/lib/python3.8/dist-packages/oslo_concurrency/lockutils.py:355}}
Jul 15 16:42:48.463963 n-d-800085-3 devstack@n-api.service[115333]: DEBUG oslo_concurrency.lockutils [None req-94c65fcc-f79a-4cef-a0ac-0693c7ec3f86 tempest-LiveMigrationTest-174088388 tempest-LiveMigrationTest-174088388-project] Lock "e9528a24-1c5d-4714-827b-9cbe2e29defb" released by "nova.context.set_target_cell..get_or_set_cached_cell_and_set_connections" :: held 0.003s {{(pid=115333) inner /usr/local/lib/python3.8/dist-packages/oslo_concurrency/lockutils.py:367}}
Jul 15 16:42:48.464600 n-d-800085-3 devstack@n-api.service[115332]: DEBUG oslo_concurrency.lockutils [None req-d4bdcad5-7379-4aba-9697-d62b4241f03e tempest-LiveMigrationNegativeTest-679261992 tempest-LiveMigrationNegativeTest-679261992-project] Lock "e9528a24-1c5d-4714-827b-9cbe2e29defb" acquired by "nova.context.set_target_cell..get_or_set_cached_cell_and_set_connections" :: waited 0.000s {{(pid=115332) inner /usr/local/lib/python3.8/dist-packages/oslo_concurrency/lockutils.py:355}}
Jul 15 16:42:48.465274 n-d-800085-3 devstack@n-api.service[115332]: DEBUG oslo_concurrency.lockutils [None req-d4bdcad5-7379-4aba-9697-d62b4241f03e tempest-LiveMigrationNegativeTest-679261992 tempest-LiveMigrationNegativeTest-679261992-project] Lock "e9528a24-1c5d-4714-827b-9cbe2e29defb" released by "nova.context.set_target_cell..get_or_set_cached_cell_and_set_connections" :: held 0.002s {{(pid=115332) inner /usr/local/lib/python3.8/dist-packages/oslo_concurrency/lockutils.py:367}}
Jul 15 16:42:48.467332 n-d-800085-3 devstack@n-api.service[115332]: DEBUG oslo_concurrency.lockutils [None req-d4bdcad5-7379-4aba-9697-d62b4241f03e tempest-LiveMigrationNegativeTest-679261992 tempest-LiveMigrationNegativeTest-679261992-project] Lock "e9528a24-1c5d-4714-827b-9cbe2e29defb" acquired by "nova.context.set_target_cell..get_or_set_cached_cell_and_set_connections" :: waited 0.000s {{(pid=115332) inner /usr/local/lib/python3.8/dist-packages/oslo_concurrency/lockutils.py:355}}
Jul 15 16:42:48.467601 n-d-800085-3 devstack@n-api.service[115333]: DEBUG oslo_concurrency.lockutils [None req-94c65fcc-f79a-4cef-a0ac-0693c7ec3f86 tempest-LiveMigrationTest-174088388 tempest-LiveMigrationTest-174088388-project] Lock "e9528a24-1c5d-4714-827b-9cbe2e29defb" acquired by "nova.context.set_target_cell..get_or_set_cached_cell_and_set_connections" :: waited 0.000s {{(pid=115333) inner /usr/local/lib/python3.8/dist-packages/oslo_concurrency/lockutils.py:355}}
Jul 15 16:42:48.468403 n-d-800085-3 devstack@n-api.service[115333]: DEBUG oslo_concurrency.lockutils [None req-94c65fcc-f79a-4cef-a0ac-0693c7ec3f86 tempest-LiveMigrationTest-174088388 tempest-LiveMigrationTest-174088388-project] Lock "e9528a24-1c5d-4714-827b-9cbe2e29defb" released by "nova.context.set_target_cell..get_or_set_cached_cell_and_set_connections" :: held 0.002s {{(pid=115333) inner /usr/local/lib/python3.8/dist-packages/oslo_concurrency/lockutils.py:367}}
Jul 15 16:42:48.472634 n-d-800085-3 devstack@n-api.service[115333]: /opt/stack/nova/nova/db/sqlalchemy/api.py:1385: SAWarning: TypeDecorator SoftDeleteInteger() will not produce a cache key because the ``cache_ok`` flag is not set to True. Set this flag to True if this type object's state is safe to use in a cache key, or False to disable this warning.
Jul 15 16:42:48.472634 n-d-800085-3 devstack@n-api.service[115333]: result = _build_instance_get(context, columns_to_join=columns_to_join).\
Jul 15 16:42:48.473118 n-d-800085-3 devstack@n-api.service[115332]: DEBUG oslo_concurrency.lockutils [None req-d4bdcad5-7379-4aba-9697-d62b4241f03e tempest-LiveMigrationNegativeTest-679261992 tempest-LiveMigrationNegativeTest-679261992-project] Lock "e9528a24-1c5d-4714-827b-9cbe2e29defb" released by "nova.context.set_target_cell..get_or_set_cached_cell_and_set_connections" :: held 0.002s {{(pid=115332) inner /usr/local/lib/python3.8/dist-packages/oslo_concurrency/lockutils.py:367}}
Jul 15 16:42:48.478926 n-d-800085-3 devstack@n-api.service[115332]: /opt/stack/nova/nova/db/sqlalchemy/api.py:1385: SAWarning: TypeDecorator SoftDeleteInteger() will not produce a cache key because the ``cache_ok`` flag is not set to True. Set this flag to True if this type object's state is safe to use in a cache key, or False to disable this warning.
Jul 15 16:42:48.478926 n-d-800085-3 devstack@n-api.service[115332]: result = _build_instance_get(context, columns_to_join=columns_to_join).\
Jul 15 16:42:48.666858 n-d-800085-3 devstack@n-api.service[115333]: DEBUG nova.policy [None req-94c65fcc-f79a-4cef-a0ac-0693c7ec3f86 tempest-LiveMigrationTest-174088388 tempest-LiveMigrationTest-174088388-project] Policy check for os_compute_api:os-extended-server-attributes failed with credentials {'is_admin': False, 'user_id': 'b37fac36638c42b9915f2b2648c1d664', 'user_domain_id': 'default', 'system_scope': None, 'domain_id': None, 'project_id': '909cbd84e21244cdbc9b7b43a9ebf41d', 'project_domain_id': 'default', 'roles': ['member', 'reader'], 'is_admin_project': True, 'service_user_id': None, 'service_user_domain_id': None, 'service_project_id': None, 'service_project_domain_id': None, 'service_roles': []} {{(pid=115333) authorize /opt/stack/nova/nova/policy.py:199}}
Jul 15 16:42:48.669642 n-d-800085-3 devstack@n-api.service[115333]: /opt/stack/nova/nova/db/sqlalchemy/api.py:3000: SAWarning: TypeDecorator SoftDeleteInteger() will not produce a cache key because the ``cache_ok`` flag is not set to True. Set this flag to True if this type object's state is safe to use in a cache key, or False to disable this warning.
Jul 15 16:42:48.669642 n-d-800085-3 devstack@n-api.service[115333]: return _block_device_mapping_get_query(context).filter(
Jul 15 16:42:48.677798 n-d-800085-3 devstack@n-api.service[115333]: INFO nova.api.openstack.requestlog [None req-94c65fcc-f79a-4cef-a0ac-0693c7ec3f86 tempest-LiveMigrationTest-174088388 tempest-LiveMigrationTest-174088388-project] 10.222.0.25 "GET /compute/v2.1/servers/daac775e-09a2-4b90-896d-ccb0d7fbb021" status: 200 len: 1269 microversion: 2.1 time: 0.234311
Jul 15 16:42:48.678385 n-d-800085-3 devstack@n-api.service[115333]: [pid: 115333|app: 0|req: 164/286] 10.222.0.25 () {58 vars in 1236 bytes} [Thu Jul 15 16:42:48 2021] GET /compute/v2.1/servers/daac775e-09a2-4b90-896d-ccb0d7fbb021 => generated 1269 bytes in 235 msecs (HTTP/1.1 200) 9 headers in 358 bytes (1 switches on core 0)
Jul 15 16:42:48.805495 n-d-800085-3 devstack@n-api.service[115333]: DEBUG nova.api.openstack.wsgi [None req-dd45ac89-bb9e-4216-ad11-16d11aff9bcb tempest-HostsAdminNegativeTestJSON-833975183 tempest-HostsAdminNegativeTestJSON-833975183-project-admin] Calling method '.version_select at 0x7fdab36249d0>' {{(pid=115333) _process_stack /opt/stack/nova/nova/api/openstack/wsgi.py:513}}
Jul 15 16:42:48.806982 n-d-800085-3 devstack@n-api.service[115333]: /usr/local/lib/python3.8/dist-packages/oslo_policy/policy.py:1064: UserWarning: Policy os_compute_api:os-hosts:list failed scope check. The token used to make the request was project scoped but the policy requires ['system'] scope. This behavior may change in the future where using the intended scope is required
Jul 15 16:42:48.806982 n-d-800085-3 devstack@n-api.service[115333]: warnings.warn(msg)
Jul 15 16:42:48.809112 n-d-800085-3 devstack@n-api.service[115333]: DEBUG oslo_concurrency.lockutils [None req-dd45ac89-bb9e-4216-ad11-16d11aff9bcb tempest-HostsAdminNegativeTestJSON-833975183 tempest-HostsAdminNegativeTestJSON-833975183-project-admin] Lock "00000000-0000-0000-0000-000000000000" acquired by "nova.context.set_target_cell..get_or_set_cached_cell_and_set_connections" :: waited 0.000s {{(pid=115333) inner /usr/local/lib/python3.8/dist-packages/oslo_concurrency/lockutils.py:355}}
Jul 15 16:42:48.809828 n-d-800085-3 devstack@n-api.service[115333]: DEBUG oslo_concurrency.lockutils [None req-dd45ac89-bb9e-4216-ad11-16d11aff9bcb tempest-HostsAdminNegativeTestJSON-833975183 tempest-HostsAdminNegativeTestJSON-833975183-project-admin] Lock "00000000-0000-0000-0000-000000000000" released by "nova.context.set_target_cell..get_or_set_cached_cell_and_set_connections" :: held 0.001s {{(pid=115333) inner /usr/local/lib/python3.8/dist-packages/oslo_concurrency/lockutils.py:367}}
Jul 15 16:42:48.811680 n-d-800085-3 devstack@n-api.service[115333]: DEBUG oslo_concurrency.lockutils [None req-dd45ac89-bb9e-4216-ad11-16d11aff9bcb tempest-HostsAdminNegativeTestJSON-833975183 tempest-HostsAdminNegativeTestJSON-833975183-project-admin] Lock "e9528a24-1c5d-4714-827b-9cbe2e29defb" acquired by "nova.context.set_target_cell..get_or_set_cached_cell_and_set_connections" :: waited 0.000s {{(pid=115333) inner /usr/local/lib/python3.8/dist-packages/oslo_concurrency/lockutils.py:355}}
Jul 15 16:42:48.812378 n-d-800085-3 devstack@n-api.service[115333]: DEBUG oslo_concurrency.lockutils [None req-dd45ac89-bb9e-4216-ad11-16d11aff9bcb tempest-HostsAdminNegativeTestJSON-833975183 tempest-HostsAdminNegativeTestJSON-833975183-project-admin] Lock "e9528a24-1c5d-4714-827b-9cbe2e29defb" released by "nova.context.set_target_cell..get_or_set_cached_cell_and_set_connections" :: held 0.002s {{(pid=115333) inner /usr/local/lib/python3.8/dist-packages/oslo_concurrency/lockutils.py:367}}
Jul 15 16:42:48.816045 n-d-800085-3 devstack@n-api.service[115333]: /opt/stack/nova/nova/db/sqlalchemy/api.py:450: SAWarning: TypeDecorator SoftDeleteInteger() will not produce a cache key because the ``cache_ok`` flag is not set to True. Set this flag to True if this type object's state is safe to use in a cache key, or False to disable this warning.
Jul 15 16:42:48.816045 n-d-800085-3 devstack@n-api.service[115333]: return query.all()
Jul 15 16:42:48.835232 n-d-800085-3 devstack@n-api.service[115332]: DEBUG nova.policy [None req-d4bdcad5-7379-4aba-9697-d62b4241f03e tempest-LiveMigrationNegativeTest-679261992 tempest-LiveMigrationNegativeTest-679261992-project] Policy check for os_compute_api:os-extended-server-attributes failed with credentials {'is_admin': False, 'user_id': '7af312307ac1409e804c710e23a40cd9', 'user_domain_id': 'default', 'system_scope': None, 'domain_id': None, 'project_id': '30961eab2b7d40b991bcc17b9f990710', 'project_domain_id': 'default', 'roles': ['member', 'reader'], 'is_admin_project': True, 'service_user_id': None, 'service_user_domain_id': None, 'service_project_id': None, 'service_project_domain_id': None, 'service_roles': []} {{(pid=115332) authorize /opt/stack/nova/nova/policy.py:199}}
Jul 15 16:42:48.837982 n-d-800085-3 devstack@n-api.service[115332]: /opt/stack/nova/nova/db/sqlalchemy/api.py:3000: SAWarning: TypeDecorator SoftDeleteInteger() will not produce a cache key because the ``cache_ok`` flag is not set to True. Set this flag to True if this type object's state is safe to use in a cache key, or False to disable this warning.
Jul 15 16:42:48.837982 n-d-800085-3 devstack@n-api.service[115332]: return _block_device_mapping_get_query(context).filter(
Jul 15 16:42:48.851964 n-d-800085-3 devstack@n-api.service[115332]: INFO nova.api.openstack.requestlog [None req-d4bdcad5-7379-4aba-9697-d62b4241f03e tempest-LiveMigrationNegativeTest-679261992 tempest-LiveMigrationNegativeTest-679261992-project] 10.222.0.25 "GET /compute/v2.1/servers/82f18fc9-dbe9-44d3-aa7d-bc891a133f4e" status: 200 len: 1318 microversion: 2.1 time: 0.406265
Jul 15 16:42:48.853244 n-d-800085-3 devstack@n-api.service[115332]: [pid: 115332|app: 0|req: 123/287] 10.222.0.25 () {58 vars in 1236 bytes} [Thu Jul 15 16:42:48 2021] GET /compute/v2.1/servers/82f18fc9-dbe9-44d3-aa7d-bc891a133f4e => generated 1318 bytes in 413 msecs (HTTP/1.1 200) 9 headers in 358 bytes (1 switches on core 0)
Jul 15 16:42:48.855524 n-d-800085-3 devstack@n-api.service[115333]: INFO nova.api.openstack.requestlog [None req-dd45ac89-bb9e-4216-ad11-16d11aff9bcb tempest-HostsAdminNegativeTestJSON-833975183 tempest-HostsAdminNegativeTestJSON-833975183-project-admin] 10.222.0.25 "GET /compute/v2.1/os-hosts" status: 200 len: 376 microversion: 2.1 time: 0.175661
Jul 15 16:42:48.858437 n-d-800085-3 devstack@n-api.service[115332]: DEBUG nova.api.openstack.wsgi [None req-2f9c3673-7d3f-41f0-93ab-76a568b1b3ef tempest-AggregatesAdminTestV241-437515830 tempest-AggregatesAdminTestV241-437515830-project-admin] Action: 'update', calling method: >, body: {"aggregate": {"name": "tempest-test_aggregate-1996110880"}} {{(pid=115332) _process_stack /opt/stack/nova/nova/api/openstack/wsgi.py:511}}
Jul 15 16:42:48.859935 n-d-800085-3 devstack@n-api.service[115332]: /usr/local/lib/python3.8/dist-packages/oslo_policy/policy.py:1064: UserWarning: Policy os_compute_api:os-aggregates:update failed scope check. The token used to make the request was project scoped but the policy requires ['system'] scope. This behavior may change in the future where using the intended scope is required
Jul 15 16:42:48.859935 n-d-800085-3 devstack@n-api.service[115332]: warnings.warn(msg)
Jul 15 16:42:48.862220 n-d-800085-3 devstack@n-api.service[115333]: [pid: 115333|app: 0|req: 165/288] 10.222.0.25 () {58 vars in 1128 bytes} [Thu Jul 15 16:42:48 2021] GET /compute/v2.1/os-hosts => generated 376 bytes in 183 msecs (HTTP/1.1 200) 9 headers in 357 bytes (1 switches on core 0)
Jul 15 16:42:48.868450 n-d-800085-3 devstack@n-api.service[115333]: DEBUG nova.api.openstack.wsgi [None req-ce64dbb8-a992-4e9b-b31e-7aec882ece04 tempest-ServerDiagnosticsNegativeTest-972239050 tempest-ServerDiagnosticsNegativeTest-972239050-project] Calling method '>' {{(pid=115333) _process_stack /opt/stack/nova/nova/api/openstack/wsgi.py:513}}
Jul 15 16:42:48.869396 n-d-800085-3 devstack@n-api.service[115333]: DEBUG nova.compute.api [None req-ce64dbb8-a992-4e9b-b31e-7aec882ece04 tempest-ServerDiagnosticsNegativeTest-972239050 tempest-ServerDiagnosticsNegativeTest-972239050-project] [instance: 9b108c84-84ed-4cab-b5e7-bfe67552957c] Fetching instance by UUID {{(pid=115333) get /opt/stack/nova/nova/compute/api.py:2793}}
Jul 15 16:42:48.876575 n-d-800085-3 devstack@n-api.service[115333]: DEBUG oslo_concurrency.lockutils [None req-ce64dbb8-a992-4e9b-b31e-7aec882ece04 tempest-ServerDiagnosticsNegativeTest-972239050 tempest-ServerDiagnosticsNegativeTest-972239050-project] Lock "e9528a24-1c5d-4714-827b-9cbe2e29defb" acquired by "nova.context.set_target_cell..get_or_set_cached_cell_and_set_connections" :: waited 0.000s {{(pid=115333) inner /usr/local/lib/python3.8/dist-packages/oslo_concurrency/lockutils.py:355}}
Jul 15 16:42:48.877345 n-d-800085-3 devstack@n-api.service[115333]: DEBUG oslo_concurrency.lockutils [None req-ce64dbb8-a992-4e9b-b31e-7aec882ece04 tempest-ServerDiagnosticsNegativeTest-972239050 tempest-ServerDiagnosticsNegativeTest-972239050-project] Lock "e9528a24-1c5d-4714-827b-9cbe2e29defb" released by "nova.context.set_target_cell..get_or_set_cached_cell_and_set_connections" :: held 0.001s {{(pid=115333) inner /usr/local/lib/python3.8/dist-packages/oslo_concurrency/lockutils.py:367}}
Jul 15 16:42:48.878207 n-d-800085-3 devstack@n-api.service[115333]: DEBUG oslo_concurrency.lockutils [None req-ce64dbb8-a992-4e9b-b31e-7aec882ece04 tempest-ServerDiagnosticsNegativeTest-972239050 tempest-ServerDiagnosticsNegativeTest-972239050-project] Lock "e9528a24-1c5d-4714-827b-9cbe2e29defb" acquired by "nova.context.set_target_cell..get_or_set_cached_cell_and_set_connections" :: waited 0.000s {{(pid=115333) inner /usr/local/lib/python3.8/dist-packages/oslo_concurrency/lockutils.py:355}}
Jul 15 16:42:48.878852 n-d-800085-3 devstack@n-api.service[115333]: DEBUG oslo_concurrency.lockutils [None req-ce64dbb8-a992-4e9b-b31e-7aec882ece04 tempest-ServerDiagnosticsNegativeTest-972239050 tempest-ServerDiagnosticsNegativeTest-972239050-project] Lock "e9528a24-1c5d-4714-827b-9cbe2e29defb" released by "nova.context.set_target_cell..get_or_set_cached_cell_and_set_connections" :: held 0.001s {{(pid=115333) inner /usr/local/lib/python3.8/dist-packages/oslo_concurrency/lockutils.py:367}}
Jul 15 16:42:48.883062 n-d-800085-3 devstack@n-api.service[115333]: /opt/stack/nova/nova/db/sqlalchemy/api.py:1385: SAWarning: TypeDecorator SoftDeleteInteger() will not produce a cache key because the ``cache_ok`` flag is not set to True. Set this flag to True if this type object's state is safe to use in a cache key, or False to disable this warning.
Jul 15 16:42:48.883062 n-d-800085-3 devstack@n-api.service[115333]: result = _build_instance_get(context, columns_to_join=columns_to_join).\
Jul 15 16:42:48.905953 n-d-800085-3 devstack@n-api.service[115332]: INFO nova.api.openstack.requestlog [None req-2f9c3673-7d3f-41f0-93ab-76a568b1b3ef tempest-AggregatesAdminTestV241-437515830 tempest-AggregatesAdminTestV241-437515830-project-admin] 10.222.0.25 "PUT /compute/v2.1/os-aggregates/18" status: 200 len: 300 microversion: 2.41 time: 0.051396
Jul 15 16:42:48.906568 n-d-800085-3 devstack@n-api.service[115332]: [pid: 115332|app: 0|req: 124/289] 10.222.0.25 () {62 vars in 1213 bytes} [Thu Jul 15 16:42:48 2021] PUT /compute/v2.1/os-aggregates/18 => generated 300 bytes in 53 msecs (HTTP/1.1 200) 9 headers in 359 bytes (1 switches on core 0)
Jul 15 16:42:48.912283 n-d-800085-3 devstack@n-api.service[115332]: DEBUG nova.api.openstack.wsgi [req-de289153-e3cd-4cf5-9cea-b093ca2aaea4 req-408078aa-82ba-4a42-bfd8-7ab41761866d service nova] Action: 'create', calling method: >, body: {"events": [{"server_uuid": "9b108c84-84ed-4cab-b5e7-bfe67552957c", "name": "network-vif-plugged", "status": "completed", "tag": "a7903cd0-ec66-4697-b029-11c0c4ea2538"}]} {{(pid=115332) _process_stack /opt/stack/nova/nova/api/openstack/wsgi.py:511}}
Jul 15 16:42:48.919165 n-d-800085-3 devstack@n-api.service[115332]: /usr/local/lib/python3.8/dist-packages/oslo_policy/policy.py:1064: UserWarning: Policy os_compute_api:os-server-external-events:create failed scope check. The token used to make the request was project scoped but the policy requires ['system'] scope. This behavior may change in the future where using the intended scope is required
Jul 15 16:42:48.919165 n-d-800085-3 devstack@n-api.service[115332]: warnings.warn(msg)
Jul 15 16:42:48.927950 n-d-800085-3 devstack@n-api.service[115332]: DEBUG oslo_concurrency.lockutils [req-de289153-e3cd-4cf5-9cea-b093ca2aaea4 req-408078aa-82ba-4a42-bfd8-7ab41761866d service nova] Lock "e9528a24-1c5d-4714-827b-9cbe2e29defb" acquired by "nova.context.set_target_cell..get_or_set_cached_cell_and_set_connections" :: waited 0.000s {{(pid=115332) inner /usr/local/lib/python3.8/dist-packages/oslo_concurrency/lockutils.py:355}}
Jul 15 16:42:48.928479 n-d-800085-3 devstack@n-api.service[115332]: DEBUG oslo_concurrency.lockutils [req-de289153-e3cd-4cf5-9cea-b093ca2aaea4 req-408078aa-82ba-4a42-bfd8-7ab41761866d service nova] Lock "e9528a24-1c5d-4714-827b-9cbe2e29defb" released by "nova.context.set_target_cell..get_or_set_cached_cell_and_set_connections" :: held 0.001s {{(pid=115332) inner /usr/local/lib/python3.8/dist-packages/oslo_concurrency/lockutils.py:367}}
Jul 15 16:42:48.947410 n-d-800085-3 devstack@n-api.service[115332]: INFO nova.api.openstack.compute.server_external_events [req-de289153-e3cd-4cf5-9cea-b093ca2aaea4 req-408078aa-82ba-4a42-bfd8-7ab41761866d service nova] Creating event network-vif-plugged:a7903cd0-ec66-4697-b029-11c0c4ea2538 for instance 9b108c84-84ed-4cab-b5e7-bfe67552957c on n-h1-800085-3
Jul 15 16:42:48.953632 n-d-800085-3 devstack@n-api.service[115332]: INFO nova.api.openstack.requestlog [req-de289153-e3cd-4cf5-9cea-b093ca2aaea4 req-408078aa-82ba-4a42-bfd8-7ab41761866d service nova] 10.222.0.25 "POST /compute/v2.1/os-server-external-events" status: 200 len: 183 microversion: 2.1 time: 0.045464
Jul 15 16:42:48.954346 n-d-800085-3 devstack@n-api.service[115332]: [pid: 115332|app: 0|req: 125/290] 10.222.0.25 () {64 vars in 1318 bytes} [Thu Jul 15 16:42:48 2021] POST /compute/v2.1/os-server-external-events => generated 183 bytes in 47 msecs (HTTP/1.1 200) 9 headers in 357 bytes (1 switches on core 0)
Jul 15 16:42:49.085395 n-d-800085-3 devstack@n-api.service[115332]: DEBUG nova.api.openstack.wsgi [None req-ef2881e9-a3eb-4881-b0d3-bc9153685c3e tempest-HostsAdminNegativeTestJSON-307297931 tempest-HostsAdminNegativeTestJSON-307297931-project] Calling method '.version_select at 0x7fdab3da9670>' {{(pid=115332) _process_stack /opt/stack/nova/nova/api/openstack/wsgi.py:513}}
Jul 15 16:42:49.086238 n-d-800085-3 devstack@n-api.service[115332]: /usr/local/lib/python3.8/dist-packages/oslo_policy/policy.py:1064: UserWarning: Policy os_compute_api:os-hosts:list failed scope check. The token used to make the request was project scoped but the policy requires ['system'] scope. This behavior may change in the future where using the intended scope is required
Jul 15 16:42:49.086238 n-d-800085-3 devstack@n-api.service[115332]: warnings.warn(msg)
Jul 15 16:42:49.087930 n-d-800085-3 devstack@n-api.service[115332]: DEBUG nova.policy [None req-ef2881e9-a3eb-4881-b0d3-bc9153685c3e tempest-HostsAdminNegativeTestJSON-307297931 tempest-HostsAdminNegativeTestJSON-307297931-project] Policy check for os_compute_api:os-hosts:list failed with credentials {'is_admin': False, 'user_id': '57e32159018c4f13959cdcdbb3fe8c30', 'user_domain_id': 'default', 'system_scope': None, 'domain_id': None, 'project_id': 'da0754a429ad42e686cd6ec338f1b431', 'project_domain_id': 'default', 'roles': ['member', 'reader'], 'is_admin_project': True, 'service_user_id': None, 'service_user_domain_id': None, 'service_project_id': None, 'service_project_domain_id': None, 'service_roles': []} {{(pid=115332) authorize /opt/stack/nova/nova/policy.py:199}}
Jul 15 16:42:49.088364 n-d-800085-3 devstack@n-api.service[115332]: DEBUG nova.api.openstack.wsgi [None req-ef2881e9-a3eb-4881-b0d3-bc9153685c3e tempest-HostsAdminNegativeTestJSON-307297931 tempest-HostsAdminNegativeTestJSON-307297931-project] Returning 403 to user: Policy doesn't allow os_compute_api:os-hosts:list to be performed. {{(pid=115332) __call__ /opt/stack/nova/nova/api/openstack/wsgi.py:927}}
Jul 15 16:42:49.089186 n-d-800085-3 devstack@n-api.service[115332]: INFO nova.api.openstack.requestlog [None req-ef2881e9-a3eb-4881-b0d3-bc9153685c3e tempest-HostsAdminNegativeTestJSON-307297931 tempest-HostsAdminNegativeTestJSON-307297931-project] 10.222.0.25 "GET /compute/v2.1/os-hosts" status: 403 len: 109 microversion: 2.1 time: 0.133956
Jul 15 16:42:49.092309 n-d-800085-3 devstack@n-api.service[115332]: [pid: 115332|app: 0|req: 126/291] 10.222.0.25 () {58 vars in 1128 bytes} [Thu Jul 15 16:42:48 2021] GET /compute/v2.1/os-hosts => generated 109 bytes in 135 msecs (HTTP/1.1 403) 9 headers in 379 bytes (1 switches on core 0)
Jul 15 16:42:49.096351 n-d-800085-3 devstack@n-api.service[115332]: DEBUG nova.api.openstack.wsgi [None req-451e335f-273b-42ae-89ab-f79040c64fc2 tempest-AggregatesAdminTestV241-437515830 tempest-AggregatesAdminTestV241-437515830-project-admin] Calling method '>' {{(pid=115332) _process_stack /opt/stack/nova/nova/api/openstack/wsgi.py:513}}
Jul 15 16:42:49.097381 n-d-800085-3 devstack@n-api.service[115332]: /usr/local/lib/python3.8/dist-packages/oslo_policy/policy.py:1064: UserWarning: Policy os_compute_api:os-aggregates:show failed scope check. The token used to make the request was project scoped but the policy requires ['system'] scope. This behavior may change in the future where using the intended scope is required
Jul 15 16:42:49.097381 n-d-800085-3 devstack@n-api.service[115332]: warnings.warn(msg)
Jul 15 16:42:49.105987 n-d-800085-3 devstack@n-api.service[115332]: INFO nova.api.openstack.requestlog [None req-451e335f-273b-42ae-89ab-f79040c64fc2 tempest-AggregatesAdminTestV241-437515830 tempest-AggregatesAdminTestV241-437515830-project-admin] 10.222.0.25 "GET /compute/v2.1/os-aggregates/18" status: 200 len: 300 microversion: 2.41 time: 0.015307
Jul 15 16:42:49.107193 n-d-800085-3 devstack@n-api.service[115332]: [pid: 115332|app: 0|req: 127/292] 10.222.0.25 () {60 vars in 1193 bytes} [Thu Jul 15 16:42:49 2021] GET /compute/v2.1/os-aggregates/18 => generated 300 bytes in 17 msecs (HTTP/1.1 200) 9 headers in 359 bytes (1 switches on core 0)
Jul 15 16:42:49.111879 n-d-800085-3 devstack@n-api.service[115332]: DEBUG nova.api.openstack.wsgi [None req-e685bcb6-7bb8-4b98-bd40-637f8d335def tempest-HostsAdminNegativeTestJSON-307297931 tempest-HostsAdminNegativeTestJSON-307297931-project] Calling method '.version_select at 0x7fdab3d130d0>' {{(pid=115332) _process_stack /opt/stack/nova/nova/api/openstack/wsgi.py:513}}
Jul 15 16:42:49.113355 n-d-800085-3 devstack@n-api.service[115332]: /usr/local/lib/python3.8/dist-packages/oslo_policy/policy.py:1064: UserWarning: Policy os_compute_api:os-hosts:reboot failed scope check. The token used to make the request was project scoped but the policy requires ['system'] scope. This behavior may change in the future where using the intended scope is required
Jul 15 16:42:49.113355 n-d-800085-3 devstack@n-api.service[115332]: warnings.warn(msg)
Jul 15 16:42:49.114771 n-d-800085-3 devstack@n-api.service[115332]: DEBUG nova.policy [None req-e685bcb6-7bb8-4b98-bd40-637f8d335def tempest-HostsAdminNegativeTestJSON-307297931 tempest-HostsAdminNegativeTestJSON-307297931-project] Policy check for os_compute_api:os-hosts:reboot failed with credentials {'is_admin': False, 'user_id': '57e32159018c4f13959cdcdbb3fe8c30', 'user_domain_id': 'default', 'system_scope': None, 'domain_id': None, 'project_id': 'da0754a429ad42e686cd6ec338f1b431', 'project_domain_id': 'default', 'roles': ['member', 'reader'], 'is_admin_project': True, 'service_user_id': None, 'service_user_domain_id': None, 'service_project_id': None, 'service_project_domain_id': None, 'service_roles': []} {{(pid=115332) authorize /opt/stack/nova/nova/policy.py:199}}
Jul 15 16:42:49.115566 n-d-800085-3 devstack@n-api.service[115332]: DEBUG nova.api.openstack.wsgi [None req-e685bcb6-7bb8-4b98-bd40-637f8d335def tempest-HostsAdminNegativeTestJSON-307297931 tempest-HostsAdminNegativeTestJSON-307297931-project] Returning 403 to user: Policy doesn't allow os_compute_api:os-hosts:reboot to be performed. {{(pid=115332) __call__ /opt/stack/nova/nova/api/openstack/wsgi.py:927}}
Jul 15 16:42:49.116599 n-d-800085-3 devstack@n-api.service[115332]: INFO nova.api.openstack.requestlog [None req-e685bcb6-7bb8-4b98-bd40-637f8d335def tempest-HostsAdminNegativeTestJSON-307297931 tempest-HostsAdminNegativeTestJSON-307297931-project] 10.222.0.25 "GET /compute/v2.1/os-hosts/n-d-800085-3/reboot" status: 403 len: 111 microversion: 2.1 time: 0.008221
Jul 15 16:42:49.117773 n-d-800085-3 devstack@n-api.service[115332]: [pid: 115332|app: 0|req: 128/293] 10.222.0.25 () {58 vars in 1188 bytes} [Thu Jul 15 16:42:49 2021] GET /compute/v2.1/os-hosts/n-d-800085-3/reboot => generated 111 bytes in 10 msecs (HTTP/1.1 403) 9 headers in 379 bytes (1 switches on core 0)
Jul 15 16:42:49.122946 n-d-800085-3 devstack@n-api.service[115332]: DEBUG nova.api.openstack.wsgi [None req-c094c94f-d1d2-49b7-bde0-5d795776f88b tempest-AggregatesAdminTestV241-437515830 tempest-AggregatesAdminTestV241-437515830-project-admin] Action: 'action', calling method: >, body: {"add_host": {"host": "n-h1-800085-3"}} {{(pid=115332) _process_stack /opt/stack/nova/nova/api/openstack/wsgi.py:511}}
Jul 15 16:42:49.125032 n-d-800085-3 devstack@n-api.service[115332]: /usr/local/lib/python3.8/dist-packages/oslo_policy/policy.py:1064: UserWarning: Policy os_compute_api:os-aggregates:add_host failed scope check. The token used to make the request was project scoped but the policy requires ['system'] scope. This behavior may change in the future where using the intended scope is required
Jul 15 16:42:49.125032 n-d-800085-3 devstack@n-api.service[115332]: warnings.warn(msg)
Jul 15 16:42:49.134823 n-d-800085-3 devstack@n-api.service[115332]: DEBUG oslo_concurrency.lockutils [None req-c094c94f-d1d2-49b7-bde0-5d795776f88b tempest-AggregatesAdminTestV241-437515830 tempest-AggregatesAdminTestV241-437515830-project-admin] Lock "e9528a24-1c5d-4714-827b-9cbe2e29defb" acquired by "nova.context.set_target_cell..get_or_set_cached_cell_and_set_connections" :: waited 0.000s {{(pid=115332) inner /usr/local/lib/python3.8/dist-packages/oslo_concurrency/lockutils.py:355}}
Jul 15 16:42:49.135557 n-d-800085-3 devstack@n-api.service[115332]: DEBUG oslo_concurrency.lockutils [None req-c094c94f-d1d2-49b7-bde0-5d795776f88b tempest-AggregatesAdminTestV241-437515830 tempest-AggregatesAdminTestV241-437515830-project-admin] Lock "e9528a24-1c5d-4714-827b-9cbe2e29defb" released by "nova.context.set_target_cell..get_or_set_cached_cell_and_set_connections" :: held 0.001s {{(pid=115332) inner /usr/local/lib/python3.8/dist-packages/oslo_concurrency/lockutils.py:367}}
Jul 15 16:42:49.138147 n-d-800085-3 devstack@n-api.service[115332]: /opt/stack/nova/nova/db/sqlalchemy/api.py:530: SAWarning: TypeDecorator SoftDeleteInteger() will not produce a cache key because the ``cache_ok`` flag is not set to True. Set this flag to True if this type object's state is safe to use in a cache key, or False to disable this warning.
Jul 15 16:42:49.138147 n-d-800085-3 devstack@n-api.service[115332]: result = model_query(context, models.Service, read_deleted="no").\
Jul 15 16:42:49.157126 n-d-800085-3 devstack@n-api.service[115333]: DEBUG nova.policy [None req-ce64dbb8-a992-4e9b-b31e-7aec882ece04 tempest-ServerDiagnosticsNegativeTest-972239050 tempest-ServerDiagnosticsNegativeTest-972239050-project] Policy check for os_compute_api:os-extended-server-attributes failed with credentials {'is_admin': False, 'user_id': '24eca87c208d4834b8c4f24136a24c88', 'user_domain_id': 'default', 'system_scope': None, 'domain_id': None, 'project_id': 'cc5bff589a3a4383a7e0737b7af51164', 'project_domain_id': 'default', 'roles': ['member', 'reader'], 'is_admin_project': True, 'service_user_id': None, 'service_user_domain_id': None, 'service_project_id': None, 'service_project_domain_id': None, 'service_roles': []} {{(pid=115333) authorize /opt/stack/nova/nova/policy.py:199}}
Jul 15 16:42:49.160506 n-d-800085-3 devstack@n-api.service[115333]: /opt/stack/nova/nova/db/sqlalchemy/api.py:3000: SAWarning: TypeDecorator SoftDeleteInteger() will not produce a cache key because the ``cache_ok`` flag is not set to True. Set this flag to True if this type object's state is safe to use in a cache key, or False to disable this warning.
Jul 15 16:42:49.160506 n-d-800085-3 devstack@n-api.service[115333]: return _block_device_mapping_get_query(context).filter(
Jul 15 16:42:49.168057 n-d-800085-3 devstack@n-api.service[115332]: /opt/stack/nova/nova/db/sqlalchemy/api.py:627: SAWarning: TypeDecorator SoftDeleteInteger() will not produce a cache key because the ``cache_ok`` flag is not set to True. Set this flag to True if this type object's state is safe to use in a cache key, or False to disable this warning.
Jul 15 16:42:49.168057 n-d-800085-3 devstack@n-api.service[115332]: results = conn.execute(select).fetchall()
Jul 15 16:42:49.170070 n-d-800085-3 devstack@n-api.service[115333]: INFO nova.api.openstack.requestlog [None req-ce64dbb8-a992-4e9b-b31e-7aec882ece04 tempest-ServerDiagnosticsNegativeTest-972239050 tempest-ServerDiagnosticsNegativeTest-972239050-project] 10.222.0.25 "GET /compute/v2.1/servers/9b108c84-84ed-4cab-b5e7-bfe67552957c" status: 200 len: 1323 microversion: 2.1 time: 0.306081
Jul 15 16:42:49.183232 n-d-800085-3 devstack@n-api.service[115333]: [pid: 115333|app: 0|req: 166/294] 10.222.0.25 () {58 vars in 1236 bytes} [Thu Jul 15 16:42:48 2021] GET /compute/v2.1/servers/9b108c84-84ed-4cab-b5e7-bfe67552957c => generated 1323 bytes in 316 msecs (HTTP/1.1 200) 9 headers in 358 bytes (1 switches on core 0)
Jul 15 16:42:49.188324 n-d-800085-3 devstack@n-api.service[115333]: DEBUG nova.api.openstack.wsgi [None req-5232e5a6-f466-4838-9278-536ce8f7e827 tempest-HostsAdminNegativeTestJSON-833975183 tempest-HostsAdminNegativeTestJSON-833975183-project-admin] Calling method '.version_select at 0x7fdab3624d30>' {{(pid=115333) _process_stack /opt/stack/nova/nova/api/openstack/wsgi.py:513}}
Jul 15 16:42:49.197895 n-d-800085-3 devstack@n-api.service[115333]: /usr/local/lib/python3.8/dist-packages/oslo_policy/policy.py:1064: UserWarning: Policy os_compute_api:os-hosts:reboot failed scope check. The token used to make the request was project scoped but the policy requires ['system'] scope. This behavior may change in the future where using the intended scope is required
Jul 15 16:42:49.197895 n-d-800085-3 devstack@n-api.service[115333]: warnings.warn(msg)
Jul 15 16:42:49.208696 n-d-800085-3 devstack@n-api.service[115333]: INFO nova.api.openstack.wsgi [None req-5232e5a6-f466-4838-9278-536ce8f7e827 tempest-HostsAdminNegativeTestJSON-833975183 tempest-HostsAdminNegativeTestJSON-833975183-project-admin] HTTP exception thrown: Host 'nonexistent_hostname' is not mapped to any cell
Jul 15 16:42:49.209545 n-d-800085-3 devstack@n-api.service[115333]: DEBUG nova.api.openstack.wsgi [None req-5232e5a6-f466-4838-9278-536ce8f7e827 tempest-HostsAdminNegativeTestJSON-833975183 tempest-HostsAdminNegativeTestJSON-833975183-project-admin] Returning 404 to user: Host 'nonexistent_hostname' is not mapped to any cell {{(pid=115333) __call__ /opt/stack/nova/nova/api/openstack/wsgi.py:927}}
Jul 15 16:42:49.210474 n-d-800085-3 devstack@n-api.service[115333]: INFO nova.api.openstack.requestlog [None req-5232e5a6-f466-4838-9278-536ce8f7e827 tempest-HostsAdminNegativeTestJSON-833975183 tempest-HostsAdminNegativeTestJSON-833975183-project-admin] 10.222.0.25 "GET /compute/v2.1/os-hosts/nonexistent_hostname/reboot" status: 404 len: 99 microversion: 2.1 time: 0.026175
Jul 15 16:42:49.211108 n-d-800085-3 devstack@n-api.service[115333]: [pid: 115333|app: 0|req: 167/295] 10.222.0.25 () {58 vars in 1212 bytes} [Thu Jul 15 16:42:49 2021] GET /compute/v2.1/os-hosts/nonexistent_hostname/reboot => generated 99 bytes in 27 msecs (HTTP/1.1 404) 9 headers in 378 bytes (1 switches on core 0)
Jul 15 16:42:49.221808 n-d-800085-3 devstack@n-api.service[115333]: DEBUG nova.api.openstack.wsgi [None req-5c884d35-33a5-4d00-901a-def020064b5d tempest-HostsAdminNegativeTestJSON-307297931 tempest-HostsAdminNegativeTestJSON-307297931-project] Calling method '.version_select at 0x7fdab3437b80>' {{(pid=115333) _process_stack /opt/stack/nova/nova/api/openstack/wsgi.py:513}}
Jul 15 16:42:49.222717 n-d-800085-3 devstack@n-api.service[115333]: /usr/local/lib/python3.8/dist-packages/oslo_policy/policy.py:1064: UserWarning: Policy os_compute_api:os-hosts:show failed scope check. The token used to make the request was project scoped but the policy requires ['system'] scope. This behavior may change in the future where using the intended scope is required
Jul 15 16:42:49.222717 n-d-800085-3 devstack@n-api.service[115333]: warnings.warn(msg)
Jul 15 16:42:49.224208 n-d-800085-3 devstack@n-api.service[115333]: DEBUG nova.policy [None req-5c884d35-33a5-4d00-901a-def020064b5d tempest-HostsAdminNegativeTestJSON-307297931 tempest-HostsAdminNegativeTestJSON-307297931-project] Policy check for os_compute_api:os-hosts:show failed with credentials {'is_admin': False, 'user_id': '57e32159018c4f13959cdcdbb3fe8c30', 'user_domain_id': 'default', 'system_scope': None, 'domain_id': None, 'project_id': 'da0754a429ad42e686cd6ec338f1b431', 'project_domain_id': 'default', 'roles': ['member', 'reader'], 'is_admin_project': True, 'service_user_id': None, 'service_user_domain_id': None, 'service_project_id': None, 'service_project_domain_id': None, 'service_roles': []} {{(pid=115333) authorize /opt/stack/nova/nova/policy.py:199}}
Jul 15 16:42:49.225009 n-d-800085-3 devstack@n-api.service[115333]: DEBUG nova.api.openstack.wsgi [None req-5c884d35-33a5-4d00-901a-def020064b5d tempest-HostsAdminNegativeTestJSON-307297931 tempest-HostsAdminNegativeTestJSON-307297931-project] Returning 403 to user: Policy doesn't allow os_compute_api:os-hosts:show to be performed. {{(pid=115333) __call__ /opt/stack/nova/nova/api/openstack/wsgi.py:927}}
Jul 15 16:42:49.226010 n-d-800085-3 devstack@n-api.service[115333]: INFO nova.api.openstack.requestlog [None req-5c884d35-33a5-4d00-901a-def020064b5d tempest-HostsAdminNegativeTestJSON-307297931 tempest-HostsAdminNegativeTestJSON-307297931-project] 10.222.0.25 "GET /compute/v2.1/os-hosts/n-d-800085-3" status: 403 len: 109 microversion: 2.1 time: 0.009368
Jul 15 16:42:49.226706 n-d-800085-3 devstack@n-api.service[115333]: [pid: 115333|app: 0|req: 168/296] 10.222.0.25 () {58 vars in 1167 bytes} [Thu Jul 15 16:42:49 2021] GET /compute/v2.1/os-hosts/n-d-800085-3 => generated 109 bytes in 11 msecs (HTTP/1.1 403) 9 headers in 379 bytes (2 switches on core 0)
