Aug 31 13:16:46.441327 n-d-800085-11 devstack@placement-api.service[95891]: DEBUG placement.objects.research_context [req-c26ebb86-b5ec-4593-9286-de3731fca6da req-e8d03892-8abb-46ad-aab2-eb7dbd18b097 service placement] found 2 providers after filtering by previous result {{(pid=95891) get_provider_ids_matching /opt/stack/placement/placement/objects/research_context.py:580}}
Aug 31 13:16:46.519214 n-d-800085-11 devstack@placement-api.service[95891]: DEBUG placement.objects.allocation_candidate [req-c26ebb86-b5ec-4593-9286-de3731fca6da req-e8d03892-8abb-46ad-aab2-eb7dbd18b097 service placement] RequestGroup(use_same_provider=False, resources={DISK_GB:1, MEMORY_MB:1024, VCPU:1}, traits=[], aggregates=[]) (suffix '') returned 2 matches {{(pid=95891) _get_by_requests /opt/stack/placement/placement/objects/allocation_candidate.py:145}}
Aug 31 13:16:46.522346 n-d-800085-11 devstack@placement-api.service[95891]: DEBUG placement.objects.allocation_candidate [req-c26ebb86-b5ec-4593-9286-de3731fca6da req-e8d03892-8abb-46ad-aab2-eb7dbd18b097 service placement] Merging candidates yields 2 allocation requests and 2 provider summaries {{(pid=95891) _merge_candidates /opt/stack/placement/placement/objects/allocation_candidate.py:783}}
Aug 31 13:16:46.529217 n-d-800085-11 devstack@placement-api.service[95891]: INFO placement.requestlog [req-c26ebb86-b5ec-4593-9286-de3731fca6da req-e8d03892-8abb-46ad-aab2-eb7dbd18b097 service placement] 10.222.0.41 "GET /placement/allocation_candidates?limit=1000&resources=DISK_GB%3A1%2CMEMORY_MB%3A1024%2CVCPU%3A1&root_required=%21COMPUTE_STATUS_DISABLED" status: 200 len: 1309 microversion: 1.36
Aug 31 13:16:46.542439 n-d-800085-11 devstack@placement-api.service[95891]: [pid: 95891|app: 0|req: 289/570] 10.222.0.41 () {60 vars in 1507 bytes} [Tue Aug 31 13:16:46 2021] GET /placement/allocation_candidates?limit=1000&resources=DISK_GB%3A1%2CMEMORY_MB%3A1024%2CVCPU%3A1&root_required=%21COMPUTE_STATUS_DISABLED => generated 1309 bytes in 259 msecs (HTTP/1.1 200) 8 headers in 297 bytes (1 switches on core 0)
Aug 31 13:16:46.820518 n-d-800085-11 devstack@placement-api.service[95890]: DEBUG placement.requestlog [req-c26ebb86-b5ec-4593-9286-de3731fca6da req-4f2265cc-05bf-435c-b347-723514e0dca0 None None] Starting request: 10.222.0.41 "GET /placement/allocations/4938bf7c-ea37-47e2-bf86-2036dcfd344c" {{(pid=95890) __call__ /opt/stack/placement/placement/requestlog.py:55}}
Aug 31 13:16:46.876165 n-d-800085-11 devstack@placement-api.service[95890]: INFO placement.requestlog [req-c26ebb86-b5ec-4593-9286-de3731fca6da req-4f2265cc-05bf-435c-b347-723514e0dca0 service placement] 10.222.0.41 "GET /placement/allocations/4938bf7c-ea37-47e2-bf86-2036dcfd344c" status: 200 len: 19 microversion: 1.28
Aug 31 13:16:46.876818 n-d-800085-11 devstack@placement-api.service[95890]: [pid: 95890|app: 0|req: 282/571] 10.222.0.41 () {60 vars in 1381 bytes} [Tue Aug 31 13:16:46 2021] GET /placement/allocations/4938bf7c-ea37-47e2-bf86-2036dcfd344c => generated 19 bytes in 57 msecs (HTTP/1.1 200) 8 headers in 295 bytes (2 switches on core 0)
Aug 31 13:16:46.888942 n-d-800085-11 devstack@placement-api.service[95891]: DEBUG placement.requestlog [req-c26ebb86-b5ec-4593-9286-de3731fca6da req-89c0029d-7f0e-42ec-9977-74267a8f5b65 None None] Starting request: 10.222.0.41 "PUT /placement/allocations/4938bf7c-ea37-47e2-bf86-2036dcfd344c" {{(pid=95891) __call__ /opt/stack/placement/placement/requestlog.py:55}}
Aug 31 13:16:47.080456 n-d-800085-11 devstack@placement-api.service[95891]: DEBUG placement.handlers.allocation [req-c26ebb86-b5ec-4593-9286-de3731fca6da req-89c0029d-7f0e-42ec-9977-74267a8f5b65 service placement] Successfully wrote allocations [, , ] {{(pid=95891) _create_allocations /opt/stack/placement/placement/handlers/allocation.py:461}}
Aug 31 13:16:47.222733 n-d-800085-11 devstack@placement-api.service[95891]: INFO placement.requestlog [req-c26ebb86-b5ec-4593-9286-de3731fca6da req-89c0029d-7f0e-42ec-9977-74267a8f5b65 service placement] 10.222.0.41 "PUT /placement/allocations/4938bf7c-ea37-47e2-bf86-2036dcfd344c" status: 204 len: 0 microversion: 1.36
Aug 31 13:16:47.252648 n-d-800085-11 devstack@placement-api.service[95891]: [pid: 95891|app: 0|req: 290/572] 10.222.0.41 () {64 vars in 1434 bytes} [Tue Aug 31 13:16:46 2021] PUT /placement/allocations/4938bf7c-ea37-47e2-bf86-2036dcfd344c => generated 0 bytes in 335 msecs (HTTP/1.1 204) 5 headers in 199 bytes (1 switches on core 0)
Aug 31 13:16:47.259149 n-d-800085-11 devstack@placement-api.service[95890]: DEBUG placement.requestlog [req-c26ebb86-b5ec-4593-9286-de3731fca6da req-58fe459e-2e49-4837-b95c-cb0de6402abe None None] Starting request: 10.222.0.41 "GET /placement/allocations/653c6766-8d02-4c38-b137-4848ced1b1f6" {{(pid=95890) __call__ /opt/stack/placement/placement/requestlog.py:55}}
Aug 31 13:16:47.317031 n-d-800085-11 devstack@placement-api.service[95890]: INFO placement.requestlog [req-c26ebb86-b5ec-4593-9286-de3731fca6da req-58fe459e-2e49-4837-b95c-cb0de6402abe service placement] 10.222.0.41 "GET /placement/allocations/653c6766-8d02-4c38-b137-4848ced1b1f6" status: 200 len: 19 microversion: 1.28
Aug 31 13:16:47.317554 n-d-800085-11 devstack@placement-api.service[95890]: [pid: 95890|app: 0|req: 283/573] 10.222.0.41 () {60 vars in 1381 bytes} [Tue Aug 31 13:16:47 2021] GET /placement/allocations/653c6766-8d02-4c38-b137-4848ced1b1f6 => generated 19 bytes in 60 msecs (HTTP/1.1 200) 8 headers in 295 bytes (2 switches on core 0)
Aug 31 13:16:47.324691 n-d-800085-11 devstack@placement-api.service[95891]: DEBUG placement.requestlog [req-c26ebb86-b5ec-4593-9286-de3731fca6da req-2cf5db0a-ee8b-4e6b-95bb-a0aed72018f9 None None] Starting request: 10.222.0.41 "PUT /placement/allocations/653c6766-8d02-4c38-b137-4848ced1b1f6" {{(pid=95891) __call__ /opt/stack/placement/placement/requestlog.py:55}}
Aug 31 13:16:47.467348 n-d-800085-11 devstack@placement-api.service[95891]: DEBUG placement.handlers.allocation [req-c26ebb86-b5ec-4593-9286-de3731fca6da req-2cf5db0a-ee8b-4e6b-95bb-a0aed72018f9 service placement] Successfully wrote allocations [, , ] {{(pid=95891) _create_allocations /opt/stack/placement/placement/handlers/allocation.py:461}}
Aug 31 13:16:47.735251 n-d-800085-11 devstack@placement-api.service[95891]: INFO placement.requestlog [req-c26ebb86-b5ec-4593-9286-de3731fca6da req-2cf5db0a-ee8b-4e6b-95bb-a0aed72018f9 service placement] 10.222.0.41 "PUT /placement/allocations/653c6766-8d02-4c38-b137-4848ced1b1f6" status: 204 len: 0 microversion: 1.36
Aug 31 13:16:47.735900 n-d-800085-11 devstack@placement-api.service[95891]: [pid: 95891|app: 0|req: 291/574] 10.222.0.41 () {64 vars in 1434 bytes} [Tue Aug 31 13:16:47 2021] PUT /placement/allocations/653c6766-8d02-4c38-b137-4848ced1b1f6 => generated 0 bytes in 412 msecs (HTTP/1.1 204) 5 headers in 199 bytes (1 switches on core 0)
Aug 31 13:16:47.929971 n-d-800085-11 devstack@placement-api.service[95890]: DEBUG placement.requestlog [req-e37db90a-abe6-40b3-b073-1551fc3a4132 req-e6c5b9fe-8d93-42b5-aae5-20df780dfa3d None None] Starting request: 10.222.0.58 "GET /placement/resource_providers/65a5abcd-40b1-46dc-bcb8-3a17151a973c/allocations" {{(pid=95890) __call__ /opt/stack/placement/placement/requestlog.py:55}}
Aug 31 13:16:47.997134 n-d-800085-11 devstack@placement-api.service[95890]: INFO placement.requestlog [req-e37db90a-abe6-40b3-b073-1551fc3a4132 req-e6c5b9fe-8d93-42b5-aae5-20df780dfa3d service placement] 10.222.0.58 "GET /placement/resource_providers/65a5abcd-40b1-46dc-bcb8-3a17151a973c/allocations" status: 200 len: 861 microversion: 1.0
Aug 31 13:16:47.998423 n-d-800085-11 devstack@placement-api.service[95890]: [pid: 95890|app: 0|req: 284/575] 10.222.0.58 () {58 vars in 1391 bytes} [Tue Aug 31 13:16:47 2021] GET /placement/resource_providers/65a5abcd-40b1-46dc-bcb8-3a17151a973c/allocations => generated 861 bytes in 70 msecs (HTTP/1.1 200) 6 headers in 224 bytes (1 switches on core 0)
Aug 31 13:16:51.099869 n-d-800085-11 devstack@placement-api.service[95891]: DEBUG placement.requestlog [req-c26ebb86-b5ec-4593-9286-de3731fca6da req-923e6916-66fd-4e56-879c-e7ab6c9e8f42 None None] Starting request: 10.222.0.36 "GET /placement/allocations/4938bf7c-ea37-47e2-bf86-2036dcfd344c" {{(pid=95891) __call__ /opt/stack/placement/placement/requestlog.py:55}}
Aug 31 13:16:51.152947 n-d-800085-11 devstack@placement-api.service[95891]: INFO placement.requestlog [req-c26ebb86-b5ec-4593-9286-de3731fca6da req-923e6916-66fd-4e56-879c-e7ab6c9e8f42 service placement] 10.222.0.36 "GET /placement/allocations/4938bf7c-ea37-47e2-bf86-2036dcfd344c" status: 200 len: 259 microversion: 1.28
Aug 31 13:16:51.154244 n-d-800085-11 devstack@placement-api.service[95891]: [pid: 95891|app: 0|req: 292/576] 10.222.0.36 () {60 vars in 1378 bytes} [Tue Aug 31 13:16:51 2021] GET /placement/allocations/4938bf7c-ea37-47e2-bf86-2036dcfd344c => generated 259 bytes in 56 msecs (HTTP/1.1 200) 8 headers in 296 bytes (1 switches on core 0)
Aug 31 13:16:51.801504 n-d-800085-11 devstack@placement-api.service[95890]: DEBUG placement.requestlog [req-c26ebb86-b5ec-4593-9286-de3731fca6da req-1a43a7c5-cdd0-4686-babd-bbf78b371c4b None None] Starting request: 10.222.0.58 "GET /placement/allocations/653c6766-8d02-4c38-b137-4848ced1b1f6" {{(pid=95890) __call__ /opt/stack/placement/placement/requestlog.py:55}}
Aug 31 13:16:51.823457 n-d-800085-11 devstack@placement-api.service[95890]: INFO placement.requestlog [req-c26ebb86-b5ec-4593-9286-de3731fca6da req-1a43a7c5-cdd0-4686-babd-bbf78b371c4b service placement] 10.222.0.58 "GET /placement/allocations/653c6766-8d02-4c38-b137-4848ced1b1f6" status: 200 len: 259 microversion: 1.28
Aug 31 13:16:51.824510 n-d-800085-11 devstack@placement-api.service[95890]: [pid: 95890|app: 0|req: 285/577] 10.222.0.58 () {60 vars in 1378 bytes} [Tue Aug 31 13:16:51 2021] GET /placement/allocations/653c6766-8d02-4c38-b137-4848ced1b1f6 => generated 259 bytes in 23 msecs (HTTP/1.1 200) 8 headers in 296 bytes (1 switches on core 0)
Aug 31 13:16:57.837004 n-d-800085-11 devstack@placement-api.service[95891]: DEBUG placement.requestlog [req-5d2e7870-e42d-45fc-b1a7-e466029f5f7c req-e3f67ef5-1e0b-4d2e-902e-5a1dcd5cdff1 None None] Starting request: 10.222.0.36 "GET /placement/allocations/2ef84a7c-5402-4bfc-a243-1a733065fd1f" {{(pid=95891) __call__ /opt/stack/placement/placement/requestlog.py:55}}
Aug 31 13:16:57.879183 n-d-800085-11 devstack@placement-api.service[95891]: INFO placement.requestlog [req-5d2e7870-e42d-45fc-b1a7-e466029f5f7c req-e3f67ef5-1e0b-4d2e-902e-5a1dcd5cdff1 service placement] 10.222.0.36 "GET /placement/allocations/2ef84a7c-5402-4bfc-a243-1a733065fd1f" status: 200 len: 259 microversion: 1.28
Aug 31 13:16:57.880213 n-d-800085-11 devstack@placement-api.service[95891]: [pid: 95891|app: 0|req: 293/578] 10.222.0.36 () {60 vars in 1378 bytes} [Tue Aug 31 13:16:57 2021] GET /placement/allocations/2ef84a7c-5402-4bfc-a243-1a733065fd1f => generated 259 bytes in 44 msecs (HTTP/1.1 200) 8 headers in 296 bytes (2 switches on core 0)
Aug 31 13:17:08.909337 n-d-800085-11 devstack@placement-api.service[95890]: DEBUG placement.requestlog [req-50c8496f-9b8a-49ab-9998-fa7b1b6ea96d req-6ba4d1f2-1793-407e-8695-de294eeae286 None None] Starting request: 10.222.0.36 "DELETE /placement/allocations/307b5d44-3f0f-4a26-b56d-9a96bfe4e7e3" {{(pid=95890) __call__ /opt/stack/placement/placement/requestlog.py:55}}
Aug 31 13:17:09.352384 n-d-800085-11 devstack@placement-api.service[95890]: DEBUG placement.handlers.allocation [req-50c8496f-9b8a-49ab-9998-fa7b1b6ea96d req-6ba4d1f2-1793-407e-8695-de294eeae286 service placement] Successfully deleted allocations [, , ] {{(pid=95890) delete_allocations /opt/stack/placement/placement/handlers/allocation.py:603}}
Aug 31 13:17:09.358419 n-d-800085-11 devstack@placement-api.service[95890]: INFO placement.requestlog [req-50c8496f-9b8a-49ab-9998-fa7b1b6ea96d req-6ba4d1f2-1793-407e-8695-de294eeae286 service placement] 10.222.0.36 "DELETE /placement/allocations/307b5d44-3f0f-4a26-b56d-9a96bfe4e7e3" status: 204 len: 0 microversion: 1.0
Aug 31 13:17:09.358419 n-d-800085-11 devstack@placement-api.service[95890]: [pid: 95890|app: 0|req: 286/579] 10.222.0.36 () {60 vars in 1356 bytes} [Tue Aug 31 13:17:08 2021] DELETE /placement/allocations/307b5d44-3f0f-4a26-b56d-9a96bfe4e7e3 => generated 0 bytes in 445 msecs (HTTP/1.1 204) 5 headers in 198 bytes (1 switches on core 0)
Aug 31 13:17:11.667148 n-d-800085-11 devstack@placement-api.service[95891]: DEBUG placement.requestlog [req-41d4d461-f548-4903-b6e5-79a017e48d7a req-02696e4f-8932-4960-b082-d3e6c8df704c None None] Starting request: 10.222.0.41 "GET /placement/allocation_candidates?limit=1000&resources=DISK_GB%3A1%2CMEMORY_MB%3A1024%2CVCPU%3A1&root_required=%21COMPUTE_STATUS_DISABLED" {{(pid=95891) __call__ /opt/stack/placement/placement/requestlog.py:55}}
Aug 31 13:17:12.005517 n-d-800085-11 devstack@placement-api.service[95891]: DEBUG placement.objects.research_context [req-41d4d461-f548-4903-b6e5-79a017e48d7a req-02696e4f-8932-4960-b082-d3e6c8df704c service placement] getting providers with 1 DISK_GB {{(pid=95891) __init__ /opt/stack/placement/placement/objects/research_context.py:126}}
Aug 31 13:17:12.021596 n-d-800085-11 devstack@placement-api.service[95891]: DEBUG placement.objects.research_context [req-41d4d461-f548-4903-b6e5-79a017e48d7a req-02696e4f-8932-4960-b082-d3e6c8df704c service placement] getting providers with 1024 MEMORY_MB {{(pid=95891) __init__ /opt/stack/placement/placement/objects/research_context.py:126}}
Aug 31 13:17:12.033138 n-d-800085-11 devstack@placement-api.service[95891]: DEBUG placement.objects.research_context [req-41d4d461-f548-4903-b6e5-79a017e48d7a req-02696e4f-8932-4960-b082-d3e6c8df704c service placement] getting providers with 1 VCPU {{(pid=95891) __init__ /opt/stack/placement/placement/objects/research_context.py:126}}
Aug 31 13:17:12.046155 n-d-800085-11 devstack@placement-api.service[95891]: DEBUG placement.objects.research_context [req-41d4d461-f548-4903-b6e5-79a017e48d7a req-02696e4f-8932-4960-b082-d3e6c8df704c service placement] found 2 providers with available 1 DISK_GB {{(pid=95891) get_provider_ids_matching /opt/stack/placement/placement/objects/research_context.py:549}}
Aug 31 13:17:12.046854 n-d-800085-11 devstack@placement-api.service[95891]: DEBUG placement.objects.research_context [req-41d4d461-f548-4903-b6e5-79a017e48d7a req-02696e4f-8932-4960-b082-d3e6c8df704c service placement] found 2 providers with available 1024 MEMORY_MB {{(pid=95891) get_provider_ids_matching /opt/stack/placement/placement/objects/research_context.py:549}}
Aug 31 13:17:12.047336 n-d-800085-11 devstack@placement-api.service[95891]: DEBUG placement.objects.research_context [req-41d4d461-f548-4903-b6e5-79a017e48d7a req-02696e4f-8932-4960-b082-d3e6c8df704c service placement] found 2 providers after filtering by previous result {{(pid=95891) get_provider_ids_matching /opt/stack/placement/placement/objects/research_context.py:580}}
Aug 31 13:17:12.047887 n-d-800085-11 devstack@placement-api.service[95891]: DEBUG placement.objects.research_context [req-41d4d461-f548-4903-b6e5-79a017e48d7a req-02696e4f-8932-4960-b082-d3e6c8df704c service placement] found 2 providers with available 1 VCPU {{(pid=95891) get_provider_ids_matching /opt/stack/placement/placement/objects/research_context.py:549}}
Aug 31 13:17:12.048604 n-d-800085-11 devstack@placement-api.service[95891]: DEBUG placement.objects.research_context [req-41d4d461-f548-4903-b6e5-79a017e48d7a req-02696e4f-8932-4960-b082-d3e6c8df704c service placement] found 2 providers after filtering by previous result {{(pid=95891) get_provider_ids_matching /opt/stack/placement/placement/objects/research_context.py:580}}
Aug 31 13:17:12.092226 n-d-800085-11 devstack@placement-api.service[95891]: DEBUG placement.objects.allocation_candidate [req-41d4d461-f548-4903-b6e5-79a017e48d7a req-02696e4f-8932-4960-b082-d3e6c8df704c service placement] RequestGroup(use_same_provider=False, resources={DISK_GB:1, MEMORY_MB:1024, VCPU:1}, traits=[], aggregates=[]) (suffix '') returned 2 matches {{(pid=95891) _get_by_requests /opt/stack/placement/placement/objects/allocation_candidate.py:145}}
Aug 31 13:17:12.092635 n-d-800085-11 devstack@placement-api.service[95891]: DEBUG placement.objects.allocation_candidate [req-41d4d461-f548-4903-b6e5-79a017e48d7a req-02696e4f-8932-4960-b082-d3e6c8df704c service placement] Merging candidates yields 2 allocation requests and 2 provider summaries {{(pid=95891) _merge_candidates /opt/stack/placement/placement/objects/allocation_candidate.py:783}}
Aug 31 13:17:12.094220 n-d-800085-11 devstack@placement-api.service[95891]: INFO placement.requestlog [req-41d4d461-f548-4903-b6e5-79a017e48d7a req-02696e4f-8932-4960-b082-d3e6c8df704c service placement] 10.222.0.41 "GET /placement/allocation_candidates?limit=1000&resources=DISK_GB%3A1%2CMEMORY_MB%3A1024%2CVCPU%3A1&root_required=%21COMPUTE_STATUS_DISABLED" status: 200 len: 1309 microversion: 1.36
Aug 31 13:17:12.094758 n-d-800085-11 devstack@placement-api.service[95891]: [pid: 95891|app: 0|req: 294/580] 10.222.0.41 () {60 vars in 1507 bytes} [Tue Aug 31 13:17:11 2021] GET /placement/allocation_candidates?limit=1000&resources=DISK_GB%3A1%2CMEMORY_MB%3A1024%2CVCPU%3A1&root_required=%21COMPUTE_STATUS_DISABLED => generated 1309 bytes in 428 msecs (HTTP/1.1 200) 8 headers in 297 bytes (1 switches on core 0)
Aug 31 13:17:12.168081 n-d-800085-11 devstack@placement-api.service[95890]: DEBUG placement.requestlog [req-41d4d461-f548-4903-b6e5-79a017e48d7a req-8ad22eb9-918c-44a9-bfc7-08560a8a52e3 None None] Starting request: 10.222.0.41 "GET /placement/allocations/b65df289-4213-4abd-bcf6-ea26a17b8661" {{(pid=95890) __call__ /opt/stack/placement/placement/requestlog.py:55}}
Aug 31 13:17:12.180589 n-d-800085-11 devstack@placement-api.service[95890]: INFO placement.requestlog [req-41d4d461-f548-4903-b6e5-79a017e48d7a req-8ad22eb9-918c-44a9-bfc7-08560a8a52e3 service placement] 10.222.0.41 "GET /placement/allocations/b65df289-4213-4abd-bcf6-ea26a17b8661" status: 200 len: 19 microversion: 1.28
Aug 31 13:17:12.187300 n-d-800085-11 devstack@placement-api.service[95890]: [pid: 95890|app: 0|req: 287/581] 10.222.0.41 () {60 vars in 1381 bytes} [Tue Aug 31 13:17:12 2021] GET /placement/allocations/b65df289-4213-4abd-bcf6-ea26a17b8661 => generated 19 bytes in 19 msecs (HTTP/1.1 200) 8 headers in 295 bytes (2 switches on core 0)
Aug 31 13:17:12.187478 n-d-800085-11 devstack@placement-api.service[95891]: DEBUG placement.requestlog [req-41d4d461-f548-4903-b6e5-79a017e48d7a req-f1060552-4882-41f3-b0e8-b09ca29d30a9 None None] Starting request: 10.222.0.41 "PUT /placement/allocations/b65df289-4213-4abd-bcf6-ea26a17b8661" {{(pid=95891) __call__ /opt/stack/placement/placement/requestlog.py:55}}
Aug 31 13:17:12.262940 n-d-800085-11 devstack@placement-api.service[95891]: DEBUG placement.handlers.allocation [req-41d4d461-f548-4903-b6e5-79a017e48d7a req-f1060552-4882-41f3-b0e8-b09ca29d30a9 service placement] Successfully wrote allocations [, , ] {{(pid=95891) _create_allocations /opt/stack/placement/placement/handlers/allocation.py:461}}
Aug 31 13:17:12.451221 n-d-800085-11 devstack@placement-api.service[95891]: INFO placement.requestlog [req-41d4d461-f548-4903-b6e5-79a017e48d7a req-f1060552-4882-41f3-b0e8-b09ca29d30a9 service placement] 10.222.0.41 "PUT /placement/allocations/b65df289-4213-4abd-bcf6-ea26a17b8661" status: 204 len: 0 microversion: 1.36
Aug 31 13:17:12.451624 n-d-800085-11 devstack@placement-api.service[95891]: [pid: 95891|app: 0|req: 295/582] 10.222.0.41 () {64 vars in 1434 bytes} [Tue Aug 31 13:17:12 2021] PUT /placement/allocations/b65df289-4213-4abd-bcf6-ea26a17b8661 => generated 0 bytes in 265 msecs (HTTP/1.1 204) 5 headers in 199 bytes (1 switches on core 0)
Aug 31 13:17:14.865218 n-d-800085-11 devstack@placement-api.service[95890]: DEBUG placement.requestlog [req-41d4d461-f548-4903-b6e5-79a017e48d7a req-e78fd6a5-0885-49a7-94f7-7a0a194a3803 None None] Starting request: 10.222.0.58 "GET /placement/allocations/b65df289-4213-4abd-bcf6-ea26a17b8661" {{(pid=95890) __call__ /opt/stack/placement/placement/requestlog.py:55}}
Aug 31 13:17:14.885520 n-d-800085-11 devstack@placement-api.service[95890]: INFO placement.requestlog [req-41d4d461-f548-4903-b6e5-79a017e48d7a req-e78fd6a5-0885-49a7-94f7-7a0a194a3803 service placement] 10.222.0.58 "GET /placement/allocations/b65df289-4213-4abd-bcf6-ea26a17b8661" status: 200 len: 259 microversion: 1.28
Aug 31 13:17:14.885763 n-d-800085-11 devstack@placement-api.service[95890]: [pid: 95890|app: 0|req: 288/583] 10.222.0.58 () {60 vars in 1378 bytes} [Tue Aug 31 13:17:14 2021] GET /placement/allocations/b65df289-4213-4abd-bcf6-ea26a17b8661 => generated 259 bytes in 21 msecs (HTTP/1.1 200) 8 headers in 296 bytes (1 switches on core 0)
Aug 31 13:17:20.326884 n-d-800085-11 devstack@placement-api.service[95891]: DEBUG placement.requestlog [req-41e21380-d606-44ef-9827-c2fe6dbdf1d5 req-bf92c199-091d-4317-927e-fc5f36064108 None None] Starting request: 10.222.0.36 "GET /placement/resource_providers/8aa829c8-b9da-42db-a1a8-a5adabb84dd9/allocations" {{(pid=95891) __call__ /opt/stack/placement/placement/requestlog.py:55}}
Aug 31 13:17:20.376979 n-d-800085-11 devstack@placement-api.service[95891]: INFO placement.requestlog [req-41e21380-d606-44ef-9827-c2fe6dbdf1d5 req-bf92c199-091d-4317-927e-fc5f36064108 service placement] 10.222.0.36 "GET /placement/resource_providers/8aa829c8-b9da-42db-a1a8-a5adabb84dd9/allocations" status: 200 len: 659 microversion: 1.0
Aug 31 13:17:20.377694 n-d-800085-11 devstack@placement-api.service[95891]: [pid: 95891|app: 0|req: 296/584] 10.222.0.36 () {58 vars in 1391 bytes} [Tue Aug 31 13:17:20 2021] GET /placement/resource_providers/8aa829c8-b9da-42db-a1a8-a5adabb84dd9/allocations => generated 659 bytes in 54 msecs (HTTP/1.1 200) 6 headers in 224 bytes (1 switches on core 0)
Aug 31 13:17:21.299890 n-d-800085-11 devstack@placement-api.service[95890]: DEBUG placement.requestlog [req-41e21380-d606-44ef-9827-c2fe6dbdf1d5 req-05781987-1400-4d62-8b57-c45c4d3cc40b None None] Starting request: 10.222.0.36 "GET /placement/allocations/2242e83a-b4fa-4ee8-b630-f2c16fd37f32" {{(pid=95890) __call__ /opt/stack/placement/placement/requestlog.py:55}}
Aug 31 13:17:21.356966 n-d-800085-11 devstack@placement-api.service[95890]: INFO placement.requestlog [req-41e21380-d606-44ef-9827-c2fe6dbdf1d5 req-05781987-1400-4d62-8b57-c45c4d3cc40b service placement] 10.222.0.36 "GET /placement/allocations/2242e83a-b4fa-4ee8-b630-f2c16fd37f32" status: 200 len: 259 microversion: 1.28
Aug 31 13:17:21.359455 n-d-800085-11 devstack@placement-api.service[95890]: [pid: 95890|app: 0|req: 289/585] 10.222.0.36 () {60 vars in 1378 bytes} [Tue Aug 31 13:17:21 2021] GET /placement/allocations/2242e83a-b4fa-4ee8-b630-f2c16fd37f32 => generated 259 bytes in 63 msecs (HTTP/1.1 200) 8 headers in 296 bytes (1 switches on core 0)
Aug 31 13:17:21.373155 n-d-800085-11 devstack@placement-api.service[95891]: DEBUG placement.requestlog [req-41e21380-d606-44ef-9827-c2fe6dbdf1d5 req-290f18f8-1739-495b-abcb-8e72b43f1535 None None] Starting request: 10.222.0.36 "PUT /placement/allocations/2242e83a-b4fa-4ee8-b630-f2c16fd37f32" {{(pid=95891) __call__ /opt/stack/placement/placement/requestlog.py:55}}
Aug 31 13:17:21.470155 n-d-800085-11 devstack@placement-api.service[95891]: DEBUG placement.handlers.allocation [req-41e21380-d606-44ef-9827-c2fe6dbdf1d5 req-290f18f8-1739-495b-abcb-8e72b43f1535 service placement] Successfully wrote allocations [, , ] {{(pid=95891) _create_allocations /opt/stack/placement/placement/handlers/allocation.py:461}}
Aug 31 13:17:21.647602 n-d-800085-11 devstack@placement-api.service[95891]: INFO placement.requestlog [req-41e21380-d606-44ef-9827-c2fe6dbdf1d5 req-290f18f8-1739-495b-abcb-8e72b43f1535 service placement] 10.222.0.36 "PUT /placement/allocations/2242e83a-b4fa-4ee8-b630-f2c16fd37f32" status: 204 len: 0 microversion: 1.28
Aug 31 13:17:21.647602 n-d-800085-11 devstack@placement-api.service[95891]: [pid: 95891|app: 0|req: 297/586] 10.222.0.36 () {64 vars in 1431 bytes} [Tue Aug 31 13:17:21 2021] PUT /placement/allocations/2242e83a-b4fa-4ee8-b630-f2c16fd37f32 => generated 0 bytes in 254 msecs (HTTP/1.1 204) 5 headers in 199 bytes (1 switches on core 0)
Aug 31 13:17:24.108337 n-d-800085-11 devstack@placement-api.service[95890]: DEBUG placement.requestlog [req-c5d211e2-2ffb-4157-a75d-6d9611ec291e req-74275c83-8738-46b4-984a-7f36bc6fe428 None None] Starting request: 10.222.0.58 "DELETE /placement/allocations/6a01d1a0-61a7-4f22-82d2-83e0f3ff2db4" {{(pid=95890) __call__ /opt/stack/placement/placement/requestlog.py:55}}
Aug 31 13:17:25.635998 n-d-800085-11 devstack@placement-api.service[95890]: DEBUG placement.handlers.allocation [req-c5d211e2-2ffb-4157-a75d-6d9611ec291e req-74275c83-8738-46b4-984a-7f36bc6fe428 service placement] Successfully deleted allocations [, , ] {{(pid=95890) delete_allocations /opt/stack/placement/placement/handlers/allocation.py:603}}
Aug 31 13:17:25.641971 n-d-800085-11 devstack@placement-api.service[95890]: INFO placement.requestlog [req-c5d211e2-2ffb-4157-a75d-6d9611ec291e req-74275c83-8738-46b4-984a-7f36bc6fe428 service placement] 10.222.0.58 "DELETE /placement/allocations/6a01d1a0-61a7-4f22-82d2-83e0f3ff2db4" status: 204 len: 0 microversion: 1.0
Aug 31 13:17:25.641971 n-d-800085-11 devstack@placement-api.service[95890]: [pid: 95890|app: 0|req: 290/587] 10.222.0.58 () {60 vars in 1356 bytes} [Tue Aug 31 13:17:24 2021] DELETE /placement/allocations/6a01d1a0-61a7-4f22-82d2-83e0f3ff2db4 => generated 0 bytes in 1530 msecs (HTTP/1.1 204) 5 headers in 198 bytes (1 switches on core 0)
Aug 31 13:17:26.880099 n-d-800085-11 devstack@placement-api.service[95891]: DEBUG placement.requestlog [req-afa3a7f9-56b5-4d72-be32-f7990272fa8b req-dae5a47c-f311-4498-9e78-0aa318bb223e None None] Starting request: 10.222.0.36 "DELETE /placement/allocations/4938bf7c-ea37-47e2-bf86-2036dcfd344c" {{(pid=95891) __call__ /opt/stack/placement/placement/requestlog.py:55}}
Aug 31 13:17:27.472119 n-d-800085-11 devstack@placement-api.service[95891]: DEBUG placement.handlers.allocation [req-afa3a7f9-56b5-4d72-be32-f7990272fa8b req-dae5a47c-f311-4498-9e78-0aa318bb223e service placement] Successfully deleted allocations [, , ] {{(pid=95891) delete_allocations /opt/stack/placement/placement/handlers/allocation.py:603}}
Aug 31 13:17:27.474068 n-d-800085-11 devstack@placement-api.service[95891]: INFO placement.requestlog [req-afa3a7f9-56b5-4d72-be32-f7990272fa8b req-dae5a47c-f311-4498-9e78-0aa318bb223e service placement] 10.222.0.36 "DELETE /placement/allocations/4938bf7c-ea37-47e2-bf86-2036dcfd344c" status: 204 len: 0 microversion: 1.0
Aug 31 13:17:27.476044 n-d-800085-11 devstack@placement-api.service[95891]: [pid: 95891|app: 0|req: 298/588] 10.222.0.36 () {60 vars in 1356 bytes} [Tue Aug 31 13:17:26 2021] DELETE /placement/allocations/4938bf7c-ea37-47e2-bf86-2036dcfd344c => generated 0 bytes in 604 msecs (HTTP/1.1 204) 5 headers in 198 bytes (1 switches on core 0)
Aug 31 13:17:27.657389 n-d-800085-11 devstack@placement-api.service[95890]: DEBUG placement.requestlog [req-425fcbdb-e582-483b-bd40-2cf3690161f2 req-5187305f-5021-4e3a-95ba-7e0d550ff7c3 None None] Starting request: 10.222.0.41 "GET /placement/allocation_candidates?limit=1000&resources=DISK_GB%3A1%2CMEMORY_MB%3A1024%2CVCPU%3A1&root_required=%21COMPUTE_STATUS_DISABLED" {{(pid=95890) __call__ /opt/stack/placement/placement/requestlog.py:55}}
Aug 31 13:17:27.748486 n-d-800085-11 devstack@placement-api.service[95890]: DEBUG placement.objects.research_context [req-425fcbdb-e582-483b-bd40-2cf3690161f2 req-5187305f-5021-4e3a-95ba-7e0d550ff7c3 service placement] getting providers with 1 DISK_GB {{(pid=95890) __init__ /opt/stack/placement/placement/objects/research_context.py:126}}
Aug 31 13:17:27.766574 n-d-800085-11 devstack@placement-api.service[95890]: DEBUG placement.objects.research_context [req-425fcbdb-e582-483b-bd40-2cf3690161f2 req-5187305f-5021-4e3a-95ba-7e0d550ff7c3 service placement] getting providers with 1024 MEMORY_MB {{(pid=95890) __init__ /opt/stack/placement/placement/objects/research_context.py:126}}
Aug 31 13:17:27.781167 n-d-800085-11 devstack@placement-api.service[95890]: DEBUG placement.objects.research_context [req-425fcbdb-e582-483b-bd40-2cf3690161f2 req-5187305f-5021-4e3a-95ba-7e0d550ff7c3 service placement] getting providers with 1 VCPU {{(pid=95890) __init__ /opt/stack/placement/placement/objects/research_context.py:126}}
Aug 31 13:17:27.801497 n-d-800085-11 devstack@placement-api.service[95890]: DEBUG placement.objects.research_context [req-425fcbdb-e582-483b-bd40-2cf3690161f2 req-5187305f-5021-4e3a-95ba-7e0d550ff7c3 service placement] found 2 providers with available 1 DISK_GB {{(pid=95890) get_provider_ids_matching /opt/stack/placement/placement/objects/research_context.py:549}}
Aug 31 13:17:27.802329 n-d-800085-11 devstack@placement-api.service[95890]: DEBUG placement.objects.research_context [req-425fcbdb-e582-483b-bd40-2cf3690161f2 req-5187305f-5021-4e3a-95ba-7e0d550ff7c3 service placement] found 2 providers with available 1024 MEMORY_MB {{(pid=95890) get_provider_ids_matching /opt/stack/placement/placement/objects/research_context.py:549}}
Aug 31 13:17:27.802821 n-d-800085-11 devstack@placement-api.service[95890]: DEBUG placement.objects.research_context [req-425fcbdb-e582-483b-bd40-2cf3690161f2 req-5187305f-5021-4e3a-95ba-7e0d550ff7c3 service placement] found 2 providers after filtering by previous result {{(pid=95890) get_provider_ids_matching /opt/stack/placement/placement/objects/research_context.py:580}}
Aug 31 13:17:27.803276 n-d-800085-11 devstack@placement-api.service[95890]: DEBUG placement.objects.research_context [req-425fcbdb-e582-483b-bd40-2cf3690161f2 req-5187305f-5021-4e3a-95ba-7e0d550ff7c3 service placement] found 2 providers with available 1 VCPU {{(pid=95890) get_provider_ids_matching /opt/stack/placement/placement/objects/research_context.py:549}}
Aug 31 13:17:27.807399 n-d-800085-11 devstack@placement-api.service[95890]: DEBUG placement.objects.research_context [req-425fcbdb-e582-483b-bd40-2cf3690161f2 req-5187305f-5021-4e3a-95ba-7e0d550ff7c3 service placement] found 2 providers after filtering by previous result {{(pid=95890) get_provider_ids_matching /opt/stack/placement/placement/objects/research_context.py:580}}
Aug 31 13:17:27.865495 n-d-800085-11 devstack@placement-api.service[95890]: DEBUG placement.objects.allocation_candidate [req-425fcbdb-e582-483b-bd40-2cf3690161f2 req-5187305f-5021-4e3a-95ba-7e0d550ff7c3 service placement] RequestGroup(use_same_provider=False, resources={DISK_GB:1, MEMORY_MB:1024, VCPU:1}, traits=[], aggregates=[]) (suffix '') returned 2 matches {{(pid=95890) _get_by_requests /opt/stack/placement/placement/objects/allocation_candidate.py:145}}
Aug 31 13:17:27.866076 n-d-800085-11 devstack@placement-api.service[95890]: DEBUG placement.objects.allocation_candidate [req-425fcbdb-e582-483b-bd40-2cf3690161f2 req-5187305f-5021-4e3a-95ba-7e0d550ff7c3 service placement] Merging candidates yields 2 allocation requests and 2 provider summaries {{(pid=95890) _merge_candidates /opt/stack/placement/placement/objects/allocation_candidate.py:783}}
Aug 31 13:17:27.878853 n-d-800085-11 devstack@placement-api.service[95890]: INFO placement.requestlog [req-425fcbdb-e582-483b-bd40-2cf3690161f2 req-5187305f-5021-4e3a-95ba-7e0d550ff7c3 service placement] 10.222.0.41 "GET /placement/allocation_candidates?limit=1000&resources=DISK_GB%3A1%2CMEMORY_MB%3A1024%2CVCPU%3A1&root_required=%21COMPUTE_STATUS_DISABLED" status: 200 len: 1309 microversion: 1.36
Aug 31 13:17:27.888070 n-d-800085-11 devstack@placement-api.service[95890]: [pid: 95890|app: 0|req: 291/589] 10.222.0.41 () {60 vars in 1507 bytes} [Tue Aug 31 13:17:27 2021] GET /placement/allocation_candidates?limit=1000&resources=DISK_GB%3A1%2CMEMORY_MB%3A1024%2CVCPU%3A1&root_required=%21COMPUTE_STATUS_DISABLED => generated 1309 bytes in 230 msecs (HTTP/1.1 200) 8 headers in 297 bytes (1 switches on core 0)
Aug 31 13:17:28.079597 n-d-800085-11 devstack@placement-api.service[95891]: DEBUG placement.requestlog [req-425fcbdb-e582-483b-bd40-2cf3690161f2 req-bf45c348-2f4b-4d3c-aa56-51268c74b9d1 None None] Starting request: 10.222.0.41 "GET /placement/allocations/1b51fef2-e312-4e7d-b364-bd4da27b9b2d" {{(pid=95891) __call__ /opt/stack/placement/placement/requestlog.py:55}}
Aug 31 13:17:28.098647 n-d-800085-11 devstack@placement-api.service[95891]: INFO placement.requestlog [req-425fcbdb-e582-483b-bd40-2cf3690161f2 req-bf45c348-2f4b-4d3c-aa56-51268c74b9d1 service placement] 10.222.0.41 "GET /placement/allocations/1b51fef2-e312-4e7d-b364-bd4da27b9b2d" status: 200 len: 19 microversion: 1.28
Aug 31 13:17:28.105250 n-d-800085-11 devstack@placement-api.service[95891]: [pid: 95891|app: 0|req: 299/590] 10.222.0.41 () {60 vars in 1381 bytes} [Tue Aug 31 13:17:28 2021] GET /placement/allocations/1b51fef2-e312-4e7d-b364-bd4da27b9b2d => generated 19 bytes in 20 msecs (HTTP/1.1 200) 8 headers in 295 bytes (2 switches on core 0)
Aug 31 13:17:28.107759 n-d-800085-11 devstack@placement-api.service[95890]: DEBUG placement.requestlog [req-425fcbdb-e582-483b-bd40-2cf3690161f2 req-d5020106-1f0a-4488-b30a-4442e5ad5baa None None] Starting request: 10.222.0.41 "PUT /placement/allocations/1b51fef2-e312-4e7d-b364-bd4da27b9b2d" {{(pid=95890) __call__ /opt/stack/placement/placement/requestlog.py:55}}
Aug 31 13:17:28.198502 n-d-800085-11 devstack@placement-api.service[95890]: DEBUG placement.handlers.allocation [req-425fcbdb-e582-483b-bd40-2cf3690161f2 req-d5020106-1f0a-4488-b30a-4442e5ad5baa service placement] Successfully wrote allocations [, , ] {{(pid=95890) _create_allocations /opt/stack/placement/placement/handlers/allocation.py:461}}
Aug 31 13:17:28.441347 n-d-800085-11 devstack@placement-api.service[95890]: INFO placement.requestlog [req-425fcbdb-e582-483b-bd40-2cf3690161f2 req-d5020106-1f0a-4488-b30a-4442e5ad5baa service placement] 10.222.0.41 "PUT /placement/allocations/1b51fef2-e312-4e7d-b364-bd4da27b9b2d" status: 204 len: 0 microversion: 1.36
Aug 31 13:17:28.442651 n-d-800085-11 devstack@placement-api.service[95890]: [pid: 95890|app: 0|req: 292/591] 10.222.0.41 () {64 vars in 1434 bytes} [Tue Aug 31 13:17:28 2021] PUT /placement/allocations/1b51fef2-e312-4e7d-b364-bd4da27b9b2d => generated 0 bytes in 337 msecs (HTTP/1.1 204) 5 headers in 199 bytes (1 switches on core 0)
Aug 31 13:17:28.456269 n-d-800085-11 devstack@placement-api.service[95891]: DEBUG placement.requestlog [req-425fcbdb-e582-483b-bd40-2cf3690161f2 req-10e951a7-c5a5-4454-81c6-26fb80426fb0 None None] Starting request: 10.222.0.41 "GET /placement/allocations/4b9815d0-b9c6-43fa-931f-0ca3b8b955ad" {{(pid=95891) __call__ /opt/stack/placement/placement/requestlog.py:55}}
Aug 31 13:17:28.485960 n-d-800085-11 devstack@placement-api.service[95891]: INFO placement.requestlog [req-425fcbdb-e582-483b-bd40-2cf3690161f2 req-10e951a7-c5a5-4454-81c6-26fb80426fb0 service placement] 10.222.0.41 "GET /placement/allocations/4b9815d0-b9c6-43fa-931f-0ca3b8b955ad" status: 200 len: 19 microversion: 1.28
Aug 31 13:17:28.488521 n-d-800085-11 devstack@placement-api.service[95891]: [pid: 95891|app: 0|req: 300/592] 10.222.0.41 () {60 vars in 1381 bytes} [Tue Aug 31 13:17:28 2021] GET /placement/allocations/4b9815d0-b9c6-43fa-931f-0ca3b8b955ad => generated 19 bytes in 32 msecs (HTTP/1.1 200) 8 headers in 295 bytes (1 switches on core 0)
Aug 31 13:17:28.495922 n-d-800085-11 devstack@placement-api.service[95890]: DEBUG placement.requestlog [req-425fcbdb-e582-483b-bd40-2cf3690161f2 req-bbebc38a-478c-42af-b9cd-13d3f02811b1 None None] Starting request: 10.222.0.41 "PUT /placement/allocations/4b9815d0-b9c6-43fa-931f-0ca3b8b955ad" {{(pid=95890) __call__ /opt/stack/placement/placement/requestlog.py:55}}
Aug 31 13:17:28.844484 n-d-800085-11 devstack@placement-api.service[95890]: DEBUG placement.handlers.allocation [req-425fcbdb-e582-483b-bd40-2cf3690161f2 req-bbebc38a-478c-42af-b9cd-13d3f02811b1 service placement] Successfully wrote allocations [, , ] {{(pid=95890) _create_allocations /opt/stack/placement/placement/handlers/allocation.py:461}}
Aug 31 13:17:29.053370 n-d-800085-11 devstack@placement-api.service[95890]: INFO placement.requestlog [req-425fcbdb-e582-483b-bd40-2cf3690161f2 req-bbebc38a-478c-42af-b9cd-13d3f02811b1 service placement] 10.222.0.41 "PUT /placement/allocations/4b9815d0-b9c6-43fa-931f-0ca3b8b955ad" status: 204 len: 0 microversion: 1.36
Aug 31 13:17:29.055104 n-d-800085-11 devstack@placement-api.service[95890]: [pid: 95890|app: 0|req: 293/593] 10.222.0.41 () {64 vars in 1434 bytes} [Tue Aug 31 13:17:28 2021] PUT /placement/allocations/4b9815d0-b9c6-43fa-931f-0ca3b8b955ad => generated 0 bytes in 563 msecs (HTTP/1.1 204) 5 headers in 199 bytes (1 switches on core 0)
Aug 31 13:17:31.461836 n-d-800085-11 devstack@placement-api.service[95891]: DEBUG placement.requestlog [req-7f9555ab-23b4-4edf-b482-cc4026b31347 req-90d321e5-c5d9-4b4f-b274-f75b96d33c90 None None] Starting request: 10.222.0.58 "DELETE /placement/allocations/653c6766-8d02-4c38-b137-4848ced1b1f6" {{(pid=95891) __call__ /opt/stack/placement/placement/requestlog.py:55}}
Aug 31 13:17:31.904698 n-d-800085-11 devstack@placement-api.service[95890]: DEBUG placement.requestlog [req-425fcbdb-e582-483b-bd40-2cf3690161f2 req-9ea44ba0-0e76-4f9f-8d27-7c3ac236f754 None None] Starting request: 10.222.0.36 "GET /placement/allocations/1b51fef2-e312-4e7d-b364-bd4da27b9b2d" {{(pid=95890) __call__ /opt/stack/placement/placement/requestlog.py:55}}
Aug 31 13:17:31.927209 n-d-800085-11 devstack@placement-api.service[95890]: INFO placement.requestlog [req-425fcbdb-e582-483b-bd40-2cf3690161f2 req-9ea44ba0-0e76-4f9f-8d27-7c3ac236f754 service placement] 10.222.0.36 "GET /placement/allocations/1b51fef2-e312-4e7d-b364-bd4da27b9b2d" status: 200 len: 259 microversion: 1.28
Aug 31 13:17:31.928091 n-d-800085-11 devstack@placement-api.service[95890]: [pid: 95890|app: 0|req: 294/594] 10.222.0.36 () {60 vars in 1378 bytes} [Tue Aug 31 13:17:31 2021] GET /placement/allocations/1b51fef2-e312-4e7d-b364-bd4da27b9b2d => generated 259 bytes in 28 msecs (HTTP/1.1 200) 8 headers in 296 bytes (2 switches on core 0)
Aug 31 13:17:31.970527 n-d-800085-11 devstack@placement-api.service[95891]: DEBUG placement.handlers.allocation [req-7f9555ab-23b4-4edf-b482-cc4026b31347 req-90d321e5-c5d9-4b4f-b274-f75b96d33c90 service placement] Successfully deleted allocations [, , ] {{(pid=95891) delete_allocations /opt/stack/placement/placement/handlers/allocation.py:603}}
Aug 31 13:17:31.971040 n-d-800085-11 devstack@placement-api.service[95891]: INFO placement.requestlog [req-7f9555ab-23b4-4edf-b482-cc4026b31347 req-90d321e5-c5d9-4b4f-b274-f75b96d33c90 service placement] 10.222.0.58 "DELETE /placement/allocations/653c6766-8d02-4c38-b137-4848ced1b1f6" status: 204 len: 0 microversion: 1.0
Aug 31 13:17:31.971338 n-d-800085-11 devstack@placement-api.service[95891]: [pid: 95891|app: 0|req: 301/595] 10.222.0.58 () {60 vars in 1356 bytes} [Tue Aug 31 13:17:31 2021] DELETE /placement/allocations/653c6766-8d02-4c38-b137-4848ced1b1f6 => generated 0 bytes in 510 msecs (HTTP/1.1 204) 5 headers in 198 bytes (1 switches on core 0)
Aug 31 13:17:32.554691 n-d-800085-11 devstack@placement-api.service[95890]: DEBUG placement.requestlog [req-425fcbdb-e582-483b-bd40-2cf3690161f2 req-53403a1c-8ae0-4ea3-b95e-8bc4308e66cd None None] Starting request: 10.222.0.36 "GET /placement/allocations/4b9815d0-b9c6-43fa-931f-0ca3b8b955ad" {{(pid=95890) __call__ /opt/stack/placement/placement/requestlog.py:55}}
Aug 31 13:17:32.582004 n-d-800085-11 devstack@placement-api.service[95890]: INFO placement.requestlog [req-425fcbdb-e582-483b-bd40-2cf3690161f2 req-53403a1c-8ae0-4ea3-b95e-8bc4308e66cd service placement] 10.222.0.36 "GET /placement/allocations/4b9815d0-b9c6-43fa-931f-0ca3b8b955ad" status: 200 len: 259 microversion: 1.28
Aug 31 13:17:32.582767 n-d-800085-11 devstack@placement-api.service[95890]: [pid: 95890|app: 0|req: 295/596] 10.222.0.36 () {60 vars in 1378 bytes} [Tue Aug 31 13:17:32 2021] GET /placement/allocations/4b9815d0-b9c6-43fa-931f-0ca3b8b955ad => generated 259 bytes in 29 msecs (HTTP/1.1 200) 8 headers in 296 bytes (1 switches on core 0)
Aug 31 13:17:36.469982 n-d-800085-11 devstack@placement-api.service[95891]: DEBUG placement.requestlog [req-fc321890-4c53-4603-a7c3-f2837d40ee20 req-d1ccd4e1-5b2d-456d-885a-6f8c2f394e3e None None] Starting request: 10.222.0.58 "DELETE /placement/allocations/7a06ee92-4762-404d-b89c-8353420bfb73" {{(pid=95891) __call__ /opt/stack/placement/placement/requestlog.py:55}}
Aug 31 13:17:36.736536 n-d-800085-11 devstack@placement-api.service[95891]: DEBUG placement.handlers.allocation [req-fc321890-4c53-4603-a7c3-f2837d40ee20 req-d1ccd4e1-5b2d-456d-885a-6f8c2f394e3e service placement] Successfully deleted allocations [, , ] {{(pid=95891) delete_allocations /opt/stack/placement/placement/handlers/allocation.py:603}}
Aug 31 13:17:36.737372 n-d-800085-11 devstack@placement-api.service[95891]: INFO placement.requestlog [req-fc321890-4c53-4603-a7c3-f2837d40ee20 req-d1ccd4e1-5b2d-456d-885a-6f8c2f394e3e service placement] 10.222.0.58 "DELETE /placement/allocations/7a06ee92-4762-404d-b89c-8353420bfb73" status: 204 len: 0 microversion: 1.0
Aug 31 13:17:36.738338 n-d-800085-11 devstack@placement-api.service[95891]: [pid: 95891|app: 0|req: 302/597] 10.222.0.58 () {60 vars in 1356 bytes} [Tue Aug 31 13:17:36 2021] DELETE /placement/allocations/7a06ee92-4762-404d-b89c-8353420bfb73 => generated 0 bytes in 269 msecs (HTTP/1.1 204) 5 headers in 198 bytes (1 switches on core 0)
Aug 31 13:17:36.742270 n-d-800085-11 devstack@placement-api.service[95890]: DEBUG placement.requestlog [req-9586c712-d254-4c32-b94c-02e718ab9b22 req-609a201c-6355-4c78-9d06-008253f4a272 None None] Starting request: 10.222.0.36 "GET /placement/resource_providers/8aa829c8-b9da-42db-a1a8-a5adabb84dd9/allocations" {{(pid=95890) __call__ /opt/stack/placement/placement/requestlog.py:55}}
Aug 31 13:17:36.845450 n-d-800085-11 devstack@placement-api.service[95890]: INFO placement.requestlog [req-9586c712-d254-4c32-b94c-02e718ab9b22 req-609a201c-6355-4c78-9d06-008253f4a272 service placement] 10.222.0.36 "GET /placement/resource_providers/8aa829c8-b9da-42db-a1a8-a5adabb84dd9/allocations" status: 200 len: 659 microversion: 1.0
Aug 31 13:17:36.848564 n-d-800085-11 devstack@placement-api.service[95890]: [pid: 95890|app: 0|req: 296/598] 10.222.0.36 () {58 vars in 1391 bytes} [Tue Aug 31 13:17:36 2021] GET /placement/resource_providers/8aa829c8-b9da-42db-a1a8-a5adabb84dd9/allocations => generated 659 bytes in 104 msecs (HTTP/1.1 200) 6 headers in 224 bytes (1 switches on core 0)
Aug 31 13:17:47.496658 n-d-800085-11 devstack@placement-api.service[95891]: DEBUG placement.requestlog [req-d20992e3-d084-426b-98dd-d5cf8d9b143e req-db4184a5-fdf8-488d-b11e-905968934ee3 None None] Starting request: 10.222.0.36 "DELETE /placement/allocations/aab14e81-f1e2-4a06-9c5c-3a9a6ceb9aa9" {{(pid=95891) __call__ /opt/stack/placement/placement/requestlog.py:55}}
Aug 31 13:17:47.793821 n-d-800085-11 devstack@placement-api.service[95891]: DEBUG placement.handlers.allocation [req-d20992e3-d084-426b-98dd-d5cf8d9b143e req-db4184a5-fdf8-488d-b11e-905968934ee3 service placement] Successfully deleted allocations [, , ] {{(pid=95891) delete_allocations /opt/stack/placement/placement/handlers/allocation.py:603}}
Aug 31 13:17:47.794913 n-d-800085-11 devstack@placement-api.service[95891]: INFO placement.requestlog [req-d20992e3-d084-426b-98dd-d5cf8d9b143e req-db4184a5-fdf8-488d-b11e-905968934ee3 service placement] 10.222.0.36 "DELETE /placement/allocations/aab14e81-f1e2-4a06-9c5c-3a9a6ceb9aa9" status: 204 len: 0 microversion: 1.0
Aug 31 13:17:47.795363 n-d-800085-11 devstack@placement-api.service[95891]: [pid: 95891|app: 0|req: 303/599] 10.222.0.36 () {60 vars in 1356 bytes} [Tue Aug 31 13:17:47 2021] DELETE /placement/allocations/aab14e81-f1e2-4a06-9c5c-3a9a6ceb9aa9 => generated 0 bytes in 299 msecs (HTTP/1.1 204) 5 headers in 198 bytes (1 switches on core 0)
Aug 31 13:17:49.676658 n-d-800085-11 devstack@placement-api.service[95890]: DEBUG placement.requestlog [req-48cf6751-f1cd-4c8c-adf8-bdbe07aea13f req-c30ad00b-2517-4403-bef5-7c2a678375c2 None None] Starting request: 10.222.0.58 "GET /placement/resource_providers/65a5abcd-40b1-46dc-bcb8-3a17151a973c/allocations" {{(pid=95890) __call__ /opt/stack/placement/placement/requestlog.py:55}}
Aug 31 13:17:49.713270 n-d-800085-11 devstack@placement-api.service[95890]: INFO placement.requestlog [req-48cf6751-f1cd-4c8c-adf8-bdbe07aea13f req-c30ad00b-2517-4403-bef5-7c2a678375c2 service placement] 10.222.0.58 "GET /placement/resource_providers/65a5abcd-40b1-46dc-bcb8-3a17151a973c/allocations" status: 200 len: 659 microversion: 1.0
Aug 31 13:17:49.713507 n-d-800085-11 devstack@placement-api.service[95890]: [pid: 95890|app: 0|req: 297/600] 10.222.0.58 () {58 vars in 1391 bytes} [Tue Aug 31 13:17:49 2021] GET /placement/resource_providers/65a5abcd-40b1-46dc-bcb8-3a17151a973c/allocations => generated 659 bytes in 37 msecs (HTTP/1.1 200) 6 headers in 224 bytes (1 switches on core 0)
Aug 31 13:17:54.652448 n-d-800085-11 devstack@placement-api.service[95891]: DEBUG placement.requestlog [req-49e51138-c102-40d3-9b4a-4315610ec963 req-e567c382-cce9-4aa7-a045-b84f40b7f130 None None] Starting request: 10.222.0.36 "DELETE /placement/allocations/c1e660ce-af3b-492f-94b5-a3086c58205b" {{(pid=95891) __call__ /opt/stack/placement/placement/requestlog.py:55}}
Aug 31 13:17:54.987799 n-d-800085-11 devstack@placement-api.service[95891]: DEBUG placement.handlers.allocation [req-49e51138-c102-40d3-9b4a-4315610ec963 req-e567c382-cce9-4aa7-a045-b84f40b7f130 service placement] Successfully deleted allocations [, , ] {{(pid=95891) delete_allocations /opt/stack/placement/placement/handlers/allocation.py:603}}
Aug 31 13:17:54.993484 n-d-800085-11 devstack@placement-api.service[95891]: INFO placement.requestlog [req-49e51138-c102-40d3-9b4a-4315610ec963 req-e567c382-cce9-4aa7-a045-b84f40b7f130 service placement] 10.222.0.36 "DELETE /placement/allocations/c1e660ce-af3b-492f-94b5-a3086c58205b" status: 204 len: 0 microversion: 1.0
Aug 31 13:17:54.993484 n-d-800085-11 devstack@placement-api.service[95891]: [pid: 95891|app: 0|req: 304/601] 10.222.0.36 () {60 vars in 1356 bytes} [Tue Aug 31 13:17:54 2021] DELETE /placement/allocations/c1e660ce-af3b-492f-94b5-a3086c58205b => generated 0 bytes in 337 msecs (HTTP/1.1 204) 5 headers in 198 bytes (1 switches on core 0)
Aug 31 13:17:58.965449 n-d-800085-11 devstack@placement-api.service[95890]: DEBUG placement.requestlog [req-df1d6c71-fa9c-4db7-9c93-81b807e67ef6 req-f43d620c-160e-4235-a49f-8504054cd000 None None] Starting request: 10.222.0.36 "DELETE /placement/allocations/1b51fef2-e312-4e7d-b364-bd4da27b9b2d" {{(pid=95890) __call__ /opt/stack/placement/placement/requestlog.py:55}}
Aug 31 13:17:59.291497 n-d-800085-11 devstack@placement-api.service[95890]: DEBUG placement.handlers.allocation [req-df1d6c71-fa9c-4db7-9c93-81b807e67ef6 req-f43d620c-160e-4235-a49f-8504054cd000 service placement] Successfully deleted allocations [, , ] {{(pid=95890) delete_allocations /opt/stack/placement/placement/handlers/allocation.py:603}}
Aug 31 13:17:59.292044 n-d-800085-11 devstack@placement-api.service[95890]: INFO placement.requestlog [req-df1d6c71-fa9c-4db7-9c93-81b807e67ef6 req-f43d620c-160e-4235-a49f-8504054cd000 service placement] 10.222.0.36 "DELETE /placement/allocations/1b51fef2-e312-4e7d-b364-bd4da27b9b2d" status: 204 len: 0 microversion: 1.0
Aug 31 13:17:59.292303 n-d-800085-11 devstack@placement-api.service[95890]: [pid: 95890|app: 0|req: 298/602] 10.222.0.36 () {60 vars in 1356 bytes} [Tue Aug 31 13:17:58 2021] DELETE /placement/allocations/1b51fef2-e312-4e7d-b364-bd4da27b9b2d => generated 0 bytes in 327 msecs (HTTP/1.1 204) 5 headers in 198 bytes (1 switches on core 0)
Aug 31 13:18:01.056755 n-d-800085-11 devstack@placement-api.service[95891]: DEBUG placement.requestlog [req-284beb31-3add-4c7e-8aea-0dd20ac86450 req-f30fa49e-d2f7-4968-ba33-58d15badc047 None None] Starting request: 10.222.0.36 "DELETE /placement/allocations/4b9815d0-b9c6-43fa-931f-0ca3b8b955ad" {{(pid=95891) __call__ /opt/stack/placement/placement/requestlog.py:55}}
Aug 31 13:18:01.446518 n-d-800085-11 devstack@placement-api.service[95891]: DEBUG placement.handlers.allocation [req-284beb31-3add-4c7e-8aea-0dd20ac86450 req-f30fa49e-d2f7-4968-ba33-58d15badc047 service placement] Successfully deleted allocations [, , ] {{(pid=95891) delete_allocations /opt/stack/placement/placement/handlers/allocation.py:603}}
Aug 31 13:18:01.447618 n-d-800085-11 devstack@placement-api.service[95891]: INFO placement.requestlog [req-284beb31-3add-4c7e-8aea-0dd20ac86450 req-f30fa49e-d2f7-4968-ba33-58d15badc047 service placement] 10.222.0.36 "DELETE /placement/allocations/4b9815d0-b9c6-43fa-931f-0ca3b8b955ad" status: 204 len: 0 microversion: 1.0
Aug 31 13:18:01.448632 n-d-800085-11 devstack@placement-api.service[95891]: [pid: 95891|app: 0|req: 305/603] 10.222.0.36 () {60 vars in 1356 bytes} [Tue Aug 31 13:18:01 2021] DELETE /placement/allocations/4b9815d0-b9c6-43fa-931f-0ca3b8b955ad => generated 0 bytes in 392 msecs (HTTP/1.1 204) 5 headers in 198 bytes (1 switches on core 0)
Aug 31 13:18:02.263226 n-d-800085-11 devstack@placement-api.service[95890]: DEBUG placement.requestlog [req-cebc8f3d-a1b7-4250-b345-6726c3e17eac req-382c90d5-361a-42cb-b2e2-bc7fe969b57f None None] Starting request: 10.222.0.36 "DELETE /placement/allocations/2ef84a7c-5402-4bfc-a243-1a733065fd1f" {{(pid=95890) __call__ /opt/stack/placement/placement/requestlog.py:55}}
Aug 31 13:18:02.634185 n-d-800085-11 devstack@placement-api.service[95890]: DEBUG placement.handlers.allocation [req-cebc8f3d-a1b7-4250-b345-6726c3e17eac req-382c90d5-361a-42cb-b2e2-bc7fe969b57f service placement] Successfully deleted allocations [, , ] {{(pid=95890) delete_allocations /opt/stack/placement/placement/handlers/allocation.py:603}}
