Aug 16 22:59:06.784919 n-d-800085-10 devstack@n-api.service[117943]: DEBUG nova.policy [None req-583333dd-9b73-4a54-b6c3-fb9cab091bc6 tempest-DeleteServersAdminTestJSON-1199338956 tempest-DeleteServersAdminTestJSON-1199338956-project] Policy check for os_compute_api:os-extended-server-attributes failed with credentials {'is_admin': False, 'user_id': 'f3cc3960719e45e0803824983c10eab7', 'user_domain_id': 'default', 'system_scope': None, 'domain_id': None, 'project_id': 'a210b8c7489348a6bfbea701cdb945c6', 'project_domain_id': 'default', 'roles': ['member', 'reader'], 'is_admin_project': True, 'service_user_id': None, 'service_user_domain_id': None, 'service_project_id': None, 'service_project_domain_id': None, 'service_roles': []} {{(pid=117943) authorize /opt/stack/nova/nova/policy.py:199}}
Aug 16 22:59:06.797615 n-d-800085-10 devstack@n-api.service[117943]: INFO nova.api.openstack.requestlog [None req-583333dd-9b73-4a54-b6c3-fb9cab091bc6 tempest-DeleteServersAdminTestJSON-1199338956 tempest-DeleteServersAdminTestJSON-1199338956-project] 10.222.0.10 "GET /compute/v2.1/servers/53cc86b8-a1d4-403c-9cb8-fc836686aa17" status: 200 len: 1341 microversion: 2.1 time: 0.398324
Aug 16 22:59:06.816075 n-d-800085-10 devstack@n-api.service[117943]: [pid: 117943|app: 0|req: 25/51] 10.222.0.10 () {58 vars in 1236 bytes} [Mon Aug 16 22:59:06 2021] GET /compute/v2.1/servers/53cc86b8-a1d4-403c-9cb8-fc836686aa17 => generated 1341 bytes in 408 msecs (HTTP/1.1 200) 9 headers in 358 bytes (1 switches on core 0)
Aug 16 22:59:06.954647 n-d-800085-10 devstack@n-api.service[117944]: DEBUG nova.api.openstack.wsgi [None req-1ef64420-01c4-4b7e-bcf5-87e8ab571e7b tempest-AggregatesAdminTestJSON-1052027544 tempest-AggregatesAdminTestJSON-1052027544-project] Calling method '>' {{(pid=117944) _process_stack /opt/stack/nova/nova/api/openstack/wsgi.py:513}}
Aug 16 22:59:06.955296 n-d-800085-10 devstack@n-api.service[117944]: DEBUG nova.compute.api [None req-1ef64420-01c4-4b7e-bcf5-87e8ab571e7b tempest-AggregatesAdminTestJSON-1052027544 tempest-AggregatesAdminTestJSON-1052027544-project] [instance: 74122f42-e431-4dd2-896a-f25aecd84b68] Fetching instance by UUID {{(pid=117944) get /opt/stack/nova/nova/compute/api.py:2791}}
Aug 16 22:59:06.999834 n-d-800085-10 devstack@n-api.service[117944]: DEBUG oslo_concurrency.lockutils [None req-1ef64420-01c4-4b7e-bcf5-87e8ab571e7b tempest-AggregatesAdminTestJSON-1052027544 tempest-AggregatesAdminTestJSON-1052027544-project] Lock "9adc39e4-bf70-4ebe-9e96-ef00b8ee12ff" acquired by "nova.context.set_target_cell..get_or_set_cached_cell_and_set_connections" :: waited 0.000s {{(pid=117944) inner /usr/local/lib/python3.8/dist-packages/oslo_concurrency/lockutils.py:355}}
Aug 16 22:59:07.024816 n-d-800085-10 devstack@n-api.service[117944]: DEBUG oslo_concurrency.lockutils [None req-1ef64420-01c4-4b7e-bcf5-87e8ab571e7b tempest-AggregatesAdminTestJSON-1052027544 tempest-AggregatesAdminTestJSON-1052027544-project] Lock "9adc39e4-bf70-4ebe-9e96-ef00b8ee12ff" released by "nova.context.set_target_cell..get_or_set_cached_cell_and_set_connections" :: held 0.001s {{(pid=117944) inner /usr/local/lib/python3.8/dist-packages/oslo_concurrency/lockutils.py:367}}
Aug 16 22:59:07.029280 n-d-800085-10 devstack@n-api.service[117944]: DEBUG oslo_concurrency.lockutils [None req-1ef64420-01c4-4b7e-bcf5-87e8ab571e7b tempest-AggregatesAdminTestJSON-1052027544 tempest-AggregatesAdminTestJSON-1052027544-project] Lock "9adc39e4-bf70-4ebe-9e96-ef00b8ee12ff" acquired by "nova.context.set_target_cell..get_or_set_cached_cell_and_set_connections" :: waited 0.000s {{(pid=117944) inner /usr/local/lib/python3.8/dist-packages/oslo_concurrency/lockutils.py:355}}
Aug 16 22:59:07.029781 n-d-800085-10 devstack@n-api.service[117944]: DEBUG oslo_concurrency.lockutils [None req-1ef64420-01c4-4b7e-bcf5-87e8ab571e7b tempest-AggregatesAdminTestJSON-1052027544 tempest-AggregatesAdminTestJSON-1052027544-project] Lock "9adc39e4-bf70-4ebe-9e96-ef00b8ee12ff" released by "nova.context.set_target_cell..get_or_set_cached_cell_and_set_connections" :: held 0.002s {{(pid=117944) inner /usr/local/lib/python3.8/dist-packages/oslo_concurrency/lockutils.py:367}}
Aug 16 22:59:07.282525 n-d-800085-10 devstack@n-api.service[117944]: DEBUG nova.policy [None req-1ef64420-01c4-4b7e-bcf5-87e8ab571e7b tempest-AggregatesAdminTestJSON-1052027544 tempest-AggregatesAdminTestJSON-1052027544-project] Policy check for os_compute_api:os-extended-server-attributes failed with credentials {'is_admin': False, 'user_id': '5b194555736a43bda6adc261b24b71ed', 'user_domain_id': 'default', 'system_scope': None, 'domain_id': None, 'project_id': '0e9e900befbe4c918f3fcbef48e943b9', 'project_domain_id': 'default', 'roles': ['member', 'reader'], 'is_admin_project': True, 'service_user_id': None, 'service_user_domain_id': None, 'service_project_id': None, 'service_project_domain_id': None, 'service_roles': []} {{(pid=117944) authorize /opt/stack/nova/nova/policy.py:199}}
Aug 16 22:59:07.296612 n-d-800085-10 devstack@n-api.service[117944]: INFO nova.api.openstack.requestlog [None req-1ef64420-01c4-4b7e-bcf5-87e8ab571e7b tempest-AggregatesAdminTestJSON-1052027544 tempest-AggregatesAdminTestJSON-1052027544-project] 10.222.0.10 "GET /compute/v2.1/servers/74122f42-e431-4dd2-896a-f25aecd84b68" status: 200 len: 1242 microversion: 2.1 time: 0.345870
Aug 16 22:59:07.309941 n-d-800085-10 devstack@n-api.service[117944]: [pid: 117944|app: 0|req: 27/52] 10.222.0.10 () {58 vars in 1236 bytes} [Mon Aug 16 22:59:06 2021] GET /compute/v2.1/servers/74122f42-e431-4dd2-896a-f25aecd84b68 => generated 1242 bytes in 360 msecs (HTTP/1.1 200) 9 headers in 358 bytes (1 switches on core 0)
Aug 16 22:59:07.829874 n-d-800085-10 devstack@n-api.service[117943]: DEBUG nova.api.openstack.wsgi [None req-80e738f0-b3fe-4c0c-bef4-bb9746e22f2d tempest-DeleteServersAdminTestJSON-1199338956 tempest-DeleteServersAdminTestJSON-1199338956-project] Calling method '>' {{(pid=117943) _process_stack /opt/stack/nova/nova/api/openstack/wsgi.py:513}}
Aug 16 22:59:07.831863 n-d-800085-10 devstack@n-api.service[117943]: DEBUG nova.compute.api [None req-80e738f0-b3fe-4c0c-bef4-bb9746e22f2d tempest-DeleteServersAdminTestJSON-1199338956 tempest-DeleteServersAdminTestJSON-1199338956-project] [instance: 53cc86b8-a1d4-403c-9cb8-fc836686aa17] Fetching instance by UUID {{(pid=117943) get /opt/stack/nova/nova/compute/api.py:2791}}
Aug 16 22:59:07.854876 n-d-800085-10 devstack@n-api.service[117943]: DEBUG oslo_concurrency.lockutils [None req-80e738f0-b3fe-4c0c-bef4-bb9746e22f2d tempest-DeleteServersAdminTestJSON-1199338956 tempest-DeleteServersAdminTestJSON-1199338956-project] Lock "9adc39e4-bf70-4ebe-9e96-ef00b8ee12ff" acquired by "nova.context.set_target_cell..get_or_set_cached_cell_and_set_connections" :: waited 0.000s {{(pid=117943) inner /usr/local/lib/python3.8/dist-packages/oslo_concurrency/lockutils.py:355}}
Aug 16 22:59:07.855555 n-d-800085-10 devstack@n-api.service[117943]: DEBUG oslo_concurrency.lockutils [None req-80e738f0-b3fe-4c0c-bef4-bb9746e22f2d tempest-DeleteServersAdminTestJSON-1199338956 tempest-DeleteServersAdminTestJSON-1199338956-project] Lock "9adc39e4-bf70-4ebe-9e96-ef00b8ee12ff" released by "nova.context.set_target_cell..get_or_set_cached_cell_and_set_connections" :: held 0.004s {{(pid=117943) inner /usr/local/lib/python3.8/dist-packages/oslo_concurrency/lockutils.py:367}}
Aug 16 22:59:07.856471 n-d-800085-10 devstack@n-api.service[117943]: DEBUG oslo_concurrency.lockutils [None req-80e738f0-b3fe-4c0c-bef4-bb9746e22f2d tempest-DeleteServersAdminTestJSON-1199338956 tempest-DeleteServersAdminTestJSON-1199338956-project] Lock "9adc39e4-bf70-4ebe-9e96-ef00b8ee12ff" acquired by "nova.context.set_target_cell..get_or_set_cached_cell_and_set_connections" :: waited 0.000s {{(pid=117943) inner /usr/local/lib/python3.8/dist-packages/oslo_concurrency/lockutils.py:355}}
Aug 16 22:59:07.858655 n-d-800085-10 devstack@n-api.service[117943]: DEBUG oslo_concurrency.lockutils [None req-80e738f0-b3fe-4c0c-bef4-bb9746e22f2d tempest-DeleteServersAdminTestJSON-1199338956 tempest-DeleteServersAdminTestJSON-1199338956-project] Lock "9adc39e4-bf70-4ebe-9e96-ef00b8ee12ff" released by "nova.context.set_target_cell..get_or_set_cached_cell_and_set_connections" :: held 0.000s {{(pid=117943) inner /usr/local/lib/python3.8/dist-packages/oslo_concurrency/lockutils.py:367}}
Aug 16 22:59:08.092481 n-d-800085-10 devstack@n-api.service[117943]: DEBUG nova.policy [None req-80e738f0-b3fe-4c0c-bef4-bb9746e22f2d tempest-DeleteServersAdminTestJSON-1199338956 tempest-DeleteServersAdminTestJSON-1199338956-project] Policy check for os_compute_api:os-extended-server-attributes failed with credentials {'is_admin': False, 'user_id': 'f3cc3960719e45e0803824983c10eab7', 'user_domain_id': 'default', 'system_scope': None, 'domain_id': None, 'project_id': 'a210b8c7489348a6bfbea701cdb945c6', 'project_domain_id': 'default', 'roles': ['member', 'reader'], 'is_admin_project': True, 'service_user_id': None, 'service_user_domain_id': None, 'service_project_id': None, 'service_project_domain_id': None, 'service_roles': []} {{(pid=117943) authorize /opt/stack/nova/nova/policy.py:199}}
Aug 16 22:59:08.101526 n-d-800085-10 devstack@n-api.service[117943]: INFO nova.api.openstack.requestlog [None req-80e738f0-b3fe-4c0c-bef4-bb9746e22f2d tempest-DeleteServersAdminTestJSON-1199338956 tempest-DeleteServersAdminTestJSON-1199338956-project] 10.222.0.10 "GET /compute/v2.1/servers/53cc86b8-a1d4-403c-9cb8-fc836686aa17" status: 200 len: 1341 microversion: 2.1 time: 0.281847
Aug 16 22:59:08.113058 n-d-800085-10 devstack@n-api.service[117943]: [pid: 117943|app: 0|req: 26/53] 10.222.0.10 () {58 vars in 1236 bytes} [Mon Aug 16 22:59:07 2021] GET /compute/v2.1/servers/53cc86b8-a1d4-403c-9cb8-fc836686aa17 => generated 1341 bytes in 294 msecs (HTTP/1.1 200) 9 headers in 358 bytes (1 switches on core 0)
Aug 16 22:59:08.315257 n-d-800085-10 devstack@n-api.service[117943]: DEBUG nova.api.openstack.wsgi [None req-4c69c289-c74c-48bb-9347-59d6c64380ad tempest-AggregatesAdminTestJSON-1052027544 tempest-AggregatesAdminTestJSON-1052027544-project] Calling method '>' {{(pid=117943) _process_stack /opt/stack/nova/nova/api/openstack/wsgi.py:513}}
Aug 16 22:59:08.321237 n-d-800085-10 devstack@n-api.service[117943]: DEBUG nova.compute.api [None req-4c69c289-c74c-48bb-9347-59d6c64380ad tempest-AggregatesAdminTestJSON-1052027544 tempest-AggregatesAdminTestJSON-1052027544-project] [instance: 74122f42-e431-4dd2-896a-f25aecd84b68] Fetching instance by UUID {{(pid=117943) get /opt/stack/nova/nova/compute/api.py:2791}}
Aug 16 22:59:08.337421 n-d-800085-10 devstack@n-api.service[117943]: DEBUG oslo_concurrency.lockutils [None req-4c69c289-c74c-48bb-9347-59d6c64380ad tempest-AggregatesAdminTestJSON-1052027544 tempest-AggregatesAdminTestJSON-1052027544-project] Lock "9adc39e4-bf70-4ebe-9e96-ef00b8ee12ff" acquired by "nova.context.set_target_cell..get_or_set_cached_cell_and_set_connections" :: waited 0.000s {{(pid=117943) inner /usr/local/lib/python3.8/dist-packages/oslo_concurrency/lockutils.py:355}}
Aug 16 22:59:08.337890 n-d-800085-10 devstack@n-api.service[117943]: DEBUG oslo_concurrency.lockutils [None req-4c69c289-c74c-48bb-9347-59d6c64380ad tempest-AggregatesAdminTestJSON-1052027544 tempest-AggregatesAdminTestJSON-1052027544-project] Lock "9adc39e4-bf70-4ebe-9e96-ef00b8ee12ff" released by "nova.context.set_target_cell..get_or_set_cached_cell_and_set_connections" :: held 0.001s {{(pid=117943) inner /usr/local/lib/python3.8/dist-packages/oslo_concurrency/lockutils.py:367}}
Aug 16 22:59:08.338694 n-d-800085-10 devstack@n-api.service[117943]: DEBUG oslo_concurrency.lockutils [None req-4c69c289-c74c-48bb-9347-59d6c64380ad tempest-AggregatesAdminTestJSON-1052027544 tempest-AggregatesAdminTestJSON-1052027544-project] Lock "9adc39e4-bf70-4ebe-9e96-ef00b8ee12ff" acquired by "nova.context.set_target_cell..get_or_set_cached_cell_and_set_connections" :: waited 0.000s {{(pid=117943) inner /usr/local/lib/python3.8/dist-packages/oslo_concurrency/lockutils.py:355}}
Aug 16 22:59:08.339160 n-d-800085-10 devstack@n-api.service[117943]: DEBUG oslo_concurrency.lockutils [None req-4c69c289-c74c-48bb-9347-59d6c64380ad tempest-AggregatesAdminTestJSON-1052027544 tempest-AggregatesAdminTestJSON-1052027544-project] Lock "9adc39e4-bf70-4ebe-9e96-ef00b8ee12ff" released by "nova.context.set_target_cell..get_or_set_cached_cell_and_set_connections" :: held 0.000s {{(pid=117943) inner /usr/local/lib/python3.8/dist-packages/oslo_concurrency/lockutils.py:367}}
Aug 16 22:59:08.494730 n-d-800085-10 devstack@n-api.service[117943]: DEBUG nova.policy [None req-4c69c289-c74c-48bb-9347-59d6c64380ad tempest-AggregatesAdminTestJSON-1052027544 tempest-AggregatesAdminTestJSON-1052027544-project] Policy check for os_compute_api:os-extended-server-attributes failed with credentials {'is_admin': False, 'user_id': '5b194555736a43bda6adc261b24b71ed', 'user_domain_id': 'default', 'system_scope': None, 'domain_id': None, 'project_id': '0e9e900befbe4c918f3fcbef48e943b9', 'project_domain_id': 'default', 'roles': ['member', 'reader'], 'is_admin_project': True, 'service_user_id': None, 'service_user_domain_id': None, 'service_project_id': None, 'service_project_domain_id': None, 'service_roles': []} {{(pid=117943) authorize /opt/stack/nova/nova/policy.py:199}}
Aug 16 22:59:08.510817 n-d-800085-10 devstack@n-api.service[117943]: INFO nova.api.openstack.requestlog [None req-4c69c289-c74c-48bb-9347-59d6c64380ad tempest-AggregatesAdminTestJSON-1052027544 tempest-AggregatesAdminTestJSON-1052027544-project] 10.222.0.10 "GET /compute/v2.1/servers/74122f42-e431-4dd2-896a-f25aecd84b68" status: 200 len: 1242 microversion: 2.1 time: 0.200576
Aug 16 22:59:08.527343 n-d-800085-10 devstack@n-api.service[117943]: [pid: 117943|app: 0|req: 27/54] 10.222.0.10 () {58 vars in 1236 bytes} [Mon Aug 16 22:59:08 2021] GET /compute/v2.1/servers/74122f42-e431-4dd2-896a-f25aecd84b68 => generated 1242 bytes in 208 msecs (HTTP/1.1 200) 9 headers in 358 bytes (2 switches on core 0)
Aug 16 22:59:09.091212 n-d-800085-10 devstack@n-api.service[117944]: DEBUG nova.api.openstack.wsgi [req-a794c1de-d38c-4655-9b90-40624823c015 req-67927bfc-14f4-43a7-a276-955483471845 service nova] Action: 'create', calling method: >, body: {"events": [{"name": "network-changed", "server_uuid": "53cc86b8-a1d4-403c-9cb8-fc836686aa17", "tag": "58b9e6ce-9169-4723-baa5-7e6da0754ba3"}]} {{(pid=117944) _process_stack /opt/stack/nova/nova/api/openstack/wsgi.py:511}}
Aug 16 22:59:09.092815 n-d-800085-10 devstack@n-api.service[117944]: /usr/local/lib/python3.8/dist-packages/oslo_policy/policy.py:1064: UserWarning: Policy os_compute_api:os-server-external-events:create failed scope check. The token used to make the request was project scoped but the policy requires ['system'] scope. This behavior may change in the future where using the intended scope is required
Aug 16 22:59:09.092815 n-d-800085-10 devstack@n-api.service[117944]: warnings.warn(msg)
Aug 16 22:59:09.104481 n-d-800085-10 devstack@n-api.service[117944]: DEBUG oslo_concurrency.lockutils [req-a794c1de-d38c-4655-9b90-40624823c015 req-67927bfc-14f4-43a7-a276-955483471845 service nova] Lock "9adc39e4-bf70-4ebe-9e96-ef00b8ee12ff" acquired by "nova.context.set_target_cell..get_or_set_cached_cell_and_set_connections" :: waited 0.000s {{(pid=117944) inner /usr/local/lib/python3.8/dist-packages/oslo_concurrency/lockutils.py:355}}
Aug 16 22:59:09.105070 n-d-800085-10 devstack@n-api.service[117944]: DEBUG oslo_concurrency.lockutils [req-a794c1de-d38c-4655-9b90-40624823c015 req-67927bfc-14f4-43a7-a276-955483471845 service nova] Lock "9adc39e4-bf70-4ebe-9e96-ef00b8ee12ff" released by "nova.context.set_target_cell..get_or_set_cached_cell_and_set_connections" :: held 0.001s {{(pid=117944) inner /usr/local/lib/python3.8/dist-packages/oslo_concurrency/lockutils.py:367}}
Aug 16 22:59:09.121923 n-d-800085-10 devstack@n-api.service[117943]: DEBUG nova.api.openstack.wsgi [None req-dcccfb84-1104-4bf4-b281-b73077f19cc7 tempest-DeleteServersAdminTestJSON-1199338956 tempest-DeleteServersAdminTestJSON-1199338956-project] Calling method '>' {{(pid=117943) _process_stack /opt/stack/nova/nova/api/openstack/wsgi.py:513}}
Aug 16 22:59:09.122687 n-d-800085-10 devstack@n-api.service[117943]: DEBUG nova.compute.api [None req-dcccfb84-1104-4bf4-b281-b73077f19cc7 tempest-DeleteServersAdminTestJSON-1199338956 tempest-DeleteServersAdminTestJSON-1199338956-project] [instance: 53cc86b8-a1d4-403c-9cb8-fc836686aa17] Fetching instance by UUID {{(pid=117943) get /opt/stack/nova/nova/compute/api.py:2791}}
Aug 16 22:59:09.134812 n-d-800085-10 devstack@n-api.service[117943]: DEBUG oslo_concurrency.lockutils [None req-dcccfb84-1104-4bf4-b281-b73077f19cc7 tempest-DeleteServersAdminTestJSON-1199338956 tempest-DeleteServersAdminTestJSON-1199338956-project] Lock "9adc39e4-bf70-4ebe-9e96-ef00b8ee12ff" acquired by "nova.context.set_target_cell..get_or_set_cached_cell_and_set_connections" :: waited 0.000s {{(pid=117943) inner /usr/local/lib/python3.8/dist-packages/oslo_concurrency/lockutils.py:355}}
Aug 16 22:59:09.135995 n-d-800085-10 devstack@n-api.service[117943]: DEBUG oslo_concurrency.lockutils [None req-dcccfb84-1104-4bf4-b281-b73077f19cc7 tempest-DeleteServersAdminTestJSON-1199338956 tempest-DeleteServersAdminTestJSON-1199338956-project] Lock "9adc39e4-bf70-4ebe-9e96-ef00b8ee12ff" released by "nova.context.set_target_cell..get_or_set_cached_cell_and_set_connections" :: held 0.004s {{(pid=117943) inner /usr/local/lib/python3.8/dist-packages/oslo_concurrency/lockutils.py:367}}
Aug 16 22:59:09.138660 n-d-800085-10 devstack@n-api.service[117943]: DEBUG oslo_concurrency.lockutils [None req-dcccfb84-1104-4bf4-b281-b73077f19cc7 tempest-DeleteServersAdminTestJSON-1199338956 tempest-DeleteServersAdminTestJSON-1199338956-project] Lock "9adc39e4-bf70-4ebe-9e96-ef00b8ee12ff" acquired by "nova.context.set_target_cell..get_or_set_cached_cell_and_set_connections" :: waited 0.000s {{(pid=117943) inner /usr/local/lib/python3.8/dist-packages/oslo_concurrency/lockutils.py:355}}
Aug 16 22:59:09.139402 n-d-800085-10 devstack@n-api.service[117943]: DEBUG oslo_concurrency.lockutils [None req-dcccfb84-1104-4bf4-b281-b73077f19cc7 tempest-DeleteServersAdminTestJSON-1199338956 tempest-DeleteServersAdminTestJSON-1199338956-project] Lock "9adc39e4-bf70-4ebe-9e96-ef00b8ee12ff" released by "nova.context.set_target_cell..get_or_set_cached_cell_and_set_connections" :: held 0.001s {{(pid=117943) inner /usr/local/lib/python3.8/dist-packages/oslo_concurrency/lockutils.py:367}}
Aug 16 22:59:09.170811 n-d-800085-10 devstack@n-api.service[117944]: INFO nova.api.openstack.compute.server_external_events [req-a794c1de-d38c-4655-9b90-40624823c015 req-67927bfc-14f4-43a7-a276-955483471845 service nova] Creating event network-changed:58b9e6ce-9169-4723-baa5-7e6da0754ba3 for instance 53cc86b8-a1d4-403c-9cb8-fc836686aa17 on n-h1-800085-10
Aug 16 22:59:09.171781 n-d-800085-10 devstack@n-api.service[117944]: DEBUG oslo_concurrency.lockutils [req-a794c1de-d38c-4655-9b90-40624823c015 req-67927bfc-14f4-43a7-a276-955483471845 service nova] Acquired lock "compute-rpcapi-router" {{(pid=117944) lock /usr/local/lib/python3.8/dist-packages/oslo_concurrency/lockutils.py:266}}
Aug 16 22:59:09.173197 n-d-800085-10 devstack@n-api.service[117944]: DEBUG oslo_concurrency.lockutils [None req-adb34bce-08c4-4502-bad1-15b45ce9ead9 None None] Lock "00000000-0000-0000-0000-000000000000" acquired by "nova.context.set_target_cell..get_or_set_cached_cell_and_set_connections" :: waited 0.000s {{(pid=117944) inner /usr/local/lib/python3.8/dist-packages/oslo_concurrency/lockutils.py:355}}
Aug 16 22:59:09.173865 n-d-800085-10 devstack@n-api.service[117944]: DEBUG oslo_concurrency.lockutils [None req-adb34bce-08c4-4502-bad1-15b45ce9ead9 None None] Lock "00000000-0000-0000-0000-000000000000" released by "nova.context.set_target_cell..get_or_set_cached_cell_and_set_connections" :: held 0.001s {{(pid=117944) inner /usr/local/lib/python3.8/dist-packages/oslo_concurrency/lockutils.py:367}}
Aug 16 22:59:09.174954 n-d-800085-10 devstack@n-api.service[117944]: DEBUG oslo_concurrency.lockutils [None req-adb34bce-08c4-4502-bad1-15b45ce9ead9 None None] Lock "9adc39e4-bf70-4ebe-9e96-ef00b8ee12ff" acquired by "nova.context.set_target_cell..get_or_set_cached_cell_and_set_connections" :: waited 0.000s {{(pid=117944) inner /usr/local/lib/python3.8/dist-packages/oslo_concurrency/lockutils.py:355}}
Aug 16 22:59:09.179862 n-d-800085-10 devstack@n-api.service[117944]: DEBUG oslo_concurrency.lockutils [None req-adb34bce-08c4-4502-bad1-15b45ce9ead9 None None] Lock "9adc39e4-bf70-4ebe-9e96-ef00b8ee12ff" released by "nova.context.set_target_cell..get_or_set_cached_cell_and_set_connections" :: held 0.005s {{(pid=117944) inner /usr/local/lib/python3.8/dist-packages/oslo_concurrency/lockutils.py:367}}
Aug 16 22:59:09.201132 n-d-800085-10 devstack@n-api.service[117944]: INFO nova.compute.rpcapi [None req-adb34bce-08c4-4502-bad1-15b45ce9ead9 None None] Automatically selected compute RPC version 6.0 from minimum service version 56
Aug 16 22:59:09.202500 n-d-800085-10 devstack@n-api.service[117944]: DEBUG oslo_concurrency.lockutils [None req-adb34bce-08c4-4502-bad1-15b45ce9ead9 None None] Releasing lock "compute-rpcapi-router" {{(pid=117944) lock /usr/local/lib/python3.8/dist-packages/oslo_concurrency/lockutils.py:282}}
Aug 16 22:59:09.273755 n-d-800085-10 devstack@n-api.service[117944]: INFO nova.api.openstack.requestlog [None req-adb34bce-08c4-4502-bad1-15b45ce9ead9 None None] 10.222.0.10 "POST /compute/v2.1/os-server-external-events" status: 200 len: 179 microversion: 2.1 time: 1.208905
Aug 16 22:59:09.274608 n-d-800085-10 devstack@n-api.service[117944]: [pid: 117944|app: 0|req: 28/55] 10.222.0.10 () {64 vars in 1318 bytes} [Mon Aug 16 22:59:08 2021] POST /compute/v2.1/os-server-external-events => generated 179 bytes in 1211 msecs (HTTP/1.1 200) 9 headers in 357 bytes (1 switches on core 0)
Aug 16 22:59:09.449873 n-d-800085-10 devstack@n-api.service[117943]: DEBUG nova.policy [None req-dcccfb84-1104-4bf4-b281-b73077f19cc7 tempest-DeleteServersAdminTestJSON-1199338956 tempest-DeleteServersAdminTestJSON-1199338956-project] Policy check for os_compute_api:os-extended-server-attributes failed with credentials {'is_admin': False, 'user_id': 'f3cc3960719e45e0803824983c10eab7', 'user_domain_id': 'default', 'system_scope': None, 'domain_id': None, 'project_id': 'a210b8c7489348a6bfbea701cdb945c6', 'project_domain_id': 'default', 'roles': ['member', 'reader'], 'is_admin_project': True, 'service_user_id': None, 'service_user_domain_id': None, 'service_project_id': None, 'service_project_domain_id': None, 'service_roles': []} {{(pid=117943) authorize /opt/stack/nova/nova/policy.py:199}}
Aug 16 22:59:09.461312 n-d-800085-10 devstack@n-api.service[117943]: INFO nova.api.openstack.requestlog [None req-dcccfb84-1104-4bf4-b281-b73077f19cc7 tempest-DeleteServersAdminTestJSON-1199338956 tempest-DeleteServersAdminTestJSON-1199338956-project] 10.222.0.10 "GET /compute/v2.1/servers/53cc86b8-a1d4-403c-9cb8-fc836686aa17" status: 200 len: 1341 microversion: 2.1 time: 0.345568
Aug 16 22:59:09.467900 n-d-800085-10 devstack@n-api.service[117943]: [pid: 117943|app: 0|req: 28/56] 10.222.0.10 () {58 vars in 1236 bytes} [Mon Aug 16 22:59:09 2021] GET /compute/v2.1/servers/53cc86b8-a1d4-403c-9cb8-fc836686aa17 => generated 1341 bytes in 353 msecs (HTTP/1.1 200) 9 headers in 358 bytes (2 switches on core 0)
Aug 16 22:59:09.534556 n-d-800085-10 devstack@n-api.service[117944]: DEBUG nova.api.openstack.wsgi [None req-32beb018-b089-4c54-b486-4134b2cc79ce tempest-AggregatesAdminTestJSON-1052027544 tempest-AggregatesAdminTestJSON-1052027544-project] Calling method '>' {{(pid=117944) _process_stack /opt/stack/nova/nova/api/openstack/wsgi.py:513}}
Aug 16 22:59:09.535658 n-d-800085-10 devstack@n-api.service[117944]: DEBUG nova.compute.api [None req-32beb018-b089-4c54-b486-4134b2cc79ce tempest-AggregatesAdminTestJSON-1052027544 tempest-AggregatesAdminTestJSON-1052027544-project] [instance: 74122f42-e431-4dd2-896a-f25aecd84b68] Fetching instance by UUID {{(pid=117944) get /opt/stack/nova/nova/compute/api.py:2791}}
Aug 16 22:59:09.543975 n-d-800085-10 devstack@n-api.service[117944]: DEBUG oslo_concurrency.lockutils [None req-32beb018-b089-4c54-b486-4134b2cc79ce tempest-AggregatesAdminTestJSON-1052027544 tempest-AggregatesAdminTestJSON-1052027544-project] Lock "9adc39e4-bf70-4ebe-9e96-ef00b8ee12ff" acquired by "nova.context.set_target_cell..get_or_set_cached_cell_and_set_connections" :: waited 0.000s {{(pid=117944) inner /usr/local/lib/python3.8/dist-packages/oslo_concurrency/lockutils.py:355}}
Aug 16 22:59:09.545007 n-d-800085-10 devstack@n-api.service[117944]: DEBUG oslo_concurrency.lockutils [None req-32beb018-b089-4c54-b486-4134b2cc79ce tempest-AggregatesAdminTestJSON-1052027544 tempest-AggregatesAdminTestJSON-1052027544-project] Lock "9adc39e4-bf70-4ebe-9e96-ef00b8ee12ff" released by "nova.context.set_target_cell..get_or_set_cached_cell_and_set_connections" :: held 0.001s {{(pid=117944) inner /usr/local/lib/python3.8/dist-packages/oslo_concurrency/lockutils.py:367}}
Aug 16 22:59:09.548046 n-d-800085-10 devstack@n-api.service[117944]: DEBUG oslo_concurrency.lockutils [None req-32beb018-b089-4c54-b486-4134b2cc79ce tempest-AggregatesAdminTestJSON-1052027544 tempest-AggregatesAdminTestJSON-1052027544-project] Lock "9adc39e4-bf70-4ebe-9e96-ef00b8ee12ff" acquired by "nova.context.set_target_cell..get_or_set_cached_cell_and_set_connections" :: waited 0.000s {{(pid=117944) inner /usr/local/lib/python3.8/dist-packages/oslo_concurrency/lockutils.py:355}}
Aug 16 22:59:09.548046 n-d-800085-10 devstack@n-api.service[117944]: DEBUG oslo_concurrency.lockutils [None req-32beb018-b089-4c54-b486-4134b2cc79ce tempest-AggregatesAdminTestJSON-1052027544 tempest-AggregatesAdminTestJSON-1052027544-project] Lock "9adc39e4-bf70-4ebe-9e96-ef00b8ee12ff" released by "nova.context.set_target_cell..get_or_set_cached_cell_and_set_connections" :: held 0.000s {{(pid=117944) inner /usr/local/lib/python3.8/dist-packages/oslo_concurrency/lockutils.py:367}}
Aug 16 22:59:09.696589 n-d-800085-10 devstack@n-api.service[117944]: DEBUG nova.policy [None req-32beb018-b089-4c54-b486-4134b2cc79ce tempest-AggregatesAdminTestJSON-1052027544 tempest-AggregatesAdminTestJSON-1052027544-project] Policy check for os_compute_api:os-extended-server-attributes failed with credentials {'is_admin': False, 'user_id': '5b194555736a43bda6adc261b24b71ed', 'user_domain_id': 'default', 'system_scope': None, 'domain_id': None, 'project_id': '0e9e900befbe4c918f3fcbef48e943b9', 'project_domain_id': 'default', 'roles': ['member', 'reader'], 'is_admin_project': True, 'service_user_id': None, 'service_user_domain_id': None, 'service_project_id': None, 'service_project_domain_id': None, 'service_roles': []} {{(pid=117944) authorize /opt/stack/nova/nova/policy.py:199}}
Aug 16 22:59:09.704846 n-d-800085-10 devstack@n-api.service[117944]: INFO nova.api.openstack.requestlog [None req-32beb018-b089-4c54-b486-4134b2cc79ce tempest-AggregatesAdminTestJSON-1052027544 tempest-AggregatesAdminTestJSON-1052027544-project] 10.222.0.10 "GET /compute/v2.1/servers/74122f42-e431-4dd2-896a-f25aecd84b68" status: 200 len: 1242 microversion: 2.1 time: 0.174366
Aug 16 22:59:09.707319 n-d-800085-10 devstack@n-api.service[117944]: [pid: 117944|app: 0|req: 29/57] 10.222.0.10 () {58 vars in 1236 bytes} [Mon Aug 16 22:59:09 2021] GET /compute/v2.1/servers/74122f42-e431-4dd2-896a-f25aecd84b68 => generated 1242 bytes in 178 msecs (HTTP/1.1 200) 9 headers in 358 bytes (1 switches on core 0)
Aug 16 22:59:10.710756 n-d-800085-10 devstack@n-api.service[117943]: DEBUG nova.api.openstack.wsgi [None req-c39ecf6c-5b01-4a4a-82fb-a084dac99adc tempest-FlavorsExtraSpecsTestJSON-869404708 tempest-FlavorsExtraSpecsTestJSON-869404708-project-admin] Action: 'create', calling method: >, body: {"flavor": {"name": "tempest-test_flavor-288516200", "ram": 512, "vcpus": 1, "disk": 10, "id": 1344196581, "swap": 1024, "rxtx_factor": 1, "OS-FLV-EXT-DATA:ephemeral": 10}} {{(pid=117943) _process_stack /opt/stack/nova/nova/api/openstack/wsgi.py:511}}
Aug 16 22:59:10.714419 n-d-800085-10 devstack@n-api.service[117943]: /usr/local/lib/python3.8/dist-packages/oslo_policy/policy.py:1064: UserWarning: Policy os_compute_api:os-flavor-manage:create failed scope check. The token used to make the request was project scoped but the policy requires ['system'] scope. This behavior may change in the future where using the intended scope is required
Aug 16 22:59:10.714419 n-d-800085-10 devstack@n-api.service[117943]: warnings.warn(msg)
Aug 16 22:59:10.882947 n-d-800085-10 devstack@n-api.service[117943]: INFO nova.api.openstack.requestlog [None req-c39ecf6c-5b01-4a4a-82fb-a084dac99adc tempest-FlavorsExtraSpecsTestJSON-869404708 tempest-FlavorsExtraSpecsTestJSON-869404708-project-admin] 10.222.0.10 "POST /compute/v2.1/flavors" status: 200 len: 415 microversion: 2.1 time: 0.963050
Aug 16 22:59:10.884911 n-d-800085-10 devstack@n-api.service[117943]: [pid: 117943|app: 0|req: 29/58] 10.222.0.10 () {60 vars in 1147 bytes} [Mon Aug 16 22:59:09 2021] POST /compute/v2.1/flavors => generated 415 bytes in 966 msecs (HTTP/1.1 200) 9 headers in 357 bytes (1 switches on core 0)
Aug 16 22:59:10.898807 n-d-800085-10 devstack@n-api.service[117943]: DEBUG nova.api.openstack.wsgi [None req-25a7dfd4-f239-4666-8c5d-f9ceb9c61409 tempest-DeleteServersAdminTestJSON-1199338956 tempest-DeleteServersAdminTestJSON-1199338956-project] Calling method '>' {{(pid=117943) _process_stack /opt/stack/nova/nova/api/openstack/wsgi.py:513}}
Aug 16 22:59:10.915213 n-d-800085-10 devstack@n-api.service[117943]: DEBUG nova.compute.api [None req-25a7dfd4-f239-4666-8c5d-f9ceb9c61409 tempest-DeleteServersAdminTestJSON-1199338956 tempest-DeleteServersAdminTestJSON-1199338956-project] [instance: 53cc86b8-a1d4-403c-9cb8-fc836686aa17] Fetching instance by UUID {{(pid=117943) get /opt/stack/nova/nova/compute/api.py:2791}}
Aug 16 22:59:10.926121 n-d-800085-10 devstack@n-api.service[117943]: DEBUG oslo_concurrency.lockutils [None req-25a7dfd4-f239-4666-8c5d-f9ceb9c61409 tempest-DeleteServersAdminTestJSON-1199338956 tempest-DeleteServersAdminTestJSON-1199338956-project] Lock "9adc39e4-bf70-4ebe-9e96-ef00b8ee12ff" acquired by "nova.context.set_target_cell..get_or_set_cached_cell_and_set_connections" :: waited 0.000s {{(pid=117943) inner /usr/local/lib/python3.8/dist-packages/oslo_concurrency/lockutils.py:355}}
Aug 16 22:59:10.926596 n-d-800085-10 devstack@n-api.service[117943]: DEBUG oslo_concurrency.lockutils [None req-25a7dfd4-f239-4666-8c5d-f9ceb9c61409 tempest-DeleteServersAdminTestJSON-1199338956 tempest-DeleteServersAdminTestJSON-1199338956-project] Lock "9adc39e4-bf70-4ebe-9e96-ef00b8ee12ff" released by "nova.context.set_target_cell..get_or_set_cached_cell_and_set_connections" :: held 0.001s {{(pid=117943) inner /usr/local/lib/python3.8/dist-packages/oslo_concurrency/lockutils.py:367}}
Aug 16 22:59:10.927472 n-d-800085-10 devstack@n-api.service[117943]: DEBUG oslo_concurrency.lockutils [None req-25a7dfd4-f239-4666-8c5d-f9ceb9c61409 tempest-DeleteServersAdminTestJSON-1199338956 tempest-DeleteServersAdminTestJSON-1199338956-project] Lock "9adc39e4-bf70-4ebe-9e96-ef00b8ee12ff" acquired by "nova.context.set_target_cell..get_or_set_cached_cell_and_set_connections" :: waited 0.000s {{(pid=117943) inner /usr/local/lib/python3.8/dist-packages/oslo_concurrency/lockutils.py:355}}
Aug 16 22:59:10.927961 n-d-800085-10 devstack@n-api.service[117943]: DEBUG oslo_concurrency.lockutils [None req-25a7dfd4-f239-4666-8c5d-f9ceb9c61409 tempest-DeleteServersAdminTestJSON-1199338956 tempest-DeleteServersAdminTestJSON-1199338956-project] Lock "9adc39e4-bf70-4ebe-9e96-ef00b8ee12ff" released by "nova.context.set_target_cell..get_or_set_cached_cell_and_set_connections" :: held 0.000s {{(pid=117943) inner /usr/local/lib/python3.8/dist-packages/oslo_concurrency/lockutils.py:367}}
Aug 16 22:59:11.005453 n-d-800085-10 devstack@n-api.service[117944]: DEBUG nova.api.openstack.wsgi [None req-f37d59fa-0406-4b9d-b497-68c405c7d19a tempest-KeyPairsV210TestJSON-57709829 tempest-KeyPairsV210TestJSON-57709829-project-admin] Action: 'create', calling method: .version_select at 0x7f6394161af0>, body: {"keypair": {"name": "tempest-keypair-821840850", "type": "ssh", "user_id": "88685d3e82834f8185eb35e48092c5c6"}} {{(pid=117944) _process_stack /opt/stack/nova/nova/api/openstack/wsgi.py:511}}
Aug 16 22:59:11.170659 n-d-800085-10 devstack@n-api.service[117944]: DEBUG nova.quota [None req-f37d59fa-0406-4b9d-b497-68c405c7d19a tempest-KeyPairsV210TestJSON-57709829 tempest-KeyPairsV210TestJSON-57709829-project-admin] Getting quotas for project e6617c6b68fc482bb01878eb1858cde1. Resources: {'key_pairs'} {{(pid=117944) _get_quotas /opt/stack/nova/nova/quota.py:384}}
Aug 16 22:59:11.201063 n-d-800085-10 devstack@n-api.service[117944]: DEBUG nova.quota [None req-f37d59fa-0406-4b9d-b497-68c405c7d19a tempest-KeyPairsV210TestJSON-57709829 tempest-KeyPairsV210TestJSON-57709829-project-admin] Getting quotas for user 8b5f3a462b2a493f8372831837c01912 and project e6617c6b68fc482bb01878eb1858cde1. Resources: {'key_pairs'} {{(pid=117944) _get_quotas /opt/stack/nova/nova/quota.py:374}}
Aug 16 22:59:11.584178 n-d-800085-10 devstack@n-api.service[117943]: DEBUG nova.policy [None req-25a7dfd4-f239-4666-8c5d-f9ceb9c61409 tempest-DeleteServersAdminTestJSON-1199338956 tempest-DeleteServersAdminTestJSON-1199338956-project] Policy check for os_compute_api:os-extended-server-attributes failed with credentials {'is_admin': False, 'user_id': 'f3cc3960719e45e0803824983c10eab7', 'user_domain_id': 'default', 'system_scope': None, 'domain_id': None, 'project_id': 'a210b8c7489348a6bfbea701cdb945c6', 'project_domain_id': 'default', 'roles': ['member', 'reader'], 'is_admin_project': True, 'service_user_id': None, 'service_user_domain_id': None, 'service_project_id': None, 'service_project_domain_id': None, 'service_roles': []} {{(pid=117943) authorize /opt/stack/nova/nova/policy.py:199}}
Aug 16 22:59:11.593229 n-d-800085-10 devstack@n-api.service[117943]: INFO nova.api.openstack.requestlog [None req-25a7dfd4-f239-4666-8c5d-f9ceb9c61409 tempest-DeleteServersAdminTestJSON-1199338956 tempest-DeleteServersAdminTestJSON-1199338956-project] 10.222.0.10 "GET /compute/v2.1/servers/53cc86b8-a1d4-403c-9cb8-fc836686aa17" status: 200 len: 1341 microversion: 2.1 time: 0.707218
Aug 16 22:59:11.593817 n-d-800085-10 devstack@n-api.service[117943]: [pid: 117943|app: 0|req: 30/59] 10.222.0.10 () {58 vars in 1236 bytes} [Mon Aug 16 22:59:10 2021] GET /compute/v2.1/servers/53cc86b8-a1d4-403c-9cb8-fc836686aa17 => generated 1341 bytes in 708 msecs (HTTP/1.1 200) 9 headers in 358 bytes (1 switches on core 0)
Aug 16 22:59:11.605586 n-d-800085-10 devstack@n-api.service[117944]: DEBUG nova.quota [None req-f37d59fa-0406-4b9d-b497-68c405c7d19a tempest-KeyPairsV210TestJSON-57709829 tempest-KeyPairsV210TestJSON-57709829-project-admin] Getting quotas for project e6617c6b68fc482bb01878eb1858cde1. Resources: {'key_pairs'} {{(pid=117944) _get_quotas /opt/stack/nova/nova/quota.py:384}}
Aug 16 22:59:11.614098 n-d-800085-10 devstack@n-api.service[117943]: DEBUG nova.api.openstack.wsgi [None req-efd30cc2-d223-48bd-8e1f-f77e9ce03537 tempest-AggregatesAdminTestJSON-1052027544 tempest-AggregatesAdminTestJSON-1052027544-project] Calling method '>' {{(pid=117943) _process_stack /opt/stack/nova/nova/api/openstack/wsgi.py:513}}
Aug 16 22:59:11.614912 n-d-800085-10 devstack@n-api.service[117943]: DEBUG nova.compute.api [None req-efd30cc2-d223-48bd-8e1f-f77e9ce03537 tempest-AggregatesAdminTestJSON-1052027544 tempest-AggregatesAdminTestJSON-1052027544-project] [instance: 74122f42-e431-4dd2-896a-f25aecd84b68] Fetching instance by UUID {{(pid=117943) get /opt/stack/nova/nova/compute/api.py:2791}}
Aug 16 22:59:11.624621 n-d-800085-10 devstack@n-api.service[117944]: DEBUG nova.quota [None req-f37d59fa-0406-4b9d-b497-68c405c7d19a tempest-KeyPairsV210TestJSON-57709829 tempest-KeyPairsV210TestJSON-57709829-project-admin] Getting quotas for user 8b5f3a462b2a493f8372831837c01912 and project e6617c6b68fc482bb01878eb1858cde1. Resources: {'key_pairs'} {{(pid=117944) _get_quotas /opt/stack/nova/nova/quota.py:374}}
Aug 16 22:59:11.640796 n-d-800085-10 devstack@n-api.service[117943]: DEBUG oslo_concurrency.lockutils [None req-efd30cc2-d223-48bd-8e1f-f77e9ce03537 tempest-AggregatesAdminTestJSON-1052027544 tempest-AggregatesAdminTestJSON-1052027544-project] Lock "9adc39e4-bf70-4ebe-9e96-ef00b8ee12ff" acquired by "nova.context.set_target_cell..get_or_set_cached_cell_and_set_connections" :: waited 0.000s {{(pid=117943) inner /usr/local/lib/python3.8/dist-packages/oslo_concurrency/lockutils.py:355}}
Aug 16 22:59:11.641288 n-d-800085-10 devstack@n-api.service[117943]: DEBUG oslo_concurrency.lockutils [None req-efd30cc2-d223-48bd-8e1f-f77e9ce03537 tempest-AggregatesAdminTestJSON-1052027544 tempest-AggregatesAdminTestJSON-1052027544-project] Lock "9adc39e4-bf70-4ebe-9e96-ef00b8ee12ff" released by "nova.context.set_target_cell..get_or_set_cached_cell_and_set_connections" :: held 0.001s {{(pid=117943) inner /usr/local/lib/python3.8/dist-packages/oslo_concurrency/lockutils.py:367}}
Aug 16 22:59:11.642095 n-d-800085-10 devstack@n-api.service[117943]: DEBUG oslo_concurrency.lockutils [None req-efd30cc2-d223-48bd-8e1f-f77e9ce03537 tempest-AggregatesAdminTestJSON-1052027544 tempest-AggregatesAdminTestJSON-1052027544-project] Lock "9adc39e4-bf70-4ebe-9e96-ef00b8ee12ff" acquired by "nova.context.set_target_cell..get_or_set_cached_cell_and_set_connections" :: waited 0.000s {{(pid=117943) inner /usr/local/lib/python3.8/dist-packages/oslo_concurrency/lockutils.py:355}}
Aug 16 22:59:11.642534 n-d-800085-10 devstack@n-api.service[117943]: DEBUG oslo_concurrency.lockutils [None req-efd30cc2-d223-48bd-8e1f-f77e9ce03537 tempest-AggregatesAdminTestJSON-1052027544 tempest-AggregatesAdminTestJSON-1052027544-project] Lock "9adc39e4-bf70-4ebe-9e96-ef00b8ee12ff" released by "nova.context.set_target_cell..get_or_set_cached_cell_and_set_connections" :: held 0.000s {{(pid=117943) inner /usr/local/lib/python3.8/dist-packages/oslo_concurrency/lockutils.py:367}}
Aug 16 22:59:11.691120 n-d-800085-10 devstack@n-api.service[117944]: INFO nova.api.openstack.requestlog [None req-f37d59fa-0406-4b9d-b497-68c405c7d19a tempest-KeyPairsV210TestJSON-57709829 tempest-KeyPairsV210TestJSON-57709829-project-admin] 10.222.0.10 "POST /compute/v2.1/os-keypairs" status: 201 len: 2319 microversion: 2.10 time: 1.603306
Aug 16 22:59:11.697227 n-d-800085-10 devstack@n-api.service[117944]: [pid: 117944|app: 0|req: 30/60] 10.222.0.10 () {62 vars in 1200 bytes} [Mon Aug 16 22:59:10 2021] POST /compute/v2.1/os-keypairs => generated 2319 bytes in 1619 msecs (HTTP/1.1 201) 9 headers in 365 bytes (1 switches on core 0)
Aug 16 22:59:11.704231 n-d-800085-10 devstack@n-api.service[117944]: DEBUG nova.api.openstack.wsgi [None req-e18845ac-41b8-45d5-8c40-2238e0e10f2d tempest-FlavorsExtraSpecsTestJSON-869404708 tempest-FlavorsExtraSpecsTestJSON-869404708-project-admin] Action: 'create', calling method: >, body: {"extra_specs": {"hw:numa_nodes": "1", "hw:cpu_policy": "shared"}} {{(pid=117944) _process_stack /opt/stack/nova/nova/api/openstack/wsgi.py:511}}
Aug 16 22:59:11.706045 n-d-800085-10 devstack@n-api.service[117944]: /usr/local/lib/python3.8/dist-packages/oslo_policy/policy.py:1064: UserWarning: Policy os_compute_api:os-flavor-extra-specs:create failed scope check. The token used to make the request was project scoped but the policy requires ['system'] scope. This behavior may change in the future where using the intended scope is required
Aug 16 22:59:11.706045 n-d-800085-10 devstack@n-api.service[117944]: warnings.warn(msg)
Aug 16 22:59:11.797109 n-d-800085-10 devstack@n-api.service[117944]: INFO nova.api.openstack.requestlog [None req-e18845ac-41b8-45d5-8c40-2238e0e10f2d tempest-FlavorsExtraSpecsTestJSON-869404708 tempest-FlavorsExtraSpecsTestJSON-869404708-project-admin] 10.222.0.10 "POST /compute/v2.1/flavors/1344196581/os-extra_specs" status: 200 len: 66 microversion: 2.1 time: 0.098556
Aug 16 22:59:11.803499 n-d-800085-10 devstack@n-api.service[117944]: [pid: 117944|app: 0|req: 31/61] 10.222.0.10 () {60 vars in 1224 bytes} [Mon Aug 16 22:59:11 2021] POST /compute/v2.1/flavors/1344196581/os-extra_specs => generated 66 bytes in 100 msecs (HTTP/1.1 200) 9 headers in 356 bytes (1 switches on core 0)
Aug 16 22:59:11.803735 n-d-800085-10 devstack@n-api.service[117943]: DEBUG nova.policy [None req-efd30cc2-d223-48bd-8e1f-f77e9ce03537 tempest-AggregatesAdminTestJSON-1052027544 tempest-AggregatesAdminTestJSON-1052027544-project] Policy check for os_compute_api:os-extended-server-attributes failed with credentials {'is_admin': False, 'user_id': '5b194555736a43bda6adc261b24b71ed', 'user_domain_id': 'default', 'system_scope': None, 'domain_id': None, 'project_id': '0e9e900befbe4c918f3fcbef48e943b9', 'project_domain_id': 'default', 'roles': ['member', 'reader'], 'is_admin_project': True, 'service_user_id': None, 'service_user_domain_id': None, 'service_project_id': None, 'service_project_domain_id': None, 'service_roles': []} {{(pid=117943) authorize /opt/stack/nova/nova/policy.py:199}}
Aug 16 22:59:11.809479 n-d-800085-10 devstack@n-api.service[117943]: INFO nova.api.openstack.requestlog [None req-efd30cc2-d223-48bd-8e1f-f77e9ce03537 tempest-AggregatesAdminTestJSON-1052027544 tempest-AggregatesAdminTestJSON-1052027544-project] 10.222.0.10 "GET /compute/v2.1/servers/74122f42-e431-4dd2-896a-f25aecd84b68" status: 200 len: 1234 microversion: 2.1 time: 0.211877
Aug 16 22:59:11.812411 n-d-800085-10 devstack@n-api.service[117944]: DEBUG nova.api.openstack.wsgi [None req-136e3ce2-c40e-493c-8b4e-293cfa11f2ab tempest-KeyPairsV210TestJSON-57709829 tempest-KeyPairsV210TestJSON-57709829-project-admin] Action: 'create', calling method: .version_select at 0x7f639407aca0>, body: {"keypair": {"name": "tempest-keypair-1205546607", "type": "ssh", "user_id": "88685d3e82834f8185eb35e48092c5c6"}} {{(pid=117944) _process_stack /opt/stack/nova/nova/api/openstack/wsgi.py:511}}
Aug 16 22:59:11.813163 n-d-800085-10 devstack@n-api.service[117943]: [pid: 117943|app: 0|req: 31/62] 10.222.0.10 () {58 vars in 1236 bytes} [Mon Aug 16 22:59:11 2021] GET /compute/v2.1/servers/74122f42-e431-4dd2-896a-f25aecd84b68 => generated 1234 bytes in 216 msecs (HTTP/1.1 200) 9 headers in 358 bytes (1 switches on core 0)
Aug 16 22:59:11.899785 n-d-800085-10 devstack@n-api.service[117944]: DEBUG nova.quota [None req-136e3ce2-c40e-493c-8b4e-293cfa11f2ab tempest-KeyPairsV210TestJSON-57709829 tempest-KeyPairsV210TestJSON-57709829-project-admin] Getting quotas for project e6617c6b68fc482bb01878eb1858cde1. Resources: {'key_pairs'} {{(pid=117944) _get_quotas /opt/stack/nova/nova/quota.py:384}}
Aug 16 22:59:11.914172 n-d-800085-10 devstack@n-api.service[117944]: DEBUG nova.quota [None req-136e3ce2-c40e-493c-8b4e-293cfa11f2ab tempest-KeyPairsV210TestJSON-57709829 tempest-KeyPairsV210TestJSON-57709829-project-admin] Getting quotas for user 8b5f3a462b2a493f8372831837c01912 and project e6617c6b68fc482bb01878eb1858cde1. Resources: {'key_pairs'} {{(pid=117944) _get_quotas /opt/stack/nova/nova/quota.py:374}}
Aug 16 22:59:12.529795 n-d-800085-10 devstack@n-api.service[117943]: DEBUG nova.api.openstack.wsgi [None req-9d090639-4d51-401b-b8aa-6d5dea964033 tempest-FlavorsExtraSpecsTestJSON-1315460517 tempest-FlavorsExtraSpecsTestJSON-1315460517-project] Calling method '>' {{(pid=117943) _process_stack /opt/stack/nova/nova/api/openstack/wsgi.py:513}}
Aug 16 22:59:12.553771 n-d-800085-10 devstack@n-api.service[117943]: INFO nova.api.openstack.requestlog [None req-9d090639-4d51-401b-b8aa-6d5dea964033 tempest-FlavorsExtraSpecsTestJSON-1315460517 tempest-FlavorsExtraSpecsTestJSON-1315460517-project] 10.222.0.10 "GET /compute/v2.1/flavors/1344196581/os-extra_specs" status: 200 len: 66 microversion: 2.1 time: 0.738803
Aug 16 22:59:12.554366 n-d-800085-10 devstack@n-api.service[117943]: [pid: 117943|app: 0|req: 32/63] 10.222.0.10 () {58 vars in 1203 bytes} [Mon Aug 16 22:59:11 2021] GET /compute/v2.1/flavors/1344196581/os-extra_specs => generated 66 bytes in 741 msecs (HTTP/1.1 200) 9 headers in 356 bytes (1 switches on core 0)
Aug 16 22:59:12.916059 n-d-800085-10 devstack@n-api.service[117944]: DEBUG nova.quota [None req-136e3ce2-c40e-493c-8b4e-293cfa11f2ab tempest-KeyPairsV210TestJSON-57709829 tempest-KeyPairsV210TestJSON-57709829-project-admin] Getting quotas for project e6617c6b68fc482bb01878eb1858cde1. Resources: {'key_pairs'} {{(pid=117944) _get_quotas /opt/stack/nova/nova/quota.py:384}}
Aug 16 22:59:12.938782 n-d-800085-10 devstack@n-api.service[117944]: DEBUG nova.quota [None req-136e3ce2-c40e-493c-8b4e-293cfa11f2ab tempest-KeyPairsV210TestJSON-57709829 tempest-KeyPairsV210TestJSON-57709829-project-admin] Getting quotas for user 8b5f3a462b2a493f8372831837c01912 and project e6617c6b68fc482bb01878eb1858cde1. Resources: {'key_pairs'} {{(pid=117944) _get_quotas /opt/stack/nova/nova/quota.py:374}}
Aug 16 22:59:12.997797 n-d-800085-10 devstack@n-api.service[117944]: INFO nova.api.openstack.requestlog [None req-136e3ce2-c40e-493c-8b4e-293cfa11f2ab tempest-KeyPairsV210TestJSON-57709829 tempest-KeyPairsV210TestJSON-57709829-project-admin] 10.222.0.10 "POST /compute/v2.1/os-keypairs" status: 201 len: 2320 microversion: 2.10 time: 1.196478
Aug 16 22:59:13.001313 n-d-800085-10 devstack@n-api.service[117944]: [pid: 117944|app: 0|req: 32/64] 10.222.0.10 () {62 vars in 1200 bytes} [Mon Aug 16 22:59:11 2021] POST /compute/v2.1/os-keypairs => generated 2320 bytes in 1203 msecs (HTTP/1.1 201) 9 headers in 365 bytes (1 switches on core 0)
Aug 16 22:59:13.019064 n-d-800085-10 devstack@n-api.service[117944]: DEBUG nova.api.openstack.wsgi [None req-12a0cf5f-7d8d-46ee-9990-4be2ebff5b0b tempest-FlavorsExtraSpecsTestJSON-869404708 tempest-FlavorsExtraSpecsTestJSON-869404708-project-admin] Action: 'create', calling method: >, body: {"extra_specs": {"hw:numa_nodes": "1", "hw:cpu_policy": "shared"}} {{(pid=117944) _process_stack /opt/stack/nova/nova/api/openstack/wsgi.py:511}}
Aug 16 22:59:13.138415 n-d-800085-10 devstack@n-api.service[117944]: INFO nova.api.openstack.requestlog [None req-12a0cf5f-7d8d-46ee-9990-4be2ebff5b0b tempest-FlavorsExtraSpecsTestJSON-869404708 tempest-FlavorsExtraSpecsTestJSON-869404708-project-admin] 10.222.0.10 "POST /compute/v2.1/flavors/1344196581/os-extra_specs" status: 200 len: 66 microversion: 2.1 time: 0.136033
Aug 16 22:59:13.150455 n-d-800085-10 devstack@n-api.service[117944]: [pid: 117944|app: 0|req: 33/65] 10.222.0.10 () {60 vars in 1224 bytes} [Mon Aug 16 22:59:13 2021] POST /compute/v2.1/flavors/1344196581/os-extra_specs => generated 66 bytes in 148 msecs (HTTP/1.1 200) 9 headers in 356 bytes (1 switches on core 0)
Aug 16 22:59:13.169063 n-d-800085-10 devstack@n-api.service[117944]: DEBUG nova.api.openstack.wsgi [None req-fdbeb8fe-f81a-435c-a9c5-ac4ece9290e5 tempest-DeleteServersAdminTestJSON-1199338956 tempest-DeleteServersAdminTestJSON-1199338956-project] Calling method '>' {{(pid=117944) _process_stack /opt/stack/nova/nova/api/openstack/wsgi.py:513}}
Aug 16 22:59:13.169728 n-d-800085-10 devstack@n-api.service[117944]: DEBUG nova.compute.api [None req-fdbeb8fe-f81a-435c-a9c5-ac4ece9290e5 tempest-DeleteServersAdminTestJSON-1199338956 tempest-DeleteServersAdminTestJSON-1199338956-project] [instance: 53cc86b8-a1d4-403c-9cb8-fc836686aa17] Fetching instance by UUID {{(pid=117944) get /opt/stack/nova/nova/compute/api.py:2791}}
Aug 16 22:59:13.194397 n-d-800085-10 devstack@n-api.service[117944]: DEBUG oslo_concurrency.lockutils [None req-fdbeb8fe-f81a-435c-a9c5-ac4ece9290e5 tempest-DeleteServersAdminTestJSON-1199338956 tempest-DeleteServersAdminTestJSON-1199338956-project] Lock "9adc39e4-bf70-4ebe-9e96-ef00b8ee12ff" acquired by "nova.context.set_target_cell..get_or_set_cached_cell_and_set_connections" :: waited 0.000s {{(pid=117944) inner /usr/local/lib/python3.8/dist-packages/oslo_concurrency/lockutils.py:355}}
Aug 16 22:59:13.194898 n-d-800085-10 devstack@n-api.service[117944]: DEBUG oslo_concurrency.lockutils [None req-fdbeb8fe-f81a-435c-a9c5-ac4ece9290e5 tempest-DeleteServersAdminTestJSON-1199338956 tempest-DeleteServersAdminTestJSON-1199338956-project] Lock "9adc39e4-bf70-4ebe-9e96-ef00b8ee12ff" released by "nova.context.set_target_cell..get_or_set_cached_cell_and_set_connections" :: held 0.001s {{(pid=117944) inner /usr/local/lib/python3.8/dist-packages/oslo_concurrency/lockutils.py:367}}
Aug 16 22:59:13.195848 n-d-800085-10 devstack@n-api.service[117944]: DEBUG oslo_concurrency.lockutils [None req-fdbeb8fe-f81a-435c-a9c5-ac4ece9290e5 tempest-DeleteServersAdminTestJSON-1199338956 tempest-DeleteServersAdminTestJSON-1199338956-project] Lock "9adc39e4-bf70-4ebe-9e96-ef00b8ee12ff" acquired by "nova.context.set_target_cell..get_or_set_cached_cell_and_set_connections" :: waited 0.000s {{(pid=117944) inner /usr/local/lib/python3.8/dist-packages/oslo_concurrency/lockutils.py:355}}
Aug 16 22:59:13.196386 n-d-800085-10 devstack@n-api.service[117944]: DEBUG oslo_concurrency.lockutils [None req-fdbeb8fe-f81a-435c-a9c5-ac4ece9290e5 tempest-DeleteServersAdminTestJSON-1199338956 tempest-DeleteServersAdminTestJSON-1199338956-project] Lock "9adc39e4-bf70-4ebe-9e96-ef00b8ee12ff" released by "nova.context.set_target_cell..get_or_set_cached_cell_and_set_connections" :: held 0.001s {{(pid=117944) inner /usr/local/lib/python3.8/dist-packages/oslo_concurrency/lockutils.py:367}}
Aug 16 22:59:13.595406 n-d-800085-10 devstack@n-api.service[117943]: DEBUG nova.api.openstack.wsgi [None req-463c310e-039d-4c17-a8e8-d7153560219f tempest-HypervisorAdminNegativeTestJSON-1097921293 tempest-HypervisorAdminNegativeTestJSON-1097921293-project] Calling method '.version_select at 0x7f63942520d0>' {{(pid=117943) _process_stack /opt/stack/nova/nova/api/openstack/wsgi.py:513}}
