Jul 12 15:39:55.091381 n-d-800077-3 devstack@placement-api.service[94423]: DEBUG placement.objects.research_context [req-1b6dce0c-789b-42bc-8912-d3833f48112b req-b548e928-5f5a-4ae1-bcb1-283c57d44f17 service placement] getting providers with 2 DISK_GB {{(pid=94423) __init__ /opt/stack/placement/placement/objects/research_context.py:126}}
Jul 12 15:39:55.103530 n-d-800077-3 devstack@placement-api.service[94423]: DEBUG placement.objects.research_context [req-1b6dce0c-789b-42bc-8912-d3833f48112b req-b548e928-5f5a-4ae1-bcb1-283c57d44f17 service placement] getting providers with 1024 MEMORY_MB {{(pid=94423) __init__ /opt/stack/placement/placement/objects/research_context.py:126}}
Jul 12 15:39:55.134388 n-d-800077-3 devstack@placement-api.service[94423]: DEBUG placement.objects.research_context [req-1b6dce0c-789b-42bc-8912-d3833f48112b req-b548e928-5f5a-4ae1-bcb1-283c57d44f17 service placement] getting providers with 1 VCPU {{(pid=94423) __init__ /opt/stack/placement/placement/objects/research_context.py:126}}
Jul 12 15:39:55.148033 n-d-800077-3 devstack@placement-api.service[94423]: DEBUG placement.objects.research_context [req-1b6dce0c-789b-42bc-8912-d3833f48112b req-b548e928-5f5a-4ae1-bcb1-283c57d44f17 service placement] found 2 providers with available 2 DISK_GB {{(pid=94423) get_provider_ids_matching /opt/stack/placement/placement/objects/research_context.py:549}}
Jul 12 15:39:55.154025 n-d-800077-3 devstack@placement-api.service[94423]: DEBUG placement.objects.research_context [req-1b6dce0c-789b-42bc-8912-d3833f48112b req-b548e928-5f5a-4ae1-bcb1-283c57d44f17 service placement] found 2 providers with available 1024 MEMORY_MB {{(pid=94423) get_provider_ids_matching /opt/stack/placement/placement/objects/research_context.py:549}}
Jul 12 15:39:55.154306 n-d-800077-3 devstack@placement-api.service[94423]: DEBUG placement.objects.research_context [req-1b6dce0c-789b-42bc-8912-d3833f48112b req-b548e928-5f5a-4ae1-bcb1-283c57d44f17 service placement] found 2 providers after filtering by previous result {{(pid=94423) get_provider_ids_matching /opt/stack/placement/placement/objects/research_context.py:580}}
Jul 12 15:39:55.160951 n-d-800077-3 devstack@placement-api.service[94423]: DEBUG placement.objects.research_context [req-1b6dce0c-789b-42bc-8912-d3833f48112b req-b548e928-5f5a-4ae1-bcb1-283c57d44f17 service placement] found 2 providers with available 1 VCPU {{(pid=94423) get_provider_ids_matching /opt/stack/placement/placement/objects/research_context.py:549}}
Jul 12 15:39:55.161313 n-d-800077-3 devstack@placement-api.service[94423]: DEBUG placement.objects.research_context [req-1b6dce0c-789b-42bc-8912-d3833f48112b req-b548e928-5f5a-4ae1-bcb1-283c57d44f17 service placement] found 2 providers after filtering by previous result {{(pid=94423) get_provider_ids_matching /opt/stack/placement/placement/objects/research_context.py:580}}
Jul 12 15:39:55.174862 n-d-800077-3 devstack@placement-api.service[94423]: DEBUG placement.objects.allocation_candidate [req-1b6dce0c-789b-42bc-8912-d3833f48112b req-b548e928-5f5a-4ae1-bcb1-283c57d44f17 service placement] RequestGroup(use_same_provider=False, resources={DISK_GB:2, MEMORY_MB:1024, VCPU:1}, traits=[], aggregates=[]) (suffix '') returned 2 matches {{(pid=94423) _get_by_requests /opt/stack/placement/placement/objects/allocation_candidate.py:145}}
Jul 12 15:39:55.175427 n-d-800077-3 devstack@placement-api.service[94423]: DEBUG placement.objects.allocation_candidate [req-1b6dce0c-789b-42bc-8912-d3833f48112b req-b548e928-5f5a-4ae1-bcb1-283c57d44f17 service placement] Merging candidates yields 2 allocation requests and 2 provider summaries {{(pid=94423) _merge_candidates /opt/stack/placement/placement/objects/allocation_candidate.py:783}}
Jul 12 15:39:55.177635 n-d-800077-3 devstack@placement-api.service[94423]: INFO placement.requestlog [req-1b6dce0c-789b-42bc-8912-d3833f48112b req-b548e928-5f5a-4ae1-bcb1-283c57d44f17 service placement] 10.222.0.35 "GET /placement/allocation_candidates?limit=1000&resources=DISK_GB%3A2%2CMEMORY_MB%3A1024%2CVCPU%3A1&root_required=%21COMPUTE_STATUS_DISABLED" status: 200 len: 1312 microversion: 1.35
Jul 12 15:39:55.182289 n-d-800077-3 devstack@placement-api.service[94423]: [pid: 94423|app: 0|req: 109/222] 10.222.0.35 () {60 vars in 1507 bytes} [Mon Jul 12 15:39:54 2021] GET /placement/allocation_candidates?limit=1000&resources=DISK_GB%3A2%2CMEMORY_MB%3A1024%2CVCPU%3A1&root_required=%21COMPUTE_STATUS_DISABLED => generated 1312 bytes in 189 msecs (HTTP/1.1 200) 8 headers in 297 bytes (1 switches on core 0)
Jul 12 15:39:55.250334 n-d-800077-3 devstack@placement-api.service[94422]: DEBUG placement.requestlog [req-1b6dce0c-789b-42bc-8912-d3833f48112b req-dfd5c863-e333-4cd2-aebd-69ed0f559696 None None] Starting request: 10.222.0.35 "GET /placement/allocations/1b2d3ad5-47be-443a-88fc-e2cdec5457b9" {{(pid=94422) __call__ /opt/stack/placement/placement/requestlog.py:55}}
Jul 12 15:39:55.269151 n-d-800077-3 devstack@placement-api.service[94422]: INFO placement.requestlog [req-1b6dce0c-789b-42bc-8912-d3833f48112b req-dfd5c863-e333-4cd2-aebd-69ed0f559696 service placement] 10.222.0.35 "GET /placement/allocations/1b2d3ad5-47be-443a-88fc-e2cdec5457b9" status: 200 len: 19 microversion: 1.28
Jul 12 15:39:55.269658 n-d-800077-3 devstack@placement-api.service[94422]: [pid: 94422|app: 0|req: 114/223] 10.222.0.35 () {60 vars in 1381 bytes} [Mon Jul 12 15:39:55 2021] GET /placement/allocations/1b2d3ad5-47be-443a-88fc-e2cdec5457b9 => generated 19 bytes in 20 msecs (HTTP/1.1 200) 8 headers in 295 bytes (1 switches on core 0)
Jul 12 15:39:55.276138 n-d-800077-3 devstack@placement-api.service[94423]: DEBUG placement.requestlog [req-1b6dce0c-789b-42bc-8912-d3833f48112b req-6a639ef0-74e3-4afe-a522-790f6e9524dd None None] Starting request: 10.222.0.35 "PUT /placement/allocations/1b2d3ad5-47be-443a-88fc-e2cdec5457b9" {{(pid=94423) __call__ /opt/stack/placement/placement/requestlog.py:55}}
Jul 12 15:39:55.434414 n-d-800077-3 devstack@placement-api.service[94423]: DEBUG placement.handlers.allocation [req-1b6dce0c-789b-42bc-8912-d3833f48112b req-6a639ef0-74e3-4afe-a522-790f6e9524dd service placement] Successfully wrote allocations [, , ] {{(pid=94423) _create_allocations /opt/stack/placement/placement/handlers/allocation.py:435}}
Jul 12 15:39:55.435050 n-d-800077-3 devstack@placement-api.service[94423]: INFO placement.requestlog [req-1b6dce0c-789b-42bc-8912-d3833f48112b req-6a639ef0-74e3-4afe-a522-790f6e9524dd service placement] 10.222.0.35 "PUT /placement/allocations/1b2d3ad5-47be-443a-88fc-e2cdec5457b9" status: 204 len: 0 microversion: 1.35
Jul 12 15:39:55.435363 n-d-800077-3 devstack@placement-api.service[94423]: [pid: 94423|app: 0|req: 110/224] 10.222.0.35 () {64 vars in 1434 bytes} [Mon Jul 12 15:39:55 2021] PUT /placement/allocations/1b2d3ad5-47be-443a-88fc-e2cdec5457b9 => generated 0 bytes in 159 msecs (HTTP/1.1 204) 5 headers in 199 bytes (1 switches on core 0)
Jul 12 15:39:56.170088 n-d-800077-3 devstack@placement-api.service[94422]: DEBUG placement.requestlog [req-1b6dce0c-789b-42bc-8912-d3833f48112b req-b510ca11-fe9e-4ba0-9354-7ba9d202a28d None None] Starting request: 10.222.0.63 "GET /placement/allocations/1b2d3ad5-47be-443a-88fc-e2cdec5457b9" {{(pid=94422) __call__ /opt/stack/placement/placement/requestlog.py:55}}
Jul 12 15:39:56.196451 n-d-800077-3 devstack@placement-api.service[94422]: INFO placement.requestlog [req-1b6dce0c-789b-42bc-8912-d3833f48112b req-b510ca11-fe9e-4ba0-9354-7ba9d202a28d service placement] 10.222.0.63 "GET /placement/allocations/1b2d3ad5-47be-443a-88fc-e2cdec5457b9" status: 200 len: 259 microversion: 1.28
Jul 12 15:39:56.198783 n-d-800077-3 devstack@placement-api.service[94422]: [pid: 94422|app: 0|req: 115/225] 10.222.0.63 () {60 vars in 1378 bytes} [Mon Jul 12 15:39:56 2021] GET /placement/allocations/1b2d3ad5-47be-443a-88fc-e2cdec5457b9 => generated 259 bytes in 29 msecs (HTTP/1.1 200) 8 headers in 296 bytes (1 switches on core 0)
Jul 12 15:39:56.810839 n-d-800077-3 devstack@placement-api.service[94423]: DEBUG placement.requestlog [req-b8903108-c63c-47be-8350-8471e2d0d49e req-1b30f5bb-5139-4cc7-88f1-342250e70ce1 None None] Starting request: 10.222.0.57 "GET /placement/allocations/ec2d761b-9762-48ff-acde-7e21162eabb9" {{(pid=94423) __call__ /opt/stack/placement/placement/requestlog.py:55}}
Jul 12 15:39:56.843093 n-d-800077-3 devstack@placement-api.service[94423]: INFO placement.requestlog [req-b8903108-c63c-47be-8350-8471e2d0d49e req-1b30f5bb-5139-4cc7-88f1-342250e70ce1 service placement] 10.222.0.57 "GET /placement/allocations/ec2d761b-9762-48ff-acde-7e21162eabb9" status: 200 len: 259 microversion: 1.28
Jul 12 15:39:56.843825 n-d-800077-3 devstack@placement-api.service[94423]: [pid: 94423|app: 0|req: 111/226] 10.222.0.57 () {60 vars in 1378 bytes} [Mon Jul 12 15:39:56 2021] GET /placement/allocations/ec2d761b-9762-48ff-acde-7e21162eabb9 => generated 259 bytes in 33 msecs (HTTP/1.1 200) 8 headers in 296 bytes (1 switches on core 0)
Jul 12 15:39:56.861499 n-d-800077-3 devstack@placement-api.service[94422]: DEBUG placement.requestlog [req-b8903108-c63c-47be-8350-8471e2d0d49e req-43ef4c1b-fc53-4097-b747-c729fa20d04e None None] Starting request: 10.222.0.57 "PUT /placement/allocations/ec2d761b-9762-48ff-acde-7e21162eabb9" {{(pid=94422) __call__ /opt/stack/placement/placement/requestlog.py:55}}
Jul 12 15:39:56.974923 n-d-800077-3 devstack@placement-api.service[94422]: DEBUG placement.handlers.allocation [req-b8903108-c63c-47be-8350-8471e2d0d49e req-43ef4c1b-fc53-4097-b747-c729fa20d04e service placement] Successfully wrote allocations [, , ] {{(pid=94422) _create_allocations /opt/stack/placement/placement/handlers/allocation.py:435}}
Jul 12 15:39:56.975973 n-d-800077-3 devstack@placement-api.service[94422]: INFO placement.requestlog [req-b8903108-c63c-47be-8350-8471e2d0d49e req-43ef4c1b-fc53-4097-b747-c729fa20d04e service placement] 10.222.0.57 "PUT /placement/allocations/ec2d761b-9762-48ff-acde-7e21162eabb9" status: 204 len: 0 microversion: 1.28
Jul 12 15:39:56.976730 n-d-800077-3 devstack@placement-api.service[94422]: [pid: 94422|app: 0|req: 116/227] 10.222.0.57 () {64 vars in 1431 bytes} [Mon Jul 12 15:39:56 2021] PUT /placement/allocations/ec2d761b-9762-48ff-acde-7e21162eabb9 => generated 0 bytes in 115 msecs (HTTP/1.1 204) 5 headers in 199 bytes (1 switches on core 0)
Jul 12 15:40:02.074124 n-d-800077-3 devstack@placement-api.service[94423]: DEBUG placement.requestlog [req-dd51dc49-ca01-4e73-867b-dcb33e9c5064 req-296b6676-bbd6-486d-a854-f14a2f1e4454 None None] Starting request: 10.222.0.57 "GET /placement/allocations/9e0b2e23-aa02-4966-9321-098764ded9e6" {{(pid=94423) __call__ /opt/stack/placement/placement/requestlog.py:55}}
Jul 12 15:40:02.095435 n-d-800077-3 devstack@placement-api.service[94423]: INFO placement.requestlog [req-dd51dc49-ca01-4e73-867b-dcb33e9c5064 req-296b6676-bbd6-486d-a854-f14a2f1e4454 service placement] 10.222.0.57 "GET /placement/allocations/9e0b2e23-aa02-4966-9321-098764ded9e6" status: 200 len: 259 microversion: 1.28
Jul 12 15:40:02.095975 n-d-800077-3 devstack@placement-api.service[94423]: [pid: 94423|app: 0|req: 112/228] 10.222.0.57 () {60 vars in 1378 bytes} [Mon Jul 12 15:40:02 2021] GET /placement/allocations/9e0b2e23-aa02-4966-9321-098764ded9e6 => generated 259 bytes in 22 msecs (HTTP/1.1 200) 8 headers in 296 bytes (1 switches on core 0)
Jul 12 15:40:02.106123 n-d-800077-3 devstack@placement-api.service[94422]: DEBUG placement.requestlog [req-dd51dc49-ca01-4e73-867b-dcb33e9c5064 req-700097bb-da40-4fa4-89ed-4d2692028218 None None] Starting request: 10.222.0.57 "PUT /placement/allocations/9e0b2e23-aa02-4966-9321-098764ded9e6" {{(pid=94422) __call__ /opt/stack/placement/placement/requestlog.py:55}}
Jul 12 15:40:02.120611 n-d-800077-3 devstack@placement-api.service[94423]: DEBUG placement.requestlog [req-64196ca6-da78-49f6-aef3-96707320ad7d req-3630c135-17df-4524-9262-25cfab01aeb5 None None] Starting request: 10.222.0.63 "GET /placement/resource_providers/7e96af10-90a0-48de-aa5a-a7207194ea79/allocations" {{(pid=94423) __call__ /opt/stack/placement/placement/requestlog.py:55}}
Jul 12 15:40:02.175008 n-d-800077-3 devstack@placement-api.service[94423]: INFO placement.requestlog [req-64196ca6-da78-49f6-aef3-96707320ad7d req-3630c135-17df-4524-9262-25cfab01aeb5 service placement] 10.222.0.63 "GET /placement/resource_providers/7e96af10-90a0-48de-aa5a-a7207194ea79/allocations" status: 200 len: 861 microversion: 1.0
Jul 12 15:40:02.175536 n-d-800077-3 devstack@placement-api.service[94423]: [pid: 94423|app: 0|req: 113/229] 10.222.0.63 () {58 vars in 1391 bytes} [Mon Jul 12 15:40:02 2021] GET /placement/resource_providers/7e96af10-90a0-48de-aa5a-a7207194ea79/allocations => generated 861 bytes in 55 msecs (HTTP/1.1 200) 6 headers in 224 bytes (2 switches on core 0)
Jul 12 15:40:02.198004 n-d-800077-3 devstack@placement-api.service[94422]: DEBUG placement.handlers.allocation [req-dd51dc49-ca01-4e73-867b-dcb33e9c5064 req-700097bb-da40-4fa4-89ed-4d2692028218 service placement] Successfully wrote allocations [, , ] {{(pid=94422) _create_allocations /opt/stack/placement/placement/handlers/allocation.py:435}}
Jul 12 15:40:02.199224 n-d-800077-3 devstack@placement-api.service[94422]: INFO placement.requestlog [req-dd51dc49-ca01-4e73-867b-dcb33e9c5064 req-700097bb-da40-4fa4-89ed-4d2692028218 service placement] 10.222.0.57 "PUT /placement/allocations/9e0b2e23-aa02-4966-9321-098764ded9e6" status: 204 len: 0 microversion: 1.28
Jul 12 15:40:02.201485 n-d-800077-3 devstack@placement-api.service[94422]: [pid: 94422|app: 0|req: 117/230] 10.222.0.57 () {64 vars in 1431 bytes} [Mon Jul 12 15:40:02 2021] PUT /placement/allocations/9e0b2e23-aa02-4966-9321-098764ded9e6 => generated 0 bytes in 95 msecs (HTTP/1.1 204) 5 headers in 199 bytes (1 switches on core 0)
Jul 12 15:40:02.816771 n-d-800077-3 devstack@placement-api.service[94423]: DEBUG placement.requestlog [req-64196ca6-da78-49f6-aef3-96707320ad7d req-e5bc2ec8-d1d4-43f3-a490-e47ea382e29f None None] Starting request: 10.222.0.63 "GET /placement/allocations/862a92d4-61be-4bae-9e8f-4101383da5e4" {{(pid=94423) __call__ /opt/stack/placement/placement/requestlog.py:55}}
Jul 12 15:40:02.857461 n-d-800077-3 devstack@placement-api.service[94423]: INFO placement.requestlog [req-64196ca6-da78-49f6-aef3-96707320ad7d req-e5bc2ec8-d1d4-43f3-a490-e47ea382e29f service placement] 10.222.0.63 "GET /placement/allocations/862a92d4-61be-4bae-9e8f-4101383da5e4" status: 200 len: 259 microversion: 1.28
Jul 12 15:40:02.858158 n-d-800077-3 devstack@placement-api.service[94423]: [pid: 94423|app: 0|req: 114/231] 10.222.0.63 () {60 vars in 1378 bytes} [Mon Jul 12 15:40:02 2021] GET /placement/allocations/862a92d4-61be-4bae-9e8f-4101383da5e4 => generated 259 bytes in 42 msecs (HTTP/1.1 200) 8 headers in 296 bytes (1 switches on core 0)
Jul 12 15:40:02.866462 n-d-800077-3 devstack@placement-api.service[94422]: DEBUG placement.requestlog [req-64196ca6-da78-49f6-aef3-96707320ad7d req-70361574-0f01-4f56-89a6-30dfbc66e3f2 None None] Starting request: 10.222.0.63 "PUT /placement/allocations/862a92d4-61be-4bae-9e8f-4101383da5e4" {{(pid=94422) __call__ /opt/stack/placement/placement/requestlog.py:55}}
Jul 12 15:40:02.951150 n-d-800077-3 devstack@placement-api.service[94422]: DEBUG placement.handlers.allocation [req-64196ca6-da78-49f6-aef3-96707320ad7d req-70361574-0f01-4f56-89a6-30dfbc66e3f2 service placement] Successfully wrote allocations [, , ] {{(pid=94422) _create_allocations /opt/stack/placement/placement/handlers/allocation.py:435}}
Jul 12 15:40:02.952069 n-d-800077-3 devstack@placement-api.service[94422]: INFO placement.requestlog [req-64196ca6-da78-49f6-aef3-96707320ad7d req-70361574-0f01-4f56-89a6-30dfbc66e3f2 service placement] 10.222.0.63 "PUT /placement/allocations/862a92d4-61be-4bae-9e8f-4101383da5e4" status: 204 len: 0 microversion: 1.28
Jul 12 15:40:02.952883 n-d-800077-3 devstack@placement-api.service[94422]: [pid: 94422|app: 0|req: 118/232] 10.222.0.63 () {64 vars in 1431 bytes} [Mon Jul 12 15:40:02 2021] PUT /placement/allocations/862a92d4-61be-4bae-9e8f-4101383da5e4 => generated 0 bytes in 87 msecs (HTTP/1.1 204) 5 headers in 199 bytes (2 switches on core 0)
Jul 12 15:40:03.915181 n-d-800077-3 devstack@placement-api.service[94423]: DEBUG placement.requestlog [req-7fc781ce-eeac-4ba5-bf9c-1c9510a9c6c5 req-ca6f0d7c-d528-4b3d-8344-6cd68398a1f9 None None] Starting request: 10.222.0.63 "GET /placement/resource_providers/7e96af10-90a0-48de-aa5a-a7207194ea79/allocations" {{(pid=94423) __call__ /opt/stack/placement/placement/requestlog.py:55}}
Jul 12 15:40:03.965943 n-d-800077-3 devstack@placement-api.service[94423]: INFO placement.requestlog [req-7fc781ce-eeac-4ba5-bf9c-1c9510a9c6c5 req-ca6f0d7c-d528-4b3d-8344-6cd68398a1f9 service placement] 10.222.0.63 "GET /placement/resource_providers/7e96af10-90a0-48de-aa5a-a7207194ea79/allocations" status: 200 len: 760 microversion: 1.0
Jul 12 15:40:03.966749 n-d-800077-3 devstack@placement-api.service[94423]: [pid: 94423|app: 0|req: 115/233] 10.222.0.63 () {58 vars in 1391 bytes} [Mon Jul 12 15:40:03 2021] GET /placement/resource_providers/7e96af10-90a0-48de-aa5a-a7207194ea79/allocations => generated 760 bytes in 52 msecs (HTTP/1.1 200) 6 headers in 224 bytes (1 switches on core 0)
Jul 12 15:40:04.910580 n-d-800077-3 devstack@placement-api.service[94422]: DEBUG placement.requestlog [req-f9b01103-cbc3-49f0-aff9-c138d2e02cc4 req-288ff224-4c65-47e7-ad06-1b0e9b5d7fe5 None None] Starting request: 10.222.0.35 "GET /placement/allocation_candidates?limit=1000&resources=DISK_GB%3A1%2CMEMORY_MB%3A1024%2CVCPU%3A1&root_required=%21COMPUTE_STATUS_DISABLED" {{(pid=94422) __call__ /opt/stack/placement/placement/requestlog.py:55}}
Jul 12 15:40:04.980018 n-d-800077-3 devstack@placement-api.service[94422]: DEBUG placement.objects.research_context [req-f9b01103-cbc3-49f0-aff9-c138d2e02cc4 req-288ff224-4c65-47e7-ad06-1b0e9b5d7fe5 service placement] getting providers with 1 DISK_GB {{(pid=94422) __init__ /opt/stack/placement/placement/objects/research_context.py:126}}
Jul 12 15:40:04.986872 n-d-800077-3 devstack@placement-api.service[94422]: DEBUG placement.objects.research_context [req-f9b01103-cbc3-49f0-aff9-c138d2e02cc4 req-288ff224-4c65-47e7-ad06-1b0e9b5d7fe5 service placement] getting providers with 1024 MEMORY_MB {{(pid=94422) __init__ /opt/stack/placement/placement/objects/research_context.py:126}}
Jul 12 15:40:04.997837 n-d-800077-3 devstack@placement-api.service[94422]: DEBUG placement.objects.research_context [req-f9b01103-cbc3-49f0-aff9-c138d2e02cc4 req-288ff224-4c65-47e7-ad06-1b0e9b5d7fe5 service placement] getting providers with 1 VCPU {{(pid=94422) __init__ /opt/stack/placement/placement/objects/research_context.py:126}}
Jul 12 15:40:05.006198 n-d-800077-3 devstack@placement-api.service[94422]: DEBUG placement.objects.research_context [req-f9b01103-cbc3-49f0-aff9-c138d2e02cc4 req-288ff224-4c65-47e7-ad06-1b0e9b5d7fe5 service placement] found 2 providers with available 1 DISK_GB {{(pid=94422) get_provider_ids_matching /opt/stack/placement/placement/objects/research_context.py:549}}
Jul 12 15:40:05.006198 n-d-800077-3 devstack@placement-api.service[94422]: DEBUG placement.objects.research_context [req-f9b01103-cbc3-49f0-aff9-c138d2e02cc4 req-288ff224-4c65-47e7-ad06-1b0e9b5d7fe5 service placement] found 2 providers with available 1024 MEMORY_MB {{(pid=94422) get_provider_ids_matching /opt/stack/placement/placement/objects/research_context.py:549}}
Jul 12 15:40:05.007102 n-d-800077-3 devstack@placement-api.service[94422]: DEBUG placement.objects.research_context [req-f9b01103-cbc3-49f0-aff9-c138d2e02cc4 req-288ff224-4c65-47e7-ad06-1b0e9b5d7fe5 service placement] found 2 providers after filtering by previous result {{(pid=94422) get_provider_ids_matching /opt/stack/placement/placement/objects/research_context.py:580}}
Jul 12 15:40:05.007547 n-d-800077-3 devstack@placement-api.service[94422]: DEBUG placement.objects.research_context [req-f9b01103-cbc3-49f0-aff9-c138d2e02cc4 req-288ff224-4c65-47e7-ad06-1b0e9b5d7fe5 service placement] found 2 providers with available 1 VCPU {{(pid=94422) get_provider_ids_matching /opt/stack/placement/placement/objects/research_context.py:549}}
Jul 12 15:40:05.009610 n-d-800077-3 devstack@placement-api.service[94422]: DEBUG placement.objects.research_context [req-f9b01103-cbc3-49f0-aff9-c138d2e02cc4 req-288ff224-4c65-47e7-ad06-1b0e9b5d7fe5 service placement] found 2 providers after filtering by previous result {{(pid=94422) get_provider_ids_matching /opt/stack/placement/placement/objects/research_context.py:580}}
Jul 12 15:40:05.044430 n-d-800077-3 devstack@placement-api.service[94422]: DEBUG placement.objects.allocation_candidate [req-f9b01103-cbc3-49f0-aff9-c138d2e02cc4 req-288ff224-4c65-47e7-ad06-1b0e9b5d7fe5 service placement] RequestGroup(use_same_provider=False, resources={DISK_GB:1, MEMORY_MB:1024, VCPU:1}, traits=[], aggregates=[]) (suffix '') returned 2 matches {{(pid=94422) _get_by_requests /opt/stack/placement/placement/objects/allocation_candidate.py:145}}
Jul 12 15:40:05.044902 n-d-800077-3 devstack@placement-api.service[94422]: DEBUG placement.objects.allocation_candidate [req-f9b01103-cbc3-49f0-aff9-c138d2e02cc4 req-288ff224-4c65-47e7-ad06-1b0e9b5d7fe5 service placement] Merging candidates yields 2 allocation requests and 2 provider summaries {{(pid=94422) _merge_candidates /opt/stack/placement/placement/objects/allocation_candidate.py:783}}
Jul 12 15:40:05.048342 n-d-800077-3 devstack@placement-api.service[94422]: INFO placement.requestlog [req-f9b01103-cbc3-49f0-aff9-c138d2e02cc4 req-288ff224-4c65-47e7-ad06-1b0e9b5d7fe5 service placement] 10.222.0.35 "GET /placement/allocation_candidates?limit=1000&resources=DISK_GB%3A1%2CMEMORY_MB%3A1024%2CVCPU%3A1&root_required=%21COMPUTE_STATUS_DISABLED" status: 200 len: 1309 microversion: 1.35
Jul 12 15:40:05.050384 n-d-800077-3 devstack@placement-api.service[94422]: [pid: 94422|app: 0|req: 119/234] 10.222.0.35 () {60 vars in 1507 bytes} [Mon Jul 12 15:40:04 2021] GET /placement/allocation_candidates?limit=1000&resources=DISK_GB%3A1%2CMEMORY_MB%3A1024%2CVCPU%3A1&root_required=%21COMPUTE_STATUS_DISABLED => generated 1309 bytes in 140 msecs (HTTP/1.1 200) 8 headers in 297 bytes (1 switches on core 0)
Jul 12 15:40:05.172256 n-d-800077-3 devstack@placement-api.service[94423]: DEBUG placement.requestlog [req-f9b01103-cbc3-49f0-aff9-c138d2e02cc4 req-25808d64-fef1-44d2-a233-d14dcacfefc4 None None] Starting request: 10.222.0.35 "GET /placement/allocations/86249c67-0e27-44dd-a23b-d716c2ec76ee" {{(pid=94423) __call__ /opt/stack/placement/placement/requestlog.py:55}}
Jul 12 15:40:05.186189 n-d-800077-3 devstack@placement-api.service[94423]: INFO placement.requestlog [req-f9b01103-cbc3-49f0-aff9-c138d2e02cc4 req-25808d64-fef1-44d2-a233-d14dcacfefc4 service placement] 10.222.0.35 "GET /placement/allocations/86249c67-0e27-44dd-a23b-d716c2ec76ee" status: 200 len: 19 microversion: 1.28
Jul 12 15:40:05.186755 n-d-800077-3 devstack@placement-api.service[94423]: [pid: 94423|app: 0|req: 116/235] 10.222.0.35 () {60 vars in 1381 bytes} [Mon Jul 12 15:40:05 2021] GET /placement/allocations/86249c67-0e27-44dd-a23b-d716c2ec76ee => generated 19 bytes in 15 msecs (HTTP/1.1 200) 8 headers in 295 bytes (1 switches on core 0)
Jul 12 15:40:05.193389 n-d-800077-3 devstack@placement-api.service[94422]: DEBUG placement.requestlog [req-f9b01103-cbc3-49f0-aff9-c138d2e02cc4 req-4861ec09-e188-4681-94f4-b0ebc7858883 None None] Starting request: 10.222.0.35 "PUT /placement/allocations/86249c67-0e27-44dd-a23b-d716c2ec76ee" {{(pid=94422) __call__ /opt/stack/placement/placement/requestlog.py:55}}
Jul 12 15:40:05.308967 n-d-800077-3 devstack@placement-api.service[94422]: DEBUG placement.handlers.allocation [req-f9b01103-cbc3-49f0-aff9-c138d2e02cc4 req-4861ec09-e188-4681-94f4-b0ebc7858883 service placement] Successfully wrote allocations [, , ] {{(pid=94422) _create_allocations /opt/stack/placement/placement/handlers/allocation.py:435}}
Jul 12 15:40:05.309490 n-d-800077-3 devstack@placement-api.service[94422]: INFO placement.requestlog [req-f9b01103-cbc3-49f0-aff9-c138d2e02cc4 req-4861ec09-e188-4681-94f4-b0ebc7858883 service placement] 10.222.0.35 "PUT /placement/allocations/86249c67-0e27-44dd-a23b-d716c2ec76ee" status: 204 len: 0 microversion: 1.35
Jul 12 15:40:05.309842 n-d-800077-3 devstack@placement-api.service[94422]: [pid: 94422|app: 0|req: 120/236] 10.222.0.35 () {64 vars in 1434 bytes} [Mon Jul 12 15:40:05 2021] PUT /placement/allocations/86249c67-0e27-44dd-a23b-d716c2ec76ee => generated 0 bytes in 117 msecs (HTTP/1.1 204) 5 headers in 199 bytes (2 switches on core 0)
Jul 12 15:40:05.807118 n-d-800077-3 devstack@placement-api.service[94423]: DEBUG placement.requestlog [req-f9b01103-cbc3-49f0-aff9-c138d2e02cc4 req-1f79b2d7-687f-42a9-8b7a-0a9820a6c21a None None] Starting request: 10.222.0.57 "GET /placement/allocations/86249c67-0e27-44dd-a23b-d716c2ec76ee" {{(pid=94423) __call__ /opt/stack/placement/placement/requestlog.py:55}}
Jul 12 15:40:05.826957 n-d-800077-3 devstack@placement-api.service[94423]: INFO placement.requestlog [req-f9b01103-cbc3-49f0-aff9-c138d2e02cc4 req-1f79b2d7-687f-42a9-8b7a-0a9820a6c21a service placement] 10.222.0.57 "GET /placement/allocations/86249c67-0e27-44dd-a23b-d716c2ec76ee" status: 200 len: 259 microversion: 1.28
Jul 12 15:40:05.829140 n-d-800077-3 devstack@placement-api.service[94423]: [pid: 94423|app: 0|req: 117/237] 10.222.0.57 () {60 vars in 1378 bytes} [Mon Jul 12 15:40:05 2021] GET /placement/allocations/86249c67-0e27-44dd-a23b-d716c2ec76ee => generated 259 bytes in 22 msecs (HTTP/1.1 200) 8 headers in 296 bytes (1 switches on core 0)
Jul 12 15:40:05.949347 n-d-800077-3 devstack@placement-api.service[94422]: DEBUG placement.requestlog [None req-03aa1c67-07a4-4949-93e0-4b0ef4bd9e25 None None] Starting request: 10.222.0.35 "GET /placement/" {{(pid=94422) __call__ /opt/stack/placement/placement/requestlog.py:55}}
Jul 12 15:40:05.952784 n-d-800077-3 devstack@placement-api.service[94422]: INFO placement.requestlog [None req-03aa1c67-07a4-4949-93e0-4b0ef4bd9e25 None None] 10.222.0.35 "GET /placement/" status: 200 len: 136 microversion: 1.0
Jul 12 15:40:05.952784 n-d-800077-3 devstack@placement-api.service[94422]: [pid: 94422|app: 0|req: 121/238] 10.222.0.35 () {54 vars in 916 bytes} [Mon Jul 12 15:40:05 2021] GET /placement => generated 136 bytes in 3 msecs (HTTP/1.1 200) 6 headers in 224 bytes (1 switches on core 0)
Jul 12 15:40:05.964575 n-d-800077-3 devstack@placement-api.service[94423]: DEBUG placement.requestlog [req-d3909e61-2c04-4182-bf40-de35e625a0e3 req-09bd4836-774e-4395-8682-5679f3c905cd None None] Starting request: 10.222.0.35 "GET /placement/allocations/84b0318c-7dcf-466d-97bb-e16dc48a9f88" {{(pid=94423) __call__ /opt/stack/placement/placement/requestlog.py:55}}
Jul 12 15:40:06.069071 n-d-800077-3 devstack@placement-api.service[94423]: INFO placement.requestlog [req-d3909e61-2c04-4182-bf40-de35e625a0e3 req-09bd4836-774e-4395-8682-5679f3c905cd service placement] 10.222.0.35 "GET /placement/allocations/84b0318c-7dcf-466d-97bb-e16dc48a9f88" status: 200 len: 259 microversion: 1.28
Jul 12 15:40:06.078806 n-d-800077-3 devstack@placement-api.service[94422]: DEBUG placement.requestlog [req-d3909e61-2c04-4182-bf40-de35e625a0e3 req-a2b01762-9a43-4cbf-8815-b1f48a2e70ee None None] Starting request: 10.222.0.35 "GET /placement/allocations/84b0318c-7dcf-466d-97bb-e16dc48a9f88" {{(pid=94422) __call__ /opt/stack/placement/placement/requestlog.py:55}}
Jul 12 15:40:06.091216 n-d-800077-3 devstack@placement-api.service[94423]: [pid: 94423|app: 0|req: 118/239] 10.222.0.35 () {60 vars in 1381 bytes} [Mon Jul 12 15:40:05 2021] GET /placement/allocations/84b0318c-7dcf-466d-97bb-e16dc48a9f88 => generated 259 bytes in 122 msecs (HTTP/1.1 200) 8 headers in 296 bytes (1 switches on core 0)
Jul 12 15:40:06.110508 n-d-800077-3 devstack@placement-api.service[94422]: INFO placement.requestlog [req-d3909e61-2c04-4182-bf40-de35e625a0e3 req-a2b01762-9a43-4cbf-8815-b1f48a2e70ee service placement] 10.222.0.35 "GET /placement/allocations/84b0318c-7dcf-466d-97bb-e16dc48a9f88" status: 200 len: 259 microversion: 1.28
Jul 12 15:40:06.112075 n-d-800077-3 devstack@placement-api.service[94422]: [pid: 94422|app: 0|req: 122/240] 10.222.0.35 () {60 vars in 1381 bytes} [Mon Jul 12 15:40:06 2021] GET /placement/allocations/84b0318c-7dcf-466d-97bb-e16dc48a9f88 => generated 259 bytes in 34 msecs (HTTP/1.1 200) 8 headers in 296 bytes (2 switches on core 0)
Jul 12 15:40:06.119254 n-d-800077-3 devstack@placement-api.service[94423]: DEBUG placement.requestlog [req-d3909e61-2c04-4182-bf40-de35e625a0e3 req-96e4740b-d6de-446c-a3d9-13ae7e646ef0 None None] Starting request: 10.222.0.35 "GET /placement/allocations/89f728ae-ce37-45e1-a8b4-da55add63360" {{(pid=94423) __call__ /opt/stack/placement/placement/requestlog.py:55}}
Jul 12 15:40:06.136657 n-d-800077-3 devstack@placement-api.service[94423]: INFO placement.requestlog [req-d3909e61-2c04-4182-bf40-de35e625a0e3 req-96e4740b-d6de-446c-a3d9-13ae7e646ef0 service placement] 10.222.0.35 "GET /placement/allocations/89f728ae-ce37-45e1-a8b4-da55add63360" status: 200 len: 19 microversion: 1.28
Jul 12 15:40:06.144905 n-d-800077-3 devstack@placement-api.service[94422]: DEBUG placement.requestlog [req-d3909e61-2c04-4182-bf40-de35e625a0e3 req-696fcb1f-1199-4b2c-a907-b614df3b43c1 None None] Starting request: 10.222.0.35 "POST /placement/allocations" {{(pid=94422) __call__ /opt/stack/placement/placement/requestlog.py:55}}
Jul 12 15:40:06.151829 n-d-800077-3 devstack@placement-api.service[94423]: [pid: 94423|app: 0|req: 119/241] 10.222.0.35 () {60 vars in 1381 bytes} [Mon Jul 12 15:40:06 2021] GET /placement/allocations/89f728ae-ce37-45e1-a8b4-da55add63360 => generated 19 bytes in 33 msecs (HTTP/1.1 200) 8 headers in 295 bytes (2 switches on core 0)
Jul 12 15:40:06.267326 n-d-800077-3 devstack@placement-api.service[94422]: DEBUG placement.handlers.allocation [req-d3909e61-2c04-4182-bf40-de35e625a0e3 req-696fcb1f-1199-4b2c-a907-b614df3b43c1 service placement] Successfully wrote allocations [, , , , , ] {{(pid=94422) _create_allocations /opt/stack/placement/placement/handlers/allocation.py:524}}
Jul 12 15:40:06.279595 n-d-800077-3 devstack@placement-api.service[94422]: INFO placement.requestlog [req-d3909e61-2c04-4182-bf40-de35e625a0e3 req-696fcb1f-1199-4b2c-a907-b614df3b43c1 service placement] 10.222.0.35 "POST /placement/allocations" status: 204 len: 0 microversion: 1.28
Jul 12 15:40:06.282046 n-d-800077-3 devstack@placement-api.service[94422]: [pid: 94422|app: 0|req: 123/242] 10.222.0.35 () {64 vars in 1324 bytes} [Mon Jul 12 15:40:06 2021] POST /placement/allocations => generated 0 bytes in 126 msecs (HTTP/1.1 204) 5 headers in 199 bytes (1 switches on core 0)
Jul 12 15:40:06.337942 n-d-800077-3 devstack@placement-api.service[94423]: DEBUG placement.requestlog [req-d3909e61-2c04-4182-bf40-de35e625a0e3 req-746a9367-8705-46bd-a030-6ee391104d46 None None] Starting request: 10.222.0.35 "GET /placement/allocations/84b0318c-7dcf-466d-97bb-e16dc48a9f88" {{(pid=94423) __call__ /opt/stack/placement/placement/requestlog.py:55}}
Jul 12 15:40:06.351635 n-d-800077-3 devstack@placement-api.service[94423]: INFO placement.requestlog [req-d3909e61-2c04-4182-bf40-de35e625a0e3 req-746a9367-8705-46bd-a030-6ee391104d46 service placement] 10.222.0.35 "GET /placement/allocations/84b0318c-7dcf-466d-97bb-e16dc48a9f88" status: 200 len: 19 microversion: 1.28
Jul 12 15:40:06.351980 n-d-800077-3 devstack@placement-api.service[94423]: [pid: 94423|app: 0|req: 120/243] 10.222.0.35 () {60 vars in 1381 bytes} [Mon Jul 12 15:40:06 2021] GET /placement/allocations/84b0318c-7dcf-466d-97bb-e16dc48a9f88 => generated 19 bytes in 14 msecs (HTTP/1.1 200) 8 headers in 295 bytes (1 switches on core 0)
Jul 12 15:40:06.358450 n-d-800077-3 devstack@placement-api.service[94422]: DEBUG placement.requestlog [req-d3909e61-2c04-4182-bf40-de35e625a0e3 req-4bf83035-3f50-4b01-8dba-fc771a64295f None None] Starting request: 10.222.0.35 "PUT /placement/allocations/84b0318c-7dcf-466d-97bb-e16dc48a9f88" {{(pid=94422) __call__ /opt/stack/placement/placement/requestlog.py:55}}
Jul 12 15:40:06.429506 n-d-800077-3 devstack@placement-api.service[94422]: DEBUG placement.handlers.allocation [req-d3909e61-2c04-4182-bf40-de35e625a0e3 req-4bf83035-3f50-4b01-8dba-fc771a64295f service placement] Successfully wrote allocations [, , ] {{(pid=94422) _create_allocations /opt/stack/placement/placement/handlers/allocation.py:435}}
Jul 12 15:40:06.430658 n-d-800077-3 devstack@placement-api.service[94422]: INFO placement.requestlog [req-d3909e61-2c04-4182-bf40-de35e625a0e3 req-4bf83035-3f50-4b01-8dba-fc771a64295f service placement] 10.222.0.35 "PUT /placement/allocations/84b0318c-7dcf-466d-97bb-e16dc48a9f88" status: 204 len: 0 microversion: 1.28
Jul 12 15:40:06.430905 n-d-800077-3 devstack@placement-api.service[94422]: [pid: 94422|app: 0|req: 124/244] 10.222.0.35 () {64 vars in 1434 bytes} [Mon Jul 12 15:40:06 2021] PUT /placement/allocations/84b0318c-7dcf-466d-97bb-e16dc48a9f88 => generated 0 bytes in 73 msecs (HTTP/1.1 204) 5 headers in 199 bytes (1 switches on core 0)
Jul 12 15:40:06.627157 n-d-800077-3 devstack@placement-api.service[94423]: DEBUG placement.requestlog [req-d3909e61-2c04-4182-bf40-de35e625a0e3 req-3912bd5f-9258-442d-a104-e1864df4db37 None None] Starting request: 10.222.0.63 "GET /placement/allocations/84b0318c-7dcf-466d-97bb-e16dc48a9f88" {{(pid=94423) __call__ /opt/stack/placement/placement/requestlog.py:55}}
Jul 12 15:40:06.744538 n-d-800077-3 devstack@placement-api.service[94423]: INFO placement.requestlog [req-d3909e61-2c04-4182-bf40-de35e625a0e3 req-3912bd5f-9258-442d-a104-e1864df4db37 service placement] 10.222.0.63 "GET /placement/allocations/84b0318c-7dcf-466d-97bb-e16dc48a9f88" status: 200 len: 259 microversion: 1.28
Jul 12 15:40:06.745585 n-d-800077-3 devstack@placement-api.service[94423]: [pid: 94423|app: 0|req: 121/245] 10.222.0.63 () {60 vars in 1378 bytes} [Mon Jul 12 15:40:06 2021] GET /placement/allocations/84b0318c-7dcf-466d-97bb-e16dc48a9f88 => generated 259 bytes in 119 msecs (HTTP/1.1 200) 8 headers in 296 bytes (2 switches on core 0)
Jul 12 15:40:12.456479 n-d-800077-3 devstack@placement-api.service[94422]: DEBUG placement.requestlog [req-eb94e609-553a-493c-a884-306263b3daa4 req-a5ed3c6e-9747-4758-b8a8-4a0c6202a027 None None] Starting request: 10.222.0.57 "GET /placement/allocations/82333413-6912-451b-ba48-dade472dd955" {{(pid=94422) __call__ /opt/stack/placement/placement/requestlog.py:55}}
Jul 12 15:40:12.477251 n-d-800077-3 devstack@placement-api.service[94422]: INFO placement.requestlog [req-eb94e609-553a-493c-a884-306263b3daa4 req-a5ed3c6e-9747-4758-b8a8-4a0c6202a027 service placement] 10.222.0.57 "GET /placement/allocations/82333413-6912-451b-ba48-dade472dd955" status: 200 len: 259 microversion: 1.28
Jul 12 15:40:12.478108 n-d-800077-3 devstack@placement-api.service[94422]: [pid: 94422|app: 0|req: 125/246] 10.222.0.57 () {60 vars in 1378 bytes} [Mon Jul 12 15:40:12 2021] GET /placement/allocations/82333413-6912-451b-ba48-dade472dd955 => generated 259 bytes in 22 msecs (HTTP/1.1 200) 8 headers in 296 bytes (1 switches on core 0)
Jul 12 15:40:12.543744 n-d-800077-3 devstack@placement-api.service[94423]: DEBUG placement.requestlog [req-a92aecaa-9f32-40e2-9992-1c91e8f7587f req-3eb425ba-5bf0-45c5-b8f9-4c1f2df64eea None None] Starting request: 10.222.0.35 "GET /placement/allocation_candidates?resources=DISK_GB%3A1%2CMEMORY_MB%3A1024%2CVCPU%3A1&root_required=%21COMPUTE_STATUS_DISABLED" {{(pid=94423) __call__ /opt/stack/placement/placement/requestlog.py:55}}
Jul 12 15:40:12.624826 n-d-800077-3 devstack@placement-api.service[94423]: DEBUG placement.objects.research_context [req-a92aecaa-9f32-40e2-9992-1c91e8f7587f req-3eb425ba-5bf0-45c5-b8f9-4c1f2df64eea service placement] getting providers with 1 DISK_GB {{(pid=94423) __init__ /opt/stack/placement/placement/objects/research_context.py:126}}
Jul 12 15:40:12.642000 n-d-800077-3 devstack@placement-api.service[94423]: DEBUG placement.objects.research_context [req-a92aecaa-9f32-40e2-9992-1c91e8f7587f req-3eb425ba-5bf0-45c5-b8f9-4c1f2df64eea service placement] getting providers with 1024 MEMORY_MB {{(pid=94423) __init__ /opt/stack/placement/placement/objects/research_context.py:126}}
Jul 12 15:40:12.657938 n-d-800077-3 devstack@placement-api.service[94423]: DEBUG placement.objects.research_context [req-a92aecaa-9f32-40e2-9992-1c91e8f7587f req-3eb425ba-5bf0-45c5-b8f9-4c1f2df64eea service placement] getting providers with 1 VCPU {{(pid=94423) __init__ /opt/stack/placement/placement/objects/research_context.py:126}}
Jul 12 15:40:12.674207 n-d-800077-3 devstack@placement-api.service[94423]: DEBUG placement.objects.research_context [req-a92aecaa-9f32-40e2-9992-1c91e8f7587f req-3eb425ba-5bf0-45c5-b8f9-4c1f2df64eea service placement] found 2 providers with available 1 DISK_GB {{(pid=94423) get_provider_ids_matching /opt/stack/placement/placement/objects/research_context.py:549}}
Jul 12 15:40:12.674658 n-d-800077-3 devstack@placement-api.service[94423]: DEBUG placement.objects.research_context [req-a92aecaa-9f32-40e2-9992-1c91e8f7587f req-3eb425ba-5bf0-45c5-b8f9-4c1f2df64eea service placement] found 2 providers with available 1024 MEMORY_MB {{(pid=94423) get_provider_ids_matching /opt/stack/placement/placement/objects/research_context.py:549}}
Jul 12 15:40:12.675722 n-d-800077-3 devstack@placement-api.service[94423]: DEBUG placement.objects.research_context [req-a92aecaa-9f32-40e2-9992-1c91e8f7587f req-3eb425ba-5bf0-45c5-b8f9-4c1f2df64eea service placement] found 2 providers after filtering by previous result {{(pid=94423) get_provider_ids_matching /opt/stack/placement/placement/objects/research_context.py:580}}
Jul 12 15:40:12.679967 n-d-800077-3 devstack@placement-api.service[94423]: DEBUG placement.objects.research_context [req-a92aecaa-9f32-40e2-9992-1c91e8f7587f req-3eb425ba-5bf0-45c5-b8f9-4c1f2df64eea service placement] found 2 providers with available 1 VCPU {{(pid=94423) get_provider_ids_matching /opt/stack/placement/placement/objects/research_context.py:549}}
Jul 12 15:40:12.680458 n-d-800077-3 devstack@placement-api.service[94423]: DEBUG placement.objects.research_context [req-a92aecaa-9f32-40e2-9992-1c91e8f7587f req-3eb425ba-5bf0-45c5-b8f9-4c1f2df64eea service placement] found 2 providers after filtering by previous result {{(pid=94423) get_provider_ids_matching /opt/stack/placement/placement/objects/research_context.py:580}}
Jul 12 15:40:12.700665 n-d-800077-3 devstack@placement-api.service[94423]: DEBUG placement.objects.allocation_candidate [req-a92aecaa-9f32-40e2-9992-1c91e8f7587f req-3eb425ba-5bf0-45c5-b8f9-4c1f2df64eea service placement] RequestGroup(use_same_provider=False, resources={DISK_GB:1, MEMORY_MB:1024, VCPU:1}, traits=[], aggregates=[]) (suffix '') returned 2 matches {{(pid=94423) _get_by_requests /opt/stack/placement/placement/objects/allocation_candidate.py:145}}
Jul 12 15:40:12.701305 n-d-800077-3 devstack@placement-api.service[94423]: DEBUG placement.objects.allocation_candidate [req-a92aecaa-9f32-40e2-9992-1c91e8f7587f req-3eb425ba-5bf0-45c5-b8f9-4c1f2df64eea service placement] Merging candidates yields 2 allocation requests and 2 provider summaries {{(pid=94423) _merge_candidates /opt/stack/placement/placement/objects/allocation_candidate.py:783}}
Jul 12 15:40:12.703272 n-d-800077-3 devstack@placement-api.service[94423]: INFO placement.requestlog [req-a92aecaa-9f32-40e2-9992-1c91e8f7587f req-3eb425ba-5bf0-45c5-b8f9-4c1f2df64eea service placement] 10.222.0.35 "GET /placement/allocation_candidates?resources=DISK_GB%3A1%2CMEMORY_MB%3A1024%2CVCPU%3A1&root_required=%21COMPUTE_STATUS_DISABLED" status: 200 len: 1312 microversion: 1.35
Jul 12 15:40:12.709964 n-d-800077-3 devstack@placement-api.service[94423]: [pid: 94423|app: 0|req: 122/247] 10.222.0.35 () {60 vars in 1485 bytes} [Mon Jul 12 15:40:12 2021] GET /placement/allocation_candidates?resources=DISK_GB%3A1%2CMEMORY_MB%3A1024%2CVCPU%3A1&root_required=%21COMPUTE_STATUS_DISABLED => generated 1312 bytes in 166 msecs (HTTP/1.1 200) 8 headers in 297 bytes (1 switches on core 0)
Jul 12 15:40:12.769779 n-d-800077-3 devstack@placement-api.service[94422]: DEBUG placement.requestlog [req-a92aecaa-9f32-40e2-9992-1c91e8f7587f req-17b9cd3f-ed43-4e70-8533-d8e08251f873 None None] Starting request: 10.222.0.35 "GET /placement/allocations/55956cf7-0cc2-4401-88e7-5d3bf120a17c" {{(pid=94422) __call__ /opt/stack/placement/placement/requestlog.py:55}}
Jul 12 15:40:12.782828 n-d-800077-3 devstack@placement-api.service[94422]: INFO placement.requestlog [req-a92aecaa-9f32-40e2-9992-1c91e8f7587f req-17b9cd3f-ed43-4e70-8533-d8e08251f873 service placement] 10.222.0.35 "GET /placement/allocations/55956cf7-0cc2-4401-88e7-5d3bf120a17c" status: 200 len: 19 microversion: 1.28
Jul 12 15:40:12.784213 n-d-800077-3 devstack@placement-api.service[94422]: [pid: 94422|app: 0|req: 126/248] 10.222.0.35 () {60 vars in 1381 bytes} [Mon Jul 12 15:40:12 2021] GET /placement/allocations/55956cf7-0cc2-4401-88e7-5d3bf120a17c => generated 19 bytes in 15 msecs (HTTP/1.1 200) 8 headers in 295 bytes (1 switches on core 0)
Jul 12 15:40:12.790777 n-d-800077-3 devstack@placement-api.service[94423]: DEBUG placement.requestlog [req-a92aecaa-9f32-40e2-9992-1c91e8f7587f req-86e41877-93cc-449b-8888-78f526854f3a None None] Starting request: 10.222.0.35 "PUT /placement/allocations/55956cf7-0cc2-4401-88e7-5d3bf120a17c" {{(pid=94423) __call__ /opt/stack/placement/placement/requestlog.py:55}}
Jul 12 15:40:12.861813 n-d-800077-3 devstack@placement-api.service[94423]: DEBUG placement.handlers.allocation [req-a92aecaa-9f32-40e2-9992-1c91e8f7587f req-86e41877-93cc-449b-8888-78f526854f3a service placement] Successfully wrote allocations [, , ] {{(pid=94423) _create_allocations /opt/stack/placement/placement/handlers/allocation.py:435}}
Jul 12 15:40:12.862624 n-d-800077-3 devstack@placement-api.service[94423]: INFO placement.requestlog [req-a92aecaa-9f32-40e2-9992-1c91e8f7587f req-86e41877-93cc-449b-8888-78f526854f3a service placement] 10.222.0.35 "PUT /placement/allocations/55956cf7-0cc2-4401-88e7-5d3bf120a17c" status: 204 len: 0 microversion: 1.35
Jul 12 15:40:12.871157 n-d-800077-3 devstack@placement-api.service[94423]: [pid: 94423|app: 0|req: 123/249] 10.222.0.35 () {64 vars in 1434 bytes} [Mon Jul 12 15:40:12 2021] PUT /placement/allocations/55956cf7-0cc2-4401-88e7-5d3bf120a17c => generated 0 bytes in 73 msecs (HTTP/1.1 204) 5 headers in 199 bytes (1 switches on core 0)
Jul 12 15:40:13.491601 n-d-800077-3 devstack@placement-api.service[94422]: DEBUG placement.requestlog [req-a92aecaa-9f32-40e2-9992-1c91e8f7587f req-6a3d195e-9a17-4e98-8f04-0a9887f162b2 None None] Starting request: 10.222.0.57 "GET /placement/allocations/55956cf7-0cc2-4401-88e7-5d3bf120a17c" {{(pid=94422) __call__ /opt/stack/placement/placement/requestlog.py:55}}
Jul 12 15:40:13.522698 n-d-800077-3 devstack@placement-api.service[94422]: INFO placement.requestlog [req-a92aecaa-9f32-40e2-9992-1c91e8f7587f req-6a3d195e-9a17-4e98-8f04-0a9887f162b2 service placement] 10.222.0.57 "GET /placement/allocations/55956cf7-0cc2-4401-88e7-5d3bf120a17c" status: 200 len: 259 microversion: 1.28
Jul 12 15:40:13.524873 n-d-800077-3 devstack@placement-api.service[94422]: [pid: 94422|app: 0|req: 127/250] 10.222.0.57 () {60 vars in 1378 bytes} [Mon Jul 12 15:40:13 2021] GET /placement/allocations/55956cf7-0cc2-4401-88e7-5d3bf120a17c => generated 259 bytes in 34 msecs (HTTP/1.1 200) 8 headers in 296 bytes (1 switches on core 0)
Jul 12 15:40:16.310115 n-d-800077-3 devstack@placement-api.service[94423]: DEBUG placement.requestlog [req-a5ac7988-4d59-416c-a976-2af07b477e30 req-9a72921a-e80d-408d-b343-98e2c959beb7 None None] Starting request: 10.222.0.35 "GET /placement/allocation_candidates?resources=DISK_GB%3A1%2CMEMORY_MB%3A1024%2CVCPU%3A1&root_required=%21COMPUTE_STATUS_DISABLED" {{(pid=94423) __call__ /opt/stack/placement/placement/requestlog.py:55}}
Jul 12 15:40:16.379402 n-d-800077-3 devstack@placement-api.service[94423]: DEBUG placement.objects.research_context [req-a5ac7988-4d59-416c-a976-2af07b477e30 req-9a72921a-e80d-408d-b343-98e2c959beb7 service placement] getting providers with 1 DISK_GB {{(pid=94423) __init__ /opt/stack/placement/placement/objects/research_context.py:126}}
Jul 12 15:40:16.386412 n-d-800077-3 devstack@placement-api.service[94423]: DEBUG placement.objects.research_context [req-a5ac7988-4d59-416c-a976-2af07b477e30 req-9a72921a-e80d-408d-b343-98e2c959beb7 service placement] getting providers with 1024 MEMORY_MB {{(pid=94423) __init__ /opt/stack/placement/placement/objects/research_context.py:126}}
Jul 12 15:40:16.395556 n-d-800077-3 devstack@placement-api.service[94423]: DEBUG placement.objects.research_context [req-a5ac7988-4d59-416c-a976-2af07b477e30 req-9a72921a-e80d-408d-b343-98e2c959beb7 service placement] getting providers with 1 VCPU {{(pid=94423) __init__ /opt/stack/placement/placement/objects/research_context.py:126}}
Jul 12 15:40:16.405178 n-d-800077-3 devstack@placement-api.service[94423]: DEBUG placement.objects.research_context [req-a5ac7988-4d59-416c-a976-2af07b477e30 req-9a72921a-e80d-408d-b343-98e2c959beb7 service placement] found 2 providers with available 1 DISK_GB {{(pid=94423) get_provider_ids_matching /opt/stack/placement/placement/objects/research_context.py:549}}
Jul 12 15:40:16.405660 n-d-800077-3 devstack@placement-api.service[94423]: DEBUG placement.objects.research_context [req-a5ac7988-4d59-416c-a976-2af07b477e30 req-9a72921a-e80d-408d-b343-98e2c959beb7 service placement] found 2 providers with available 1024 MEMORY_MB {{(pid=94423) get_provider_ids_matching /opt/stack/placement/placement/objects/research_context.py:549}}
Jul 12 15:40:16.406360 n-d-800077-3 devstack@placement-api.service[94423]: DEBUG placement.objects.research_context [req-a5ac7988-4d59-416c-a976-2af07b477e30 req-9a72921a-e80d-408d-b343-98e2c959beb7 service placement] found 2 providers after filtering by previous result {{(pid=94423) get_provider_ids_matching /opt/stack/placement/placement/objects/research_context.py:580}}
Jul 12 15:40:16.406789 n-d-800077-3 devstack@placement-api.service[94423]: DEBUG placement.objects.research_context [req-a5ac7988-4d59-416c-a976-2af07b477e30 req-9a72921a-e80d-408d-b343-98e2c959beb7 service placement] found 2 providers with available 1 VCPU {{(pid=94423) get_provider_ids_matching /opt/stack/placement/placement/objects/research_context.py:549}}
Jul 12 15:40:16.407219 n-d-800077-3 devstack@placement-api.service[94423]: DEBUG placement.objects.research_context [req-a5ac7988-4d59-416c-a976-2af07b477e30 req-9a72921a-e80d-408d-b343-98e2c959beb7 service placement] found 2 providers after filtering by previous result {{(pid=94423) get_provider_ids_matching /opt/stack/placement/placement/objects/research_context.py:580}}
Jul 12 15:40:16.430413 n-d-800077-3 devstack@placement-api.service[94423]: DEBUG placement.objects.allocation_candidate [req-a5ac7988-4d59-416c-a976-2af07b477e30 req-9a72921a-e80d-408d-b343-98e2c959beb7 service placement] RequestGroup(use_same_provider=False, resources={DISK_GB:1, MEMORY_MB:1024, VCPU:1}, traits=[], aggregates=[]) (suffix '') returned 2 matches {{(pid=94423) _get_by_requests /opt/stack/placement/placement/objects/allocation_candidate.py:145}}
Jul 12 15:40:16.431253 n-d-800077-3 devstack@placement-api.service[94423]: DEBUG placement.objects.allocation_candidate [req-a5ac7988-4d59-416c-a976-2af07b477e30 req-9a72921a-e80d-408d-b343-98e2c959beb7 service placement] Merging candidates yields 2 allocation requests and 2 provider summaries {{(pid=94423) _merge_candidates /opt/stack/placement/placement/objects/allocation_candidate.py:783}}
Jul 12 15:40:16.435430 n-d-800077-3 devstack@placement-api.service[94423]: INFO placement.requestlog [req-a5ac7988-4d59-416c-a976-2af07b477e30 req-9a72921a-e80d-408d-b343-98e2c959beb7 service placement] 10.222.0.35 "GET /placement/allocation_candidates?resources=DISK_GB%3A1%2CMEMORY_MB%3A1024%2CVCPU%3A1&root_required=%21COMPUTE_STATUS_DISABLED" status: 200 len: 1312 microversion: 1.35
Jul 12 15:40:16.436242 n-d-800077-3 devstack@placement-api.service[94423]: [pid: 94423|app: 0|req: 124/251] 10.222.0.35 () {60 vars in 1485 bytes} [Mon Jul 12 15:40:16 2021] GET /placement/allocation_candidates?resources=DISK_GB%3A1%2CMEMORY_MB%3A1024%2CVCPU%3A1&root_required=%21COMPUTE_STATUS_DISABLED => generated 1312 bytes in 126 msecs (HTTP/1.1 200) 8 headers in 297 bytes (1 switches on core 0)
Jul 12 15:40:16.600343 n-d-800077-3 devstack@placement-api.service[94422]: DEBUG placement.requestlog [req-a5ac7988-4d59-416c-a976-2af07b477e30 req-cd65a807-68eb-45d7-879f-cb1af4cbf4b0 None None] Starting request: 10.222.0.35 "GET /placement/allocations/47f2abea-e94f-441d-ab80-907407428b29" {{(pid=94422) __call__ /opt/stack/placement/placement/requestlog.py:55}}
Jul 12 15:40:16.617347 n-d-800077-3 devstack@placement-api.service[94422]: INFO placement.requestlog [req-a5ac7988-4d59-416c-a976-2af07b477e30 req-cd65a807-68eb-45d7-879f-cb1af4cbf4b0 service placement] 10.222.0.35 "GET /placement/allocations/47f2abea-e94f-441d-ab80-907407428b29" status: 200 len: 19 microversion: 1.28
Jul 12 15:40:16.622809 n-d-800077-3 devstack@placement-api.service[94422]: [pid: 94422|app: 0|req: 128/252] 10.222.0.35 () {60 vars in 1381 bytes} [Mon Jul 12 15:40:16 2021] GET /placement/allocations/47f2abea-e94f-441d-ab80-907407428b29 => generated 19 bytes in 23 msecs (HTTP/1.1 200) 8 headers in 295 bytes (1 switches on core 0)
Jul 12 15:40:16.625464 n-d-800077-3 devstack@placement-api.service[94423]: DEBUG placement.requestlog [req-a5ac7988-4d59-416c-a976-2af07b477e30 req-05348de0-47f8-4407-a8ae-2b2c77c63432 None None] Starting request: 10.222.0.35 "PUT /placement/allocations/47f2abea-e94f-441d-ab80-907407428b29" {{(pid=94423) __call__ /opt/stack/placement/placement/requestlog.py:55}}
