Jul 09 15:58:14.204085 n-d-800077-2 devstack@placement-api.service[101551]: DEBUG placement.requestlog [req-c2c6acea-7f57-403d-ba83-026475253f96 req-7619b31c-9448-4783-8387-4b16d5e98c11 None None] Starting request: 10.222.0.53 "PUT /placement/allocations/1525e491-ef7a-4af0-9711-c57da1e4376e" {{(pid=101551) __call__ /opt/stack/placement/placement/requestlog.py:55}}
Jul 09 15:58:14.585683 n-d-800077-2 devstack@placement-api.service[101551]: DEBUG placement.handlers.allocation [req-c2c6acea-7f57-403d-ba83-026475253f96 req-7619b31c-9448-4783-8387-4b16d5e98c11 service placement] Successfully wrote allocations [, , ] {{(pid=101551) _create_allocations /opt/stack/placement/placement/handlers/allocation.py:435}}
Jul 09 15:58:14.591564 n-d-800077-2 devstack@placement-api.service[101551]: INFO placement.requestlog [req-c2c6acea-7f57-403d-ba83-026475253f96 req-7619b31c-9448-4783-8387-4b16d5e98c11 service placement] 10.222.0.53 "PUT /placement/allocations/1525e491-ef7a-4af0-9711-c57da1e4376e" status: 204 len: 0 microversion: 1.35
Jul 09 15:58:14.593004 n-d-800077-2 devstack@placement-api.service[101551]: [pid: 101551|app: 0|req: 231/469] 10.222.0.53 () {64 vars in 1434 bytes} [Fri Jul 9 15:58:14 2021] PUT /placement/allocations/1525e491-ef7a-4af0-9711-c57da1e4376e => generated 0 bytes in 389 msecs (HTTP/1.1 204) 5 headers in 199 bytes (1 switches on core 0)
Jul 09 15:58:14.951917 n-d-800077-2 devstack@placement-api.service[101552]: DEBUG placement.requestlog [req-ea4f778c-8894-4601-aa8b-cefa593fba53 req-6e085ac6-ef8a-4458-be9a-9ce98b1f8c1e None None] Starting request: 10.222.0.76 "GET /placement/allocations/b5523893-4841-401c-b436-b4da51e47a04" {{(pid=101552) __call__ /opt/stack/placement/placement/requestlog.py:55}}
Jul 09 15:58:14.968951 n-d-800077-2 devstack@placement-api.service[101552]: INFO placement.requestlog [req-ea4f778c-8894-4601-aa8b-cefa593fba53 req-6e085ac6-ef8a-4458-be9a-9ce98b1f8c1e service placement] 10.222.0.76 "GET /placement/allocations/b5523893-4841-401c-b436-b4da51e47a04" status: 200 len: 259 microversion: 1.28
Jul 09 15:58:14.969310 n-d-800077-2 devstack@placement-api.service[101552]: [pid: 101552|app: 0|req: 239/470] 10.222.0.76 () {60 vars in 1378 bytes} [Fri Jul 9 15:58:14 2021] GET /placement/allocations/b5523893-4841-401c-b436-b4da51e47a04 => generated 259 bytes in 18 msecs (HTTP/1.1 200) 8 headers in 296 bytes (1 switches on core 0)
Jul 09 15:58:14.978639 n-d-800077-2 devstack@placement-api.service[101551]: DEBUG placement.requestlog [req-ea4f778c-8894-4601-aa8b-cefa593fba53 req-50a504b6-070a-47f9-8515-926920284c8d None None] Starting request: 10.222.0.76 "PUT /placement/allocations/b5523893-4841-401c-b436-b4da51e47a04" {{(pid=101551) __call__ /opt/stack/placement/placement/requestlog.py:55}}
Jul 09 15:58:15.043262 n-d-800077-2 devstack@placement-api.service[101552]: DEBUG placement.requestlog [req-5a8a8a1a-d575-4ef3-9b0f-9d3c7f2b188d req-2a137c14-bec3-40a0-857c-86b4ff6640a8 None None] Starting request: 10.222.0.60 "GET /placement/allocations/c49320f4-b5a0-42d3-84ec-cc5614497748" {{(pid=101552) __call__ /opt/stack/placement/placement/requestlog.py:55}}
Jul 09 15:58:15.074372 n-d-800077-2 devstack@placement-api.service[101552]: INFO placement.requestlog [req-5a8a8a1a-d575-4ef3-9b0f-9d3c7f2b188d req-2a137c14-bec3-40a0-857c-86b4ff6640a8 service placement] 10.222.0.60 "GET /placement/allocations/c49320f4-b5a0-42d3-84ec-cc5614497748" status: 200 len: 259 microversion: 1.28
Jul 09 15:58:15.075187 n-d-800077-2 devstack@placement-api.service[101552]: [pid: 101552|app: 0|req: 240/471] 10.222.0.60 () {60 vars in 1378 bytes} [Fri Jul 9 15:58:15 2021] GET /placement/allocations/c49320f4-b5a0-42d3-84ec-cc5614497748 => generated 259 bytes in 33 msecs (HTTP/1.1 200) 8 headers in 296 bytes (1 switches on core 0)
Jul 09 15:58:15.174735 n-d-800077-2 devstack@placement-api.service[101551]: DEBUG placement.handlers.allocation [req-ea4f778c-8894-4601-aa8b-cefa593fba53 req-50a504b6-070a-47f9-8515-926920284c8d service placement] Successfully wrote allocations [, , ] {{(pid=101551) _create_allocations /opt/stack/placement/placement/handlers/allocation.py:435}}
Jul 09 15:58:15.176410 n-d-800077-2 devstack@placement-api.service[101551]: INFO placement.requestlog [req-ea4f778c-8894-4601-aa8b-cefa593fba53 req-50a504b6-070a-47f9-8515-926920284c8d service placement] 10.222.0.76 "PUT /placement/allocations/b5523893-4841-401c-b436-b4da51e47a04" status: 204 len: 0 microversion: 1.28
Jul 09 15:58:15.177468 n-d-800077-2 devstack@placement-api.service[101551]: [pid: 101551|app: 0|req: 232/472] 10.222.0.76 () {64 vars in 1431 bytes} [Fri Jul 9 15:58:14 2021] PUT /placement/allocations/b5523893-4841-401c-b436-b4da51e47a04 => generated 0 bytes in 199 msecs (HTTP/1.1 204) 5 headers in 199 bytes (1 switches on core 0)
Jul 09 15:58:15.496649 n-d-800077-2 devstack@placement-api.service[101552]: DEBUG placement.requestlog [req-096753be-1ae6-4f5b-8e50-340de39458da req-c109fc55-3df8-4498-be8c-5a61840e13d7 None None] Starting request: 10.222.0.53 "GET /placement/allocation_candidates?limit=1000&resources=DISK_GB%3A1%2CMEMORY_MB%3A512%2CVCPU%3A1&root_required=%21COMPUTE_STATUS_DISABLED" {{(pid=101552) __call__ /opt/stack/placement/placement/requestlog.py:55}}
Jul 09 15:58:15.533590 n-d-800077-2 devstack@placement-api.service[101552]: DEBUG placement.objects.research_context [req-096753be-1ae6-4f5b-8e50-340de39458da req-c109fc55-3df8-4498-be8c-5a61840e13d7 service placement] getting providers with 1 DISK_GB {{(pid=101552) __init__ /opt/stack/placement/placement/objects/research_context.py:126}}
Jul 09 15:58:15.541893 n-d-800077-2 devstack@placement-api.service[101552]: DEBUG placement.objects.research_context [req-096753be-1ae6-4f5b-8e50-340de39458da req-c109fc55-3df8-4498-be8c-5a61840e13d7 service placement] getting providers with 512 MEMORY_MB {{(pid=101552) __init__ /opt/stack/placement/placement/objects/research_context.py:126}}
Jul 09 15:58:15.550403 n-d-800077-2 devstack@placement-api.service[101552]: DEBUG placement.objects.research_context [req-096753be-1ae6-4f5b-8e50-340de39458da req-c109fc55-3df8-4498-be8c-5a61840e13d7 service placement] getting providers with 1 VCPU {{(pid=101552) __init__ /opt/stack/placement/placement/objects/research_context.py:126}}
Jul 09 15:58:15.558861 n-d-800077-2 devstack@placement-api.service[101552]: DEBUG placement.objects.research_context [req-096753be-1ae6-4f5b-8e50-340de39458da req-c109fc55-3df8-4498-be8c-5a61840e13d7 service placement] found 2 providers with available 1 DISK_GB {{(pid=101552) get_provider_ids_matching /opt/stack/placement/placement/objects/research_context.py:549}}
Jul 09 15:58:15.559413 n-d-800077-2 devstack@placement-api.service[101552]: DEBUG placement.objects.research_context [req-096753be-1ae6-4f5b-8e50-340de39458da req-c109fc55-3df8-4498-be8c-5a61840e13d7 service placement] found 2 providers with available 512 MEMORY_MB {{(pid=101552) get_provider_ids_matching /opt/stack/placement/placement/objects/research_context.py:549}}
Jul 09 15:58:15.559958 n-d-800077-2 devstack@placement-api.service[101552]: DEBUG placement.objects.research_context [req-096753be-1ae6-4f5b-8e50-340de39458da req-c109fc55-3df8-4498-be8c-5a61840e13d7 service placement] found 2 providers after filtering by previous result {{(pid=101552) get_provider_ids_matching /opt/stack/placement/placement/objects/research_context.py:580}}
Jul 09 15:58:15.560549 n-d-800077-2 devstack@placement-api.service[101552]: DEBUG placement.objects.research_context [req-096753be-1ae6-4f5b-8e50-340de39458da req-c109fc55-3df8-4498-be8c-5a61840e13d7 service placement] found 2 providers with available 1 VCPU {{(pid=101552) get_provider_ids_matching /opt/stack/placement/placement/objects/research_context.py:549}}
Jul 09 15:58:15.560990 n-d-800077-2 devstack@placement-api.service[101552]: DEBUG placement.objects.research_context [req-096753be-1ae6-4f5b-8e50-340de39458da req-c109fc55-3df8-4498-be8c-5a61840e13d7 service placement] found 2 providers after filtering by previous result {{(pid=101552) get_provider_ids_matching /opt/stack/placement/placement/objects/research_context.py:580}}
Jul 09 15:58:15.602675 n-d-800077-2 devstack@placement-api.service[101552]: DEBUG placement.objects.allocation_candidate [req-096753be-1ae6-4f5b-8e50-340de39458da req-c109fc55-3df8-4498-be8c-5a61840e13d7 service placement] RequestGroup(use_same_provider=False, resources={DISK_GB:1, MEMORY_MB:512, VCPU:1}, traits=[], aggregates=[]) (suffix '') returned 2 matches {{(pid=101552) _get_by_requests /opt/stack/placement/placement/objects/allocation_candidate.py:145}}
Jul 09 15:58:15.603667 n-d-800077-2 devstack@placement-api.service[101552]: DEBUG placement.objects.allocation_candidate [req-096753be-1ae6-4f5b-8e50-340de39458da req-c109fc55-3df8-4498-be8c-5a61840e13d7 service placement] Merging candidates yields 2 allocation requests and 2 provider summaries {{(pid=101552) _merge_candidates /opt/stack/placement/placement/objects/allocation_candidate.py:783}}
Jul 09 15:58:15.605724 n-d-800077-2 devstack@placement-api.service[101552]: INFO placement.requestlog [req-096753be-1ae6-4f5b-8e50-340de39458da req-c109fc55-3df8-4498-be8c-5a61840e13d7 service placement] 10.222.0.53 "GET /placement/allocation_candidates?limit=1000&resources=DISK_GB%3A1%2CMEMORY_MB%3A512%2CVCPU%3A1&root_required=%21COMPUTE_STATUS_DISABLED" status: 200 len: 1307 microversion: 1.35
Jul 09 15:58:15.610458 n-d-800077-2 devstack@placement-api.service[101552]: [pid: 101552|app: 0|req: 241/473] 10.222.0.53 () {60 vars in 1505 bytes} [Fri Jul 9 15:58:15 2021] GET /placement/allocation_candidates?limit=1000&resources=DISK_GB%3A1%2CMEMORY_MB%3A512%2CVCPU%3A1&root_required=%21COMPUTE_STATUS_DISABLED => generated 1307 bytes in 114 msecs (HTTP/1.1 200) 8 headers in 297 bytes (1 switches on core 0)
Jul 09 15:58:15.693637 n-d-800077-2 devstack@placement-api.service[101551]: DEBUG placement.requestlog [req-096753be-1ae6-4f5b-8e50-340de39458da req-313a4efe-b17c-4b9d-8a67-a2b7dd8dfe04 None None] Starting request: 10.222.0.53 "GET /placement/allocations/365872aa-e17f-41e3-8353-894a6ee22441" {{(pid=101551) __call__ /opt/stack/placement/placement/requestlog.py:55}}
Jul 09 15:58:15.705994 n-d-800077-2 devstack@placement-api.service[101551]: INFO placement.requestlog [req-096753be-1ae6-4f5b-8e50-340de39458da req-313a4efe-b17c-4b9d-8a67-a2b7dd8dfe04 service placement] 10.222.0.53 "GET /placement/allocations/365872aa-e17f-41e3-8353-894a6ee22441" status: 200 len: 19 microversion: 1.28
Jul 09 15:58:15.711777 n-d-800077-2 devstack@placement-api.service[101551]: [pid: 101551|app: 0|req: 233/474] 10.222.0.53 () {60 vars in 1381 bytes} [Fri Jul 9 15:58:15 2021] GET /placement/allocations/365872aa-e17f-41e3-8353-894a6ee22441 => generated 19 bytes in 18 msecs (HTTP/1.1 200) 8 headers in 295 bytes (1 switches on core 0)
Jul 09 15:58:15.712704 n-d-800077-2 devstack@placement-api.service[101552]: DEBUG placement.requestlog [req-096753be-1ae6-4f5b-8e50-340de39458da req-7024591e-b9bc-4281-8c9e-66dd1ba511f7 None None] Starting request: 10.222.0.53 "PUT /placement/allocations/365872aa-e17f-41e3-8353-894a6ee22441" {{(pid=101552) __call__ /opt/stack/placement/placement/requestlog.py:55}}
Jul 09 15:58:15.995941 n-d-800077-2 devstack@placement-api.service[101552]: DEBUG placement.handlers.allocation [req-096753be-1ae6-4f5b-8e50-340de39458da req-7024591e-b9bc-4281-8c9e-66dd1ba511f7 service placement] Successfully wrote allocations [, , ] {{(pid=101552) _create_allocations /opt/stack/placement/placement/handlers/allocation.py:435}}
Jul 09 15:58:15.998221 n-d-800077-2 devstack@placement-api.service[101552]: INFO placement.requestlog [req-096753be-1ae6-4f5b-8e50-340de39458da req-7024591e-b9bc-4281-8c9e-66dd1ba511f7 service placement] 10.222.0.53 "PUT /placement/allocations/365872aa-e17f-41e3-8353-894a6ee22441" status: 204 len: 0 microversion: 1.35
Jul 09 15:58:15.998972 n-d-800077-2 devstack@placement-api.service[101552]: [pid: 101552|app: 0|req: 242/475] 10.222.0.53 () {64 vars in 1434 bytes} [Fri Jul 9 15:58:15 2021] PUT /placement/allocations/365872aa-e17f-41e3-8353-894a6ee22441 => generated 0 bytes in 287 msecs (HTTP/1.1 204) 5 headers in 199 bytes (2 switches on core 0)
Jul 09 15:58:16.299210 n-d-800077-2 devstack@placement-api.service[101551]: DEBUG placement.requestlog [req-c2c6acea-7f57-403d-ba83-026475253f96 req-83cd9e05-88ed-4152-9128-54d2572b3122 None None] Starting request: 10.222.0.60 "GET /placement/allocations/1525e491-ef7a-4af0-9711-c57da1e4376e" {{(pid=101551) __call__ /opt/stack/placement/placement/requestlog.py:55}}
Jul 09 15:58:16.342390 n-d-800077-2 devstack@placement-api.service[101551]: INFO placement.requestlog [req-c2c6acea-7f57-403d-ba83-026475253f96 req-83cd9e05-88ed-4152-9128-54d2572b3122 service placement] 10.222.0.60 "GET /placement/allocations/1525e491-ef7a-4af0-9711-c57da1e4376e" status: 200 len: 259 microversion: 1.28
Jul 09 15:58:16.346418 n-d-800077-2 devstack@placement-api.service[101551]: [pid: 101551|app: 0|req: 234/476] 10.222.0.60 () {60 vars in 1378 bytes} [Fri Jul 9 15:58:16 2021] GET /placement/allocations/1525e491-ef7a-4af0-9711-c57da1e4376e => generated 259 bytes in 48 msecs (HTTP/1.1 200) 8 headers in 296 bytes (1 switches on core 0)
Jul 09 15:58:17.406163 n-d-800077-2 devstack@placement-api.service[101552]: DEBUG placement.requestlog [req-096753be-1ae6-4f5b-8e50-340de39458da req-755c61b0-227f-4cbc-9f69-6860f870b8e6 None None] Starting request: 10.222.0.60 "GET /placement/allocations/365872aa-e17f-41e3-8353-894a6ee22441" {{(pid=101552) __call__ /opt/stack/placement/placement/requestlog.py:55}}
Jul 09 15:58:17.432021 n-d-800077-2 devstack@placement-api.service[101552]: INFO placement.requestlog [req-096753be-1ae6-4f5b-8e50-340de39458da req-755c61b0-227f-4cbc-9f69-6860f870b8e6 service placement] 10.222.0.60 "GET /placement/allocations/365872aa-e17f-41e3-8353-894a6ee22441" status: 200 len: 258 microversion: 1.28
Jul 09 15:58:17.432567 n-d-800077-2 devstack@placement-api.service[101552]: [pid: 101552|app: 0|req: 243/477] 10.222.0.60 () {60 vars in 1378 bytes} [Fri Jul 9 15:58:17 2021] GET /placement/allocations/365872aa-e17f-41e3-8353-894a6ee22441 => generated 258 bytes in 26 msecs (HTTP/1.1 200) 8 headers in 296 bytes (1 switches on core 0)
Jul 09 15:58:17.433714 n-d-800077-2 devstack@placement-api.service[101551]: DEBUG placement.requestlog [req-79249c68-0fa4-44c7-9f74-396ab368ed93 req-b5076e3b-6e6a-4c0e-ae3f-f7443cd7eb0f None None] Starting request: 10.222.0.60 "GET /placement/allocations/8718383c-2256-437c-8047-fc549d3b37fa" {{(pid=101551) __call__ /opt/stack/placement/placement/requestlog.py:55}}
Jul 09 15:58:17.457169 n-d-800077-2 devstack@placement-api.service[101551]: INFO placement.requestlog [req-79249c68-0fa4-44c7-9f74-396ab368ed93 req-b5076e3b-6e6a-4c0e-ae3f-f7443cd7eb0f service placement] 10.222.0.60 "GET /placement/allocations/8718383c-2256-437c-8047-fc549d3b37fa" status: 200 len: 259 microversion: 1.28
Jul 09 15:58:17.458008 n-d-800077-2 devstack@placement-api.service[101551]: [pid: 101551|app: 0|req: 235/478] 10.222.0.60 () {60 vars in 1378 bytes} [Fri Jul 9 15:58:17 2021] GET /placement/allocations/8718383c-2256-437c-8047-fc549d3b37fa => generated 259 bytes in 24 msecs (HTTP/1.1 200) 8 headers in 296 bytes (1 switches on core 0)
Jul 09 15:58:17.466455 n-d-800077-2 devstack@placement-api.service[101552]: DEBUG placement.requestlog [req-79249c68-0fa4-44c7-9f74-396ab368ed93 req-176cb63a-80e8-4fc1-bd82-6e7ee84e4a87 None None] Starting request: 10.222.0.60 "PUT /placement/allocations/8718383c-2256-437c-8047-fc549d3b37fa" {{(pid=101552) __call__ /opt/stack/placement/placement/requestlog.py:55}}
Jul 09 15:58:17.631076 n-d-800077-2 devstack@placement-api.service[101552]: DEBUG placement.handlers.allocation [req-79249c68-0fa4-44c7-9f74-396ab368ed93 req-176cb63a-80e8-4fc1-bd82-6e7ee84e4a87 service placement] Successfully wrote allocations [, , ] {{(pid=101552) _create_allocations /opt/stack/placement/placement/handlers/allocation.py:435}}
Jul 09 15:58:17.631076 n-d-800077-2 devstack@placement-api.service[101552]: INFO placement.requestlog [req-79249c68-0fa4-44c7-9f74-396ab368ed93 req-176cb63a-80e8-4fc1-bd82-6e7ee84e4a87 service placement] 10.222.0.60 "PUT /placement/allocations/8718383c-2256-437c-8047-fc549d3b37fa" status: 204 len: 0 microversion: 1.28
Jul 09 15:58:17.632354 n-d-800077-2 devstack@placement-api.service[101552]: [pid: 101552|app: 0|req: 244/479] 10.222.0.60 () {64 vars in 1431 bytes} [Fri Jul 9 15:58:17 2021] PUT /placement/allocations/8718383c-2256-437c-8047-fc549d3b37fa => generated 0 bytes in 165 msecs (HTTP/1.1 204) 5 headers in 199 bytes (1 switches on core 0)
Jul 09 15:58:21.693013 n-d-800077-2 devstack@placement-api.service[101551]: DEBUG placement.requestlog [req-5afa7470-db54-4504-950f-6f84c52df6a1 req-af7df137-434d-4375-a8d9-e0cba5179fe7 None None] Starting request: 10.222.0.76 "GET /placement/resource_providers/0b1521d8-800c-482a-8e42-8d0e1f35549b/allocations" {{(pid=101551) __call__ /opt/stack/placement/placement/requestlog.py:55}}
Jul 09 15:58:21.731097 n-d-800077-2 devstack@placement-api.service[101551]: INFO placement.requestlog [req-5afa7470-db54-4504-950f-6f84c52df6a1 req-af7df137-434d-4375-a8d9-e0cba5179fe7 service placement] 10.222.0.76 "GET /placement/resource_providers/0b1521d8-800c-482a-8e42-8d0e1f35549b/allocations" status: 200 len: 530 microversion: 1.0
Jul 09 15:58:21.732070 n-d-800077-2 devstack@placement-api.service[101551]: [pid: 101551|app: 0|req: 236/480] 10.222.0.76 () {58 vars in 1391 bytes} [Fri Jul 9 15:58:21 2021] GET /placement/resource_providers/0b1521d8-800c-482a-8e42-8d0e1f35549b/allocations => generated 530 bytes in 39 msecs (HTTP/1.1 200) 6 headers in 224 bytes (2 switches on core 0)
Jul 09 15:58:22.611748 n-d-800077-2 devstack@placement-api.service[101552]: DEBUG placement.requestlog [req-84b189bb-845d-4266-87b2-85d617646e8c req-ce0ecb5a-4b16-44b0-960e-47f97aed965c None None] Starting request: 10.222.0.76 "GET /placement/allocations/45cec50e-5f40-44f2-8996-c83d5eef0eb7" {{(pid=101552) __call__ /opt/stack/placement/placement/requestlog.py:55}}
Jul 09 15:58:22.649756 n-d-800077-2 devstack@placement-api.service[101552]: INFO placement.requestlog [req-84b189bb-845d-4266-87b2-85d617646e8c req-ce0ecb5a-4b16-44b0-960e-47f97aed965c service placement] 10.222.0.76 "GET /placement/allocations/45cec50e-5f40-44f2-8996-c83d5eef0eb7" status: 200 len: 259 microversion: 1.28
Jul 09 15:58:22.649756 n-d-800077-2 devstack@placement-api.service[101552]: [pid: 101552|app: 0|req: 245/481] 10.222.0.76 () {60 vars in 1378 bytes} [Fri Jul 9 15:58:22 2021] GET /placement/allocations/45cec50e-5f40-44f2-8996-c83d5eef0eb7 => generated 259 bytes in 37 msecs (HTTP/1.1 200) 8 headers in 296 bytes (1 switches on core 0)
Jul 09 15:58:22.657517 n-d-800077-2 devstack@placement-api.service[101551]: DEBUG placement.requestlog [req-84b189bb-845d-4266-87b2-85d617646e8c req-bed4282c-0c6f-474b-8c22-3babbb5d4891 None None] Starting request: 10.222.0.76 "PUT /placement/allocations/45cec50e-5f40-44f2-8996-c83d5eef0eb7" {{(pid=101551) __call__ /opt/stack/placement/placement/requestlog.py:55}}
Jul 09 15:58:22.888203 n-d-800077-2 devstack@placement-api.service[101551]: DEBUG placement.handlers.allocation [req-84b189bb-845d-4266-87b2-85d617646e8c req-bed4282c-0c6f-474b-8c22-3babbb5d4891 service placement] Successfully wrote allocations [, , ] {{(pid=101551) _create_allocations /opt/stack/placement/placement/handlers/allocation.py:435}}
Jul 09 15:58:22.892912 n-d-800077-2 devstack@placement-api.service[101551]: INFO placement.requestlog [req-84b189bb-845d-4266-87b2-85d617646e8c req-bed4282c-0c6f-474b-8c22-3babbb5d4891 service placement] 10.222.0.76 "PUT /placement/allocations/45cec50e-5f40-44f2-8996-c83d5eef0eb7" status: 204 len: 0 microversion: 1.28
Jul 09 15:58:22.892912 n-d-800077-2 devstack@placement-api.service[101551]: [pid: 101551|app: 0|req: 237/482] 10.222.0.76 () {64 vars in 1431 bytes} [Fri Jul 9 15:58:22 2021] PUT /placement/allocations/45cec50e-5f40-44f2-8996-c83d5eef0eb7 => generated 0 bytes in 234 msecs (HTTP/1.1 204) 5 headers in 199 bytes (1 switches on core 0)
Jul 09 15:58:30.091885 n-d-800077-2 devstack@placement-api.service[101552]: DEBUG placement.requestlog [req-57509184-f493-42e4-94c3-14f5871e670c req-7a53a677-6555-4253-9f66-c12c54d42391 None None] Starting request: 10.222.0.60 "GET /placement/resource_providers/f75dad62-55c9-4f36-bdd5-f2a398919a1e/allocations" {{(pid=101552) __call__ /opt/stack/placement/placement/requestlog.py:55}}
Jul 09 15:58:30.126823 n-d-800077-2 devstack@placement-api.service[101552]: INFO placement.requestlog [req-57509184-f493-42e4-94c3-14f5871e670c req-7a53a677-6555-4253-9f66-c12c54d42391 service placement] 10.222.0.60 "GET /placement/resource_providers/f75dad62-55c9-4f36-bdd5-f2a398919a1e/allocations" status: 200 len: 456 microversion: 1.0
Jul 09 15:58:30.127509 n-d-800077-2 devstack@placement-api.service[101552]: [pid: 101552|app: 0|req: 246/483] 10.222.0.60 () {58 vars in 1391 bytes} [Fri Jul 9 15:58:30 2021] GET /placement/resource_providers/f75dad62-55c9-4f36-bdd5-f2a398919a1e/allocations => generated 456 bytes in 36 msecs (HTTP/1.1 200) 6 headers in 224 bytes (2 switches on core 0)
Jul 09 15:58:33.658721 n-d-800077-2 devstack@placement-api.service[101551]: DEBUG placement.requestlog [req-15fb29cb-6417-4fae-a40e-aa692d92651d req-29fe0d8d-cc7e-4ebe-a9a6-afcc31f20b0a None None] Starting request: 10.222.0.76 "GET /placement/allocations/9ddff76f-a942-4fba-b9df-ed090da4073c" {{(pid=101551) __call__ /opt/stack/placement/placement/requestlog.py:55}}
Jul 09 15:58:33.674568 n-d-800077-2 devstack@placement-api.service[101551]: INFO placement.requestlog [req-15fb29cb-6417-4fae-a40e-aa692d92651d req-29fe0d8d-cc7e-4ebe-a9a6-afcc31f20b0a service placement] 10.222.0.76 "GET /placement/allocations/9ddff76f-a942-4fba-b9df-ed090da4073c" status: 200 len: 259 microversion: 1.28
Jul 09 15:58:33.675122 n-d-800077-2 devstack@placement-api.service[101551]: [pid: 101551|app: 0|req: 238/484] 10.222.0.76 () {60 vars in 1378 bytes} [Fri Jul 9 15:58:33 2021] GET /placement/allocations/9ddff76f-a942-4fba-b9df-ed090da4073c => generated 259 bytes in 17 msecs (HTTP/1.1 200) 8 headers in 296 bytes (1 switches on core 0)
Jul 09 15:58:33.910586 n-d-800077-2 devstack@placement-api.service[101552]: DEBUG placement.requestlog [req-41d35498-993b-4a00-85f7-fd080f7144a2 req-6a81fbce-e477-4620-afd6-f995c000dbbb None None] Starting request: 10.222.0.53 "GET /placement/allocation_candidates?limit=1000&resources=DISK_GB%3A1%2CMEMORY_MB%3A1024%2CVCPU%3A1&root_required=%21COMPUTE_STATUS_DISABLED" {{(pid=101552) __call__ /opt/stack/placement/placement/requestlog.py:55}}
Jul 09 15:58:33.941298 n-d-800077-2 devstack@placement-api.service[101552]: DEBUG placement.objects.research_context [req-41d35498-993b-4a00-85f7-fd080f7144a2 req-6a81fbce-e477-4620-afd6-f995c000dbbb service placement] getting providers with 1 DISK_GB {{(pid=101552) __init__ /opt/stack/placement/placement/objects/research_context.py:126}}
Jul 09 15:58:33.947732 n-d-800077-2 devstack@placement-api.service[101552]: DEBUG placement.objects.research_context [req-41d35498-993b-4a00-85f7-fd080f7144a2 req-6a81fbce-e477-4620-afd6-f995c000dbbb service placement] getting providers with 1024 MEMORY_MB {{(pid=101552) __init__ /opt/stack/placement/placement/objects/research_context.py:126}}
Jul 09 15:58:33.956536 n-d-800077-2 devstack@placement-api.service[101552]: DEBUG placement.objects.research_context [req-41d35498-993b-4a00-85f7-fd080f7144a2 req-6a81fbce-e477-4620-afd6-f995c000dbbb service placement] getting providers with 1 VCPU {{(pid=101552) __init__ /opt/stack/placement/placement/objects/research_context.py:126}}
Jul 09 15:58:33.962970 n-d-800077-2 devstack@placement-api.service[101552]: DEBUG placement.objects.research_context [req-41d35498-993b-4a00-85f7-fd080f7144a2 req-6a81fbce-e477-4620-afd6-f995c000dbbb service placement] found 2 providers with available 1 DISK_GB {{(pid=101552) get_provider_ids_matching /opt/stack/placement/placement/objects/research_context.py:549}}
Jul 09 15:58:33.963240 n-d-800077-2 devstack@placement-api.service[101552]: DEBUG placement.objects.research_context [req-41d35498-993b-4a00-85f7-fd080f7144a2 req-6a81fbce-e477-4620-afd6-f995c000dbbb service placement] found 2 providers with available 1024 MEMORY_MB {{(pid=101552) get_provider_ids_matching /opt/stack/placement/placement/objects/research_context.py:549}}
Jul 09 15:58:33.963507 n-d-800077-2 devstack@placement-api.service[101552]: DEBUG placement.objects.research_context [req-41d35498-993b-4a00-85f7-fd080f7144a2 req-6a81fbce-e477-4620-afd6-f995c000dbbb service placement] found 2 providers after filtering by previous result {{(pid=101552) get_provider_ids_matching /opt/stack/placement/placement/objects/research_context.py:580}}
Jul 09 15:58:33.963904 n-d-800077-2 devstack@placement-api.service[101552]: DEBUG placement.objects.research_context [req-41d35498-993b-4a00-85f7-fd080f7144a2 req-6a81fbce-e477-4620-afd6-f995c000dbbb service placement] found 2 providers with available 1 VCPU {{(pid=101552) get_provider_ids_matching /opt/stack/placement/placement/objects/research_context.py:549}}
Jul 09 15:58:33.964161 n-d-800077-2 devstack@placement-api.service[101552]: DEBUG placement.objects.research_context [req-41d35498-993b-4a00-85f7-fd080f7144a2 req-6a81fbce-e477-4620-afd6-f995c000dbbb service placement] found 2 providers after filtering by previous result {{(pid=101552) get_provider_ids_matching /opt/stack/placement/placement/objects/research_context.py:580}}
Jul 09 15:58:33.978934 n-d-800077-2 devstack@placement-api.service[101552]: DEBUG placement.objects.allocation_candidate [req-41d35498-993b-4a00-85f7-fd080f7144a2 req-6a81fbce-e477-4620-afd6-f995c000dbbb service placement] RequestGroup(use_same_provider=False, resources={DISK_GB:1, MEMORY_MB:1024, VCPU:1}, traits=[], aggregates=[]) (suffix '') returned 2 matches {{(pid=101552) _get_by_requests /opt/stack/placement/placement/objects/allocation_candidate.py:145}}
Jul 09 15:58:33.979913 n-d-800077-2 devstack@placement-api.service[101552]: DEBUG placement.objects.allocation_candidate [req-41d35498-993b-4a00-85f7-fd080f7144a2 req-6a81fbce-e477-4620-afd6-f995c000dbbb service placement] Merging candidates yields 2 allocation requests and 2 provider summaries {{(pid=101552) _merge_candidates /opt/stack/placement/placement/objects/allocation_candidate.py:783}}
Jul 09 15:58:33.982408 n-d-800077-2 devstack@placement-api.service[101552]: INFO placement.requestlog [req-41d35498-993b-4a00-85f7-fd080f7144a2 req-6a81fbce-e477-4620-afd6-f995c000dbbb service placement] 10.222.0.53 "GET /placement/allocation_candidates?limit=1000&resources=DISK_GB%3A1%2CMEMORY_MB%3A1024%2CVCPU%3A1&root_required=%21COMPUTE_STATUS_DISABLED" status: 200 len: 1309 microversion: 1.35
Jul 09 15:58:33.983150 n-d-800077-2 devstack@placement-api.service[101552]: [pid: 101552|app: 0|req: 247/485] 10.222.0.53 () {60 vars in 1507 bytes} [Fri Jul 9 15:58:33 2021] GET /placement/allocation_candidates?limit=1000&resources=DISK_GB%3A1%2CMEMORY_MB%3A1024%2CVCPU%3A1&root_required=%21COMPUTE_STATUS_DISABLED => generated 1309 bytes in 73 msecs (HTTP/1.1 200) 8 headers in 297 bytes (1 switches on core 0)
Jul 09 15:58:34.053544 n-d-800077-2 devstack@placement-api.service[101551]: DEBUG placement.requestlog [req-41d35498-993b-4a00-85f7-fd080f7144a2 req-e7c6df2e-8c07-48a1-8fee-08f982a73f75 None None] Starting request: 10.222.0.53 "GET /placement/allocations/2a3c75ee-3ebe-4675-a888-98c12313427b" {{(pid=101551) __call__ /opt/stack/placement/placement/requestlog.py:55}}
Jul 09 15:58:34.066636 n-d-800077-2 devstack@placement-api.service[101551]: INFO placement.requestlog [req-41d35498-993b-4a00-85f7-fd080f7144a2 req-e7c6df2e-8c07-48a1-8fee-08f982a73f75 service placement] 10.222.0.53 "GET /placement/allocations/2a3c75ee-3ebe-4675-a888-98c12313427b" status: 200 len: 19 microversion: 1.28
Jul 09 15:58:34.072040 n-d-800077-2 devstack@placement-api.service[101551]: [pid: 101551|app: 0|req: 239/486] 10.222.0.53 () {60 vars in 1381 bytes} [Fri Jul 9 15:58:34 2021] GET /placement/allocations/2a3c75ee-3ebe-4675-a888-98c12313427b => generated 19 bytes in 18 msecs (HTTP/1.1 200) 8 headers in 295 bytes (1 switches on core 0)
Jul 09 15:58:34.075552 n-d-800077-2 devstack@placement-api.service[101552]: DEBUG placement.requestlog [req-41d35498-993b-4a00-85f7-fd080f7144a2 req-da8f6125-db46-47c6-98b8-5366c200d6f6 None None] Starting request: 10.222.0.53 "PUT /placement/allocations/2a3c75ee-3ebe-4675-a888-98c12313427b" {{(pid=101552) __call__ /opt/stack/placement/placement/requestlog.py:55}}
Jul 09 15:58:34.532783 n-d-800077-2 devstack@placement-api.service[101552]: DEBUG placement.handlers.allocation [req-41d35498-993b-4a00-85f7-fd080f7144a2 req-da8f6125-db46-47c6-98b8-5366c200d6f6 service placement] Successfully wrote allocations [, , ] {{(pid=101552) _create_allocations /opt/stack/placement/placement/handlers/allocation.py:435}}
Jul 09 15:58:34.533507 n-d-800077-2 devstack@placement-api.service[101552]: INFO placement.requestlog [req-41d35498-993b-4a00-85f7-fd080f7144a2 req-da8f6125-db46-47c6-98b8-5366c200d6f6 service placement] 10.222.0.53 "PUT /placement/allocations/2a3c75ee-3ebe-4675-a888-98c12313427b" status: 204 len: 0 microversion: 1.35
Jul 09 15:58:34.533860 n-d-800077-2 devstack@placement-api.service[101552]: [pid: 101552|app: 0|req: 248/487] 10.222.0.53 () {64 vars in 1434 bytes} [Fri Jul 9 15:58:34 2021] PUT /placement/allocations/2a3c75ee-3ebe-4675-a888-98c12313427b => generated 0 bytes in 459 msecs (HTTP/1.1 204) 5 headers in 199 bytes (1 switches on core 0)
Jul 09 15:58:35.744328 n-d-800077-2 devstack@placement-api.service[101551]: DEBUG placement.requestlog [req-41d35498-993b-4a00-85f7-fd080f7144a2 req-05c0e9d2-35d7-44cd-9923-547e044a891b None None] Starting request: 10.222.0.76 "GET /placement/allocations/2a3c75ee-3ebe-4675-a888-98c12313427b" {{(pid=101551) __call__ /opt/stack/placement/placement/requestlog.py:55}}
Jul 09 15:58:35.770324 n-d-800077-2 devstack@placement-api.service[101551]: INFO placement.requestlog [req-41d35498-993b-4a00-85f7-fd080f7144a2 req-05c0e9d2-35d7-44cd-9923-547e044a891b service placement] 10.222.0.76 "GET /placement/allocations/2a3c75ee-3ebe-4675-a888-98c12313427b" status: 200 len: 259 microversion: 1.28
Jul 09 15:58:35.770868 n-d-800077-2 devstack@placement-api.service[101551]: [pid: 101551|app: 0|req: 240/488] 10.222.0.76 () {60 vars in 1378 bytes} [Fri Jul 9 15:58:35 2021] GET /placement/allocations/2a3c75ee-3ebe-4675-a888-98c12313427b => generated 259 bytes in 27 msecs (HTTP/1.1 200) 8 headers in 296 bytes (1 switches on core 0)
Jul 09 15:58:46.243659 n-d-800077-2 devstack@placement-api.service[101552]: DEBUG placement.requestlog [req-730be732-6434-44ea-a79b-98a10e970aa8 req-8e6547a5-cbaf-4645-9f82-90d0fa9bd549 None None] Starting request: 10.222.0.53 "GET /placement/allocation_candidates?limit=1000&resources=DISK_GB%3A1%2CMEMORY_MB%3A1024%2CVCPU%3A1&root_required=%21COMPUTE_STATUS_DISABLED" {{(pid=101552) __call__ /opt/stack/placement/placement/requestlog.py:55}}
Jul 09 15:58:46.282462 n-d-800077-2 devstack@placement-api.service[101552]: DEBUG placement.objects.research_context [req-730be732-6434-44ea-a79b-98a10e970aa8 req-8e6547a5-cbaf-4645-9f82-90d0fa9bd549 service placement] getting providers with 1 DISK_GB {{(pid=101552) __init__ /opt/stack/placement/placement/objects/research_context.py:126}}
Jul 09 15:58:46.289183 n-d-800077-2 devstack@placement-api.service[101552]: DEBUG placement.objects.research_context [req-730be732-6434-44ea-a79b-98a10e970aa8 req-8e6547a5-cbaf-4645-9f82-90d0fa9bd549 service placement] getting providers with 1024 MEMORY_MB {{(pid=101552) __init__ /opt/stack/placement/placement/objects/research_context.py:126}}
Jul 09 15:58:46.295259 n-d-800077-2 devstack@placement-api.service[101552]: DEBUG placement.objects.research_context [req-730be732-6434-44ea-a79b-98a10e970aa8 req-8e6547a5-cbaf-4645-9f82-90d0fa9bd549 service placement] getting providers with 1 VCPU {{(pid=101552) __init__ /opt/stack/placement/placement/objects/research_context.py:126}}
Jul 09 15:58:46.301100 n-d-800077-2 devstack@placement-api.service[101552]: DEBUG placement.objects.research_context [req-730be732-6434-44ea-a79b-98a10e970aa8 req-8e6547a5-cbaf-4645-9f82-90d0fa9bd549 service placement] found 2 providers with available 1 DISK_GB {{(pid=101552) get_provider_ids_matching /opt/stack/placement/placement/objects/research_context.py:549}}
Jul 09 15:58:46.301769 n-d-800077-2 devstack@placement-api.service[101552]: DEBUG placement.objects.research_context [req-730be732-6434-44ea-a79b-98a10e970aa8 req-8e6547a5-cbaf-4645-9f82-90d0fa9bd549 service placement] found 2 providers with available 1024 MEMORY_MB {{(pid=101552) get_provider_ids_matching /opt/stack/placement/placement/objects/research_context.py:549}}
Jul 09 15:58:46.302251 n-d-800077-2 devstack@placement-api.service[101552]: DEBUG placement.objects.research_context [req-730be732-6434-44ea-a79b-98a10e970aa8 req-8e6547a5-cbaf-4645-9f82-90d0fa9bd549 service placement] found 2 providers after filtering by previous result {{(pid=101552) get_provider_ids_matching /opt/stack/placement/placement/objects/research_context.py:580}}
Jul 09 15:58:46.302697 n-d-800077-2 devstack@placement-api.service[101552]: DEBUG placement.objects.research_context [req-730be732-6434-44ea-a79b-98a10e970aa8 req-8e6547a5-cbaf-4645-9f82-90d0fa9bd549 service placement] found 2 providers with available 1 VCPU {{(pid=101552) get_provider_ids_matching /opt/stack/placement/placement/objects/research_context.py:549}}
Jul 09 15:58:46.302954 n-d-800077-2 devstack@placement-api.service[101552]: DEBUG placement.objects.research_context [req-730be732-6434-44ea-a79b-98a10e970aa8 req-8e6547a5-cbaf-4645-9f82-90d0fa9bd549 service placement] found 2 providers after filtering by previous result {{(pid=101552) get_provider_ids_matching /opt/stack/placement/placement/objects/research_context.py:580}}
Jul 09 15:58:46.315651 n-d-800077-2 devstack@placement-api.service[101552]: DEBUG placement.objects.allocation_candidate [req-730be732-6434-44ea-a79b-98a10e970aa8 req-8e6547a5-cbaf-4645-9f82-90d0fa9bd549 service placement] RequestGroup(use_same_provider=False, resources={DISK_GB:1, MEMORY_MB:1024, VCPU:1}, traits=[], aggregates=[]) (suffix '') returned 2 matches {{(pid=101552) _get_by_requests /opt/stack/placement/placement/objects/allocation_candidate.py:145}}
Jul 09 15:58:46.316042 n-d-800077-2 devstack@placement-api.service[101552]: DEBUG placement.objects.allocation_candidate [req-730be732-6434-44ea-a79b-98a10e970aa8 req-8e6547a5-cbaf-4645-9f82-90d0fa9bd549 service placement] Merging candidates yields 2 allocation requests and 2 provider summaries {{(pid=101552) _merge_candidates /opt/stack/placement/placement/objects/allocation_candidate.py:783}}
Jul 09 15:58:46.318222 n-d-800077-2 devstack@placement-api.service[101552]: INFO placement.requestlog [req-730be732-6434-44ea-a79b-98a10e970aa8 req-8e6547a5-cbaf-4645-9f82-90d0fa9bd549 service placement] 10.222.0.53 "GET /placement/allocation_candidates?limit=1000&resources=DISK_GB%3A1%2CMEMORY_MB%3A1024%2CVCPU%3A1&root_required=%21COMPUTE_STATUS_DISABLED" status: 200 len: 1309 microversion: 1.35
Jul 09 15:58:46.319020 n-d-800077-2 devstack@placement-api.service[101552]: [pid: 101552|app: 0|req: 249/489] 10.222.0.53 () {60 vars in 1507 bytes} [Fri Jul 9 15:58:46 2021] GET /placement/allocation_candidates?limit=1000&resources=DISK_GB%3A1%2CMEMORY_MB%3A1024%2CVCPU%3A1&root_required=%21COMPUTE_STATUS_DISABLED => generated 1309 bytes in 76 msecs (HTTP/1.1 200) 8 headers in 297 bytes (1 switches on core 0)
Jul 09 15:58:46.379152 n-d-800077-2 devstack@placement-api.service[101551]: DEBUG placement.requestlog [req-730be732-6434-44ea-a79b-98a10e970aa8 req-bac2b60d-cdef-4262-8234-605f9dfa52bf None None] Starting request: 10.222.0.53 "GET /placement/allocations/4b870911-f0f6-47da-b2d0-ac4468af34e1" {{(pid=101551) __call__ /opt/stack/placement/placement/requestlog.py:55}}
Jul 09 15:58:46.396089 n-d-800077-2 devstack@placement-api.service[101551]: INFO placement.requestlog [req-730be732-6434-44ea-a79b-98a10e970aa8 req-bac2b60d-cdef-4262-8234-605f9dfa52bf service placement] 10.222.0.53 "GET /placement/allocations/4b870911-f0f6-47da-b2d0-ac4468af34e1" status: 200 len: 19 microversion: 1.28
Jul 09 15:58:46.396089 n-d-800077-2 devstack@placement-api.service[101551]: [pid: 101551|app: 0|req: 241/490] 10.222.0.53 () {60 vars in 1381 bytes} [Fri Jul 9 15:58:46 2021] GET /placement/allocations/4b870911-f0f6-47da-b2d0-ac4468af34e1 => generated 19 bytes in 14 msecs (HTTP/1.1 200) 8 headers in 295 bytes (1 switches on core 0)
Jul 09 15:58:46.401057 n-d-800077-2 devstack@placement-api.service[101552]: DEBUG placement.requestlog [req-730be732-6434-44ea-a79b-98a10e970aa8 req-8e6665f0-9443-4dca-9863-3139227fd000 None None] Starting request: 10.222.0.53 "PUT /placement/allocations/4b870911-f0f6-47da-b2d0-ac4468af34e1" {{(pid=101552) __call__ /opt/stack/placement/placement/requestlog.py:55}}
Jul 09 15:58:46.817759 n-d-800077-2 devstack@placement-api.service[101552]: DEBUG placement.handlers.allocation [req-730be732-6434-44ea-a79b-98a10e970aa8 req-8e6665f0-9443-4dca-9863-3139227fd000 service placement] Successfully wrote allocations [, , ] {{(pid=101552) _create_allocations /opt/stack/placement/placement/handlers/allocation.py:435}}
Jul 09 15:58:46.818507 n-d-800077-2 devstack@placement-api.service[101552]: INFO placement.requestlog [req-730be732-6434-44ea-a79b-98a10e970aa8 req-8e6665f0-9443-4dca-9863-3139227fd000 service placement] 10.222.0.53 "PUT /placement/allocations/4b870911-f0f6-47da-b2d0-ac4468af34e1" status: 204 len: 0 microversion: 1.35
Jul 09 15:58:46.820054 n-d-800077-2 devstack@placement-api.service[101552]: [pid: 101552|app: 0|req: 250/491] 10.222.0.53 () {64 vars in 1434 bytes} [Fri Jul 9 15:58:46 2021] PUT /placement/allocations/4b870911-f0f6-47da-b2d0-ac4468af34e1 => generated 0 bytes in 420 msecs (HTTP/1.1 204) 5 headers in 199 bytes (1 switches on core 0)
Jul 09 15:58:46.837991 n-d-800077-2 devstack@placement-api.service[101551]: DEBUG placement.requestlog [req-730be732-6434-44ea-a79b-98a10e970aa8 req-83c96ff7-a973-4de6-bc4c-b1bc83118951 None None] Starting request: 10.222.0.53 "GET /placement/allocations/c67ce2e7-a4be-48f6-ae60-26407f3b564d" {{(pid=101551) __call__ /opt/stack/placement/placement/requestlog.py:55}}
Jul 09 15:58:46.848610 n-d-800077-2 devstack@placement-api.service[101551]: INFO placement.requestlog [req-730be732-6434-44ea-a79b-98a10e970aa8 req-83c96ff7-a973-4de6-bc4c-b1bc83118951 service placement] 10.222.0.53 "GET /placement/allocations/c67ce2e7-a4be-48f6-ae60-26407f3b564d" status: 200 len: 19 microversion: 1.28
Jul 09 15:58:46.863234 n-d-800077-2 devstack@placement-api.service[101551]: [pid: 101551|app: 0|req: 242/492] 10.222.0.53 () {60 vars in 1381 bytes} [Fri Jul 9 15:58:46 2021] GET /placement/allocations/c67ce2e7-a4be-48f6-ae60-26407f3b564d => generated 19 bytes in 25 msecs (HTTP/1.1 200) 8 headers in 295 bytes (1 switches on core 0)
Jul 09 15:58:46.864049 n-d-800077-2 devstack@placement-api.service[101552]: DEBUG placement.requestlog [req-730be732-6434-44ea-a79b-98a10e970aa8 req-c2690004-7a56-45ca-9362-5ca887f2364c None None] Starting request: 10.222.0.53 "PUT /placement/allocations/c67ce2e7-a4be-48f6-ae60-26407f3b564d" {{(pid=101552) __call__ /opt/stack/placement/placement/requestlog.py:55}}
Jul 09 15:58:47.212339 n-d-800077-2 devstack@placement-api.service[101552]: DEBUG placement.handlers.allocation [req-730be732-6434-44ea-a79b-98a10e970aa8 req-c2690004-7a56-45ca-9362-5ca887f2364c service placement] Successfully wrote allocations [, , ] {{(pid=101552) _create_allocations /opt/stack/placement/placement/handlers/allocation.py:435}}
Jul 09 15:58:47.212882 n-d-800077-2 devstack@placement-api.service[101552]: INFO placement.requestlog [req-730be732-6434-44ea-a79b-98a10e970aa8 req-c2690004-7a56-45ca-9362-5ca887f2364c service placement] 10.222.0.53 "PUT /placement/allocations/c67ce2e7-a4be-48f6-ae60-26407f3b564d" status: 204 len: 0 microversion: 1.35
Jul 09 15:58:47.215645 n-d-800077-2 devstack@placement-api.service[101552]: [pid: 101552|app: 0|req: 251/493] 10.222.0.53 () {64 vars in 1434 bytes} [Fri Jul 9 15:58:46 2021] PUT /placement/allocations/c67ce2e7-a4be-48f6-ae60-26407f3b564d => generated 0 bytes in 351 msecs (HTTP/1.1 204) 5 headers in 199 bytes (2 switches on core 0)
Jul 09 15:58:48.974950 n-d-800077-2 devstack@placement-api.service[101551]: DEBUG placement.requestlog [req-730be732-6434-44ea-a79b-98a10e970aa8 req-f00616f3-02de-42e5-a3e7-1dee8a89d38a None None] Starting request: 10.222.0.76 "GET /placement/allocations/4b870911-f0f6-47da-b2d0-ac4468af34e1" {{(pid=101551) __call__ /opt/stack/placement/placement/requestlog.py:55}}
Jul 09 15:58:48.994082 n-d-800077-2 devstack@placement-api.service[101551]: INFO placement.requestlog [req-730be732-6434-44ea-a79b-98a10e970aa8 req-f00616f3-02de-42e5-a3e7-1dee8a89d38a service placement] 10.222.0.76 "GET /placement/allocations/4b870911-f0f6-47da-b2d0-ac4468af34e1" status: 200 len: 259 microversion: 1.28
Jul 09 15:58:48.994426 n-d-800077-2 devstack@placement-api.service[101551]: [pid: 101551|app: 0|req: 243/494] 10.222.0.76 () {60 vars in 1378 bytes} [Fri Jul 9 15:58:48 2021] GET /placement/allocations/4b870911-f0f6-47da-b2d0-ac4468af34e1 => generated 259 bytes in 20 msecs (HTTP/1.1 200) 8 headers in 296 bytes (1 switches on core 0)
Jul 09 15:58:49.513813 n-d-800077-2 devstack@placement-api.service[101552]: DEBUG placement.requestlog [req-730be732-6434-44ea-a79b-98a10e970aa8 req-2fd80fed-8fd4-43c9-ab15-c4d2a1d0ea45 None None] Starting request: 10.222.0.76 "GET /placement/allocations/c67ce2e7-a4be-48f6-ae60-26407f3b564d" {{(pid=101552) __call__ /opt/stack/placement/placement/requestlog.py:55}}
Jul 09 15:58:49.527542 n-d-800077-2 devstack@placement-api.service[101552]: INFO placement.requestlog [req-730be732-6434-44ea-a79b-98a10e970aa8 req-2fd80fed-8fd4-43c9-ab15-c4d2a1d0ea45 service placement] 10.222.0.76 "GET /placement/allocations/c67ce2e7-a4be-48f6-ae60-26407f3b564d" status: 200 len: 259 microversion: 1.28
Jul 09 15:58:49.528083 n-d-800077-2 devstack@placement-api.service[101552]: [pid: 101552|app: 0|req: 252/495] 10.222.0.76 () {60 vars in 1378 bytes} [Fri Jul 9 15:58:49 2021] GET /placement/allocations/c67ce2e7-a4be-48f6-ae60-26407f3b564d => generated 259 bytes in 17 msecs (HTTP/1.1 200) 8 headers in 296 bytes (1 switches on core 0)
Jul 09 15:58:53.978562 n-d-800077-2 devstack@placement-api.service[101551]: DEBUG placement.requestlog [None req-2963c6c6-f43a-494e-b0eb-6f6c4b1b5263 None None] Starting request: 10.222.0.53 "GET /placement/" {{(pid=101551) __call__ /opt/stack/placement/placement/requestlog.py:55}}
Jul 09 15:58:53.981826 n-d-800077-2 devstack@placement-api.service[101551]: INFO placement.requestlog [None req-2963c6c6-f43a-494e-b0eb-6f6c4b1b5263 None None] 10.222.0.53 "GET /placement/" status: 200 len: 136 microversion: 1.0
Jul 09 15:58:53.981826 n-d-800077-2 devstack@placement-api.service[101551]: [pid: 101551|app: 0|req: 244/496] 10.222.0.53 () {54 vars in 916 bytes} [Fri Jul 9 15:58:53 2021] GET /placement => generated 136 bytes in 1 msecs (HTTP/1.1 200) 6 headers in 224 bytes (1 switches on core 0)
Jul 09 15:58:53.991094 n-d-800077-2 devstack@placement-api.service[101552]: DEBUG placement.requestlog [req-652a7c9b-27ef-4075-b41c-cf2356adb0b1 req-57c35677-3a2b-43b2-b9b7-5d92dbd1ed16 None None] Starting request: 10.222.0.53 "GET /placement/allocations/2a3c75ee-3ebe-4675-a888-98c12313427b" {{(pid=101552) __call__ /opt/stack/placement/placement/requestlog.py:55}}
Jul 09 15:58:54.064067 n-d-800077-2 devstack@placement-api.service[101552]: INFO placement.requestlog [req-652a7c9b-27ef-4075-b41c-cf2356adb0b1 req-57c35677-3a2b-43b2-b9b7-5d92dbd1ed16 service placement] 10.222.0.53 "GET /placement/allocations/2a3c75ee-3ebe-4675-a888-98c12313427b" status: 200 len: 259 microversion: 1.28
Jul 09 15:58:54.064283 n-d-800077-2 devstack@placement-api.service[101552]: [pid: 101552|app: 0|req: 253/497] 10.222.0.53 () {60 vars in 1381 bytes} [Fri Jul 9 15:58:53 2021] GET /placement/allocations/2a3c75ee-3ebe-4675-a888-98c12313427b => generated 259 bytes in 73 msecs (HTTP/1.1 200) 8 headers in 296 bytes (1 switches on core 0)
Jul 09 15:58:54.070760 n-d-800077-2 devstack@placement-api.service[101551]: DEBUG placement.requestlog [req-652a7c9b-27ef-4075-b41c-cf2356adb0b1 req-366f6bbc-b223-4326-9d1d-37e587d2f244 None None] Starting request: 10.222.0.53 "GET /placement/allocations/2a3c75ee-3ebe-4675-a888-98c12313427b" {{(pid=101551) __call__ /opt/stack/placement/placement/requestlog.py:55}}
Jul 09 15:58:54.087842 n-d-800077-2 devstack@placement-api.service[101551]: INFO placement.requestlog [req-652a7c9b-27ef-4075-b41c-cf2356adb0b1 req-366f6bbc-b223-4326-9d1d-37e587d2f244 service placement] 10.222.0.53 "GET /placement/allocations/2a3c75ee-3ebe-4675-a888-98c12313427b" status: 200 len: 259 microversion: 1.28
Jul 09 15:58:54.087842 n-d-800077-2 devstack@placement-api.service[101551]: [pid: 101551|app: 0|req: 245/498] 10.222.0.53 () {60 vars in 1381 bytes} [Fri Jul 9 15:58:54 2021] GET /placement/allocations/2a3c75ee-3ebe-4675-a888-98c12313427b => generated 259 bytes in 17 msecs (HTTP/1.1 200) 8 headers in 296 bytes (1 switches on core 0)
Jul 09 15:58:54.093595 n-d-800077-2 devstack@placement-api.service[101552]: DEBUG placement.requestlog [req-652a7c9b-27ef-4075-b41c-cf2356adb0b1 req-3cdab135-ed67-486d-895c-1e5ef7714d49 None None] Starting request: 10.222.0.53 "GET /placement/allocations/46b8cf1c-3eae-46fc-ba7f-37e8ae6bfa0c" {{(pid=101552) __call__ /opt/stack/placement/placement/requestlog.py:55}}
Jul 09 15:58:54.105506 n-d-800077-2 devstack@placement-api.service[101552]: INFO placement.requestlog [req-652a7c9b-27ef-4075-b41c-cf2356adb0b1 req-3cdab135-ed67-486d-895c-1e5ef7714d49 service placement] 10.222.0.53 "GET /placement/allocations/46b8cf1c-3eae-46fc-ba7f-37e8ae6bfa0c" status: 200 len: 19 microversion: 1.28
Jul 09 15:58:54.105880 n-d-800077-2 devstack@placement-api.service[101552]: [pid: 101552|app: 0|req: 254/499] 10.222.0.53 () {60 vars in 1381 bytes} [Fri Jul 9 15:58:54 2021] GET /placement/allocations/46b8cf1c-3eae-46fc-ba7f-37e8ae6bfa0c => generated 19 bytes in 13 msecs (HTTP/1.1 200) 8 headers in 295 bytes (2 switches on core 0)
Jul 09 15:58:54.113440 n-d-800077-2 devstack@placement-api.service[101551]: DEBUG placement.requestlog [req-652a7c9b-27ef-4075-b41c-cf2356adb0b1 req-e1609397-be44-4376-a674-937fb2c62615 None None] Starting request: 10.222.0.53 "POST /placement/allocations" {{(pid=101551) __call__ /opt/stack/placement/placement/requestlog.py:55}}
Jul 09 15:58:54.341720 n-d-800077-2 devstack@placement-api.service[101551]: DEBUG placement.handlers.allocation [req-652a7c9b-27ef-4075-b41c-cf2356adb0b1 req-e1609397-be44-4376-a674-937fb2c62615 service placement] Successfully wrote allocations [, , , , , ] {{(pid=101551) _create_allocations /opt/stack/placement/placement/handlers/allocation.py:524}}
Jul 09 15:58:54.341720 n-d-800077-2 devstack@placement-api.service[101551]: INFO placement.requestlog [req-652a7c9b-27ef-4075-b41c-cf2356adb0b1 req-e1609397-be44-4376-a674-937fb2c62615 service placement] 10.222.0.53 "POST /placement/allocations" status: 204 len: 0 microversion: 1.28
Jul 09 15:58:54.341720 n-d-800077-2 devstack@placement-api.service[101551]: [pid: 101551|app: 0|req: 246/500] 10.222.0.53 () {64 vars in 1324 bytes} [Fri Jul 9 15:58:54 2021] POST /placement/allocations => generated 0 bytes in 226 msecs (HTTP/1.1 204) 5 headers in 199 bytes (2 switches on core 0)
Jul 09 15:58:54.388800 n-d-800077-2 devstack@placement-api.service[101552]: DEBUG placement.requestlog [req-652a7c9b-27ef-4075-b41c-cf2356adb0b1 req-5f4f4309-cbf5-4277-95ea-0baa77847f33 None None] Starting request: 10.222.0.53 "GET /placement/allocations/2a3c75ee-3ebe-4675-a888-98c12313427b" {{(pid=101552) __call__ /opt/stack/placement/placement/requestlog.py:55}}
Jul 09 15:58:54.457215 n-d-800077-2 devstack@placement-api.service[101552]: INFO placement.requestlog [req-652a7c9b-27ef-4075-b41c-cf2356adb0b1 req-5f4f4309-cbf5-4277-95ea-0baa77847f33 service placement] 10.222.0.53 "GET /placement/allocations/2a3c75ee-3ebe-4675-a888-98c12313427b" status: 200 len: 19 microversion: 1.28
Jul 09 15:58:54.457586 n-d-800077-2 devstack@placement-api.service[101552]: [pid: 101552|app: 0|req: 255/501] 10.222.0.53 () {60 vars in 1381 bytes} [Fri Jul 9 15:58:54 2021] GET /placement/allocations/2a3c75ee-3ebe-4675-a888-98c12313427b => generated 19 bytes in 69 msecs (HTTP/1.1 200) 8 headers in 295 bytes (1 switches on core 0)
Jul 09 15:58:54.463839 n-d-800077-2 devstack@placement-api.service[101551]: DEBUG placement.requestlog [req-652a7c9b-27ef-4075-b41c-cf2356adb0b1 req-5761c6a5-1454-4fae-aba8-66a21519843a None None] Starting request: 10.222.0.53 "PUT /placement/allocations/2a3c75ee-3ebe-4675-a888-98c12313427b" {{(pid=101551) __call__ /opt/stack/placement/placement/requestlog.py:55}}
Jul 09 15:58:54.670141 n-d-800077-2 devstack@placement-api.service[101551]: DEBUG placement.handlers.allocation [req-652a7c9b-27ef-4075-b41c-cf2356adb0b1 req-5761c6a5-1454-4fae-aba8-66a21519843a service placement] Successfully wrote allocations [, , ] {{(pid=101551) _create_allocations /opt/stack/placement/placement/handlers/allocation.py:435}}
Jul 09 15:58:54.670699 n-d-800077-2 devstack@placement-api.service[101551]: INFO placement.requestlog [req-652a7c9b-27ef-4075-b41c-cf2356adb0b1 req-5761c6a5-1454-4fae-aba8-66a21519843a service placement] 10.222.0.53 "PUT /placement/allocations/2a3c75ee-3ebe-4675-a888-98c12313427b" status: 204 len: 0 microversion: 1.28
Jul 09 15:58:54.679740 n-d-800077-2 devstack@placement-api.service[101551]: [pid: 101551|app: 0|req: 247/502] 10.222.0.53 () {64 vars in 1434 bytes} [Fri Jul 9 15:58:54 2021] PUT /placement/allocations/2a3c75ee-3ebe-4675-a888-98c12313427b => generated 0 bytes in 208 msecs (HTTP/1.1 204) 5 headers in 199 bytes (2 switches on core 0)
