Aug 09 16:18:09.427728 n-d-800076-3 devstack@placement-api.service[95326]: DEBUG placement.objects.research_context [req-d58b6033-df15-4f57-9794-21e8e9aafd4b req-92173272-ae3e-47da-9004-b5ec46b64e7e service placement] found 2 providers after filtering by previous result {{(pid=95326) get_provider_ids_matching /opt/stack/placement/placement/objects/research_context.py:580}}
Aug 09 16:18:09.427728 n-d-800076-3 devstack@placement-api.service[95326]: DEBUG placement.objects.research_context [req-d58b6033-df15-4f57-9794-21e8e9aafd4b req-92173272-ae3e-47da-9004-b5ec46b64e7e service placement] found 2 providers with available 1 VCPU {{(pid=95326) get_provider_ids_matching /opt/stack/placement/placement/objects/research_context.py:549}}
Aug 09 16:18:09.427728 n-d-800076-3 devstack@placement-api.service[95326]: DEBUG placement.objects.research_context [req-d58b6033-df15-4f57-9794-21e8e9aafd4b req-92173272-ae3e-47da-9004-b5ec46b64e7e service placement] found 2 providers after filtering by previous result {{(pid=95326) get_provider_ids_matching /opt/stack/placement/placement/objects/research_context.py:580}}
Aug 09 16:18:09.442620 n-d-800076-3 devstack@placement-api.service[95326]: DEBUG placement.objects.allocation_candidate [req-d58b6033-df15-4f57-9794-21e8e9aafd4b req-92173272-ae3e-47da-9004-b5ec46b64e7e service placement] RequestGroup(use_same_provider=False, resources={DISK_GB:1, MEMORY_MB:1024, VCPU:1}, traits=[], aggregates=[]) (suffix '') returned 2 matches {{(pid=95326) _get_by_requests /opt/stack/placement/placement/objects/allocation_candidate.py:145}}
Aug 09 16:18:09.443573 n-d-800076-3 devstack@placement-api.service[95326]: DEBUG placement.objects.allocation_candidate [req-d58b6033-df15-4f57-9794-21e8e9aafd4b req-92173272-ae3e-47da-9004-b5ec46b64e7e service placement] Merging candidates yields 2 allocation requests and 2 provider summaries {{(pid=95326) _merge_candidates /opt/stack/placement/placement/objects/allocation_candidate.py:783}}
Aug 09 16:18:09.446323 n-d-800076-3 devstack@placement-api.service[95326]: INFO placement.requestlog [req-d58b6033-df15-4f57-9794-21e8e9aafd4b req-92173272-ae3e-47da-9004-b5ec46b64e7e service placement] 10.222.0.82 "GET /placement/allocation_candidates?limit=1000&resources=DISK_GB%3A1%2CMEMORY_MB%3A1024%2CVCPU%3A1&root_required=%21COMPUTE_STATUS_DISABLED" status: 200 len: 1309 microversion: 1.35
Aug 09 16:18:09.451340 n-d-800076-3 devstack@placement-api.service[95326]: [pid: 95326|app: 0|req: 312/635] 10.222.0.82 () {60 vars in 1507 bytes} [Mon Aug 9 16:18:09 2021] GET /placement/allocation_candidates?limit=1000&resources=DISK_GB%3A1%2CMEMORY_MB%3A1024%2CVCPU%3A1&root_required=%21COMPUTE_STATUS_DISABLED => generated 1309 bytes in 206 msecs (HTTP/1.1 200) 8 headers in 297 bytes (1 switches on core 0)
Aug 09 16:18:09.636264 n-d-800076-3 devstack@placement-api.service[95325]: DEBUG placement.requestlog [req-d58b6033-df15-4f57-9794-21e8e9aafd4b req-b7b207a8-6c56-4003-bcfb-80ce413df95c None None] Starting request: 10.222.0.82 "GET /placement/allocations/a67a429c-cde8-4b32-826a-b5ba1dcdada4" {{(pid=95325) __call__ /opt/stack/placement/placement/requestlog.py:55}}
Aug 09 16:18:09.658597 n-d-800076-3 devstack@placement-api.service[95325]: INFO placement.requestlog [req-d58b6033-df15-4f57-9794-21e8e9aafd4b req-b7b207a8-6c56-4003-bcfb-80ce413df95c service placement] 10.222.0.82 "GET /placement/allocations/a67a429c-cde8-4b32-826a-b5ba1dcdada4" status: 200 len: 19 microversion: 1.28
Aug 09 16:18:09.667230 n-d-800076-3 devstack@placement-api.service[95326]: DEBUG placement.requestlog [req-d58b6033-df15-4f57-9794-21e8e9aafd4b req-01e58566-be5e-4f3f-8d32-018f1c200166 None None] Starting request: 10.222.0.82 "PUT /placement/allocations/a67a429c-cde8-4b32-826a-b5ba1dcdada4" {{(pid=95326) __call__ /opt/stack/placement/placement/requestlog.py:55}}
Aug 09 16:18:09.667600 n-d-800076-3 devstack@placement-api.service[95325]: [pid: 95325|app: 0|req: 324/636] 10.222.0.82 () {60 vars in 1381 bytes} [Mon Aug 9 16:18:09 2021] GET /placement/allocations/a67a429c-cde8-4b32-826a-b5ba1dcdada4 => generated 19 bytes in 31 msecs (HTTP/1.1 200) 8 headers in 295 bytes (1 switches on core 0)
Aug 09 16:18:10.100804 n-d-800076-3 devstack@placement-api.service[95326]: DEBUG placement.handlers.allocation [req-d58b6033-df15-4f57-9794-21e8e9aafd4b req-01e58566-be5e-4f3f-8d32-018f1c200166 service placement] Successfully wrote allocations [, , ] {{(pid=95326) _create_allocations /opt/stack/placement/placement/handlers/allocation.py:435}}
Aug 09 16:18:10.101852 n-d-800076-3 devstack@placement-api.service[95326]: INFO placement.requestlog [req-d58b6033-df15-4f57-9794-21e8e9aafd4b req-01e58566-be5e-4f3f-8d32-018f1c200166 service placement] 10.222.0.82 "PUT /placement/allocations/a67a429c-cde8-4b32-826a-b5ba1dcdada4" status: 204 len: 0 microversion: 1.35
Aug 09 16:18:10.102633 n-d-800076-3 devstack@placement-api.service[95326]: [pid: 95326|app: 0|req: 313/637] 10.222.0.82 () {64 vars in 1434 bytes} [Mon Aug 9 16:18:09 2021] PUT /placement/allocations/a67a429c-cde8-4b32-826a-b5ba1dcdada4 => generated 0 bytes in 435 msecs (HTTP/1.1 204) 5 headers in 199 bytes (2 switches on core 0)
Aug 09 16:18:11.734375 n-d-800076-3 devstack@placement-api.service[95325]: DEBUG placement.requestlog [req-d58b6033-df15-4f57-9794-21e8e9aafd4b req-09754b06-5083-4988-9c72-7ae856f47576 None None] Starting request: 10.222.0.95 "GET /placement/allocations/a67a429c-cde8-4b32-826a-b5ba1dcdada4" {{(pid=95325) __call__ /opt/stack/placement/placement/requestlog.py:55}}
Aug 09 16:18:11.770358 n-d-800076-3 devstack@placement-api.service[95325]: INFO placement.requestlog [req-d58b6033-df15-4f57-9794-21e8e9aafd4b req-09754b06-5083-4988-9c72-7ae856f47576 service placement] 10.222.0.95 "GET /placement/allocations/a67a429c-cde8-4b32-826a-b5ba1dcdada4" status: 200 len: 259 microversion: 1.28
Aug 09 16:18:11.770631 n-d-800076-3 devstack@placement-api.service[95325]: [pid: 95325|app: 0|req: 325/638] 10.222.0.95 () {60 vars in 1378 bytes} [Mon Aug 9 16:18:11 2021] GET /placement/allocations/a67a429c-cde8-4b32-826a-b5ba1dcdada4 => generated 259 bytes in 37 msecs (HTTP/1.1 200) 8 headers in 296 bytes (1 switches on core 0)
Aug 09 16:18:29.909482 n-d-800076-3 devstack@placement-api.service[95326]: DEBUG placement.requestlog [req-486a2703-f0e7-4569-9ad4-e21569e3c44c req-a65ac0e5-4d4b-49d5-83d0-89be91bbc49a None None] Starting request: 10.222.0.91 "GET /placement/allocations/8e888767-9daa-4578-8c36-8ed6e63e59ea" {{(pid=95326) __call__ /opt/stack/placement/placement/requestlog.py:55}}
Aug 09 16:18:29.937943 n-d-800076-3 devstack@placement-api.service[95326]: INFO placement.requestlog [req-486a2703-f0e7-4569-9ad4-e21569e3c44c req-a65ac0e5-4d4b-49d5-83d0-89be91bbc49a service placement] 10.222.0.91 "GET /placement/allocations/8e888767-9daa-4578-8c36-8ed6e63e59ea" status: 200 len: 259 microversion: 1.28
Aug 09 16:18:29.938604 n-d-800076-3 devstack@placement-api.service[95326]: [pid: 95326|app: 0|req: 314/639] 10.222.0.91 () {60 vars in 1378 bytes} [Mon Aug 9 16:18:29 2021] GET /placement/allocations/8e888767-9daa-4578-8c36-8ed6e63e59ea => generated 259 bytes in 29 msecs (HTTP/1.1 200) 8 headers in 296 bytes (1 switches on core 0)
Aug 09 16:18:29.946176 n-d-800076-3 devstack@placement-api.service[95325]: DEBUG placement.requestlog [req-486a2703-f0e7-4569-9ad4-e21569e3c44c req-2b14009e-f206-450e-8624-c209986640dc None None] Starting request: 10.222.0.91 "PUT /placement/allocations/8e888767-9daa-4578-8c36-8ed6e63e59ea" {{(pid=95325) __call__ /opt/stack/placement/placement/requestlog.py:55}}
Aug 09 16:18:30.118322 n-d-800076-3 devstack@placement-api.service[95325]: DEBUG placement.handlers.allocation [req-486a2703-f0e7-4569-9ad4-e21569e3c44c req-2b14009e-f206-450e-8624-c209986640dc service placement] Successfully wrote allocations [, , ] {{(pid=95325) _create_allocations /opt/stack/placement/placement/handlers/allocation.py:435}}
Aug 09 16:18:30.119417 n-d-800076-3 devstack@placement-api.service[95325]: INFO placement.requestlog [req-486a2703-f0e7-4569-9ad4-e21569e3c44c req-2b14009e-f206-450e-8624-c209986640dc service placement] 10.222.0.91 "PUT /placement/allocations/8e888767-9daa-4578-8c36-8ed6e63e59ea" status: 204 len: 0 microversion: 1.28
Aug 09 16:18:30.120203 n-d-800076-3 devstack@placement-api.service[95325]: [pid: 95325|app: 0|req: 326/640] 10.222.0.91 () {64 vars in 1431 bytes} [Mon Aug 9 16:18:29 2021] PUT /placement/allocations/8e888767-9daa-4578-8c36-8ed6e63e59ea => generated 0 bytes in 174 msecs (HTTP/1.1 204) 5 headers in 199 bytes (1 switches on core 0)
Aug 09 16:18:33.334903 n-d-800076-3 devstack@placement-api.service[95326]: DEBUG placement.requestlog [req-7ceb49e5-f5c4-43e8-8381-92d46522660b req-04469b66-d1a6-4971-9de6-d76c8cb87041 None None] Starting request: 10.222.0.95 "GET /placement/allocations/a67a429c-cde8-4b32-826a-b5ba1dcdada4" {{(pid=95326) __call__ /opt/stack/placement/placement/requestlog.py:55}}
Aug 09 16:18:33.387079 n-d-800076-3 devstack@placement-api.service[95326]: INFO placement.requestlog [req-7ceb49e5-f5c4-43e8-8381-92d46522660b req-04469b66-d1a6-4971-9de6-d76c8cb87041 service placement] 10.222.0.95 "GET /placement/allocations/a67a429c-cde8-4b32-826a-b5ba1dcdada4" status: 200 len: 259 microversion: 1.28
Aug 09 16:18:33.387937 n-d-800076-3 devstack@placement-api.service[95326]: [pid: 95326|app: 0|req: 315/641] 10.222.0.95 () {60 vars in 1378 bytes} [Mon Aug 9 16:18:33 2021] GET /placement/allocations/a67a429c-cde8-4b32-826a-b5ba1dcdada4 => generated 259 bytes in 53 msecs (HTTP/1.1 200) 8 headers in 296 bytes (2 switches on core 0)
Aug 09 16:18:33.398050 n-d-800076-3 devstack@placement-api.service[95325]: DEBUG placement.requestlog [req-7ceb49e5-f5c4-43e8-8381-92d46522660b req-6f569bda-0ebc-41af-819f-e9d81db865a9 None None] Starting request: 10.222.0.95 "PUT /placement/allocations/a67a429c-cde8-4b32-826a-b5ba1dcdada4" {{(pid=95325) __call__ /opt/stack/placement/placement/requestlog.py:55}}
Aug 09 16:18:33.580130 n-d-800076-3 devstack@placement-api.service[95325]: DEBUG placement.handlers.allocation [req-7ceb49e5-f5c4-43e8-8381-92d46522660b req-6f569bda-0ebc-41af-819f-e9d81db865a9 service placement] Successfully wrote allocations [, , ] {{(pid=95325) _create_allocations /opt/stack/placement/placement/handlers/allocation.py:435}}
Aug 09 16:18:33.580966 n-d-800076-3 devstack@placement-api.service[95325]: INFO placement.requestlog [req-7ceb49e5-f5c4-43e8-8381-92d46522660b req-6f569bda-0ebc-41af-819f-e9d81db865a9 service placement] 10.222.0.95 "PUT /placement/allocations/a67a429c-cde8-4b32-826a-b5ba1dcdada4" status: 204 len: 0 microversion: 1.28
Aug 09 16:18:33.581689 n-d-800076-3 devstack@placement-api.service[95325]: [pid: 95325|app: 0|req: 327/642] 10.222.0.95 () {64 vars in 1431 bytes} [Mon Aug 9 16:18:33 2021] PUT /placement/allocations/a67a429c-cde8-4b32-826a-b5ba1dcdada4 => generated 0 bytes in 184 msecs (HTTP/1.1 204) 5 headers in 199 bytes (1 switches on core 0)
Aug 09 16:18:35.498228 n-d-800076-3 devstack@placement-api.service[95326]: DEBUG placement.requestlog [req-b6a87aee-a346-40cf-86a4-681aa061c1be req-d824a04e-5f8a-4a51-ab3e-d21ccc179013 None None] Starting request: 10.222.0.95 "GET /placement/allocations/0851c5e3-c049-4ed2-8b19-00aeaad58508" {{(pid=95326) __call__ /opt/stack/placement/placement/requestlog.py:55}}
Aug 09 16:18:35.561597 n-d-800076-3 devstack@placement-api.service[95326]: INFO placement.requestlog [req-b6a87aee-a346-40cf-86a4-681aa061c1be req-d824a04e-5f8a-4a51-ab3e-d21ccc179013 service placement] 10.222.0.95 "GET /placement/allocations/0851c5e3-c049-4ed2-8b19-00aeaad58508" status: 200 len: 259 microversion: 1.28
Aug 09 16:18:35.561963 n-d-800076-3 devstack@placement-api.service[95326]: [pid: 95326|app: 0|req: 316/643] 10.222.0.95 () {60 vars in 1378 bytes} [Mon Aug 9 16:18:35 2021] GET /placement/allocations/0851c5e3-c049-4ed2-8b19-00aeaad58508 => generated 259 bytes in 64 msecs (HTTP/1.1 200) 8 headers in 296 bytes (1 switches on core 0)
Aug 09 16:18:35.576183 n-d-800076-3 devstack@placement-api.service[95325]: DEBUG placement.requestlog [req-b6a87aee-a346-40cf-86a4-681aa061c1be req-8d7e8587-dfe8-4d0b-b140-bd08ffba8e06 None None] Starting request: 10.222.0.95 "PUT /placement/allocations/0851c5e3-c049-4ed2-8b19-00aeaad58508" {{(pid=95325) __call__ /opt/stack/placement/placement/requestlog.py:55}}
Aug 09 16:18:35.826747 n-d-800076-3 devstack@placement-api.service[95325]: DEBUG placement.handlers.allocation [req-b6a87aee-a346-40cf-86a4-681aa061c1be req-8d7e8587-dfe8-4d0b-b140-bd08ffba8e06 service placement] Successfully wrote allocations [, , ] {{(pid=95325) _create_allocations /opt/stack/placement/placement/handlers/allocation.py:435}}
Aug 09 16:18:35.827253 n-d-800076-3 devstack@placement-api.service[95325]: INFO placement.requestlog [req-b6a87aee-a346-40cf-86a4-681aa061c1be req-8d7e8587-dfe8-4d0b-b140-bd08ffba8e06 service placement] 10.222.0.95 "PUT /placement/allocations/0851c5e3-c049-4ed2-8b19-00aeaad58508" status: 204 len: 0 microversion: 1.28
Aug 09 16:18:35.827739 n-d-800076-3 devstack@placement-api.service[95325]: [pid: 95325|app: 0|req: 328/644] 10.222.0.95 () {64 vars in 1431 bytes} [Mon Aug 9 16:18:35 2021] PUT /placement/allocations/0851c5e3-c049-4ed2-8b19-00aeaad58508 => generated 0 bytes in 252 msecs (HTTP/1.1 204) 5 headers in 199 bytes (1 switches on core 0)
Aug 09 16:18:42.027563 n-d-800076-3 devstack@placement-api.service[95326]: DEBUG placement.requestlog [req-ded086f7-6309-4d4c-9b3c-46864268fe18 req-ab53b92b-c7f8-478d-90f7-ebaefa582805 None None] Starting request: 10.222.0.95 "GET /placement/allocations/c9f2bcaa-08d0-43a8-a243-b6ded1e707fb" {{(pid=95326) __call__ /opt/stack/placement/placement/requestlog.py:55}}
Aug 09 16:18:42.147395 n-d-800076-3 devstack@placement-api.service[95326]: INFO placement.requestlog [req-ded086f7-6309-4d4c-9b3c-46864268fe18 req-ab53b92b-c7f8-478d-90f7-ebaefa582805 service placement] 10.222.0.95 "GET /placement/allocations/c9f2bcaa-08d0-43a8-a243-b6ded1e707fb" status: 200 len: 259 microversion: 1.28
Aug 09 16:18:42.147395 n-d-800076-3 devstack@placement-api.service[95326]: [pid: 95326|app: 0|req: 317/645] 10.222.0.95 () {60 vars in 1378 bytes} [Mon Aug 9 16:18:42 2021] GET /placement/allocations/c9f2bcaa-08d0-43a8-a243-b6ded1e707fb => generated 259 bytes in 20 msecs (HTTP/1.1 200) 8 headers in 296 bytes (1 switches on core 0)
Aug 09 16:18:42.147944 n-d-800076-3 devstack@placement-api.service[95325]: DEBUG placement.requestlog [req-ded086f7-6309-4d4c-9b3c-46864268fe18 req-62467abb-91e7-4d80-ab1e-18accfa6316e None None] Starting request: 10.222.0.95 "PUT /placement/allocations/c9f2bcaa-08d0-43a8-a243-b6ded1e707fb" {{(pid=95325) __call__ /opt/stack/placement/placement/requestlog.py:55}}
Aug 09 16:18:42.323415 n-d-800076-3 devstack@placement-api.service[95325]: DEBUG placement.handlers.allocation [req-ded086f7-6309-4d4c-9b3c-46864268fe18 req-62467abb-91e7-4d80-ab1e-18accfa6316e service placement] Successfully wrote allocations [, , ] {{(pid=95325) _create_allocations /opt/stack/placement/placement/handlers/allocation.py:435}}
Aug 09 16:18:42.324471 n-d-800076-3 devstack@placement-api.service[95325]: INFO placement.requestlog [req-ded086f7-6309-4d4c-9b3c-46864268fe18 req-62467abb-91e7-4d80-ab1e-18accfa6316e service placement] 10.222.0.95 "PUT /placement/allocations/c9f2bcaa-08d0-43a8-a243-b6ded1e707fb" status: 204 len: 0 microversion: 1.28
Aug 09 16:18:42.324837 n-d-800076-3 devstack@placement-api.service[95325]: [pid: 95325|app: 0|req: 329/646] 10.222.0.95 () {64 vars in 1431 bytes} [Mon Aug 9 16:18:42 2021] PUT /placement/allocations/c9f2bcaa-08d0-43a8-a243-b6ded1e707fb => generated 0 bytes in 249 msecs (HTTP/1.1 204) 5 headers in 199 bytes (1 switches on core 0)
Aug 09 16:18:54.974671 n-d-800076-3 devstack@placement-api.service[95326]: DEBUG placement.requestlog [req-4f996450-a2c7-446e-b230-57e54e1c293e req-b1e4e3cd-1b36-4344-8caf-72d93267cab2 None None] Starting request: 10.222.0.82 "GET /placement/allocation_candidates?limit=1000&resources=DISK_GB%3A1%2CMEMORY_MB%3A1024%2CVCPU%3A1&root_required=%21COMPUTE_STATUS_DISABLED" {{(pid=95326) __call__ /opt/stack/placement/placement/requestlog.py:55}}
Aug 09 16:18:55.029361 n-d-800076-3 devstack@placement-api.service[95326]: DEBUG placement.objects.research_context [req-4f996450-a2c7-446e-b230-57e54e1c293e req-b1e4e3cd-1b36-4344-8caf-72d93267cab2 service placement] getting providers with 1 DISK_GB {{(pid=95326) __init__ /opt/stack/placement/placement/objects/research_context.py:126}}
Aug 09 16:18:55.038524 n-d-800076-3 devstack@placement-api.service[95326]: DEBUG placement.objects.research_context [req-4f996450-a2c7-446e-b230-57e54e1c293e req-b1e4e3cd-1b36-4344-8caf-72d93267cab2 service placement] getting providers with 1024 MEMORY_MB {{(pid=95326) __init__ /opt/stack/placement/placement/objects/research_context.py:126}}
Aug 09 16:18:55.058724 n-d-800076-3 devstack@placement-api.service[95326]: DEBUG placement.objects.research_context [req-4f996450-a2c7-446e-b230-57e54e1c293e req-b1e4e3cd-1b36-4344-8caf-72d93267cab2 service placement] getting providers with 1 VCPU {{(pid=95326) __init__ /opt/stack/placement/placement/objects/research_context.py:126}}
Aug 09 16:18:55.074399 n-d-800076-3 devstack@placement-api.service[95326]: DEBUG placement.objects.research_context [req-4f996450-a2c7-446e-b230-57e54e1c293e req-b1e4e3cd-1b36-4344-8caf-72d93267cab2 service placement] found 2 providers with available 1 DISK_GB {{(pid=95326) get_provider_ids_matching /opt/stack/placement/placement/objects/research_context.py:549}}
Aug 09 16:18:55.074399 n-d-800076-3 devstack@placement-api.service[95326]: DEBUG placement.objects.research_context [req-4f996450-a2c7-446e-b230-57e54e1c293e req-b1e4e3cd-1b36-4344-8caf-72d93267cab2 service placement] found 2 providers with available 1024 MEMORY_MB {{(pid=95326) get_provider_ids_matching /opt/stack/placement/placement/objects/research_context.py:549}}
Aug 09 16:18:55.074399 n-d-800076-3 devstack@placement-api.service[95326]: DEBUG placement.objects.research_context [req-4f996450-a2c7-446e-b230-57e54e1c293e req-b1e4e3cd-1b36-4344-8caf-72d93267cab2 service placement] found 2 providers after filtering by previous result {{(pid=95326) get_provider_ids_matching /opt/stack/placement/placement/objects/research_context.py:580}}
Aug 09 16:18:55.074988 n-d-800076-3 devstack@placement-api.service[95326]: DEBUG placement.objects.research_context [req-4f996450-a2c7-446e-b230-57e54e1c293e req-b1e4e3cd-1b36-4344-8caf-72d93267cab2 service placement] found 2 providers with available 1 VCPU {{(pid=95326) get_provider_ids_matching /opt/stack/placement/placement/objects/research_context.py:549}}
Aug 09 16:18:55.075209 n-d-800076-3 devstack@placement-api.service[95326]: DEBUG placement.objects.research_context [req-4f996450-a2c7-446e-b230-57e54e1c293e req-b1e4e3cd-1b36-4344-8caf-72d93267cab2 service placement] found 2 providers after filtering by previous result {{(pid=95326) get_provider_ids_matching /opt/stack/placement/placement/objects/research_context.py:580}}
Aug 09 16:18:55.097799 n-d-800076-3 devstack@placement-api.service[95326]: DEBUG placement.objects.allocation_candidate [req-4f996450-a2c7-446e-b230-57e54e1c293e req-b1e4e3cd-1b36-4344-8caf-72d93267cab2 service placement] RequestGroup(use_same_provider=False, resources={DISK_GB:1, MEMORY_MB:1024, VCPU:1}, traits=[], aggregates=[]) (suffix '') returned 2 matches {{(pid=95326) _get_by_requests /opt/stack/placement/placement/objects/allocation_candidate.py:145}}
Aug 09 16:18:55.100067 n-d-800076-3 devstack@placement-api.service[95326]: DEBUG placement.objects.allocation_candidate [req-4f996450-a2c7-446e-b230-57e54e1c293e req-b1e4e3cd-1b36-4344-8caf-72d93267cab2 service placement] Merging candidates yields 2 allocation requests and 2 provider summaries {{(pid=95326) _merge_candidates /opt/stack/placement/placement/objects/allocation_candidate.py:783}}
Aug 09 16:18:55.105723 n-d-800076-3 devstack@placement-api.service[95326]: INFO placement.requestlog [req-4f996450-a2c7-446e-b230-57e54e1c293e req-b1e4e3cd-1b36-4344-8caf-72d93267cab2 service placement] 10.222.0.82 "GET /placement/allocation_candidates?limit=1000&resources=DISK_GB%3A1%2CMEMORY_MB%3A1024%2CVCPU%3A1&root_required=%21COMPUTE_STATUS_DISABLED" status: 200 len: 1309 microversion: 1.35
Aug 09 16:18:55.110132 n-d-800076-3 devstack@placement-api.service[95326]: [pid: 95326|app: 0|req: 318/647] 10.222.0.82 () {60 vars in 1507 bytes} [Mon Aug 9 16:18:54 2021] GET /placement/allocation_candidates?limit=1000&resources=DISK_GB%3A1%2CMEMORY_MB%3A1024%2CVCPU%3A1&root_required=%21COMPUTE_STATUS_DISABLED => generated 1309 bytes in 136 msecs (HTTP/1.1 200) 8 headers in 297 bytes (1 switches on core 0)
Aug 09 16:18:55.187369 n-d-800076-3 devstack@placement-api.service[95325]: DEBUG placement.requestlog [req-4f996450-a2c7-446e-b230-57e54e1c293e req-08458ede-d87e-43d5-89ef-85b37a3750ab None None] Starting request: 10.222.0.82 "GET /placement/allocations/8bc7b2b4-ccbf-4497-a4ab-c1680b9c5b1e" {{(pid=95325) __call__ /opt/stack/placement/placement/requestlog.py:55}}
Aug 09 16:18:55.204442 n-d-800076-3 devstack@placement-api.service[95325]: INFO placement.requestlog [req-4f996450-a2c7-446e-b230-57e54e1c293e req-08458ede-d87e-43d5-89ef-85b37a3750ab service placement] 10.222.0.82 "GET /placement/allocations/8bc7b2b4-ccbf-4497-a4ab-c1680b9c5b1e" status: 200 len: 19 microversion: 1.28
Aug 09 16:18:55.205047 n-d-800076-3 devstack@placement-api.service[95325]: [pid: 95325|app: 0|req: 330/648] 10.222.0.82 () {60 vars in 1381 bytes} [Mon Aug 9 16:18:55 2021] GET /placement/allocations/8bc7b2b4-ccbf-4497-a4ab-c1680b9c5b1e => generated 19 bytes in 18 msecs (HTTP/1.1 200) 8 headers in 295 bytes (1 switches on core 0)
Aug 09 16:18:55.214953 n-d-800076-3 devstack@placement-api.service[95326]: DEBUG placement.requestlog [req-4f996450-a2c7-446e-b230-57e54e1c293e req-ed583cd4-6d2d-43ff-9c0e-7e9db0e6db97 None None] Starting request: 10.222.0.82 "PUT /placement/allocations/8bc7b2b4-ccbf-4497-a4ab-c1680b9c5b1e" {{(pid=95326) __call__ /opt/stack/placement/placement/requestlog.py:55}}
Aug 09 16:18:55.870355 n-d-800076-3 devstack@placement-api.service[95325]: DEBUG placement.requestlog [req-653aeda5-aae5-4887-8354-01a3401dc2cc req-fc6572b9-327a-47ce-8fcd-358bce9baf78 None None] Starting request: 10.222.0.82 "GET /placement/allocation_candidates?limit=1000&resources=DISK_GB%3A1%2CMEMORY_MB%3A1024%2CVCPU%3A1&root_required=%21COMPUTE_STATUS_DISABLED" {{(pid=95325) __call__ /opt/stack/placement/placement/requestlog.py:55}}
Aug 09 16:18:55.933403 n-d-800076-3 devstack@placement-api.service[95325]: DEBUG placement.objects.research_context [req-653aeda5-aae5-4887-8354-01a3401dc2cc req-fc6572b9-327a-47ce-8fcd-358bce9baf78 service placement] getting providers with 1 DISK_GB {{(pid=95325) __init__ /opt/stack/placement/placement/objects/research_context.py:126}}
Aug 09 16:18:55.941636 n-d-800076-3 devstack@placement-api.service[95325]: DEBUG placement.objects.research_context [req-653aeda5-aae5-4887-8354-01a3401dc2cc req-fc6572b9-327a-47ce-8fcd-358bce9baf78 service placement] getting providers with 1024 MEMORY_MB {{(pid=95325) __init__ /opt/stack/placement/placement/objects/research_context.py:126}}
Aug 09 16:18:55.949993 n-d-800076-3 devstack@placement-api.service[95325]: DEBUG placement.objects.research_context [req-653aeda5-aae5-4887-8354-01a3401dc2cc req-fc6572b9-327a-47ce-8fcd-358bce9baf78 service placement] getting providers with 1 VCPU {{(pid=95325) __init__ /opt/stack/placement/placement/objects/research_context.py:126}}
Aug 09 16:18:55.951409 n-d-800076-3 devstack@placement-api.service[95326]: DEBUG placement.handlers.allocation [req-4f996450-a2c7-446e-b230-57e54e1c293e req-ed583cd4-6d2d-43ff-9c0e-7e9db0e6db97 service placement] Successfully wrote allocations [, , ] {{(pid=95326) _create_allocations /opt/stack/placement/placement/handlers/allocation.py:435}}
Aug 09 16:18:55.952499 n-d-800076-3 devstack@placement-api.service[95326]: INFO placement.requestlog [req-4f996450-a2c7-446e-b230-57e54e1c293e req-ed583cd4-6d2d-43ff-9c0e-7e9db0e6db97 service placement] 10.222.0.82 "PUT /placement/allocations/8bc7b2b4-ccbf-4497-a4ab-c1680b9c5b1e" status: 204 len: 0 microversion: 1.35
Aug 09 16:18:55.953442 n-d-800076-3 devstack@placement-api.service[95326]: [pid: 95326|app: 0|req: 319/649] 10.222.0.82 () {64 vars in 1434 bytes} [Mon Aug 9 16:18:55 2021] PUT /placement/allocations/8bc7b2b4-ccbf-4497-a4ab-c1680b9c5b1e => generated 0 bytes in 739 msecs (HTTP/1.1 204) 5 headers in 199 bytes (1 switches on core 0)
Aug 09 16:18:55.969538 n-d-800076-3 devstack@placement-api.service[95325]: DEBUG placement.objects.research_context [req-653aeda5-aae5-4887-8354-01a3401dc2cc req-fc6572b9-327a-47ce-8fcd-358bce9baf78 service placement] found 2 providers with available 1 DISK_GB {{(pid=95325) get_provider_ids_matching /opt/stack/placement/placement/objects/research_context.py:549}}
Aug 09 16:18:55.970017 n-d-800076-3 devstack@placement-api.service[95325]: DEBUG placement.objects.research_context [req-653aeda5-aae5-4887-8354-01a3401dc2cc req-fc6572b9-327a-47ce-8fcd-358bce9baf78 service placement] found 2 providers with available 1024 MEMORY_MB {{(pid=95325) get_provider_ids_matching /opt/stack/placement/placement/objects/research_context.py:549}}
Aug 09 16:18:55.974409 n-d-800076-3 devstack@placement-api.service[95325]: DEBUG placement.objects.research_context [req-653aeda5-aae5-4887-8354-01a3401dc2cc req-fc6572b9-327a-47ce-8fcd-358bce9baf78 service placement] found 2 providers after filtering by previous result {{(pid=95325) get_provider_ids_matching /opt/stack/placement/placement/objects/research_context.py:580}}
Aug 09 16:18:55.974409 n-d-800076-3 devstack@placement-api.service[95325]: DEBUG placement.objects.research_context [req-653aeda5-aae5-4887-8354-01a3401dc2cc req-fc6572b9-327a-47ce-8fcd-358bce9baf78 service placement] found 2 providers with available 1 VCPU {{(pid=95325) get_provider_ids_matching /opt/stack/placement/placement/objects/research_context.py:549}}
Aug 09 16:18:55.974409 n-d-800076-3 devstack@placement-api.service[95325]: DEBUG placement.objects.research_context [req-653aeda5-aae5-4887-8354-01a3401dc2cc req-fc6572b9-327a-47ce-8fcd-358bce9baf78 service placement] found 2 providers after filtering by previous result {{(pid=95325) get_provider_ids_matching /opt/stack/placement/placement/objects/research_context.py:580}}
Aug 09 16:18:55.992128 n-d-800076-3 devstack@placement-api.service[95325]: DEBUG placement.objects.allocation_candidate [req-653aeda5-aae5-4887-8354-01a3401dc2cc req-fc6572b9-327a-47ce-8fcd-358bce9baf78 service placement] RequestGroup(use_same_provider=False, resources={DISK_GB:1, MEMORY_MB:1024, VCPU:1}, traits=[], aggregates=[]) (suffix '') returned 2 matches {{(pid=95325) _get_by_requests /opt/stack/placement/placement/objects/allocation_candidate.py:145}}
Aug 09 16:18:55.993621 n-d-800076-3 devstack@placement-api.service[95325]: DEBUG placement.objects.allocation_candidate [req-653aeda5-aae5-4887-8354-01a3401dc2cc req-fc6572b9-327a-47ce-8fcd-358bce9baf78 service placement] Merging candidates yields 2 allocation requests and 2 provider summaries {{(pid=95325) _merge_candidates /opt/stack/placement/placement/objects/allocation_candidate.py:783}}
Aug 09 16:18:55.995933 n-d-800076-3 devstack@placement-api.service[95325]: INFO placement.requestlog [req-653aeda5-aae5-4887-8354-01a3401dc2cc req-fc6572b9-327a-47ce-8fcd-358bce9baf78 service placement] 10.222.0.82 "GET /placement/allocation_candidates?limit=1000&resources=DISK_GB%3A1%2CMEMORY_MB%3A1024%2CVCPU%3A1&root_required=%21COMPUTE_STATUS_DISABLED" status: 200 len: 1309 microversion: 1.35
Aug 09 16:18:55.996845 n-d-800076-3 devstack@placement-api.service[95325]: [pid: 95325|app: 0|req: 331/650] 10.222.0.82 () {60 vars in 1507 bytes} [Mon Aug 9 16:18:55 2021] GET /placement/allocation_candidates?limit=1000&resources=DISK_GB%3A1%2CMEMORY_MB%3A1024%2CVCPU%3A1&root_required=%21COMPUTE_STATUS_DISABLED => generated 1309 bytes in 127 msecs (HTTP/1.1 200) 8 headers in 297 bytes (1 switches on core 0)
Aug 09 16:18:56.076524 n-d-800076-3 devstack@placement-api.service[95326]: DEBUG placement.requestlog [req-653aeda5-aae5-4887-8354-01a3401dc2cc req-2f4abbcd-99d7-40f4-9f48-7e9a172f8a8f None None] Starting request: 10.222.0.82 "GET /placement/allocations/723c6d81-4075-41d4-999c-8dd6d1d0e700" {{(pid=95326) __call__ /opt/stack/placement/placement/requestlog.py:55}}
Aug 09 16:18:56.092621 n-d-800076-3 devstack@placement-api.service[95326]: INFO placement.requestlog [req-653aeda5-aae5-4887-8354-01a3401dc2cc req-2f4abbcd-99d7-40f4-9f48-7e9a172f8a8f service placement] 10.222.0.82 "GET /placement/allocations/723c6d81-4075-41d4-999c-8dd6d1d0e700" status: 200 len: 19 microversion: 1.28
Aug 09 16:18:56.093659 n-d-800076-3 devstack@placement-api.service[95326]: [pid: 95326|app: 0|req: 320/651] 10.222.0.82 () {60 vars in 1381 bytes} [Mon Aug 9 16:18:56 2021] GET /placement/allocations/723c6d81-4075-41d4-999c-8dd6d1d0e700 => generated 19 bytes in 17 msecs (HTTP/1.1 200) 8 headers in 295 bytes (1 switches on core 0)
Aug 09 16:18:56.100253 n-d-800076-3 devstack@placement-api.service[95325]: DEBUG placement.requestlog [req-653aeda5-aae5-4887-8354-01a3401dc2cc req-31e73507-c3cd-4bbb-9036-8373349c780b None None] Starting request: 10.222.0.82 "PUT /placement/allocations/723c6d81-4075-41d4-999c-8dd6d1d0e700" {{(pid=95325) __call__ /opt/stack/placement/placement/requestlog.py:55}}
Aug 09 16:18:56.374131 n-d-800076-3 devstack@placement-api.service[95325]: DEBUG placement.handlers.allocation [req-653aeda5-aae5-4887-8354-01a3401dc2cc req-31e73507-c3cd-4bbb-9036-8373349c780b service placement] Successfully wrote allocations [, , ] {{(pid=95325) _create_allocations /opt/stack/placement/placement/handlers/allocation.py:435}}
Aug 09 16:18:56.375411 n-d-800076-3 devstack@placement-api.service[95325]: INFO placement.requestlog [req-653aeda5-aae5-4887-8354-01a3401dc2cc req-31e73507-c3cd-4bbb-9036-8373349c780b service placement] 10.222.0.82 "PUT /placement/allocations/723c6d81-4075-41d4-999c-8dd6d1d0e700" status: 204 len: 0 microversion: 1.35
Aug 09 16:18:56.376133 n-d-800076-3 devstack@placement-api.service[95325]: [pid: 95325|app: 0|req: 332/652] 10.222.0.82 () {64 vars in 1434 bytes} [Mon Aug 9 16:18:56 2021] PUT /placement/allocations/723c6d81-4075-41d4-999c-8dd6d1d0e700 => generated 0 bytes in 276 msecs (HTTP/1.1 204) 5 headers in 199 bytes (2 switches on core 0)
Aug 09 16:18:57.229784 n-d-800076-3 devstack@placement-api.service[95326]: DEBUG placement.requestlog [req-5bca107b-de91-4edb-a8ff-3f87bd45d27b req-a9368dc6-ee74-41ca-8bb9-e9cddafd1d84 None None] Starting request: 10.222.0.82 "GET /placement/allocation_candidates?limit=1000&resources=DISK_GB%3A1%2CMEMORY_MB%3A1024%2CVCPU%3A1&root_required=%21COMPUTE_STATUS_DISABLED" {{(pid=95326) __call__ /opt/stack/placement/placement/requestlog.py:55}}
Aug 09 16:18:57.274630 n-d-800076-3 devstack@placement-api.service[95326]: DEBUG placement.objects.research_context [req-5bca107b-de91-4edb-a8ff-3f87bd45d27b req-a9368dc6-ee74-41ca-8bb9-e9cddafd1d84 service placement] getting providers with 1 DISK_GB {{(pid=95326) __init__ /opt/stack/placement/placement/objects/research_context.py:126}}
Aug 09 16:18:57.282199 n-d-800076-3 devstack@placement-api.service[95326]: DEBUG placement.objects.research_context [req-5bca107b-de91-4edb-a8ff-3f87bd45d27b req-a9368dc6-ee74-41ca-8bb9-e9cddafd1d84 service placement] getting providers with 1024 MEMORY_MB {{(pid=95326) __init__ /opt/stack/placement/placement/objects/research_context.py:126}}
Aug 09 16:18:57.290838 n-d-800076-3 devstack@placement-api.service[95326]: DEBUG placement.objects.research_context [req-5bca107b-de91-4edb-a8ff-3f87bd45d27b req-a9368dc6-ee74-41ca-8bb9-e9cddafd1d84 service placement] getting providers with 1 VCPU {{(pid=95326) __init__ /opt/stack/placement/placement/objects/research_context.py:126}}
Aug 09 16:18:57.297895 n-d-800076-3 devstack@placement-api.service[95326]: DEBUG placement.objects.research_context [req-5bca107b-de91-4edb-a8ff-3f87bd45d27b req-a9368dc6-ee74-41ca-8bb9-e9cddafd1d84 service placement] found 2 providers with available 1 DISK_GB {{(pid=95326) get_provider_ids_matching /opt/stack/placement/placement/objects/research_context.py:549}}
Aug 09 16:18:57.310530 n-d-800076-3 devstack@placement-api.service[95326]: DEBUG placement.objects.research_context [req-5bca107b-de91-4edb-a8ff-3f87bd45d27b req-a9368dc6-ee74-41ca-8bb9-e9cddafd1d84 service placement] found 2 providers with available 1024 MEMORY_MB {{(pid=95326) get_provider_ids_matching /opt/stack/placement/placement/objects/research_context.py:549}}
Aug 09 16:18:57.310821 n-d-800076-3 devstack@placement-api.service[95326]: DEBUG placement.objects.research_context [req-5bca107b-de91-4edb-a8ff-3f87bd45d27b req-a9368dc6-ee74-41ca-8bb9-e9cddafd1d84 service placement] found 2 providers after filtering by previous result {{(pid=95326) get_provider_ids_matching /opt/stack/placement/placement/objects/research_context.py:580}}
Aug 09 16:18:57.311076 n-d-800076-3 devstack@placement-api.service[95326]: DEBUG placement.objects.research_context [req-5bca107b-de91-4edb-a8ff-3f87bd45d27b req-a9368dc6-ee74-41ca-8bb9-e9cddafd1d84 service placement] found 2 providers with available 1 VCPU {{(pid=95326) get_provider_ids_matching /opt/stack/placement/placement/objects/research_context.py:549}}
Aug 09 16:18:57.311332 n-d-800076-3 devstack@placement-api.service[95326]: DEBUG placement.objects.research_context [req-5bca107b-de91-4edb-a8ff-3f87bd45d27b req-a9368dc6-ee74-41ca-8bb9-e9cddafd1d84 service placement] found 2 providers after filtering by previous result {{(pid=95326) get_provider_ids_matching /opt/stack/placement/placement/objects/research_context.py:580}}
Aug 09 16:18:57.334587 n-d-800076-3 devstack@placement-api.service[95326]: DEBUG placement.objects.allocation_candidate [req-5bca107b-de91-4edb-a8ff-3f87bd45d27b req-a9368dc6-ee74-41ca-8bb9-e9cddafd1d84 service placement] RequestGroup(use_same_provider=False, resources={DISK_GB:1, MEMORY_MB:1024, VCPU:1}, traits=[], aggregates=[]) (suffix '') returned 2 matches {{(pid=95326) _get_by_requests /opt/stack/placement/placement/objects/allocation_candidate.py:145}}
Aug 09 16:18:57.335260 n-d-800076-3 devstack@placement-api.service[95326]: DEBUG placement.objects.allocation_candidate [req-5bca107b-de91-4edb-a8ff-3f87bd45d27b req-a9368dc6-ee74-41ca-8bb9-e9cddafd1d84 service placement] Merging candidates yields 2 allocation requests and 2 provider summaries {{(pid=95326) _merge_candidates /opt/stack/placement/placement/objects/allocation_candidate.py:783}}
Aug 09 16:18:57.336898 n-d-800076-3 devstack@placement-api.service[95326]: INFO placement.requestlog [req-5bca107b-de91-4edb-a8ff-3f87bd45d27b req-a9368dc6-ee74-41ca-8bb9-e9cddafd1d84 service placement] 10.222.0.82 "GET /placement/allocation_candidates?limit=1000&resources=DISK_GB%3A1%2CMEMORY_MB%3A1024%2CVCPU%3A1&root_required=%21COMPUTE_STATUS_DISABLED" status: 200 len: 1309 microversion: 1.35
Aug 09 16:18:57.337504 n-d-800076-3 devstack@placement-api.service[95326]: [pid: 95326|app: 0|req: 321/653] 10.222.0.82 () {60 vars in 1507 bytes} [Mon Aug 9 16:18:57 2021] GET /placement/allocation_candidates?limit=1000&resources=DISK_GB%3A1%2CMEMORY_MB%3A1024%2CVCPU%3A1&root_required=%21COMPUTE_STATUS_DISABLED => generated 1309 bytes in 108 msecs (HTTP/1.1 200) 8 headers in 297 bytes (1 switches on core 0)
Aug 09 16:18:57.423677 n-d-800076-3 devstack@placement-api.service[95325]: DEBUG placement.requestlog [req-5bca107b-de91-4edb-a8ff-3f87bd45d27b req-fe25f16a-0ff1-44e4-b5c3-3acb220b6e09 None None] Starting request: 10.222.0.82 "GET /placement/allocations/e976c234-f102-411b-a1e9-f234333d95db" {{(pid=95325) __call__ /opt/stack/placement/placement/requestlog.py:55}}
Aug 09 16:18:57.435837 n-d-800076-3 devstack@placement-api.service[95325]: INFO placement.requestlog [req-5bca107b-de91-4edb-a8ff-3f87bd45d27b req-fe25f16a-0ff1-44e4-b5c3-3acb220b6e09 service placement] 10.222.0.82 "GET /placement/allocations/e976c234-f102-411b-a1e9-f234333d95db" status: 200 len: 19 microversion: 1.28
Aug 09 16:18:57.436140 n-d-800076-3 devstack@placement-api.service[95325]: [pid: 95325|app: 0|req: 333/654] 10.222.0.82 () {60 vars in 1381 bytes} [Mon Aug 9 16:18:57 2021] GET /placement/allocations/e976c234-f102-411b-a1e9-f234333d95db => generated 19 bytes in 13 msecs (HTTP/1.1 200) 8 headers in 295 bytes (1 switches on core 0)
Aug 09 16:18:57.443229 n-d-800076-3 devstack@placement-api.service[95326]: DEBUG placement.requestlog [req-5bca107b-de91-4edb-a8ff-3f87bd45d27b req-70d17548-7116-4f53-a2e7-5ef8b22f395f None None] Starting request: 10.222.0.82 "PUT /placement/allocations/e976c234-f102-411b-a1e9-f234333d95db" {{(pid=95326) __call__ /opt/stack/placement/placement/requestlog.py:55}}
Aug 09 16:18:57.557151 n-d-800076-3 devstack@placement-api.service[95325]: DEBUG placement.requestlog [req-4f996450-a2c7-446e-b230-57e54e1c293e req-9ae6d155-bf00-4c10-9d40-8993e9b33af9 None None] Starting request: 10.222.0.91 "GET /placement/allocations/8bc7b2b4-ccbf-4497-a4ab-c1680b9c5b1e" {{(pid=95325) __call__ /opt/stack/placement/placement/requestlog.py:55}}
Aug 09 16:18:57.577676 n-d-800076-3 devstack@placement-api.service[95325]: INFO placement.requestlog [req-4f996450-a2c7-446e-b230-57e54e1c293e req-9ae6d155-bf00-4c10-9d40-8993e9b33af9 service placement] 10.222.0.91 "GET /placement/allocations/8bc7b2b4-ccbf-4497-a4ab-c1680b9c5b1e" status: 200 len: 259 microversion: 1.28
Aug 09 16:18:57.577676 n-d-800076-3 devstack@placement-api.service[95325]: [pid: 95325|app: 0|req: 334/655] 10.222.0.91 () {60 vars in 1378 bytes} [Mon Aug 9 16:18:57 2021] GET /placement/allocations/8bc7b2b4-ccbf-4497-a4ab-c1680b9c5b1e => generated 259 bytes in 19 msecs (HTTP/1.1 200) 8 headers in 296 bytes (2 switches on core 0)
Aug 09 16:18:57.969537 n-d-800076-3 devstack@placement-api.service[95325]: DEBUG placement.requestlog [req-653aeda5-aae5-4887-8354-01a3401dc2cc req-a5e3c4a0-0a1f-4cb7-acb5-4cef57700de1 None None] Starting request: 10.222.0.91 "GET /placement/allocations/723c6d81-4075-41d4-999c-8dd6d1d0e700" {{(pid=95325) __call__ /opt/stack/placement/placement/requestlog.py:55}}
Aug 09 16:18:57.998797 n-d-800076-3 devstack@placement-api.service[95325]: INFO placement.requestlog [req-653aeda5-aae5-4887-8354-01a3401dc2cc req-a5e3c4a0-0a1f-4cb7-acb5-4cef57700de1 service placement] 10.222.0.91 "GET /placement/allocations/723c6d81-4075-41d4-999c-8dd6d1d0e700" status: 200 len: 259 microversion: 1.28
Aug 09 16:18:57.999310 n-d-800076-3 devstack@placement-api.service[95325]: [pid: 95325|app: 0|req: 335/656] 10.222.0.91 () {60 vars in 1378 bytes} [Mon Aug 9 16:18:57 2021] GET /placement/allocations/723c6d81-4075-41d4-999c-8dd6d1d0e700 => generated 259 bytes in 30 msecs (HTTP/1.1 200) 8 headers in 296 bytes (2 switches on core 0)
Aug 09 16:18:58.170479 n-d-800076-3 devstack@placement-api.service[95326]: DEBUG placement.handlers.allocation [req-5bca107b-de91-4edb-a8ff-3f87bd45d27b req-70d17548-7116-4f53-a2e7-5ef8b22f395f service placement] Successfully wrote allocations [, , ] {{(pid=95326) _create_allocations /opt/stack/placement/placement/handlers/allocation.py:435}}
Aug 09 16:18:58.171777 n-d-800076-3 devstack@placement-api.service[95326]: INFO placement.requestlog [req-5bca107b-de91-4edb-a8ff-3f87bd45d27b req-70d17548-7116-4f53-a2e7-5ef8b22f395f service placement] 10.222.0.82 "PUT /placement/allocations/e976c234-f102-411b-a1e9-f234333d95db" status: 204 len: 0 microversion: 1.35
Aug 09 16:18:58.172037 n-d-800076-3 devstack@placement-api.service[95326]: [pid: 95326|app: 0|req: 322/657] 10.222.0.82 () {64 vars in 1434 bytes} [Mon Aug 9 16:18:57 2021] PUT /placement/allocations/e976c234-f102-411b-a1e9-f234333d95db => generated 0 bytes in 729 msecs (HTTP/1.1 204) 5 headers in 199 bytes (1 switches on core 0)
Aug 09 16:18:58.646223 n-d-800076-3 devstack@placement-api.service[95325]: DEBUG placement.requestlog [req-695d54a8-ed69-435c-acba-7e1234e19b75 req-109b0443-a86c-4196-ba92-80a6ce6c6e2f None None] Starting request: 10.222.0.91 "GET /placement/allocations/ed3ed077-6e05-465f-880f-dcb208280757" {{(pid=95325) __call__ /opt/stack/placement/placement/requestlog.py:55}}
Aug 09 16:18:58.685952 n-d-800076-3 devstack@placement-api.service[95325]: INFO placement.requestlog [req-695d54a8-ed69-435c-acba-7e1234e19b75 req-109b0443-a86c-4196-ba92-80a6ce6c6e2f service placement] 10.222.0.91 "GET /placement/allocations/ed3ed077-6e05-465f-880f-dcb208280757" status: 200 len: 259 microversion: 1.28
Aug 09 16:18:58.688414 n-d-800076-3 devstack@placement-api.service[95325]: [pid: 95325|app: 0|req: 336/658] 10.222.0.91 () {60 vars in 1378 bytes} [Mon Aug 9 16:18:58 2021] GET /placement/allocations/ed3ed077-6e05-465f-880f-dcb208280757 => generated 259 bytes in 43 msecs (HTTP/1.1 200) 8 headers in 296 bytes (1 switches on core 0)
Aug 09 16:18:58.697506 n-d-800076-3 devstack@placement-api.service[95326]: DEBUG placement.requestlog [req-695d54a8-ed69-435c-acba-7e1234e19b75 req-7cbf811f-c692-49ba-9366-f262b7c4b53b None None] Starting request: 10.222.0.91 "PUT /placement/allocations/ed3ed077-6e05-465f-880f-dcb208280757" {{(pid=95326) __call__ /opt/stack/placement/placement/requestlog.py:55}}
Aug 09 16:18:59.205763 n-d-800076-3 devstack@placement-api.service[95325]: DEBUG placement.requestlog [req-2af1ae7d-fa56-40c1-8a97-98d173829c68 req-df143e94-6291-4de8-9c54-3160639a41f0 None None] Starting request: 10.222.0.95 "GET /placement/resource_providers/6daa5631-baec-4527-93a6-edc9bb8b10f1/allocations" {{(pid=95325) __call__ /opt/stack/placement/placement/requestlog.py:55}}
Aug 09 16:18:59.205763 n-d-800076-3 devstack@placement-api.service[95325]: INFO placement.requestlog [req-2af1ae7d-fa56-40c1-8a97-98d173829c68 req-df143e94-6291-4de8-9c54-3160639a41f0 service placement] 10.222.0.95 "GET /placement/resource_providers/6daa5631-baec-4527-93a6-edc9bb8b10f1/allocations" status: 200 len: 356 microversion: 1.0
Aug 09 16:18:59.205763 n-d-800076-3 devstack@placement-api.service[95325]: [pid: 95325|app: 0|req: 337/659] 10.222.0.95 () {58 vars in 1391 bytes} [Mon Aug 9 16:18:58 2021] GET /placement/resource_providers/6daa5631-baec-4527-93a6-edc9bb8b10f1/allocations => generated 356 bytes in 39 msecs (HTTP/1.1 200) 6 headers in 224 bytes (1 switches on core 0)
Aug 09 16:18:59.205763 n-d-800076-3 devstack@placement-api.service[95325]: DEBUG placement.requestlog [req-ef034b33-aa23-484b-b5bf-ccea82eaa12f req-fd0601ea-f33d-4f40-8072-5e98490f3cf9 None None] Starting request: 10.222.0.82 "GET /placement/allocation_candidates?limit=1000&resources=DISK_GB%3A1%2CMEMORY_MB%3A1024%2CVCPU%3A1&root_required=%21COMPUTE_STATUS_DISABLED" {{(pid=95325) __call__ /opt/stack/placement/placement/requestlog.py:55}}
Aug 09 16:18:59.205763 n-d-800076-3 devstack@placement-api.service[95325]: DEBUG placement.objects.research_context [req-ef034b33-aa23-484b-b5bf-ccea82eaa12f req-fd0601ea-f33d-4f40-8072-5e98490f3cf9 service placement] getting providers with 1 DISK_GB {{(pid=95325) __init__ /opt/stack/placement/placement/objects/research_context.py:126}}
Aug 09 16:18:59.205763 n-d-800076-3 devstack@placement-api.service[95325]: DEBUG placement.objects.research_context [req-ef034b33-aa23-484b-b5bf-ccea82eaa12f req-fd0601ea-f33d-4f40-8072-5e98490f3cf9 service placement] getting providers with 1024 MEMORY_MB {{(pid=95325) __init__ /opt/stack/placement/placement/objects/research_context.py:126}}
Aug 09 16:18:59.205763 n-d-800076-3 devstack@placement-api.service[95325]: DEBUG placement.objects.research_context [req-ef034b33-aa23-484b-b5bf-ccea82eaa12f req-fd0601ea-f33d-4f40-8072-5e98490f3cf9 service placement] getting providers with 1 VCPU {{(pid=95325) __init__ /opt/stack/placement/placement/objects/research_context.py:126}}
Aug 09 16:18:59.205763 n-d-800076-3 devstack@placement-api.service[95325]: DEBUG placement.objects.research_context [req-ef034b33-aa23-484b-b5bf-ccea82eaa12f req-fd0601ea-f33d-4f40-8072-5e98490f3cf9 service placement] found 2 providers with available 1 DISK_GB {{(pid=95325) get_provider_ids_matching /opt/stack/placement/placement/objects/research_context.py:549}}
Aug 09 16:18:59.205763 n-d-800076-3 devstack@placement-api.service[95325]: DEBUG placement.objects.research_context [req-ef034b33-aa23-484b-b5bf-ccea82eaa12f req-fd0601ea-f33d-4f40-8072-5e98490f3cf9 service placement] found 2 providers with available 1024 MEMORY_MB {{(pid=95325) get_provider_ids_matching /opt/stack/placement/placement/objects/research_context.py:549}}
Aug 09 16:18:59.205763 n-d-800076-3 devstack@placement-api.service[95325]: DEBUG placement.objects.research_context [req-ef034b33-aa23-484b-b5bf-ccea82eaa12f req-fd0601ea-f33d-4f40-8072-5e98490f3cf9 service placement] found 2 providers after filtering by previous result {{(pid=95325) get_provider_ids_matching /opt/stack/placement/placement/objects/research_context.py:580}}
Aug 09 16:18:59.205763 n-d-800076-3 devstack@placement-api.service[95325]: DEBUG placement.objects.research_context [req-ef034b33-aa23-484b-b5bf-ccea82eaa12f req-fd0601ea-f33d-4f40-8072-5e98490f3cf9 service placement] found 2 providers with available 1 VCPU {{(pid=95325) get_provider_ids_matching /opt/stack/placement/placement/objects/research_context.py:549}}
Aug 09 16:18:59.205763 n-d-800076-3 devstack@placement-api.service[95325]: DEBUG placement.objects.research_context [req-ef034b33-aa23-484b-b5bf-ccea82eaa12f req-fd0601ea-f33d-4f40-8072-5e98490f3cf9 service placement] found 2 providers after filtering by previous result {{(pid=95325) get_provider_ids_matching /opt/stack/placement/placement/objects/research_context.py:580}}
Aug 09 16:18:59.205763 n-d-800076-3 devstack@placement-api.service[95325]: DEBUG placement.objects.allocation_candidate [req-ef034b33-aa23-484b-b5bf-ccea82eaa12f req-fd0601ea-f33d-4f40-8072-5e98490f3cf9 service placement] RequestGroup(use_same_provider=False, resources={DISK_GB:1, MEMORY_MB:1024, VCPU:1}, traits=[], aggregates=[]) (suffix '') returned 2 matches {{(pid=95325) _get_by_requests /opt/stack/placement/placement/objects/allocation_candidate.py:145}}
Aug 09 16:18:59.205763 n-d-800076-3 devstack@placement-api.service[95325]: DEBUG placement.objects.allocation_candidate [req-ef034b33-aa23-484b-b5bf-ccea82eaa12f req-fd0601ea-f33d-4f40-8072-5e98490f3cf9 service placement] Merging candidates yields 2 allocation requests and 2 provider summaries {{(pid=95325) _merge_candidates /opt/stack/placement/placement/objects/allocation_candidate.py:783}}
Aug 09 16:18:59.205763 n-d-800076-3 devstack@placement-api.service[95325]: INFO placement.requestlog [req-ef034b33-aa23-484b-b5bf-ccea82eaa12f req-fd0601ea-f33d-4f40-8072-5e98490f3cf9 service placement] 10.222.0.82 "GET /placement/allocation_candidates?limit=1000&resources=DISK_GB%3A1%2CMEMORY_MB%3A1024%2CVCPU%3A1&root_required=%21COMPUTE_STATUS_DISABLED" status: 200 len: 1309 microversion: 1.35
Aug 09 16:18:59.205763 n-d-800076-3 devstack@placement-api.service[95325]: [pid: 95325|app: 0|req: 338/660] 10.222.0.82 () {60 vars in 1507 bytes} [Mon Aug 9 16:18:58 2021] GET /placement/allocation_candidates?limit=1000&resources=DISK_GB%3A1%2CMEMORY_MB%3A1024%2CVCPU%3A1&root_required=%21COMPUTE_STATUS_DISABLED => generated 1309 bytes in 89 msecs (HTTP/1.1 200) 8 headers in 297 bytes (1 switches on core 0)
Aug 09 16:18:59.207818 n-d-800076-3 devstack@placement-api.service[95326]: DEBUG placement.handlers.allocation [req-695d54a8-ed69-435c-acba-7e1234e19b75 req-7cbf811f-c692-49ba-9366-f262b7c4b53b service placement] Successfully wrote allocations [, , ] {{(pid=95326) _create_allocations /opt/stack/placement/placement/handlers/allocation.py:435}}
Aug 09 16:18:59.207818 n-d-800076-3 devstack@placement-api.service[95326]: INFO placement.requestlog [req-695d54a8-ed69-435c-acba-7e1234e19b75 req-7cbf811f-c692-49ba-9366-f262b7c4b53b service placement] 10.222.0.91 "PUT /placement/allocations/ed3ed077-6e05-465f-880f-dcb208280757" status: 204 len: 0 microversion: 1.28
Aug 09 16:18:59.207818 n-d-800076-3 devstack@placement-api.service[95326]: [pid: 95326|app: 0|req: 323/661] 10.222.0.91 () {64 vars in 1431 bytes} [Mon Aug 9 16:18:58 2021] PUT /placement/allocations/ed3ed077-6e05-465f-880f-dcb208280757 => generated 0 bytes in 336 msecs (HTTP/1.1 204) 5 headers in 199 bytes (1 switches on core 0)
Aug 09 16:18:59.208638 n-d-800076-3 devstack@placement-api.service[95325]: DEBUG placement.requestlog [req-ef034b33-aa23-484b-b5bf-ccea82eaa12f req-d11c956c-a678-4683-b9df-57dab23fff8b None None] Starting request: 10.222.0.82 "GET /placement/allocations/baf09fff-2f19-4a02-9c0e-2a348ddb6528" {{(pid=95325) __call__ /opt/stack/placement/placement/requestlog.py:55}}
Aug 09 16:18:59.208638 n-d-800076-3 devstack@placement-api.service[95325]: INFO placement.requestlog [req-ef034b33-aa23-484b-b5bf-ccea82eaa12f req-d11c956c-a678-4683-b9df-57dab23fff8b service placement] 10.222.0.82 "GET /placement/allocations/baf09fff-2f19-4a02-9c0e-2a348ddb6528" status: 200 len: 19 microversion: 1.28
Aug 09 16:18:59.208638 n-d-800076-3 devstack@placement-api.service[95325]: [pid: 95325|app: 0|req: 339/662] 10.222.0.82 () {60 vars in 1381 bytes} [Mon Aug 9 16:18:59 2021] GET /placement/allocations/baf09fff-2f19-4a02-9c0e-2a348ddb6528 => generated 19 bytes in 55 msecs (HTTP/1.1 200) 8 headers in 295 bytes (1 switches on core 0)
Aug 09 16:18:59.209304 n-d-800076-3 devstack@placement-api.service[95326]: DEBUG placement.requestlog [req-ef034b33-aa23-484b-b5bf-ccea82eaa12f req-20cee8eb-6e41-4ffc-b100-877f85026e63 None None] Starting request: 10.222.0.82 "PUT /placement/allocations/baf09fff-2f19-4a02-9c0e-2a348ddb6528" {{(pid=95326) __call__ /opt/stack/placement/placement/requestlog.py:55}}
Aug 09 16:18:59.617401 n-d-800076-3 devstack@placement-api.service[95326]: DEBUG placement.handlers.allocation [req-ef034b33-aa23-484b-b5bf-ccea82eaa12f req-20cee8eb-6e41-4ffc-b100-877f85026e63 service placement] Successfully wrote allocations [, , ] {{(pid=95326) _create_allocations /opt/stack/placement/placement/handlers/allocation.py:435}}
