Jul 08 18:26:15.688720 n-d-800076-1 devstack@placement-api.service[94219]: DEBUG placement.objects.research_context [req-f38c2efc-acc1-44d6-83e7-b9d6e3e87441 req-e81b8d83-76eb-41bf-aacc-19436a9a18e9 service placement] found 2 providers after filtering by previous result {{(pid=94219) get_provider_ids_matching /opt/stack/placement/placement/objects/research_context.py:580}}
Jul 08 18:26:15.690716 n-d-800076-1 devstack@placement-api.service[94219]: DEBUG placement.objects.research_context [req-f38c2efc-acc1-44d6-83e7-b9d6e3e87441 req-e81b8d83-76eb-41bf-aacc-19436a9a18e9 service placement] found 2 providers with available 1 VCPU {{(pid=94219) get_provider_ids_matching /opt/stack/placement/placement/objects/research_context.py:549}}
Jul 08 18:26:15.691256 n-d-800076-1 devstack@placement-api.service[94219]: DEBUG placement.objects.research_context [req-f38c2efc-acc1-44d6-83e7-b9d6e3e87441 req-e81b8d83-76eb-41bf-aacc-19436a9a18e9 service placement] found 2 providers after filtering by previous result {{(pid=94219) get_provider_ids_matching /opt/stack/placement/placement/objects/research_context.py:580}}
Jul 08 18:26:15.715637 n-d-800076-1 devstack@placement-api.service[94219]: DEBUG placement.objects.allocation_candidate [req-f38c2efc-acc1-44d6-83e7-b9d6e3e87441 req-e81b8d83-76eb-41bf-aacc-19436a9a18e9 service placement] RequestGroup(use_same_provider=False, resources={DISK_GB:1, MEMORY_MB:1024, VCPU:1}, traits=[], aggregates=[]) (suffix '') returned 2 matches {{(pid=94219) _get_by_requests /opt/stack/placement/placement/objects/allocation_candidate.py:145}}
Jul 08 18:26:15.718251 n-d-800076-1 devstack@placement-api.service[94219]: DEBUG placement.objects.allocation_candidate [req-f38c2efc-acc1-44d6-83e7-b9d6e3e87441 req-e81b8d83-76eb-41bf-aacc-19436a9a18e9 service placement] Merging candidates yields 2 allocation requests and 2 provider summaries {{(pid=94219) _merge_candidates /opt/stack/placement/placement/objects/allocation_candidate.py:783}}
Jul 08 18:26:15.721950 n-d-800076-1 devstack@placement-api.service[94219]: INFO placement.requestlog [req-f38c2efc-acc1-44d6-83e7-b9d6e3e87441 req-e81b8d83-76eb-41bf-aacc-19436a9a18e9 service placement] 10.222.0.13 "GET /placement/allocation_candidates?limit=1000&resources=DISK_GB%3A1%2CMEMORY_MB%3A1024%2CVCPU%3A1&root_required=%21COMPUTE_STATUS_DISABLED" status: 200 len: 1309 microversion: 1.35
Jul 08 18:26:15.722416 n-d-800076-1 devstack@placement-api.service[94219]: [pid: 94219|app: 0|req: 67/132] 10.222.0.13 () {60 vars in 1507 bytes} [Thu Jul 8 18:26:15 2021] GET /placement/allocation_candidates?limit=1000&resources=DISK_GB%3A1%2CMEMORY_MB%3A1024%2CVCPU%3A1&root_required=%21COMPUTE_STATUS_DISABLED => generated 1309 bytes in 136 msecs (HTTP/1.1 200) 8 headers in 297 bytes (1 switches on core 0)
Jul 08 18:26:15.843838 n-d-800076-1 devstack@placement-api.service[94220]: DEBUG placement.requestlog [req-f38c2efc-acc1-44d6-83e7-b9d6e3e87441 req-432fbcb4-7024-4a19-b29d-b39b023a6ea8 None None] Starting request: 10.222.0.13 "GET /placement/allocations/7bfde6cb-a343-415b-918e-9d49eae4ecfc" {{(pid=94220) __call__ /opt/stack/placement/placement/requestlog.py:55}}
Jul 08 18:26:15.861048 n-d-800076-1 devstack@placement-api.service[94220]: INFO placement.requestlog [req-f38c2efc-acc1-44d6-83e7-b9d6e3e87441 req-432fbcb4-7024-4a19-b29d-b39b023a6ea8 service placement] 10.222.0.13 "GET /placement/allocations/7bfde6cb-a343-415b-918e-9d49eae4ecfc" status: 200 len: 19 microversion: 1.28
Jul 08 18:26:15.861286 n-d-800076-1 devstack@placement-api.service[94220]: [pid: 94220|app: 0|req: 66/133] 10.222.0.13 () {60 vars in 1381 bytes} [Thu Jul 8 18:26:15 2021] GET /placement/allocations/7bfde6cb-a343-415b-918e-9d49eae4ecfc => generated 19 bytes in 18 msecs (HTTP/1.1 200) 8 headers in 295 bytes (1 switches on core 0)
Jul 08 18:26:15.867940 n-d-800076-1 devstack@placement-api.service[94219]: DEBUG placement.requestlog [req-f38c2efc-acc1-44d6-83e7-b9d6e3e87441 req-64db974e-92ac-4fcd-9186-8156b2fbdb6e None None] Starting request: 10.222.0.13 "PUT /placement/allocations/7bfde6cb-a343-415b-918e-9d49eae4ecfc" {{(pid=94219) __call__ /opt/stack/placement/placement/requestlog.py:55}}
Jul 08 18:26:15.984612 n-d-800076-1 devstack@placement-api.service[94219]: DEBUG placement.handlers.allocation [req-f38c2efc-acc1-44d6-83e7-b9d6e3e87441 req-64db974e-92ac-4fcd-9186-8156b2fbdb6e service placement] Successfully wrote allocations [, , ] {{(pid=94219) _create_allocations /opt/stack/placement/placement/handlers/allocation.py:435}}
Jul 08 18:26:15.985708 n-d-800076-1 devstack@placement-api.service[94219]: INFO placement.requestlog [req-f38c2efc-acc1-44d6-83e7-b9d6e3e87441 req-64db974e-92ac-4fcd-9186-8156b2fbdb6e service placement] 10.222.0.13 "PUT /placement/allocations/7bfde6cb-a343-415b-918e-9d49eae4ecfc" status: 204 len: 0 microversion: 1.35
Jul 08 18:26:15.986303 n-d-800076-1 devstack@placement-api.service[94219]: [pid: 94219|app: 0|req: 68/134] 10.222.0.13 () {64 vars in 1434 bytes} [Thu Jul 8 18:26:15 2021] PUT /placement/allocations/7bfde6cb-a343-415b-918e-9d49eae4ecfc => generated 0 bytes in 118 msecs (HTTP/1.1 204) 5 headers in 199 bytes (1 switches on core 0)
Jul 08 18:26:16.511821 n-d-800076-1 devstack@placement-api.service[94220]: DEBUG placement.requestlog [req-f38c2efc-acc1-44d6-83e7-b9d6e3e87441 req-59d85b03-4b5b-4423-b0a3-e61ab14e6d79 None None] Starting request: 10.222.0.81 "GET /placement/allocations/7bfde6cb-a343-415b-918e-9d49eae4ecfc" {{(pid=94220) __call__ /opt/stack/placement/placement/requestlog.py:55}}
Jul 08 18:26:16.536304 n-d-800076-1 devstack@placement-api.service[94220]: INFO placement.requestlog [req-f38c2efc-acc1-44d6-83e7-b9d6e3e87441 req-59d85b03-4b5b-4423-b0a3-e61ab14e6d79 service placement] 10.222.0.81 "GET /placement/allocations/7bfde6cb-a343-415b-918e-9d49eae4ecfc" status: 200 len: 259 microversion: 1.28
Jul 08 18:26:16.536820 n-d-800076-1 devstack@placement-api.service[94220]: [pid: 94220|app: 0|req: 67/135] 10.222.0.81 () {60 vars in 1378 bytes} [Thu Jul 8 18:26:16 2021] GET /placement/allocations/7bfde6cb-a343-415b-918e-9d49eae4ecfc => generated 259 bytes in 25 msecs (HTTP/1.1 200) 8 headers in 296 bytes (1 switches on core 0)
Jul 08 18:26:18.829743 n-d-800076-1 devstack@placement-api.service[94219]: DEBUG placement.requestlog [req-e8c7f7c7-7df2-49a4-acb4-e6584b3eb2f7 req-c489a719-669f-4a39-a9d7-e12687ebfd44 None None] Starting request: 10.222.0.88 "GET /placement/resource_providers/4db88ea9-6a3e-45f0-8ecd-a1309d743265/allocations" {{(pid=94219) __call__ /opt/stack/placement/placement/requestlog.py:55}}
Jul 08 18:26:18.830575 n-d-800076-1 devstack@placement-api.service[94220]: DEBUG placement.requestlog [req-2d658ee1-0b13-4813-9f3e-b8660bc87f9f req-b64f15b5-d18d-4a56-be23-7c1836fe6380 None None] Starting request: 10.222.0.88 "GET /placement/allocations/98d226d3-346d-4c55-88aa-89dcb7be8568" {{(pid=94220) __call__ /opt/stack/placement/placement/requestlog.py:55}}
Jul 08 18:26:18.869384 n-d-800076-1 devstack@placement-api.service[94220]: INFO placement.requestlog [req-2d658ee1-0b13-4813-9f3e-b8660bc87f9f req-b64f15b5-d18d-4a56-be23-7c1836fe6380 service placement] 10.222.0.88 "GET /placement/allocations/98d226d3-346d-4c55-88aa-89dcb7be8568" status: 200 len: 259 microversion: 1.28
Jul 08 18:26:18.870814 n-d-800076-1 devstack@placement-api.service[94220]: [pid: 94220|app: 0|req: 68/136] 10.222.0.88 () {60 vars in 1378 bytes} [Thu Jul 8 18:26:18 2021] GET /placement/allocations/98d226d3-346d-4c55-88aa-89dcb7be8568 => generated 259 bytes in 41 msecs (HTTP/1.1 200) 8 headers in 296 bytes (2 switches on core 0)
Jul 08 18:26:18.878888 n-d-800076-1 devstack@placement-api.service[94220]: DEBUG placement.requestlog [req-2d658ee1-0b13-4813-9f3e-b8660bc87f9f req-abb459cd-6f63-4e91-8875-f9df3ba132a4 None None] Starting request: 10.222.0.88 "PUT /placement/allocations/98d226d3-346d-4c55-88aa-89dcb7be8568" {{(pid=94220) __call__ /opt/stack/placement/placement/requestlog.py:55}}
Jul 08 18:26:18.885795 n-d-800076-1 devstack@placement-api.service[94219]: INFO placement.requestlog [req-e8c7f7c7-7df2-49a4-acb4-e6584b3eb2f7 req-c489a719-669f-4a39-a9d7-e12687ebfd44 service placement] 10.222.0.88 "GET /placement/resource_providers/4db88ea9-6a3e-45f0-8ecd-a1309d743265/allocations" status: 200 len: 255 microversion: 1.0
Jul 08 18:26:18.886380 n-d-800076-1 devstack@placement-api.service[94219]: [pid: 94219|app: 0|req: 69/137] 10.222.0.88 () {58 vars in 1391 bytes} [Thu Jul 8 18:26:18 2021] GET /placement/resource_providers/4db88ea9-6a3e-45f0-8ecd-a1309d743265/allocations => generated 255 bytes in 57 msecs (HTTP/1.1 200) 6 headers in 224 bytes (1 switches on core 0)
Jul 08 18:26:18.974416 n-d-800076-1 devstack@placement-api.service[94220]: DEBUG placement.handlers.allocation [req-2d658ee1-0b13-4813-9f3e-b8660bc87f9f req-abb459cd-6f63-4e91-8875-f9df3ba132a4 service placement] Successfully wrote allocations [, , ] {{(pid=94220) _create_allocations /opt/stack/placement/placement/handlers/allocation.py:435}}
Jul 08 18:26:18.975033 n-d-800076-1 devstack@placement-api.service[94220]: INFO placement.requestlog [req-2d658ee1-0b13-4813-9f3e-b8660bc87f9f req-abb459cd-6f63-4e91-8875-f9df3ba132a4 service placement] 10.222.0.88 "PUT /placement/allocations/98d226d3-346d-4c55-88aa-89dcb7be8568" status: 204 len: 0 microversion: 1.28
Jul 08 18:26:18.976677 n-d-800076-1 devstack@placement-api.service[94220]: [pid: 94220|app: 0|req: 69/138] 10.222.0.88 () {64 vars in 1431 bytes} [Thu Jul 8 18:26:18 2021] PUT /placement/allocations/98d226d3-346d-4c55-88aa-89dcb7be8568 => generated 0 bytes in 98 msecs (HTTP/1.1 204) 5 headers in 199 bytes (1 switches on core 0)
Jul 08 18:26:19.245052 n-d-800076-1 devstack@placement-api.service[94219]: DEBUG placement.requestlog [req-e8c7f7c7-7df2-49a4-acb4-e6584b3eb2f7 req-623d58ae-031a-4302-b4be-7ebbe23146cc None None] Starting request: 10.222.0.88 "GET /placement/allocations/1f5ed8ed-55f2-4fb3-b92a-264249a55ee7" {{(pid=94219) __call__ /opt/stack/placement/placement/requestlog.py:55}}
Jul 08 18:26:19.265265 n-d-800076-1 devstack@placement-api.service[94219]: INFO placement.requestlog [req-e8c7f7c7-7df2-49a4-acb4-e6584b3eb2f7 req-623d58ae-031a-4302-b4be-7ebbe23146cc service placement] 10.222.0.88 "GET /placement/allocations/1f5ed8ed-55f2-4fb3-b92a-264249a55ee7" status: 200 len: 259 microversion: 1.28
Jul 08 18:26:19.265949 n-d-800076-1 devstack@placement-api.service[94219]: [pid: 94219|app: 0|req: 70/139] 10.222.0.88 () {60 vars in 1378 bytes} [Thu Jul 8 18:26:19 2021] GET /placement/allocations/1f5ed8ed-55f2-4fb3-b92a-264249a55ee7 => generated 259 bytes in 21 msecs (HTTP/1.1 200) 8 headers in 296 bytes (1 switches on core 0)
Jul 08 18:26:19.273708 n-d-800076-1 devstack@placement-api.service[94220]: DEBUG placement.requestlog [req-e8c7f7c7-7df2-49a4-acb4-e6584b3eb2f7 req-2791f372-0cc5-4e50-8286-2c7bab9e3b36 None None] Starting request: 10.222.0.88 "PUT /placement/allocations/1f5ed8ed-55f2-4fb3-b92a-264249a55ee7" {{(pid=94220) __call__ /opt/stack/placement/placement/requestlog.py:55}}
Jul 08 18:26:19.337455 n-d-800076-1 devstack@placement-api.service[94220]: DEBUG placement.handlers.allocation [req-e8c7f7c7-7df2-49a4-acb4-e6584b3eb2f7 req-2791f372-0cc5-4e50-8286-2c7bab9e3b36 service placement] Successfully wrote allocations [, , ] {{(pid=94220) _create_allocations /opt/stack/placement/placement/handlers/allocation.py:435}}
Jul 08 18:26:19.338073 n-d-800076-1 devstack@placement-api.service[94220]: INFO placement.requestlog [req-e8c7f7c7-7df2-49a4-acb4-e6584b3eb2f7 req-2791f372-0cc5-4e50-8286-2c7bab9e3b36 service placement] 10.222.0.88 "PUT /placement/allocations/1f5ed8ed-55f2-4fb3-b92a-264249a55ee7" status: 204 len: 0 microversion: 1.28
Jul 08 18:26:19.338984 n-d-800076-1 devstack@placement-api.service[94220]: [pid: 94220|app: 0|req: 70/140] 10.222.0.88 () {64 vars in 1431 bytes} [Thu Jul 8 18:26:19 2021] PUT /placement/allocations/1f5ed8ed-55f2-4fb3-b92a-264249a55ee7 => generated 0 bytes in 66 msecs (HTTP/1.1 204) 5 headers in 199 bytes (1 switches on core 0)
Jul 08 18:26:21.404209 n-d-800076-1 devstack@placement-api.service[94219]: DEBUG placement.requestlog [req-c57d61c2-04e6-43e6-b7b5-e40cf037f420 req-e531df2b-1c45-4b99-a949-464e4ab18093 None None] Starting request: 10.222.0.13 "GET /placement/allocation_candidates?limit=1000&resources=DISK_GB%3A1%2CMEMORY_MB%3A1024%2CVCPU%3A1&root_required=%21COMPUTE_STATUS_DISABLED" {{(pid=94219) __call__ /opt/stack/placement/placement/requestlog.py:55}}
Jul 08 18:26:21.438509 n-d-800076-1 devstack@placement-api.service[94219]: DEBUG placement.objects.research_context [req-c57d61c2-04e6-43e6-b7b5-e40cf037f420 req-e531df2b-1c45-4b99-a949-464e4ab18093 service placement] getting providers with 1 DISK_GB {{(pid=94219) __init__ /opt/stack/placement/placement/objects/research_context.py:126}}
Jul 08 18:26:21.445503 n-d-800076-1 devstack@placement-api.service[94219]: DEBUG placement.objects.research_context [req-c57d61c2-04e6-43e6-b7b5-e40cf037f420 req-e531df2b-1c45-4b99-a949-464e4ab18093 service placement] getting providers with 1024 MEMORY_MB {{(pid=94219) __init__ /opt/stack/placement/placement/objects/research_context.py:126}}
Jul 08 18:26:21.453626 n-d-800076-1 devstack@placement-api.service[94219]: DEBUG placement.objects.research_context [req-c57d61c2-04e6-43e6-b7b5-e40cf037f420 req-e531df2b-1c45-4b99-a949-464e4ab18093 service placement] getting providers with 1 VCPU {{(pid=94219) __init__ /opt/stack/placement/placement/objects/research_context.py:126}}
Jul 08 18:26:21.459573 n-d-800076-1 devstack@placement-api.service[94219]: DEBUG placement.objects.research_context [req-c57d61c2-04e6-43e6-b7b5-e40cf037f420 req-e531df2b-1c45-4b99-a949-464e4ab18093 service placement] found 2 providers with available 1 DISK_GB {{(pid=94219) get_provider_ids_matching /opt/stack/placement/placement/objects/research_context.py:549}}
Jul 08 18:26:21.460080 n-d-800076-1 devstack@placement-api.service[94219]: DEBUG placement.objects.research_context [req-c57d61c2-04e6-43e6-b7b5-e40cf037f420 req-e531df2b-1c45-4b99-a949-464e4ab18093 service placement] found 2 providers with available 1024 MEMORY_MB {{(pid=94219) get_provider_ids_matching /opt/stack/placement/placement/objects/research_context.py:549}}
Jul 08 18:26:21.460529 n-d-800076-1 devstack@placement-api.service[94219]: DEBUG placement.objects.research_context [req-c57d61c2-04e6-43e6-b7b5-e40cf037f420 req-e531df2b-1c45-4b99-a949-464e4ab18093 service placement] found 2 providers after filtering by previous result {{(pid=94219) get_provider_ids_matching /opt/stack/placement/placement/objects/research_context.py:580}}
Jul 08 18:26:21.460936 n-d-800076-1 devstack@placement-api.service[94219]: DEBUG placement.objects.research_context [req-c57d61c2-04e6-43e6-b7b5-e40cf037f420 req-e531df2b-1c45-4b99-a949-464e4ab18093 service placement] found 2 providers with available 1 VCPU {{(pid=94219) get_provider_ids_matching /opt/stack/placement/placement/objects/research_context.py:549}}
Jul 08 18:26:21.461346 n-d-800076-1 devstack@placement-api.service[94219]: DEBUG placement.objects.research_context [req-c57d61c2-04e6-43e6-b7b5-e40cf037f420 req-e531df2b-1c45-4b99-a949-464e4ab18093 service placement] found 2 providers after filtering by previous result {{(pid=94219) get_provider_ids_matching /opt/stack/placement/placement/objects/research_context.py:580}}
Jul 08 18:26:21.472420 n-d-800076-1 devstack@placement-api.service[94219]: DEBUG placement.objects.allocation_candidate [req-c57d61c2-04e6-43e6-b7b5-e40cf037f420 req-e531df2b-1c45-4b99-a949-464e4ab18093 service placement] RequestGroup(use_same_provider=False, resources={DISK_GB:1, MEMORY_MB:1024, VCPU:1}, traits=[], aggregates=[]) (suffix '') returned 2 matches {{(pid=94219) _get_by_requests /opt/stack/placement/placement/objects/allocation_candidate.py:145}}
Jul 08 18:26:21.473098 n-d-800076-1 devstack@placement-api.service[94219]: DEBUG placement.objects.allocation_candidate [req-c57d61c2-04e6-43e6-b7b5-e40cf037f420 req-e531df2b-1c45-4b99-a949-464e4ab18093 service placement] Merging candidates yields 2 allocation requests and 2 provider summaries {{(pid=94219) _merge_candidates /opt/stack/placement/placement/objects/allocation_candidate.py:783}}
Jul 08 18:26:21.474828 n-d-800076-1 devstack@placement-api.service[94219]: INFO placement.requestlog [req-c57d61c2-04e6-43e6-b7b5-e40cf037f420 req-e531df2b-1c45-4b99-a949-464e4ab18093 service placement] 10.222.0.13 "GET /placement/allocation_candidates?limit=1000&resources=DISK_GB%3A1%2CMEMORY_MB%3A1024%2CVCPU%3A1&root_required=%21COMPUTE_STATUS_DISABLED" status: 200 len: 1306 microversion: 1.35
Jul 08 18:26:21.475578 n-d-800076-1 devstack@placement-api.service[94219]: [pid: 94219|app: 0|req: 71/141] 10.222.0.13 () {60 vars in 1507 bytes} [Thu Jul 8 18:26:21 2021] GET /placement/allocation_candidates?limit=1000&resources=DISK_GB%3A1%2CMEMORY_MB%3A1024%2CVCPU%3A1&root_required=%21COMPUTE_STATUS_DISABLED => generated 1306 bytes in 72 msecs (HTTP/1.1 200) 8 headers in 297 bytes (1 switches on core 0)
Jul 08 18:26:21.529521 n-d-800076-1 devstack@placement-api.service[94220]: DEBUG placement.requestlog [req-c57d61c2-04e6-43e6-b7b5-e40cf037f420 req-62e3f653-3e32-4936-99a6-040f01e0b423 None None] Starting request: 10.222.0.13 "GET /placement/allocations/3468b025-3f4a-4f8c-9e76-2b423ec47976" {{(pid=94220) __call__ /opt/stack/placement/placement/requestlog.py:55}}
Jul 08 18:26:21.540432 n-d-800076-1 devstack@placement-api.service[94220]: INFO placement.requestlog [req-c57d61c2-04e6-43e6-b7b5-e40cf037f420 req-62e3f653-3e32-4936-99a6-040f01e0b423 service placement] 10.222.0.13 "GET /placement/allocations/3468b025-3f4a-4f8c-9e76-2b423ec47976" status: 200 len: 19 microversion: 1.28
Jul 08 18:26:21.545121 n-d-800076-1 devstack@placement-api.service[94220]: [pid: 94220|app: 0|req: 71/142] 10.222.0.13 () {60 vars in 1381 bytes} [Thu Jul 8 18:26:21 2021] GET /placement/allocations/3468b025-3f4a-4f8c-9e76-2b423ec47976 => generated 19 bytes in 15 msecs (HTTP/1.1 200) 8 headers in 295 bytes (1 switches on core 0)
Jul 08 18:26:21.546230 n-d-800076-1 devstack@placement-api.service[94219]: DEBUG placement.requestlog [req-c57d61c2-04e6-43e6-b7b5-e40cf037f420 req-a7cedd57-0eb6-4565-bbe1-0dbba65ab9ed None None] Starting request: 10.222.0.13 "PUT /placement/allocations/3468b025-3f4a-4f8c-9e76-2b423ec47976" {{(pid=94219) __call__ /opt/stack/placement/placement/requestlog.py:55}}
Jul 08 18:26:21.614693 n-d-800076-1 devstack@placement-api.service[94219]: DEBUG placement.handlers.allocation [req-c57d61c2-04e6-43e6-b7b5-e40cf037f420 req-a7cedd57-0eb6-4565-bbe1-0dbba65ab9ed service placement] Successfully wrote allocations [, , ] {{(pid=94219) _create_allocations /opt/stack/placement/placement/handlers/allocation.py:435}}
Jul 08 18:26:21.615423 n-d-800076-1 devstack@placement-api.service[94219]: INFO placement.requestlog [req-c57d61c2-04e6-43e6-b7b5-e40cf037f420 req-a7cedd57-0eb6-4565-bbe1-0dbba65ab9ed service placement] 10.222.0.13 "PUT /placement/allocations/3468b025-3f4a-4f8c-9e76-2b423ec47976" status: 204 len: 0 microversion: 1.35
Jul 08 18:26:21.617529 n-d-800076-1 devstack@placement-api.service[94219]: [pid: 94219|app: 0|req: 72/143] 10.222.0.13 () {64 vars in 1434 bytes} [Thu Jul 8 18:26:21 2021] PUT /placement/allocations/3468b025-3f4a-4f8c-9e76-2b423ec47976 => generated 0 bytes in 71 msecs (HTTP/1.1 204) 5 headers in 199 bytes (1 switches on core 0)
Jul 08 18:26:22.041439 n-d-800076-1 devstack@placement-api.service[94220]: DEBUG placement.requestlog [req-c57d61c2-04e6-43e6-b7b5-e40cf037f420 req-ccaa2796-633f-4ba4-a30e-35211e0ee562 None None] Starting request: 10.222.0.88 "GET /placement/allocations/3468b025-3f4a-4f8c-9e76-2b423ec47976" {{(pid=94220) __call__ /opt/stack/placement/placement/requestlog.py:55}}
Jul 08 18:26:22.076822 n-d-800076-1 devstack@placement-api.service[94220]: INFO placement.requestlog [req-c57d61c2-04e6-43e6-b7b5-e40cf037f420 req-ccaa2796-633f-4ba4-a30e-35211e0ee562 service placement] 10.222.0.88 "GET /placement/allocations/3468b025-3f4a-4f8c-9e76-2b423ec47976" status: 200 len: 259 microversion: 1.28
Jul 08 18:26:22.077218 n-d-800076-1 devstack@placement-api.service[94220]: [pid: 94220|app: 0|req: 72/144] 10.222.0.88 () {60 vars in 1378 bytes} [Thu Jul 8 18:26:22 2021] GET /placement/allocations/3468b025-3f4a-4f8c-9e76-2b423ec47976 => generated 259 bytes in 36 msecs (HTTP/1.1 200) 8 headers in 296 bytes (1 switches on core 0)
Jul 08 18:26:22.114179 n-d-800076-1 devstack@placement-api.service[94219]: DEBUG placement.requestlog [req-afde9feb-2023-46ed-a36d-270fd1193514 req-e121565e-1648-4a5d-be39-b77b304b76c6 None None] Starting request: 10.222.0.13 "GET /placement/allocation_candidates?limit=1000&resources=DISK_GB%3A1%2CMEMORY_MB%3A1024%2CVCPU%3A1&root_required=%21COMPUTE_STATUS_DISABLED" {{(pid=94219) __call__ /opt/stack/placement/placement/requestlog.py:55}}
Jul 08 18:26:22.171175 n-d-800076-1 devstack@placement-api.service[94219]: DEBUG placement.objects.research_context [req-afde9feb-2023-46ed-a36d-270fd1193514 req-e121565e-1648-4a5d-be39-b77b304b76c6 service placement] getting providers with 1 DISK_GB {{(pid=94219) __init__ /opt/stack/placement/placement/objects/research_context.py:126}}
Jul 08 18:26:22.177583 n-d-800076-1 devstack@placement-api.service[94219]: DEBUG placement.objects.research_context [req-afde9feb-2023-46ed-a36d-270fd1193514 req-e121565e-1648-4a5d-be39-b77b304b76c6 service placement] getting providers with 1024 MEMORY_MB {{(pid=94219) __init__ /opt/stack/placement/placement/objects/research_context.py:126}}
Jul 08 18:26:22.184192 n-d-800076-1 devstack@placement-api.service[94219]: DEBUG placement.objects.research_context [req-afde9feb-2023-46ed-a36d-270fd1193514 req-e121565e-1648-4a5d-be39-b77b304b76c6 service placement] getting providers with 1 VCPU {{(pid=94219) __init__ /opt/stack/placement/placement/objects/research_context.py:126}}
Jul 08 18:26:22.189630 n-d-800076-1 devstack@placement-api.service[94219]: DEBUG placement.objects.research_context [req-afde9feb-2023-46ed-a36d-270fd1193514 req-e121565e-1648-4a5d-be39-b77b304b76c6 service placement] found 2 providers with available 1 DISK_GB {{(pid=94219) get_provider_ids_matching /opt/stack/placement/placement/objects/research_context.py:549}}
Jul 08 18:26:22.189907 n-d-800076-1 devstack@placement-api.service[94219]: DEBUG placement.objects.research_context [req-afde9feb-2023-46ed-a36d-270fd1193514 req-e121565e-1648-4a5d-be39-b77b304b76c6 service placement] found 2 providers with available 1024 MEMORY_MB {{(pid=94219) get_provider_ids_matching /opt/stack/placement/placement/objects/research_context.py:549}}
Jul 08 18:26:22.190181 n-d-800076-1 devstack@placement-api.service[94219]: DEBUG placement.objects.research_context [req-afde9feb-2023-46ed-a36d-270fd1193514 req-e121565e-1648-4a5d-be39-b77b304b76c6 service placement] found 2 providers after filtering by previous result {{(pid=94219) get_provider_ids_matching /opt/stack/placement/placement/objects/research_context.py:580}}
Jul 08 18:26:22.190434 n-d-800076-1 devstack@placement-api.service[94219]: DEBUG placement.objects.research_context [req-afde9feb-2023-46ed-a36d-270fd1193514 req-e121565e-1648-4a5d-be39-b77b304b76c6 service placement] found 2 providers with available 1 VCPU {{(pid=94219) get_provider_ids_matching /opt/stack/placement/placement/objects/research_context.py:549}}
Jul 08 18:26:22.190882 n-d-800076-1 devstack@placement-api.service[94219]: DEBUG placement.objects.research_context [req-afde9feb-2023-46ed-a36d-270fd1193514 req-e121565e-1648-4a5d-be39-b77b304b76c6 service placement] found 2 providers after filtering by previous result {{(pid=94219) get_provider_ids_matching /opt/stack/placement/placement/objects/research_context.py:580}}
Jul 08 18:26:22.203934 n-d-800076-1 devstack@placement-api.service[94219]: DEBUG placement.objects.allocation_candidate [req-afde9feb-2023-46ed-a36d-270fd1193514 req-e121565e-1648-4a5d-be39-b77b304b76c6 service placement] RequestGroup(use_same_provider=False, resources={DISK_GB:1, MEMORY_MB:1024, VCPU:1}, traits=[], aggregates=[]) (suffix '') returned 2 matches {{(pid=94219) _get_by_requests /opt/stack/placement/placement/objects/allocation_candidate.py:145}}
Jul 08 18:26:22.211212 n-d-800076-1 devstack@placement-api.service[94219]: DEBUG placement.objects.allocation_candidate [req-afde9feb-2023-46ed-a36d-270fd1193514 req-e121565e-1648-4a5d-be39-b77b304b76c6 service placement] Merging candidates yields 2 allocation requests and 2 provider summaries {{(pid=94219) _merge_candidates /opt/stack/placement/placement/objects/allocation_candidate.py:783}}
Jul 08 18:26:22.215963 n-d-800076-1 devstack@placement-api.service[94219]: INFO placement.requestlog [req-afde9feb-2023-46ed-a36d-270fd1193514 req-e121565e-1648-4a5d-be39-b77b304b76c6 service placement] 10.222.0.13 "GET /placement/allocation_candidates?limit=1000&resources=DISK_GB%3A1%2CMEMORY_MB%3A1024%2CVCPU%3A1&root_required=%21COMPUTE_STATUS_DISABLED" status: 200 len: 1309 microversion: 1.35
Jul 08 18:26:22.216582 n-d-800076-1 devstack@placement-api.service[94219]: [pid: 94219|app: 0|req: 73/145] 10.222.0.13 () {60 vars in 1507 bytes} [Thu Jul 8 18:26:22 2021] GET /placement/allocation_candidates?limit=1000&resources=DISK_GB%3A1%2CMEMORY_MB%3A1024%2CVCPU%3A1&root_required=%21COMPUTE_STATUS_DISABLED => generated 1309 bytes in 102 msecs (HTTP/1.1 200) 8 headers in 297 bytes (1 switches on core 0)
Jul 08 18:26:22.299047 n-d-800076-1 devstack@placement-api.service[94220]: DEBUG placement.requestlog [req-afde9feb-2023-46ed-a36d-270fd1193514 req-1eb9c597-6dfd-4210-89b5-c3cf66caec34 None None] Starting request: 10.222.0.13 "GET /placement/allocations/f9a1b44b-9bd0-4582-b486-02efc77d9844" {{(pid=94220) __call__ /opt/stack/placement/placement/requestlog.py:55}}
Jul 08 18:26:22.321299 n-d-800076-1 devstack@placement-api.service[94220]: INFO placement.requestlog [req-afde9feb-2023-46ed-a36d-270fd1193514 req-1eb9c597-6dfd-4210-89b5-c3cf66caec34 service placement] 10.222.0.13 "GET /placement/allocations/f9a1b44b-9bd0-4582-b486-02efc77d9844" status: 200 len: 19 microversion: 1.28
Jul 08 18:26:22.321661 n-d-800076-1 devstack@placement-api.service[94220]: [pid: 94220|app: 0|req: 73/146] 10.222.0.13 () {60 vars in 1381 bytes} [Thu Jul 8 18:26:22 2021] GET /placement/allocations/f9a1b44b-9bd0-4582-b486-02efc77d9844 => generated 19 bytes in 23 msecs (HTTP/1.1 200) 8 headers in 295 bytes (1 switches on core 0)
Jul 08 18:26:22.327673 n-d-800076-1 devstack@placement-api.service[94219]: DEBUG placement.requestlog [req-afde9feb-2023-46ed-a36d-270fd1193514 req-c2e649a7-234a-4529-8776-bc081c08d3dd None None] Starting request: 10.222.0.13 "PUT /placement/allocations/f9a1b44b-9bd0-4582-b486-02efc77d9844" {{(pid=94219) __call__ /opt/stack/placement/placement/requestlog.py:55}}
Jul 08 18:26:22.399198 n-d-800076-1 devstack@placement-api.service[94219]: DEBUG placement.handlers.allocation [req-afde9feb-2023-46ed-a36d-270fd1193514 req-c2e649a7-234a-4529-8776-bc081c08d3dd service placement] Successfully wrote allocations [, , ] {{(pid=94219) _create_allocations /opt/stack/placement/placement/handlers/allocation.py:435}}
Jul 08 18:26:22.399902 n-d-800076-1 devstack@placement-api.service[94219]: INFO placement.requestlog [req-afde9feb-2023-46ed-a36d-270fd1193514 req-c2e649a7-234a-4529-8776-bc081c08d3dd service placement] 10.222.0.13 "PUT /placement/allocations/f9a1b44b-9bd0-4582-b486-02efc77d9844" status: 204 len: 0 microversion: 1.35
Jul 08 18:26:22.400314 n-d-800076-1 devstack@placement-api.service[94219]: [pid: 94219|app: 0|req: 74/147] 10.222.0.13 () {64 vars in 1434 bytes} [Thu Jul 8 18:26:22 2021] PUT /placement/allocations/f9a1b44b-9bd0-4582-b486-02efc77d9844 => generated 0 bytes in 73 msecs (HTTP/1.1 204) 5 headers in 199 bytes (1 switches on core 0)
Jul 08 18:26:22.931210 n-d-800076-1 devstack@placement-api.service[94220]: DEBUG placement.requestlog [req-afde9feb-2023-46ed-a36d-270fd1193514 req-3dde7d2f-935e-40df-8202-773d24ff93fc None None] Starting request: 10.222.0.88 "GET /placement/allocations/f9a1b44b-9bd0-4582-b486-02efc77d9844" {{(pid=94220) __call__ /opt/stack/placement/placement/requestlog.py:55}}
Jul 08 18:26:22.953868 n-d-800076-1 devstack@placement-api.service[94220]: INFO placement.requestlog [req-afde9feb-2023-46ed-a36d-270fd1193514 req-3dde7d2f-935e-40df-8202-773d24ff93fc service placement] 10.222.0.88 "GET /placement/allocations/f9a1b44b-9bd0-4582-b486-02efc77d9844" status: 200 len: 259 microversion: 1.28
Jul 08 18:26:22.954574 n-d-800076-1 devstack@placement-api.service[94220]: [pid: 94220|app: 0|req: 74/148] 10.222.0.88 () {60 vars in 1378 bytes} [Thu Jul 8 18:26:22 2021] GET /placement/allocations/f9a1b44b-9bd0-4582-b486-02efc77d9844 => generated 259 bytes in 23 msecs (HTTP/1.1 200) 8 headers in 296 bytes (1 switches on core 0)
Jul 08 18:26:30.997685 n-d-800076-1 devstack@placement-api.service[94219]: DEBUG placement.requestlog [None req-36686c2d-bec2-4eea-9b08-3499a1cb76a4 None None] Starting request: 10.222.0.13 "GET /placement/" {{(pid=94219) __call__ /opt/stack/placement/placement/requestlog.py:55}}
Jul 08 18:26:30.998831 n-d-800076-1 devstack@placement-api.service[94219]: INFO placement.requestlog [None req-36686c2d-bec2-4eea-9b08-3499a1cb76a4 None None] 10.222.0.13 "GET /placement/" status: 200 len: 136 microversion: 1.0
Jul 08 18:26:30.999070 n-d-800076-1 devstack@placement-api.service[94219]: [pid: 94219|app: 0|req: 75/149] 10.222.0.13 () {54 vars in 916 bytes} [Thu Jul 8 18:26:30 2021] GET /placement => generated 136 bytes in 2 msecs (HTTP/1.1 200) 6 headers in 224 bytes (1 switches on core 0)
Jul 08 18:26:31.011429 n-d-800076-1 devstack@placement-api.service[94220]: DEBUG placement.requestlog [req-3df10ffb-559a-4d72-8440-ba57062abe9a req-d88a1c69-8d93-40ab-8c2d-44f7fd324110 None None] Starting request: 10.222.0.13 "GET /placement/allocations/7bfde6cb-a343-415b-918e-9d49eae4ecfc" {{(pid=94220) __call__ /opt/stack/placement/placement/requestlog.py:55}}
Jul 08 18:26:31.291991 n-d-800076-1 devstack@placement-api.service[94220]: INFO placement.requestlog [req-3df10ffb-559a-4d72-8440-ba57062abe9a req-d88a1c69-8d93-40ab-8c2d-44f7fd324110 service placement] 10.222.0.13 "GET /placement/allocations/7bfde6cb-a343-415b-918e-9d49eae4ecfc" status: 200 len: 259 microversion: 1.28
Jul 08 18:26:31.298082 n-d-800076-1 devstack@placement-api.service[94219]: DEBUG placement.requestlog [req-3df10ffb-559a-4d72-8440-ba57062abe9a req-8a1dd136-bb69-43a9-8878-66dca60ecf84 None None] Starting request: 10.222.0.13 "GET /placement/allocations/7bfde6cb-a343-415b-918e-9d49eae4ecfc" {{(pid=94219) __call__ /opt/stack/placement/placement/requestlog.py:55}}
Jul 08 18:26:31.307967 n-d-800076-1 devstack@placement-api.service[94220]: [pid: 94220|app: 0|req: 75/150] 10.222.0.13 () {60 vars in 1381 bytes} [Thu Jul 8 18:26:31 2021] GET /placement/allocations/7bfde6cb-a343-415b-918e-9d49eae4ecfc => generated 259 bytes in 298 msecs (HTTP/1.1 200) 8 headers in 296 bytes (1 switches on core 0)
Jul 08 18:26:31.315069 n-d-800076-1 devstack@placement-api.service[94219]: INFO placement.requestlog [req-3df10ffb-559a-4d72-8440-ba57062abe9a req-8a1dd136-bb69-43a9-8878-66dca60ecf84 service placement] 10.222.0.13 "GET /placement/allocations/7bfde6cb-a343-415b-918e-9d49eae4ecfc" status: 200 len: 259 microversion: 1.28
Jul 08 18:26:31.321613 n-d-800076-1 devstack@placement-api.service[94220]: DEBUG placement.requestlog [req-3df10ffb-559a-4d72-8440-ba57062abe9a req-ea811de6-3bbb-4fdc-be80-aec4819fc479 None None] Starting request: 10.222.0.13 "GET /placement/allocations/e6683ff4-3c1d-4b6f-8566-cb478ea99b23" {{(pid=94220) __call__ /opt/stack/placement/placement/requestlog.py:55}}
Jul 08 18:26:31.332013 n-d-800076-1 devstack@placement-api.service[94219]: [pid: 94219|app: 0|req: 76/151] 10.222.0.13 () {60 vars in 1381 bytes} [Thu Jul 8 18:26:31 2021] GET /placement/allocations/7bfde6cb-a343-415b-918e-9d49eae4ecfc => generated 259 bytes in 31 msecs (HTTP/1.1 200) 8 headers in 296 bytes (1 switches on core 0)
Jul 08 18:26:31.336782 n-d-800076-1 devstack@placement-api.service[94220]: INFO placement.requestlog [req-3df10ffb-559a-4d72-8440-ba57062abe9a req-ea811de6-3bbb-4fdc-be80-aec4819fc479 service placement] 10.222.0.13 "GET /placement/allocations/e6683ff4-3c1d-4b6f-8566-cb478ea99b23" status: 200 len: 19 microversion: 1.28
Jul 08 18:26:31.337173 n-d-800076-1 devstack@placement-api.service[94220]: [pid: 94220|app: 0|req: 76/152] 10.222.0.13 () {60 vars in 1381 bytes} [Thu Jul 8 18:26:31 2021] GET /placement/allocations/e6683ff4-3c1d-4b6f-8566-cb478ea99b23 => generated 19 bytes in 16 msecs (HTTP/1.1 200) 8 headers in 295 bytes (1 switches on core 0)
Jul 08 18:26:31.343388 n-d-800076-1 devstack@placement-api.service[94219]: DEBUG placement.requestlog [req-3df10ffb-559a-4d72-8440-ba57062abe9a req-f88e9340-c044-44e7-8338-2d0f14bdf39f None None] Starting request: 10.222.0.13 "POST /placement/allocations" {{(pid=94219) __call__ /opt/stack/placement/placement/requestlog.py:55}}
Jul 08 18:26:31.466140 n-d-800076-1 devstack@placement-api.service[94219]: DEBUG placement.handlers.allocation [req-3df10ffb-559a-4d72-8440-ba57062abe9a req-f88e9340-c044-44e7-8338-2d0f14bdf39f service placement] Successfully wrote allocations [, , , , , ] {{(pid=94219) _create_allocations /opt/stack/placement/placement/handlers/allocation.py:524}}
Jul 08 18:26:31.466712 n-d-800076-1 devstack@placement-api.service[94219]: INFO placement.requestlog [req-3df10ffb-559a-4d72-8440-ba57062abe9a req-f88e9340-c044-44e7-8338-2d0f14bdf39f service placement] 10.222.0.13 "POST /placement/allocations" status: 204 len: 0 microversion: 1.28
Jul 08 18:26:31.466978 n-d-800076-1 devstack@placement-api.service[94219]: [pid: 94219|app: 0|req: 77/153] 10.222.0.13 () {64 vars in 1324 bytes} [Thu Jul 8 18:26:31 2021] POST /placement/allocations => generated 0 bytes in 124 msecs (HTTP/1.1 204) 5 headers in 199 bytes (2 switches on core 0)
Jul 08 18:26:31.511787 n-d-800076-1 devstack@placement-api.service[94220]: DEBUG placement.requestlog [req-3df10ffb-559a-4d72-8440-ba57062abe9a req-257cef07-e12e-4125-96c0-20d6916d53c7 None None] Starting request: 10.222.0.13 "GET /placement/allocations/7bfde6cb-a343-415b-918e-9d49eae4ecfc" {{(pid=94220) __call__ /opt/stack/placement/placement/requestlog.py:55}}
Jul 08 18:26:31.522725 n-d-800076-1 devstack@placement-api.service[94220]: INFO placement.requestlog [req-3df10ffb-559a-4d72-8440-ba57062abe9a req-257cef07-e12e-4125-96c0-20d6916d53c7 service placement] 10.222.0.13 "GET /placement/allocations/7bfde6cb-a343-415b-918e-9d49eae4ecfc" status: 200 len: 19 microversion: 1.28
Jul 08 18:26:31.523223 n-d-800076-1 devstack@placement-api.service[94220]: [pid: 94220|app: 0|req: 77/154] 10.222.0.13 () {60 vars in 1381 bytes} [Thu Jul 8 18:26:31 2021] GET /placement/allocations/7bfde6cb-a343-415b-918e-9d49eae4ecfc => generated 19 bytes in 12 msecs (HTTP/1.1 200) 8 headers in 295 bytes (2 switches on core 0)
Jul 08 18:26:31.528784 n-d-800076-1 devstack@placement-api.service[94219]: DEBUG placement.requestlog [req-3df10ffb-559a-4d72-8440-ba57062abe9a req-9133c7fb-557b-43dc-aee5-1265d28d9ad1 None None] Starting request: 10.222.0.13 "PUT /placement/allocations/7bfde6cb-a343-415b-918e-9d49eae4ecfc" {{(pid=94219) __call__ /opt/stack/placement/placement/requestlog.py:55}}
Jul 08 18:26:31.598003 n-d-800076-1 devstack@placement-api.service[94219]: DEBUG placement.handlers.allocation [req-3df10ffb-559a-4d72-8440-ba57062abe9a req-9133c7fb-557b-43dc-aee5-1265d28d9ad1 service placement] Successfully wrote allocations [, , ] {{(pid=94219) _create_allocations /opt/stack/placement/placement/handlers/allocation.py:435}}
Jul 08 18:26:31.599134 n-d-800076-1 devstack@placement-api.service[94219]: INFO placement.requestlog [req-3df10ffb-559a-4d72-8440-ba57062abe9a req-9133c7fb-557b-43dc-aee5-1265d28d9ad1 service placement] 10.222.0.13 "PUT /placement/allocations/7bfde6cb-a343-415b-918e-9d49eae4ecfc" status: 204 len: 0 microversion: 1.28
Jul 08 18:26:31.600153 n-d-800076-1 devstack@placement-api.service[94219]: [pid: 94219|app: 0|req: 78/155] 10.222.0.13 () {64 vars in 1434 bytes} [Thu Jul 8 18:26:31 2021] PUT /placement/allocations/7bfde6cb-a343-415b-918e-9d49eae4ecfc => generated 0 bytes in 71 msecs (HTTP/1.1 204) 5 headers in 199 bytes (2 switches on core 0)
Jul 08 18:26:31.734142 n-d-800076-1 devstack@placement-api.service[94220]: DEBUG placement.requestlog [req-3df10ffb-559a-4d72-8440-ba57062abe9a req-c15df7c4-5eea-4726-a7e4-20f5233d9d29 None None] Starting request: 10.222.0.88 "GET /placement/allocations/7bfde6cb-a343-415b-918e-9d49eae4ecfc" {{(pid=94220) __call__ /opt/stack/placement/placement/requestlog.py:55}}
Jul 08 18:26:31.816782 n-d-800076-1 devstack@placement-api.service[94220]: INFO placement.requestlog [req-3df10ffb-559a-4d72-8440-ba57062abe9a req-c15df7c4-5eea-4726-a7e4-20f5233d9d29 service placement] 10.222.0.88 "GET /placement/allocations/7bfde6cb-a343-415b-918e-9d49eae4ecfc" status: 200 len: 259 microversion: 1.28
Jul 08 18:26:31.817702 n-d-800076-1 devstack@placement-api.service[94220]: [pid: 94220|app: 0|req: 78/156] 10.222.0.88 () {60 vars in 1378 bytes} [Thu Jul 8 18:26:31 2021] GET /placement/allocations/7bfde6cb-a343-415b-918e-9d49eae4ecfc => generated 259 bytes in 84 msecs (HTTP/1.1 200) 8 headers in 296 bytes (1 switches on core 0)
Jul 08 18:26:38.800907 n-d-800076-1 devstack@placement-api.service[94219]: DEBUG placement.requestlog [None req-4758a9c8-5ba1-4224-9ab0-b080b2d3753d None None] Starting request: 10.222.0.13 "GET /placement/" {{(pid=94219) __call__ /opt/stack/placement/placement/requestlog.py:55}}
Jul 08 18:26:38.803451 n-d-800076-1 devstack@placement-api.service[94219]: INFO placement.requestlog [None req-4758a9c8-5ba1-4224-9ab0-b080b2d3753d None None] 10.222.0.13 "GET /placement/" status: 200 len: 136 microversion: 1.0
Jul 08 18:26:38.804427 n-d-800076-1 devstack@placement-api.service[94219]: [pid: 94219|app: 0|req: 79/157] 10.222.0.13 () {54 vars in 916 bytes} [Thu Jul 8 18:26:38 2021] GET /placement => generated 136 bytes in 4 msecs (HTTP/1.1 200) 6 headers in 224 bytes (1 switches on core 0)
Jul 08 18:26:38.814242 n-d-800076-1 devstack@placement-api.service[94220]: DEBUG placement.requestlog [req-ddafe471-a6c6-4720-b526-9142d6794a65 req-ff0bf743-7f4c-4f6a-8f66-60d578d9cfb6 None None] Starting request: 10.222.0.13 "GET /placement/allocations/f9a1b44b-9bd0-4582-b486-02efc77d9844" {{(pid=94220) __call__ /opt/stack/placement/placement/requestlog.py:55}}
Jul 08 18:26:38.979097 n-d-800076-1 devstack@placement-api.service[94220]: INFO placement.requestlog [req-ddafe471-a6c6-4720-b526-9142d6794a65 req-ff0bf743-7f4c-4f6a-8f66-60d578d9cfb6 service placement] 10.222.0.13 "GET /placement/allocations/f9a1b44b-9bd0-4582-b486-02efc77d9844" status: 200 len: 259 microversion: 1.28
Jul 08 18:26:38.979896 n-d-800076-1 devstack@placement-api.service[94220]: [pid: 94220|app: 0|req: 79/158] 10.222.0.13 () {60 vars in 1381 bytes} [Thu Jul 8 18:26:38 2021] GET /placement/allocations/f9a1b44b-9bd0-4582-b486-02efc77d9844 => generated 259 bytes in 166 msecs (HTTP/1.1 200) 8 headers in 296 bytes (1 switches on core 0)
Jul 08 18:26:38.986778 n-d-800076-1 devstack@placement-api.service[94219]: DEBUG placement.requestlog [req-ddafe471-a6c6-4720-b526-9142d6794a65 req-422e20dd-c785-4055-86e8-77eb30e1d21e None None] Starting request: 10.222.0.13 "GET /placement/allocations/f9a1b44b-9bd0-4582-b486-02efc77d9844" {{(pid=94219) __call__ /opt/stack/placement/placement/requestlog.py:55}}
Jul 08 18:26:39.013878 n-d-800076-1 devstack@placement-api.service[94219]: INFO placement.requestlog [req-ddafe471-a6c6-4720-b526-9142d6794a65 req-422e20dd-c785-4055-86e8-77eb30e1d21e service placement] 10.222.0.13 "GET /placement/allocations/f9a1b44b-9bd0-4582-b486-02efc77d9844" status: 200 len: 259 microversion: 1.28
Jul 08 18:26:39.014353 n-d-800076-1 devstack@placement-api.service[94219]: [pid: 94219|app: 0|req: 80/159] 10.222.0.13 () {60 vars in 1381 bytes} [Thu Jul 8 18:26:38 2021] GET /placement/allocations/f9a1b44b-9bd0-4582-b486-02efc77d9844 => generated 259 bytes in 28 msecs (HTTP/1.1 200) 8 headers in 296 bytes (2 switches on core 0)
Jul 08 18:26:39.022784 n-d-800076-1 devstack@placement-api.service[94220]: DEBUG placement.requestlog [req-ddafe471-a6c6-4720-b526-9142d6794a65 req-3f18531c-6633-4c56-832d-b69237351f18 None None] Starting request: 10.222.0.13 "GET /placement/allocations/8d7d799a-bac7-415a-9be6-5678faf823a1" {{(pid=94220) __call__ /opt/stack/placement/placement/requestlog.py:55}}
Jul 08 18:26:39.039160 n-d-800076-1 devstack@placement-api.service[94220]: INFO placement.requestlog [req-ddafe471-a6c6-4720-b526-9142d6794a65 req-3f18531c-6633-4c56-832d-b69237351f18 service placement] 10.222.0.13 "GET /placement/allocations/8d7d799a-bac7-415a-9be6-5678faf823a1" status: 200 len: 19 microversion: 1.28
Jul 08 18:26:39.040154 n-d-800076-1 devstack@placement-api.service[94220]: [pid: 94220|app: 0|req: 80/160] 10.222.0.13 () {60 vars in 1381 bytes} [Thu Jul 8 18:26:39 2021] GET /placement/allocations/8d7d799a-bac7-415a-9be6-5678faf823a1 => generated 19 bytes in 18 msecs (HTTP/1.1 200) 8 headers in 295 bytes (2 switches on core 0)
Jul 08 18:26:39.045798 n-d-800076-1 devstack@placement-api.service[94219]: DEBUG placement.requestlog [req-ddafe471-a6c6-4720-b526-9142d6794a65 req-c9c47425-aa6c-498e-baaa-b9fb5ff97f35 None None] Starting request: 10.222.0.13 "POST /placement/allocations" {{(pid=94219) __call__ /opt/stack/placement/placement/requestlog.py:55}}
Jul 08 18:26:39.303696 n-d-800076-1 devstack@placement-api.service[94219]: DEBUG placement.handlers.allocation [req-ddafe471-a6c6-4720-b526-9142d6794a65 req-c9c47425-aa6c-498e-baaa-b9fb5ff97f35 service placement] Successfully wrote allocations [, , , , , ] {{(pid=94219) _create_allocations /opt/stack/placement/placement/handlers/allocation.py:524}}
Jul 08 18:26:39.304465 n-d-800076-1 devstack@placement-api.service[94219]: INFO placement.requestlog [req-ddafe471-a6c6-4720-b526-9142d6794a65 req-c9c47425-aa6c-498e-baaa-b9fb5ff97f35 service placement] 10.222.0.13 "POST /placement/allocations" status: 204 len: 0 microversion: 1.28
Jul 08 18:26:39.304886 n-d-800076-1 devstack@placement-api.service[94219]: [pid: 94219|app: 0|req: 81/161] 10.222.0.13 () {64 vars in 1324 bytes} [Thu Jul 8 18:26:39 2021] POST /placement/allocations => generated 0 bytes in 259 msecs (HTTP/1.1 204) 5 headers in 199 bytes (1 switches on core 0)
Jul 08 18:26:39.336397 n-d-800076-1 devstack@placement-api.service[94220]: DEBUG placement.requestlog [req-ddafe471-a6c6-4720-b526-9142d6794a65 req-b21b516b-26e4-45de-bb07-cf2993007560 None None] Starting request: 10.222.0.13 "GET /placement/allocation_candidates?limit=1000&resources=DISK_GB%3A1%2CMEMORY_MB%3A512%2CVCPU%3A1&root_required=%21COMPUTE_STATUS_DISABLED" {{(pid=94220) __call__ /opt/stack/placement/placement/requestlog.py:55}}
Jul 08 18:26:39.387790 n-d-800076-1 devstack@placement-api.service[94220]: DEBUG placement.objects.research_context [req-ddafe471-a6c6-4720-b526-9142d6794a65 req-b21b516b-26e4-45de-bb07-cf2993007560 service placement] getting providers with 1 DISK_GB {{(pid=94220) __init__ /opt/stack/placement/placement/objects/research_context.py:126}}
Jul 08 18:26:39.406556 n-d-800076-1 devstack@placement-api.service[94220]: DEBUG placement.objects.research_context [req-ddafe471-a6c6-4720-b526-9142d6794a65 req-b21b516b-26e4-45de-bb07-cf2993007560 service placement] getting providers with 512 MEMORY_MB {{(pid=94220) __init__ /opt/stack/placement/placement/objects/research_context.py:126}}
Jul 08 18:26:39.414301 n-d-800076-1 devstack@placement-api.service[94220]: DEBUG placement.objects.research_context [req-ddafe471-a6c6-4720-b526-9142d6794a65 req-b21b516b-26e4-45de-bb07-cf2993007560 service placement] getting providers with 1 VCPU {{(pid=94220) __init__ /opt/stack/placement/placement/objects/research_context.py:126}}
Jul 08 18:26:39.435740 n-d-800076-1 devstack@placement-api.service[94220]: DEBUG placement.objects.research_context [req-ddafe471-a6c6-4720-b526-9142d6794a65 req-b21b516b-26e4-45de-bb07-cf2993007560 service placement] found 2 providers with available 1 DISK_GB {{(pid=94220) get_provider_ids_matching /opt/stack/placement/placement/objects/research_context.py:549}}
Jul 08 18:26:39.436037 n-d-800076-1 devstack@placement-api.service[94220]: DEBUG placement.objects.research_context [req-ddafe471-a6c6-4720-b526-9142d6794a65 req-b21b516b-26e4-45de-bb07-cf2993007560 service placement] found 2 providers with available 512 MEMORY_MB {{(pid=94220) get_provider_ids_matching /opt/stack/placement/placement/objects/research_context.py:549}}
Jul 08 18:26:39.436318 n-d-800076-1 devstack@placement-api.service[94220]: DEBUG placement.objects.research_context [req-ddafe471-a6c6-4720-b526-9142d6794a65 req-b21b516b-26e4-45de-bb07-cf2993007560 service placement] found 2 providers after filtering by previous result {{(pid=94220) get_provider_ids_matching /opt/stack/placement/placement/objects/research_context.py:580}}
Jul 08 18:26:39.436772 n-d-800076-1 devstack@placement-api.service[94220]: DEBUG placement.objects.research_context [req-ddafe471-a6c6-4720-b526-9142d6794a65 req-b21b516b-26e4-45de-bb07-cf2993007560 service placement] found 2 providers with available 1 VCPU {{(pid=94220) get_provider_ids_matching /opt/stack/placement/placement/objects/research_context.py:549}}
Jul 08 18:26:39.437051 n-d-800076-1 devstack@placement-api.service[94220]: DEBUG placement.objects.research_context [req-ddafe471-a6c6-4720-b526-9142d6794a65 req-b21b516b-26e4-45de-bb07-cf2993007560 service placement] found 2 providers after filtering by previous result {{(pid=94220) get_provider_ids_matching /opt/stack/placement/placement/objects/research_context.py:580}}
Jul 08 18:26:39.462852 n-d-800076-1 devstack@placement-api.service[94220]: DEBUG placement.objects.allocation_candidate [req-ddafe471-a6c6-4720-b526-9142d6794a65 req-b21b516b-26e4-45de-bb07-cf2993007560 service placement] RequestGroup(use_same_provider=False, resources={DISK_GB:1, MEMORY_MB:512, VCPU:1}, traits=[], aggregates=[]) (suffix '') returned 2 matches {{(pid=94220) _get_by_requests /opt/stack/placement/placement/objects/allocation_candidate.py:145}}
Jul 08 18:26:39.463233 n-d-800076-1 devstack@placement-api.service[94220]: DEBUG placement.objects.allocation_candidate [req-ddafe471-a6c6-4720-b526-9142d6794a65 req-b21b516b-26e4-45de-bb07-cf2993007560 service placement] Merging candidates yields 2 allocation requests and 2 provider summaries {{(pid=94220) _merge_candidates /opt/stack/placement/placement/objects/allocation_candidate.py:783}}
Jul 08 18:26:39.467709 n-d-800076-1 devstack@placement-api.service[94220]: INFO placement.requestlog [req-ddafe471-a6c6-4720-b526-9142d6794a65 req-b21b516b-26e4-45de-bb07-cf2993007560 service placement] 10.222.0.13 "GET /placement/allocation_candidates?limit=1000&resources=DISK_GB%3A1%2CMEMORY_MB%3A512%2CVCPU%3A1&root_required=%21COMPUTE_STATUS_DISABLED" status: 200 len: 1307 microversion: 1.35
Jul 08 18:26:39.467953 n-d-800076-1 devstack@placement-api.service[94220]: [pid: 94220|app: 0|req: 81/162] 10.222.0.13 () {60 vars in 1505 bytes} [Thu Jul 8 18:26:39 2021] GET /placement/allocation_candidates?limit=1000&resources=DISK_GB%3A1%2CMEMORY_MB%3A512%2CVCPU%3A1&root_required=%21COMPUTE_STATUS_DISABLED => generated 1307 bytes in 132 msecs (HTTP/1.1 200) 8 headers in 297 bytes (1 switches on core 0)
Jul 08 18:26:39.570187 n-d-800076-1 devstack@placement-api.service[94219]: DEBUG placement.requestlog [req-ddafe471-a6c6-4720-b526-9142d6794a65 req-647b200d-589c-4f98-bf16-3d53292b5f00 None None] Starting request: 10.222.0.13 "GET /placement/allocations/f9a1b44b-9bd0-4582-b486-02efc77d9844" {{(pid=94219) __call__ /opt/stack/placement/placement/requestlog.py:55}}
Jul 08 18:26:39.585724 n-d-800076-1 devstack@placement-api.service[94219]: INFO placement.requestlog [req-ddafe471-a6c6-4720-b526-9142d6794a65 req-647b200d-589c-4f98-bf16-3d53292b5f00 service placement] 10.222.0.13 "GET /placement/allocations/f9a1b44b-9bd0-4582-b486-02efc77d9844" status: 200 len: 19 microversion: 1.28
Jul 08 18:26:39.586025 n-d-800076-1 devstack@placement-api.service[94219]: [pid: 94219|app: 0|req: 82/163] 10.222.0.13 () {60 vars in 1381 bytes} [Thu Jul 8 18:26:39 2021] GET /placement/allocations/f9a1b44b-9bd0-4582-b486-02efc77d9844 => generated 19 bytes in 16 msecs (HTTP/1.1 200) 8 headers in 295 bytes (1 switches on core 0)
Jul 08 18:26:39.592564 n-d-800076-1 devstack@placement-api.service[94220]: DEBUG placement.requestlog [req-ddafe471-a6c6-4720-b526-9142d6794a65 req-dba19584-6f98-4d7e-895f-38bd8786dbd6 None None] Starting request: 10.222.0.13 "PUT /placement/allocations/f9a1b44b-9bd0-4582-b486-02efc77d9844" {{(pid=94220) __call__ /opt/stack/placement/placement/requestlog.py:55}}
Jul 08 18:26:39.687016 n-d-800076-1 devstack@placement-api.service[94220]: DEBUG placement.handlers.allocation [req-ddafe471-a6c6-4720-b526-9142d6794a65 req-dba19584-6f98-4d7e-895f-38bd8786dbd6 service placement] Successfully wrote allocations [, , ] {{(pid=94220) _create_allocations /opt/stack/placement/placement/handlers/allocation.py:435}}
Jul 08 18:26:39.687516 n-d-800076-1 devstack@placement-api.service[94220]: INFO placement.requestlog [req-ddafe471-a6c6-4720-b526-9142d6794a65 req-dba19584-6f98-4d7e-895f-38bd8786dbd6 service placement] 10.222.0.13 "PUT /placement/allocations/f9a1b44b-9bd0-4582-b486-02efc77d9844" status: 204 len: 0 microversion: 1.35
Jul 08 18:26:39.687768 n-d-800076-1 devstack@placement-api.service[94220]: [pid: 94220|app: 0|req: 82/164] 10.222.0.13 () {64 vars in 1434 bytes} [Thu Jul 8 18:26:39 2021] PUT /placement/allocations/f9a1b44b-9bd0-4582-b486-02efc77d9844 => generated 0 bytes in 95 msecs (HTTP/1.1 204) 5 headers in 199 bytes (1 switches on core 0)
