Jul 09 14:36:02.028716 n-d-799529-6 neutron-server[94445]: DEBUG neutron.api.v2.base [None req-b70b33da-57c9-4622-8d83-0be8c73000b1 admin admin] Request body: {'router': {'name': 'tempest-ServersWithSpecificFlavorTestJSON-1669793907-router', 'tenant_id': 'f9beeac302b4456ab9897feb8634bccd', 'external_gateway_info': {'network_id': '202c7ce6-d4e9-4f80-84dd-bef08905a653'}}} {{(pid=94445) prepare_request_body /opt/stack/neutron/neutron/api/v2/base.py:729}}
Jul 09 14:36:02.065864 n-d-799529-6 neutron-server[94446]: DEBUG neutron.plugins.ml2.db [req-88d9b7de-28db-44c6-8017-9678d9a9808d req-0583aa36-0032-4543-816b-1baaeddbbfac service neutron] For port e24c6829-ff22-4546-b008-4d35ebba6132, host n-h1-799529-6, set binding levels [PortBindingLevel(driver='hyperv',host='n-h1-799529-6',level=0,port_id=e24c6829-ff22-4546-b008-4d35ebba6132,segment=NetworkSegment(aace0400-4c69-453a-b04e-112644859d27),segment_id=aace0400-4c69-453a-b04e-112644859d27)] {{(pid=94446) set_binding_levels /opt/stack/neutron/neutron/plugins/ml2/db.py:59}}
Jul 09 14:36:02.072193 n-d-799529-6 neutron-server[94447]: DEBUG neutron.api.rpc.handlers.dhcp_rpc [None req-025960dd-da04-40e5-8c32-e1a00aee43d1 None None] Create dhcp port {'port': {'name': '', 'admin_state_up': True, 'device_id': 'dhcp59e88780-bf90-57f5-9e88-a85780970137-e7430d59-7c88-483d-984e-fabf3c5cc12e', 'network_id': 'e7430d59-7c88-483d-984e-fabf3c5cc12e', 'tenant_id': 'f9beeac302b4456ab9897feb8634bccd', 'fixed_ips': [{'subnet_id': 'a29bed4a-eb5d-425d-bedd-f3538b5fd90a'}]}} from n-d-799529-6. {{(pid=94447) create_dhcp_port /opt/stack/neutron/neutron/api/rpc/handlers/dhcp_rpc.py:285}}
Jul 09 14:36:02.073132 n-d-799529-6 neutron-server[94447]: DEBUG neutron_lib.callbacks.manager [None req-025960dd-da04-40e5-8c32-e1a00aee43d1 None None] Notify callbacks ['neutron.plugins.ml2.plugin.SecurityGroupDbMixin._ensure_default_security_group_handler-1783521'] for port, before_create {{(pid=94447) _notify_loop /usr/local/lib/python3.8/dist-packages/neutron_lib/callbacks/manager.py:192}}
Jul 09 14:36:02.107030 n-d-799529-6 neutron-server[94445]: DEBUG neutron_lib.callbacks.manager [None req-b70b33da-57c9-4622-8d83-0be8c73000b1 admin admin] Notify callbacks ['neutron.services.l3_router.l3_router_plugin.L3_HA_NAT_db_mixin._before_router_create-754030', 'neutron.services.l3_router.service_providers.driver_controller.DriverController._check_router_request-4137'] for router, before_create {{(pid=94445) _notify_loop /usr/local/lib/python3.8/dist-packages/neutron_lib/callbacks/manager.py:192}}
Jul 09 14:36:02.108739 n-d-799529-6 neutron-server[94445]: DEBUG neutron_lib.callbacks.manager [None req-b70b33da-57c9-4622-8d83-0be8c73000b1 admin admin] Notify callbacks ['neutron.services.l3_router.l3_router_plugin.L3_HA_NAT_db_mixin._precommit_router_create-754051', 'neutron.services.l3_router.l3_router_plugin.DVRResourceOperationHandler._set_distributed_flag-756019', 'neutron.services.l3_router.l3_router_plugin.RouterAvailabilityZoneMixin._process_az_request-663753', 'neutron.services.l3_router.service_providers.driver_controller.DriverController._set_router_provider-4134'] for router, precommit_create {{(pid=94445) _notify_loop /usr/local/lib/python3.8/dist-packages/neutron_lib/callbacks/manager.py:192}}
Jul 09 14:36:02.128022 n-d-799529-6 neutron-server[94446]: DEBUG neutron.pecan_wsgi.hooks.policy_enforcement [req-7a517703-462b-43c8-a5a1-fd98e3e1e288 req-957250ba-aa5a-45b2-b6c2-4caf800cafb0 tempest-LiveMigrationNegativeTest-776810216 tempest-LiveMigrationNegativeTest-776810216-project] Attributes excluded by policy engine: ['standard_attr_id', 'vlan_transparent', 'provider:network_type', 'provider:physical_network', 'provider:segmentation_id'] {{(pid=94446) _exclude_attributes_by_policy /opt/stack/neutron/neutron/pecan_wsgi/hooks/policy_enforcement.py:255}}
Jul 09 14:36:02.130014 n-d-799529-6 neutron-server[94446]: INFO neutron.wsgi [req-7a517703-462b-43c8-a5a1-fd98e3e1e288 req-957250ba-aa5a-45b2-b6c2-4caf800cafb0 tempest-LiveMigrationNegativeTest-776810216 tempest-LiveMigrationNegativeTest-776810216-project] 10.222.0.58 "GET /v2.0/networks?shared=True HTTP/1.1" status: 200 len: 769 time: 0.1679158
Jul 09 14:36:02.138235 n-d-799529-6 neutron-server[94446]: DEBUG neutron_lib.callbacks.manager [req-88d9b7de-28db-44c6-8017-9678d9a9808d req-0583aa36-0032-4543-816b-1baaeddbbfac service neutron] Notify callbacks ['neutron.plugins.ml2.plugin.SecurityGroupServerNotifierRpcMixin.notify_sg_on_port_change-1783613', 'neutron.plugins.ml2.ovo_rpc._ObjectChangeHandler.handle_event-22954', 'neutron.api.rpc.agentnotifiers.dhcp_rpc_agent_api.DhcpAgentNotifyAPI._native_event_send_dhcp_notification-540086', 'neutron.db.l3_db.L3RpcNotifierMixin._notify_gateway_port_ip_changed-8742620480543', 'neutron.db.l3_dvrscheduler_db._notify_l3_agent_port_update-8742619958510', 'neutron.db.l3_hascheduler_db._notify_l3_agent_ha_port_update-8742619959583'] for port, after_update {{(pid=94446) _notify_loop /usr/local/lib/python3.8/dist-packages/neutron_lib/callbacks/manager.py:192}}
Jul 09 14:36:02.158540 n-d-799529-6 neutron-server[94446]: DEBUG neutron.pecan_wsgi.hooks.policy_enforcement [req-dddb3c3b-f716-47e4-a816-02a09d85093b req-abd0e10d-a85e-4989-9d5e-c627d21761b6 service neutron] Attributes excluded by policy engine: ['standard_attr_id'] {{(pid=94446) _exclude_attributes_by_policy /opt/stack/neutron/neutron/pecan_wsgi/hooks/policy_enforcement.py:255}}
Jul 09 14:36:02.159987 n-d-799529-6 neutron-server[94446]: INFO neutron.wsgi [req-dddb3c3b-f716-47e4-a816-02a09d85093b req-abd0e10d-a85e-4989-9d5e-c627d21761b6 service neutron] 10.222.0.62 "GET /v2.0/ports?network_id=aa30872f-c756-4ec7-be84-b2e3b86cdcfc&device_owner=network%3Adhcp HTTP/1.1" status: 200 len: 1166 time: 0.1618204
Jul 09 14:36:02.185730 n-d-799529-6 neutron-server[94445]: DEBUG neutron_lib.callbacks.manager [None req-b70b33da-57c9-4622-8d83-0be8c73000b1 admin admin] Notify callbacks [] for router_controller, precommit_add_association {{(pid=94445) _notify_loop /usr/local/lib/python3.8/dist-packages/neutron_lib/callbacks/manager.py:192}}
Jul 09 14:36:02.216342 n-d-799529-6 neutron-server[94446]: INFO neutron.wsgi [req-7a517703-462b-43c8-a5a1-fd98e3e1e288 req-e32ef727-8a96-4226-b003-063f5335d963 tempest-LiveMigrationNegativeTest-776810216 tempest-LiveMigrationNegativeTest-776810216-project] 10.222.0.58 "GET /v2.0/quotas/03bfa10df918443c9e4a4bb4d4072768 HTTP/1.1" status: 200 len: 375 time: 0.0805044
Jul 09 14:36:02.286327 n-d-799529-6 neutron-server[94447]: DEBUG neutron.db.db_base_plugin_common [None req-025960dd-da04-40e5-8c32-e1a00aee43d1 None None] Allocated IP 172.20.0.2 (e7430d59-7c88-483d-984e-fabf3c5cc12e/a29bed4a-eb5d-425d-bedd-f3538b5fd90a/89c4d91e-9d88-4ad3-8fa1-1e5522cbbcb6) {{(pid=94447) _store_ip_allocation /opt/stack/neutron/neutron/db/db_base_plugin_common.py:131}}
Jul 09 14:36:02.372283 n-d-799529-6 neutron-server[94446]: DEBUG neutron.pecan_wsgi.hooks.policy_enforcement [req-88d9b7de-28db-44c6-8017-9678d9a9808d req-0583aa36-0032-4543-816b-1baaeddbbfac service neutron] Attributes excluded by policy engine: ['standard_attr_id'] {{(pid=94446) _exclude_attributes_by_policy /opt/stack/neutron/neutron/pecan_wsgi/hooks/policy_enforcement.py:255}}
Jul 09 14:36:02.373507 n-d-799529-6 neutron-server[94446]: DEBUG neutron_lib.callbacks.manager [req-88d9b7de-28db-44c6-8017-9678d9a9808d req-0583aa36-0032-4543-816b-1baaeddbbfac service neutron] Notify callbacks ['neutron.notifiers.nova.Notifier._send_nova_notification-23972'] for port, before_response {{(pid=94446) _notify_loop /usr/local/lib/python3.8/dist-packages/neutron_lib/callbacks/manager.py:192}}
Jul 09 14:36:02.375225 n-d-799529-6 neutron-server[94446]: INFO neutron.wsgi [req-88d9b7de-28db-44c6-8017-9678d9a9808d req-0583aa36-0032-4543-816b-1baaeddbbfac service neutron] 10.222.0.54 "PUT /v2.0/ports/e24c6829-ff22-4546-b008-4d35ebba6132 HTTP/1.1" status: 200 len: 1122 time: 2.2546742
Jul 09 14:36:02.378570 n-d-799529-6 neutron-server[94446]: DEBUG neutron.api.rpc.handlers.resources_rpc [None req-0583aa36-0032-4543-816b-1baaeddbbfac service neutron] Pushing event updated for resources: {'Port': ['ID=e24c6829-ff22-4546-b008-4d35ebba6132,revision_number=8']} {{(pid=94446) push /opt/stack/neutron/neutron/api/rpc/handlers/resources_rpc.py:237}}
Jul 09 14:36:02.431388 n-d-799529-6 neutron-server[94446]: INFO neutron.wsgi [req-dddb3c3b-f716-47e4-a816-02a09d85093b req-c66cf8d5-98a7-4820-a5a1-cdb63e2f5f5c service neutron] 10.222.0.62 "GET /v2.0/networks/aa30872f-c756-4ec7-be84-b2e3b86cdcfc?fields=segments HTTP/1.1" status: 200 len: 212 time: 0.2456007
Jul 09 14:36:02.458565 n-d-799529-6 neutron-server[94446]: INFO neutron.wsgi [req-7a517703-462b-43c8-a5a1-fd98e3e1e288 req-9b27b6c1-4c55-48b1-b041-26dbe7210cc4 tempest-LiveMigrationNegativeTest-776810216 tempest-LiveMigrationNegativeTest-776810216-project] 10.222.0.58 "GET /v2.0/ports?tenant_id=03bfa10df918443c9e4a4bb4d4072768&fields=id HTTP/1.1" status: 200 len: 255 time: 0.2058296
Jul 09 14:36:02.467817 n-d-799529-6 neutron-server[94445]: INFO neutron.wsgi [req-050adb35-3c6a-496f-95b5-9a87bd5caed2 req-a8d5691c-3a33-405c-8609-2522344277da tempest-AggregatesAdminTestJSON-1677893230 tempest-AggregatesAdminTestJSON-1677893230-project] 10.222.0.58 "GET /v2.0/ports?device_id=d3d936c9-205a-47df-a2da-ad3da2a70f76 HTTP/1.1" status: 200 len: 210 time: 0.0678477
Jul 09 14:36:02.561326 n-d-799529-6 neutron-server[94446]: INFO neutron.wsgi [req-dddb3c3b-f716-47e4-a816-02a09d85093b req-9abd072d-fb97-49c5-8c6c-7657c31ddf39 service neutron] 10.222.0.62 "GET /v2.0/networks/aa30872f-c756-4ec7-be84-b2e3b86cdcfc?fields=provider%3Aphysical_network&fields=provider%3Anetwork_type HTTP/1.1" status: 200 len: 281 time: 0.1163547
Jul 09 14:36:02.581376 n-d-799529-6 neutron-server[94445]: DEBUG neutron_lib.callbacks.manager [None req-b70b33da-57c9-4622-8d83-0be8c73000b1 admin admin] Notify callbacks ['neutron.services.l3_router.l3_router_plugin.DVRResourceOperationHandler._handle_distributed_migration-756001', 'neutron.services.l3_router.l3_router_plugin.L3_HA_NAT_db_mixin._validate_migration-753948', 'neutron.services.l3_router.service_providers.driver_controller.DriverController._update_router_provider-4148'] for router, precommit_update {{(pid=94445) _notify_loop /usr/local/lib/python3.8/dist-packages/neutron_lib/callbacks/manager.py:192}}
Jul 09 14:36:02.617285 n-d-799529-6 neutron-server[94447]: DEBUG neutron_lib.callbacks.manager [None req-025960dd-da04-40e5-8c32-e1a00aee43d1 None None] Notify callbacks [] for port, precommit_create {{(pid=94447) _notify_loop /usr/local/lib/python3.8/dist-packages/neutron_lib/callbacks/manager.py:192}}
Jul 09 14:36:02.626160 n-d-799529-6 neutron-server[94447]: DEBUG neutron.db.provisioning_blocks [None req-025960dd-da04-40e5-8c32-e1a00aee43d1 None None] Transition to ACTIVE for port object 89c4d91e-9d88-4ad3-8fa1-1e5522cbbcb6 will not be triggered until provisioned by entity L2. {{(pid=94447) add_provisioning_component /opt/stack/neutron/neutron/db/provisioning_blocks.py:73}}
Jul 09 14:36:02.640582 n-d-799529-6 neutron-server[94447]: DEBUG neutron.db.provisioning_blocks [None req-025960dd-da04-40e5-8c32-e1a00aee43d1 None None] Transition to ACTIVE for port object 89c4d91e-9d88-4ad3-8fa1-1e5522cbbcb6 will not be triggered until provisioned by entity DHCP. {{(pid=94447) add_provisioning_component /opt/stack/neutron/neutron/db/provisioning_blocks.py:73}}
Jul 09 14:36:02.675124 n-d-799529-6 neutron-server[94447]: DEBUG neutron.plugins.ml2.db [None req-91ac92f7-4fa1-44e3-a06e-b2fe3cc352d9 None None] get_ports_and_sgs() called for port_ids ['e24c6829-ff22-4546-b008-4d35ebba6132'] {{(pid=94447) get_ports_and_sgs /opt/stack/neutron/neutron/plugins/ml2/db.py:156}}
Jul 09 14:36:02.723190 n-d-799529-6 neutron-server[94447]: DEBUG neutron_lib.callbacks.manager [None req-025960dd-da04-40e5-8c32-e1a00aee43d1 None None] Notify callbacks ['neutron.plugins.ml2.plugin.SecurityGroupServerNotifierRpcMixin._notify_sg_on_port_after_update-1783590', 'neutron.plugins.ml2.ovo_rpc._ObjectChangeHandler.handle_payload_event-22947', 'neutron.api.rpc.agentnotifiers.dhcp_rpc_agent_api.DhcpAgentNotifyAPI._native_event_send_dhcp_notification_payload-540089', 'neutron.db.l3_dvrscheduler_db._notify_l3_agent_new_port-8742619958492'] for port, after_create {{(pid=94447) _notify_loop /usr/local/lib/python3.8/dist-packages/neutron_lib/callbacks/manager.py:192}}
Jul 09 14:36:02.810473 n-d-799529-6 neutron-server[94447]: DEBUG neutron.scheduler.dhcp_agent_scheduler [None req-025960dd-da04-40e5-8c32-e1a00aee43d1 None None] Network e7430d59-7c88-483d-984e-fabf3c5cc12e is already hosted by enough agents. {{(pid=94447) _get_dhcp_agents_hosting_network /opt/stack/neutron/neutron/scheduler/dhcp_agent_scheduler.py:275}}
Jul 09 14:36:02.815102 n-d-799529-6 neutron-server[94446]: DEBUG novaclient.v2.client [-] RESP: [200] Connection: close Content-Length: 356 Content-Type: application/json Date: Fri, 09 Jul 2021 14:36:01 GMT OpenStack-API-Version: compute 2.1 Server: Apache/2.4.41 (Ubuntu) Vary: OpenStack-API-Version,X-OpenStack-Nova-API-Version X-OpenStack-Nova-API-Version: 2.1 x-compute-request-id: req-4a596ada-86a6-442a-a112-f06424cd6031 x-openstack-request-id: req-4a596ada-86a6-442a-a112-f06424cd6031 {{(pid=94446) _http_log_response /usr/local/lib/python3.8/dist-packages/keystoneauth1/session.py:550}}
Jul 09 14:36:02.816129 n-d-799529-6 neutron-server[94446]: DEBUG novaclient.v2.client [-] RESP BODY: {"events": [{"server_uuid": "2df18832-0a90-4bac-9014-72e1f2d3c304", "name": "network-vif-unplugged", "status": "completed", "tag": "e24c6829-ff22-4546-b008-4d35ebba6132", "code": 200}, {"server_uuid": "d3d936c9-205a-47df-a2da-ad3da2a70f76", "name": "network-vif-deleted", "tag": "7efb6543-18dd-4ecc-a691-fb655906d072", "status": "completed", "code": 200}]} {{(pid=94446) _http_log_response /usr/local/lib/python3.8/dist-packages/keystoneauth1/session.py:582}}
Jul 09 14:36:02.824396 n-d-799529-6 neutron-server[94446]: DEBUG novaclient.v2.client [-] POST call to compute for http://10.222.0.58/compute/v2.1/os-server-external-events used request id req-4a596ada-86a6-442a-a112-f06424cd6031 {{(pid=94446) request /usr/local/lib/python3.8/dist-packages/keystoneauth1/session.py:954}}
Jul 09 14:36:02.824396 n-d-799529-6 neutron-server[94446]: INFO neutron.notifiers.nova [-] Nova event response: {'server_uuid': '2df18832-0a90-4bac-9014-72e1f2d3c304', 'name': 'network-vif-unplugged', 'status': 'completed', 'tag': 'e24c6829-ff22-4546-b008-4d35ebba6132', 'code': 200}
Jul 09 14:36:02.824396 n-d-799529-6 neutron-server[94446]: INFO neutron.notifiers.nova [-] Nova event response: {'server_uuid': 'd3d936c9-205a-47df-a2da-ad3da2a70f76', 'name': 'network-vif-deleted', 'tag': '7efb6543-18dd-4ecc-a691-fb655906d072', 'status': 'completed', 'code': 200}
Jul 09 14:36:02.825036 n-d-799529-6 neutron-server[94447]: DEBUG neutron.scheduler.base_scheduler [None req-025960dd-da04-40e5-8c32-e1a00aee43d1 None None] Resources bound (agent type, host, resource id): {{(pid=94447) schedule /opt/stack/neutron/neutron/scheduler/base_scheduler.py:57}}
Jul 09 14:36:02.827206 n-d-799529-6 neutron-server[94447]: DEBUG neutron.db.l3_dvrscheduler_db [None req-025960dd-da04-40e5-8c32-e1a00aee43d1 None None] Received port after_create {{(pid=94447) _notify_l3_agent_new_port /opt/stack/neutron/neutron/db/l3_dvrscheduler_db.py:535}}
Jul 09 14:36:02.843743 n-d-799529-6 neutron-server[94445]: DEBUG neutron.pecan_wsgi.hooks.policy_enforcement [req-5eab74d6-707c-40b6-81ed-b5cc064b3fb2 req-abf96359-99ca-4dfd-ac8f-f60a098c7d3b tempest-LiveMigrationTest-1433435032 tempest-LiveMigrationTest-1433435032-project-admin] Attributes excluded by policy engine: ['standard_attr_id'] {{(pid=94445) _exclude_attributes_by_policy /opt/stack/neutron/neutron/pecan_wsgi/hooks/policy_enforcement.py:255}}
Jul 09 14:36:02.851360 n-d-799529-6 neutron-server[94445]: INFO neutron.wsgi [req-5eab74d6-707c-40b6-81ed-b5cc064b3fb2 req-abf96359-99ca-4dfd-ac8f-f60a098c7d3b tempest-LiveMigrationTest-1433435032 tempest-LiveMigrationTest-1433435032-project-admin] 10.222.0.58 "GET /v2.0/ports?device_id=23c63ae6-2cea-4ae4-b002-870ac7b538ff HTTP/1.1" status: 200 len: 1097 time: 0.0795972
Jul 09 14:36:02.898065 n-d-799529-6 neutron-server[94447]: DEBUG neutron.api.rpc.handlers.resources_rpc [None req-025960dd-da04-40e5-8c32-e1a00aee43d1 None None] Pushing event updated for resources: {'Port': ['ID=89c4d91e-9d88-4ad3-8fa1-1e5522cbbcb6,revision_number=1']} {{(pid=94447) push /opt/stack/neutron/neutron/api/rpc/handlers/resources_rpc.py:237}}
Jul 09 14:36:02.902822 n-d-799529-6 neutron-server[94445]: INFO neutron.wsgi [req-5eab74d6-707c-40b6-81ed-b5cc064b3fb2 req-e17299af-c8aa-4f9a-8d89-7cb402127d02 tempest-LiveMigrationTest-1433435032 tempest-LiveMigrationTest-1433435032-project-admin] 10.222.0.58 "GET /v2.0/security-groups?id=76792e55-b664-42b3-864b-5d50c6d82f3d&fields=id&fields=name HTTP/1.1" status: 200 len: 286 time: 0.0505130
Jul 09 14:36:02.957205 n-d-799529-6 neutron-server[94447]: DEBUG neutron.plugins.ml2.managers [None req-025960dd-da04-40e5-8c32-e1a00aee43d1 None None] Attempting to bind port 89c4d91e-9d88-4ad3-8fa1-1e5522cbbcb6 on host n-d-799529-6 for vnic_type normal with profile {{(pid=94447) bind_port /opt/stack/neutron/neutron/plugins/ml2/managers.py:790}}
Jul 09 14:36:02.957585 n-d-799529-6 neutron-server[94447]: DEBUG neutron.plugins.ml2.managers [None req-025960dd-da04-40e5-8c32-e1a00aee43d1 None None] Attempting to bind port 89c4d91e-9d88-4ad3-8fa1-1e5522cbbcb6 by drivers openvswitch,hyperv on host n-d-799529-6 at level 0 using segments [{'id': '85303425-81df-497a-8117-22ba6281b80e', 'network_type': 'vlan', 'physical_network': 'physnet1', 'segmentation_id': 616, 'network_id': 'e7430d59-7c88-483d-984e-fabf3c5cc12e'}] {{(pid=94447) _bind_port_level /opt/stack/neutron/neutron/plugins/ml2/managers.py:815}}
Jul 09 14:36:02.957953 n-d-799529-6 neutron-server[94447]: DEBUG neutron.plugins.ml2.drivers.mech_agent [None req-025960dd-da04-40e5-8c32-e1a00aee43d1 None None] Attempting to bind port 89c4d91e-9d88-4ad3-8fa1-1e5522cbbcb6 on network e7430d59-7c88-483d-984e-fabf3c5cc12e {{(pid=94447) bind_port /opt/stack/neutron/neutron/plugins/ml2/drivers/mech_agent.py:86}}
Jul 09 14:36:02.963610 n-d-799529-6 neutron-server[94447]: DEBUG neutron.plugins.ml2.drivers.mech_agent [None req-025960dd-da04-40e5-8c32-e1a00aee43d1 None None] Checking agent: {'id': '8614f099-69f3-4097-8098-d1e59cd4a785', 'agent_type': 'Open vSwitch agent', 'binary': 'neutron-openvswitch-agent', 'topic': 'N/A', 'host': 'n-d-799529-6', 'admin_state_up': True, 'created_at': datetime.datetime(2021, 7, 9, 14, 24, 59), 'started_at': datetime.datetime(2021, 7, 9, 14, 25, 29), 'heartbeat_timestamp': datetime.datetime(2021, 7, 9, 14, 35, 59), 'description': None, 'resources_synced': None, 'availability_zone': None, 'alive': True, 'configurations': {'arp_responder_enabled': False, 'baremetal_smartnic': False, 'bridge_mappings': {'physnet1': 'br-data'}, 'datapath_type': 'system', 'devices': 0, 'enable_distributed_routing': False, 'extensions': [], 'in_distributed_mode': False, 'integration_bridge': 'br-int', 'l2_population': False, 'log_agent_heartbeats': False, 'ovs_capabilities': {'datapath_types': ['netdev', 'system'], 'iface_types': ['erspan', 'geneve', 'gre', 'internal', 'ip6erspan', 'ip6gre', 'lisp', 'patch', 'stt', 'system', 'tap', 'vxlan']}, 'ovs_hybrid_plug': False, 'resource_provider_bandwidths': {}, 'resource_provider_hypervisors': {'br-data': 'n-d-799529-6'}, 'resource_provider_inventory_defaults': {'allocation_ratio': 1.0, 'min_unit': 1, 'step_size': 1, 'reserved': 0}, 'tunnel_types': [], 'tunneling_ip': None, 'vhostuser_socket_dir': '/var/run/openvswitch'}, 'resource_versions': {'AddressGroup': '1.2', 'ConntrackHelper': '1.0', 'Log': '1.0', 'Network': '1.1', 'Port': '1.7', 'PortForwarding': '1.2', 'QosPolicy': '1.8', 'SecurityGroup': '1.4', 'SecurityGroupRule': '1.2', 'SubPort': '1.0', 'Subnet': '1.1', 'Trunk': '1.1'}} {{(pid=94447) bind_port /opt/stack/neutron/neutron/plugins/ml2/drivers/mech_agent.py:105}}
Jul 09 14:36:02.963994 n-d-799529-6 neutron-server[94447]: DEBUG neutron.plugins.ml2.drivers.mech_agent [None req-025960dd-da04-40e5-8c32-e1a00aee43d1 None None] Checking segment: {'id': '85303425-81df-497a-8117-22ba6281b80e', 'network_type': 'vlan', 'physical_network': 'physnet1', 'segmentation_id': 616, 'network_id': 'e7430d59-7c88-483d-984e-fabf3c5cc12e'} for mappings: {'physnet1': 'br-data'} with network types: ['local', 'flat', 'vlan'] {{(pid=94447) check_segment_for_agent /opt/stack/neutron/neutron/plugins/ml2/drivers/mech_agent.py:341}}
Jul 09 14:36:02.964404 n-d-799529-6 neutron-server[94447]: DEBUG neutron_lib.callbacks.manager [None req-025960dd-da04-40e5-8c32-e1a00aee43d1 None None] Notify callbacks [] for ovs_bridge_name, before_read {{(pid=94447) _notify_loop /usr/local/lib/python3.8/dist-packages/neutron_lib/callbacks/manager.py:192}}
Jul 09 14:36:02.964801 n-d-799529-6 neutron-server[94447]: DEBUG neutron.plugins.ml2.drivers.mech_agent [None req-025960dd-da04-40e5-8c32-e1a00aee43d1 None None] Bound using segment: {'id': '85303425-81df-497a-8117-22ba6281b80e', 'network_type': 'vlan', 'physical_network': 'physnet1', 'segmentation_id': 616, 'network_id': 'e7430d59-7c88-483d-984e-fabf3c5cc12e'} {{(pid=94447) bind_port /opt/stack/neutron/neutron/plugins/ml2/drivers/mech_agent.py:115}}
Jul 09 14:36:02.965274 n-d-799529-6 neutron-server[94447]: DEBUG neutron.plugins.ml2.managers [None req-025960dd-da04-40e5-8c32-e1a00aee43d1 None None] Bound port: 89c4d91e-9d88-4ad3-8fa1-1e5522cbbcb6, host: n-d-799529-6, vif_type: ovs, vif_details: {"connectivity": "l2", "port_filter": true, "ovs_hybrid_plug": false, "datapath_type": "system", "bridge_name": "br-int"}, binding_levels: [{'bound_driver': 'openvswitch', 'bound_segment': {'id': '85303425-81df-497a-8117-22ba6281b80e', 'network_type': 'vlan', 'physical_network': 'physnet1', 'segmentation_id': 616, 'network_id': 'e7430d59-7c88-483d-984e-fabf3c5cc12e'}}] {{(pid=94447) _bind_port_level /opt/stack/neutron/neutron/plugins/ml2/managers.py:928}}
Jul 09 14:36:02.967761 n-d-799529-6 neutron-server[94447]: DEBUG neutron_lib.callbacks.manager [None req-025960dd-da04-40e5-8c32-e1a00aee43d1 None None] Notify callbacks ['neutron.plugins.ml2.plugin.SecurityGroupDbMixin._ensure_default_security_group_handler-1783521'] for port, before_update {{(pid=94447) _notify_loop /usr/local/lib/python3.8/dist-packages/neutron_lib/callbacks/manager.py:192}}
Jul 09 14:36:03.028483 n-d-799529-6 neutron-server[94446]: DEBUG neutron.pecan_wsgi.hooks.policy_enforcement [req-3dbfe230-c33c-41a6-bb04-83c648584e43 req-f8ed2cc6-7c59-4bcf-b2f8-5adc010c75ed tempest-DeleteServersAdminTestJSON-1605085301 tempest-DeleteServersAdminTestJSON-1605085301-project] Attributes excluded by policy engine: ['standard_attr_id', 'binding:profile', 'binding:host_id', 'binding:vif_type', 'binding:vif_details'] {{(pid=94446) _exclude_attributes_by_policy /opt/stack/neutron/neutron/pecan_wsgi/hooks/policy_enforcement.py:255}}
Jul 09 14:36:03.029973 n-d-799529-6 neutron-server[94446]: INFO neutron.wsgi [req-3dbfe230-c33c-41a6-bb04-83c648584e43 req-f8ed2cc6-7c59-4bcf-b2f8-5adc010c75ed tempest-DeleteServersAdminTestJSON-1605085301 tempest-DeleteServersAdminTestJSON-1605085301-project] 10.222.0.58 "GET /v2.0/ports?device_id=30efb618-2f39-459d-8db6-44fa2bb7d7ad HTTP/1.1" status: 200 len: 948 time: 0.0917923
Jul 09 14:36:03.064426 n-d-799529-6 neutron-server[94445]: INFO neutron.wsgi [req-4944df80-c3bf-45bf-ab67-d2b33b2fcde3 req-ad3748dd-7b0d-44be-9ea6-2d63d06337f8 tempest-ServerDiagnosticsNegativeTest-1770261458 tempest-ServerDiagnosticsNegativeTest-1770261458-project] 10.222.0.58 "GET /v2.0/ports?device_id=8f570f43-0141-44b9-99f2-d3acd43eab2a HTTP/1.1" status: 200 len: 210 time: 0.0673654
Jul 09 14:36:03.085748 n-d-799529-6 neutron-server[94446]: INFO neutron.wsgi [req-3dbfe230-c33c-41a6-bb04-83c648584e43 req-009eea24-6251-45e6-a669-2cb8657d8635 tempest-DeleteServersAdminTestJSON-1605085301 tempest-DeleteServersAdminTestJSON-1605085301-project] 10.222.0.58 "GET /v2.0/security-groups?id=842b3a90-2ddf-4c39-b384-8990ad15ae2a&fields=id&fields=name HTTP/1.1" status: 200 len: 286 time: 0.0457847
Jul 09 14:36:03.089271 n-d-799529-6 neutron-server[94447]: DEBUG neutron.plugins.ml2.db [None req-025960dd-da04-40e5-8c32-e1a00aee43d1 None None] For port 89c4d91e-9d88-4ad3-8fa1-1e5522cbbcb6, host n-d-799529-6, cleared binding levels {{(pid=94447) clear_binding_levels /opt/stack/neutron/neutron/plugins/ml2/db.py:87}}
Jul 09 14:36:03.101936 n-d-799529-6 neutron-server[94447]: DEBUG neutron.plugins.ml2.db [None req-025960dd-da04-40e5-8c32-e1a00aee43d1 None None] For port 89c4d91e-9d88-4ad3-8fa1-1e5522cbbcb6, host n-d-799529-6, set binding levels [PortBindingLevel(driver='openvswitch',host='n-d-799529-6',level=0,port_id=89c4d91e-9d88-4ad3-8fa1-1e5522cbbcb6,segment=NetworkSegment(85303425-81df-497a-8117-22ba6281b80e),segment_id=85303425-81df-497a-8117-22ba6281b80e)] {{(pid=94447) set_binding_levels /opt/stack/neutron/neutron/plugins/ml2/db.py:59}}
Jul 09 14:36:03.156725 n-d-799529-6 neutron-server[94446]: INFO neutron.wsgi [req-b6ac341d-da16-49f4-a6f0-555eea7bc200 req-c4adc665-bd03-4cd2-aa4f-ff12a71136db tempest-LiveMigrationNegativeTest-776810216 tempest-LiveMigrationNegativeTest-776810216-project] 10.222.0.58 "GET /v2.0/ports?device_id=1d4a5793-8b72-4f80-9a91-015100a5039a HTTP/1.1" status: 200 len: 210 time: 0.0340872
Jul 09 14:36:03.168067 n-d-799529-6 neutron-server[94445]: DEBUG neutron_lib.callbacks.manager [None req-b70b33da-57c9-4622-8d83-0be8c73000b1 admin admin] Notify callbacks [] for router_gateway, before_create {{(pid=94445) _notify_loop /usr/local/lib/python3.8/dist-packages/neutron_lib/callbacks/manager.py:192}}
Jul 09 14:36:03.209167 n-d-799529-6 neutron-server[94447]: DEBUG neutron_lib.callbacks.manager [None req-025960dd-da04-40e5-8c32-e1a00aee43d1 None None] Notify callbacks ['neutron.plugins.ml2.plugin.SecurityGroupServerNotifierRpcMixin.notify_sg_on_port_change-1783613', 'neutron.plugins.ml2.ovo_rpc._ObjectChangeHandler.handle_event-22954', 'neutron.api.rpc.agentnotifiers.dhcp_rpc_agent_api.DhcpAgentNotifyAPI._native_event_send_dhcp_notification-540086', 'neutron.db.l3_db.L3RpcNotifierMixin._notify_gateway_port_ip_changed-8742620480543', 'neutron.db.l3_dvrscheduler_db._notify_l3_agent_port_update-8742619958510', 'neutron.db.l3_hascheduler_db._notify_l3_agent_ha_port_update-8742619959583'] for port, after_update {{(pid=94447) _notify_loop /usr/local/lib/python3.8/dist-packages/neutron_lib/callbacks/manager.py:192}}
Jul 09 14:36:03.209329 n-d-799529-6 neutron-server[94445]: DEBUG neutron_lib.callbacks.manager [None req-b70b33da-57c9-4622-8d83-0be8c73000b1 admin admin] Notify callbacks ['neutron.plugins.ml2.plugin.SecurityGroupDbMixin._ensure_default_security_group_handler-1783521'] for port, before_create {{(pid=94445) _notify_loop /usr/local/lib/python3.8/dist-packages/neutron_lib/callbacks/manager.py:192}}
Jul 09 14:36:03.305217 n-d-799529-6 neutron-server[94447]: DEBUG neutron.api.rpc.handlers.resources_rpc [None req-025960dd-da04-40e5-8c32-e1a00aee43d1 None None] Pushing event updated for resources: {'Port': ['ID=89c4d91e-9d88-4ad3-8fa1-1e5522cbbcb6,revision_number=2']} {{(pid=94447) push /opt/stack/neutron/neutron/api/rpc/handlers/resources_rpc.py:237}}
Jul 09 14:36:03.381954 n-d-799529-6 neutron-server[94445]: DEBUG neutron.pecan_wsgi.hooks.policy_enforcement [req-a8a7aae3-02c9-49cf-a527-e30cc17984bd req-056c9c06-f110-4342-926c-1f0bda1f49a0 tempest-LiveAutoBlockMigrationV225Test-320441364 tempest-LiveAutoBlockMigrationV225Test-320441364-project] Attributes excluded by policy engine: ['standard_attr_id', 'binding:profile', 'binding:host_id', 'binding:vif_type', 'binding:vif_details'] {{(pid=94445) _exclude_attributes_by_policy /opt/stack/neutron/neutron/pecan_wsgi/hooks/policy_enforcement.py:255}}
Jul 09 14:36:03.382275 n-d-799529-6 neutron-server[94446]: DEBUG neutron.pecan_wsgi.hooks.policy_enforcement [req-1fe1f16e-7e00-4ac4-a138-ebe032da51cd req-164baa78-f8a5-4cc8-990d-2c870cd14325 tempest-LiveMigrationTest-1433435032 tempest-LiveMigrationTest-1433435032-project-admin] Attributes excluded by policy engine: ['standard_attr_id'] {{(pid=94446) _exclude_attributes_by_policy /opt/stack/neutron/neutron/pecan_wsgi/hooks/policy_enforcement.py:255}}
Jul 09 14:36:03.388057 n-d-799529-6 neutron-server[94446]: INFO neutron.wsgi [req-1fe1f16e-7e00-4ac4-a138-ebe032da51cd req-164baa78-f8a5-4cc8-990d-2c870cd14325 tempest-LiveMigrationTest-1433435032 tempest-LiveMigrationTest-1433435032-project-admin] 10.222.0.58 "GET /v2.0/ports?device_id=23c63ae6-2cea-4ae4-b002-870ac7b538ff HTTP/1.1" status: 200 len: 1097 time: 0.0779307
Jul 09 14:36:03.389263 n-d-799529-6 neutron-server[94445]: INFO neutron.wsgi [req-a8a7aae3-02c9-49cf-a527-e30cc17984bd req-056c9c06-f110-4342-926c-1f0bda1f49a0 tempest-LiveAutoBlockMigrationV225Test-320441364 tempest-LiveAutoBlockMigrationV225Test-320441364-project] 10.222.0.58 "GET /v2.0/ports?device_id=2df18832-0a90-4bac-9014-72e1f2d3c304 HTTP/1.1" status: 200 len: 944 time: 0.2130384
Jul 09 14:36:03.423689 n-d-799529-6 neutron-server[94446]: INFO neutron.wsgi [req-1fe1f16e-7e00-4ac4-a138-ebe032da51cd req-3b1e8b3e-3be7-4b24-95f8-328761c292ab tempest-LiveMigrationTest-1433435032 tempest-LiveMigrationTest-1433435032-project-admin] 10.222.0.58 "GET /v2.0/security-groups?id=76792e55-b664-42b3-864b-5d50c6d82f3d&fields=id&fields=name HTTP/1.1" status: 200 len: 286 time: 0.0333991
Jul 09 14:36:03.458015 n-d-799529-6 neutron-server[94445]: DEBUG neutron.db.db_base_plugin_common [None req-b70b33da-57c9-4622-8d83-0be8c73000b1 admin admin] Allocated IP 172.25.3.9 (202c7ce6-d4e9-4f80-84dd-bef08905a653/3e4975a3-dc02-416f-be7f-75fd824dda40/8686d87c-2171-44ba-8a92-59b2f7fc817c) {{(pid=94445) _store_ip_allocation /opt/stack/neutron/neutron/db/db_base_plugin_common.py:131}}
Jul 09 14:36:03.484810 n-d-799529-6 neutron-server[94445]: INFO neutron.wsgi [req-a8a7aae3-02c9-49cf-a527-e30cc17984bd req-8a02f449-c730-433e-b68a-eb33c6e13d5c tempest-LiveAutoBlockMigrationV225Test-320441364 tempest-LiveAutoBlockMigrationV225Test-320441364-project] 10.222.0.58 "GET /v2.0/security-groups?id=a3ec8ad2-cc24-44d1-a762-eefc0e0da17d&fields=id&fields=name HTTP/1.1" status: 200 len: 286 time: 0.0946131
Jul 09 14:36:03.559909 n-d-799529-6 neutron-server[94447]: DEBUG neutron.plugins.ml2.rpc [None req-718f77db-7926-46d8-a0e9-c01cf27b9b6f None None] Device 7efb6543-18dd-4ecc-a691-fb655906d072 no longer exists at agent hyperv_n-h2-799529-6 {{(pid=94447) update_device_down /opt/stack/neutron/neutron/plugins/ml2/rpc.py:259}}
Jul 09 14:36:03.588089 n-d-799529-6 neutron-server[94447]: DEBUG neutron.plugins.ml2.plugin [None req-718f77db-7926-46d8-a0e9-c01cf27b9b6f None None] No Port match for: 7efb6543-18dd-4ecc-a691-fb655906d072 {{(pid=94447) port_bound_to_host /opt/stack/neutron/neutron/plugins/ml2/plugin.py:2248}}
Jul 09 14:36:03.588510 n-d-799529-6 neutron-server[94447]: DEBUG neutron.plugins.ml2.rpc [None req-718f77db-7926-46d8-a0e9-c01cf27b9b6f None None] Device 7efb6543-18dd-4ecc-a691-fb655906d072 not bound to the agent host n-h2-799529-6 {{(pid=94447) update_device_down /opt/stack/neutron/neutron/plugins/ml2/rpc.py:269}}
Jul 09 14:36:03.605859 n-d-799529-6 neutron-server[94445]: DEBUG neutron_lib.callbacks.manager [None req-b70b33da-57c9-4622-8d83-0be8c73000b1 admin admin] Notify callbacks [] for port, precommit_create {{(pid=94445) _notify_loop /usr/local/lib/python3.8/dist-packages/neutron_lib/callbacks/manager.py:192}}
Jul 09 14:36:03.764651 n-d-799529-6 neutron-server[94445]: DEBUG neutron_lib.callbacks.manager [None req-b70b33da-57c9-4622-8d83-0be8c73000b1 admin admin] Notify callbacks ['neutron.plugins.ml2.plugin.SecurityGroupServerNotifierRpcMixin._notify_sg_on_port_after_update-1783590', 'neutron.plugins.ml2.ovo_rpc._ObjectChangeHandler.handle_payload_event-22947', 'neutron.api.rpc.agentnotifiers.dhcp_rpc_agent_api.DhcpAgentNotifyAPI._native_event_send_dhcp_notification_payload-540089', 'neutron.db.l3_dvrscheduler_db._notify_l3_agent_new_port-8742619958492'] for port, after_create {{(pid=94445) _notify_loop /usr/local/lib/python3.8/dist-packages/neutron_lib/callbacks/manager.py:192}}
Jul 09 14:36:03.825332 n-d-799529-6 neutron-server[94445]: DEBUG neutron.scheduler.dhcp_agent_scheduler [None req-b70b33da-57c9-4622-8d83-0be8c73000b1 admin admin] Network 202c7ce6-d4e9-4f80-84dd-bef08905a653 is already hosted by enough agents. {{(pid=94445) _get_dhcp_agents_hosting_network /opt/stack/neutron/neutron/scheduler/dhcp_agent_scheduler.py:275}}
Jul 09 14:36:03.835232 n-d-799529-6 neutron-server[94445]: DEBUG neutron.scheduler.base_scheduler [None req-b70b33da-57c9-4622-8d83-0be8c73000b1 admin admin] Resources bound (agent type, host, resource id): {{(pid=94445) schedule /opt/stack/neutron/neutron/scheduler/base_scheduler.py:57}}
Jul 09 14:36:03.840790 n-d-799529-6 neutron-server[94445]: DEBUG neutron.db.l3_dvrscheduler_db [None req-b70b33da-57c9-4622-8d83-0be8c73000b1 admin admin] Received port after_create {{(pid=94445) _notify_l3_agent_new_port /opt/stack/neutron/neutron/db/l3_dvrscheduler_db.py:535}}
Jul 09 14:36:03.911257 n-d-799529-6 neutron-server[94445]: DEBUG neutron.api.rpc.handlers.resources_rpc [None req-b70b33da-57c9-4622-8d83-0be8c73000b1 admin admin] Pushing event updated for resources: {'Port': ['ID=8686d87c-2171-44ba-8a92-59b2f7fc817c,revision_number=1']} {{(pid=94445) push /opt/stack/neutron/neutron/api/rpc/handlers/resources_rpc.py:237}}
Jul 09 14:36:04.389884 n-d-799529-6 neutron-server[94446]: DEBUG neutron.wsgi [-] (94446) accepted ('10.222.0.58', 48614) {{(pid=94446) server /usr/local/lib/python3.8/dist-packages/eventlet/wsgi.py:982}}
Jul 09 14:36:04.429726 n-d-799529-6 neutron-server[94445]: DEBUG neutron_lib.callbacks.manager [None req-b70b33da-57c9-4622-8d83-0be8c73000b1 admin admin] Notify callbacks [] for router_gateway, after_create {{(pid=94445) _notify_loop /usr/local/lib/python3.8/dist-packages/neutron_lib/callbacks/manager.py:192}}
Jul 09 14:36:04.515371 n-d-799529-6 neutron-server[94445]: INFO neutron.wsgi [req-bba6b51f-524b-4982-bf62-48afd3caaf48 req-12af329b-7ae7-44ea-9824-20bac1e60f8f tempest-ServerDiagnosticsNegativeTest-1770261458 tempest-ServerDiagnosticsNegativeTest-1770261458-project] 10.222.0.58 "GET /v2.0/ports?device_id=8f570f43-0141-44b9-99f2-d3acd43eab2a HTTP/1.1" status: 200 len: 210 time: 0.0367880
Jul 09 14:36:04.574374 n-d-799529-6 neutron-server[94446]: INFO neutron.wsgi [None req-2132499c-96a3-43fe-9e63-414c528587ef admin admin] 10.222.0.58 "GET /v2.0/security-groups?tenant_id=31ef8f35240f45a3ac3f0d26e70d6282&name=default HTTP/1.1" status: 200 len: 2975 time: 0.1816394
Jul 09 14:36:04.581317 n-d-799529-6 neutron-server[94445]: DEBUG neutron.wsgi [-] (94445) accepted ('10.222.0.58', 48620) {{(pid=94445) server /usr/local/lib/python3.8/dist-packages/eventlet/wsgi.py:982}}
Jul 09 14:36:04.656900 n-d-799529-6 neutron-server[94447]: DEBUG neutron.api.rpc.handlers.dhcp_rpc [None req-10d0eab5-12ad-4b4c-a27d-140361ccb3ae None None] Network e7430d59-7c88-483d-984e-fabf3c5cc12e requested from n-d-799529-6 {{(pid=94447) get_network_info /opt/stack/neutron/neutron/api/rpc/handlers/dhcp_rpc.py:218}}
Jul 09 14:36:04.768473 n-d-799529-6 neutron-server[94445]: DEBUG neutron_lib.callbacks.manager [None req-dc0a6136-ade0-48ff-b8ba-89d82141ef72 admin admin] Notify callbacks [] for security_group, before_delete {{(pid=94445) _notify_loop /usr/local/lib/python3.8/dist-packages/neutron_lib/callbacks/manager.py:192}}
Jul 09 14:36:04.810171 n-d-799529-6 neutron-server[94445]: DEBUG neutron_lib.callbacks.manager [None req-dc0a6136-ade0-48ff-b8ba-89d82141ef72 admin admin] Notify callbacks [] for security_group, precommit_delete {{(pid=94445) _notify_loop /usr/local/lib/python3.8/dist-packages/neutron_lib/callbacks/manager.py:192}}
Jul 09 14:36:04.819232 n-d-799529-6 neutron-server[94446]: DEBUG neutron.notifiers.nova [-] Sending events: [{'name': 'network-changed', 'server_uuid': '2df18832-0a90-4bac-9014-72e1f2d3c304', 'tag': 'e24c6829-ff22-4546-b008-4d35ebba6132'}] {{(pid=94446) send_events /opt/stack/neutron/neutron/notifiers/nova.py:262}}
Jul 09 14:36:04.823258 n-d-799529-6 neutron-server[94445]: DEBUG neutron_lib.callbacks.manager [None req-b70b33da-57c9-4622-8d83-0be8c73000b1 admin admin] Notify callbacks ['neutron.services.l3_router.l3_router_plugin.L3_HA_NAT_db_mixin._after_router_create-753943', 'neutron.services.l3_router.l3_router_plugin.DVRResourceOperationHandler._create_snat_interfaces_after_change-668864'] for router, after_create {{(pid=94445) _notify_loop /usr/local/lib/python3.8/dist-packages/neutron_lib/callbacks/manager.py:192}}
Jul 09 14:36:04.825535 n-d-799529-6 neutron-server[94446]: DEBUG novaclient.v2.client [-] REQ: curl -g -i --cacert "/opt/stack/data/ca-bundle.pem" -X POST http://10.222.0.58/compute/v2.1/os-server-external-events -H "Accept: application/json" -H "Content-Type: application/json" -H "User-Agent: python-novaclient" -H "X-Auth-Token: {SHA256}2f74a7cc7b8983617d30be12f99a461a8b497bc0c0e2773c0f9ee043b2bfe209" -H "X-OpenStack-Nova-API-Version: 2.1" -H "X-OpenStack-Request-ID: req-295dff3f-3208-4d36-a931-2201187a39b3" -d '{"events": [{"name": "network-changed", "server_uuid": "2df18832-0a90-4bac-9014-72e1f2d3c304", "tag": "e24c6829-ff22-4546-b008-4d35ebba6132"}]}' {{(pid=94446) _http_log_request /usr/local/lib/python3.8/dist-packages/keystoneauth1/session.py:519}}
Jul 09 14:36:04.832724 n-d-799529-6 neutron-server[94447]: DEBUG neutron.db.provisioning_blocks [None req-aeaa00d6-e43b-4ef4-9f7d-2e8385e7e506 None None] Provisioning for port 89c4d91e-9d88-4ad3-8fa1-1e5522cbbcb6 completed by entity DHCP. {{(pid=94447) provisioning_complete /opt/stack/neutron/neutron/db/provisioning_blocks.py:133}}
Jul 09 14:36:04.836624 n-d-799529-6 neutron-server[94445]: DEBUG neutron.pecan_wsgi.hooks.policy_enforcement [req-b61e944a-8281-4c39-965d-e200632719a8 req-c83dd588-96e6-4d92-9bfa-d78da1f7a0ab tempest-DeleteServersAdminTestJSON-1605085301 tempest-DeleteServersAdminTestJSON-1605085301-project] Attributes excluded by policy engine: ['standard_attr_id', 'binding:profile', 'binding:host_id', 'binding:vif_type', 'binding:vif_details'] {{(pid=94445) _exclude_attributes_by_policy /opt/stack/neutron/neutron/pecan_wsgi/hooks/policy_enforcement.py:255}}
Jul 09 14:36:04.839717 n-d-799529-6 neutron-server[94445]: INFO neutron.wsgi [req-b61e944a-8281-4c39-965d-e200632719a8 req-c83dd588-96e6-4d92-9bfa-d78da1f7a0ab tempest-DeleteServersAdminTestJSON-1605085301 tempest-DeleteServersAdminTestJSON-1605085301-project] 10.222.0.58 "GET /v2.0/ports?device_id=30efb618-2f39-459d-8db6-44fa2bb7d7ad HTTP/1.1" status: 200 len: 948 time: 0.1791911
Jul 09 14:36:04.980143 n-d-799529-6 neutron-server[94445]: INFO neutron.wsgi [req-b61e944a-8281-4c39-965d-e200632719a8 req-7f8b96fc-f722-472e-ad34-b817daab742b tempest-DeleteServersAdminTestJSON-1605085301 tempest-DeleteServersAdminTestJSON-1605085301-project] 10.222.0.58 "GET /v2.0/security-groups?id=842b3a90-2ddf-4c39-b384-8990ad15ae2a&fields=id&fields=name HTTP/1.1" status: 200 len: 286 time: 0.1126146
Jul 09 14:36:05.060659 n-d-799529-6 neutron-server[94445]: DEBUG neutron_lib.callbacks.manager [None req-dc0a6136-ade0-48ff-b8ba-89d82141ef72 admin admin] Notify callbacks ['neutron.plugins.ml2.ovo_rpc._ObjectChangeHandler.handle_payload_event-359034'] for security_group, after_delete {{(pid=94445) _notify_loop /usr/local/lib/python3.8/dist-packages/neutron_lib/callbacks/manager.py:192}}
Jul 09 14:36:05.063211 n-d-799529-6 neutron-server[94445]: DEBUG neutron_lib.callbacks.manager [None req-dc0a6136-ade0-48ff-b8ba-89d82141ef72 admin admin] Notify callbacks [] for security_group, before_response {{(pid=94445) _notify_loop /usr/local/lib/python3.8/dist-packages/neutron_lib/callbacks/manager.py:192}}
Jul 09 14:36:05.065041 n-d-799529-6 neutron-server[94445]: INFO neutron.wsgi [None req-dc0a6136-ade0-48ff-b8ba-89d82141ef72 admin admin] 10.222.0.58 "DELETE /v2.0/security-groups/ee8856be-6182-45a7-982c-78036c75ddd7 HTTP/1.1" status: 204 len: 168 time: 0.4824984
Jul 09 14:36:05.072737 n-d-799529-6 neutron-server[94445]: DEBUG neutron.api.rpc.handlers.resources_rpc [None req-dc0a6136-ade0-48ff-b8ba-89d82141ef72 admin admin] Pushing event deleted for resources: {'SecurityGroup': ['ID=ee8856be-6182-45a7-982c-78036c75ddd7,revision_number=None']} {{(pid=94445) push /opt/stack/neutron/neutron/api/rpc/handlers/resources_rpc.py:237}}
Jul 09 14:36:05.144868 n-d-799529-6 neutron-server[94445]: INFO neutron.wsgi [req-ee7c070a-8cc3-4501-a5ea-7a453f8ee2f7 req-427062f4-8738-4322-939f-698c852b3476 tempest-LiveMigrationNegativeTest-776810216 tempest-LiveMigrationNegativeTest-776810216-project] 10.222.0.58 "GET /v2.0/ports?device_id=1d4a5793-8b72-4f80-9a91-015100a5039a HTTP/1.1" status: 200 len: 210 time: 0.0324092
Jul 09 14:36:05.173129 n-d-799529-6 neutron-server[94447]: DEBUG neutron.plugins.ml2.rpc [None req-91ac92f7-4fa1-44e3-a06e-b2fe3cc352d9 None None] Device 2d8f7e10-6ff2-4a65-8f22-3b6e093df725 details requested by agent hyperv_n-h1-799529-6 with host n-h1-799529-6 {{(pid=94447) get_device_details /opt/stack/neutron/neutron/plugins/ml2/rpc.py:102}}
Jul 09 14:36:05.195993 n-d-799529-6 neutron-server[94445]: DEBUG neutron.scheduler.l3_agent_scheduler [None req-b70b33da-57c9-4622-8d83-0be8c73000b1 admin admin] Router ba27f607-41b2-44e9-bc92-0fce3f45c1fe is scheduled to L3 agent 36a8dcac-1f2d-4216-aba8-6766a6a7ecbc with binding_index 1 {{(pid=94445) bind_router /opt/stack/neutron/neutron/scheduler/l3_agent_scheduler.py:210}}
Jul 09 14:36:05.328704 n-d-799529-6 neutron-server[94447]: DEBUG neutron.plugins.ml2.db [None req-91ac92f7-4fa1-44e3-a06e-b2fe3cc352d9 None None] For port 2d8f7e10-6ff2-4a65-8f22-3b6e093df725, host n-h1-799529-6, got binding levels [PortBindingLevel(driver='hyperv',host='n-h1-799529-6',level=0,port_id=2d8f7e10-6ff2-4a65-8f22-3b6e093df725,segment=NetworkSegment(974216f2-c1df-4b73-91ba-e745b6448ea1),segment_id=974216f2-c1df-4b73-91ba-e745b6448ea1)] {{(pid=94447) get_binding_level_objs /opt/stack/neutron/neutron/plugins/ml2/db.py:74}}
Jul 09 14:36:05.342792 n-d-799529-6 neutron-server[94447]: DEBUG neutron.plugins.ml2.rpc [None req-91ac92f7-4fa1-44e3-a06e-b2fe3cc352d9 None None] Returning: {'device': '2d8f7e10-6ff2-4a65-8f22-3b6e093df725', 'network_id': 'aa30872f-c756-4ec7-be84-b2e3b86cdcfc', 'port_id': '2d8f7e10-6ff2-4a65-8f22-3b6e093df725', 'mac_address': 'fa:16:3e:58:ea:11', 'admin_state_up': True, 'network_type': 'vlan', 'segmentation_id': 647, 'physical_network': 'physnet1', 'mtu': 1500, 'fixed_ips': [{'subnet_id': '8081bcce-88de-4a2f-9e69-6750220e0be0', 'ip_address': '192.168.233.190'}], 'device_owner': 'compute:nova', 'allowed_address_pairs': [], 'port_security_enabled': True, 'qos_policy_id': None, 'network_qos_policy_id': None, 'profile': {}, 'propagate_uplink_status': False} {{(pid=94447) _get_device_details /opt/stack/neutron/neutron/plugins/ml2/rpc.py:184}}
Jul 09 14:36:05.351331 n-d-799529-6 neutron-server[94445]: DEBUG neutron.api.rpc.agentnotifiers.l3_rpc_agent_api [None req-b70b33da-57c9-4622-8d83-0be8c73000b1 admin admin] Notify agent at l3_agent.n-d-799529-6 the message routers_updated {{(pid=94445) _agent_notification /opt/stack/neutron/neutron/api/rpc/agentnotifiers/l3_rpc_agent_api.py:65}}
Jul 09 14:36:05.366778 n-d-799529-6 neutron-server[94448]: DEBUG neutron.api.rpc.handlers.l3_rpc [None req-5846d231-a167-449c-9e0a-621f94af2358 None None] Sync routers for ids ['ba27f607-41b2-44e9-bc92-0fce3f45c1fe'] in n-d-799529-6 {{(pid=94448) sync_routers /opt/stack/neutron/neutron/api/rpc/handlers/l3_rpc.py:125}}
Jul 09 14:36:05.405585 n-d-799529-6 neutron-server[94448]: DEBUG neutron.db.l3_dvrscheduler_db [None req-5846d231-a167-449c-9e0a-621f94af2358 None None] Routers {'ba27f607-41b2-44e9-bc92-0fce3f45c1fe'} bound to L3 agent in host n-d-799529-6 {{(pid=94448) _get_router_ids_for_agent /opt/stack/neutron/neutron/db/l3_dvrscheduler_db.py:420}}
Jul 09 14:36:05.413134 n-d-799529-6 neutron-server[94448]: DEBUG neutron.db.l3_hamode_db [None req-5846d231-a167-449c-9e0a-621f94af2358 None None] neutron.services.l3_router.l3_router_plugin.L3RouterPlugin method get_ha_sync_data_for_host called with arguments (, 'n-d-799529-6', Agent(admin_state_up=True,agent_type='L3 agent',availability_zone='nova',binary='neutron-l3-agent',configurations={"agent_mode": "legacy", "ex_gw_ports": 1, "extensions": [], "floating_ips": 0, "handle_internal_only_routers": true, "interface_driver": "openvswitch", "interfaces": 1, "log_agent_heartbeats": false, "routers": 1},created_at=2021-07-09T14:24:59Z,description=,heartbeat_timestamp=2021-07-09T14:35:59Z,host='n-d-799529-6',id=36a8dcac-1f2d-4216-aba8-6766a6a7ecbc,load=0,resource_versions=,resources_synced=,started_at=2021-07-09T14:25:00Z,topic='l3_agent')) {'router_ids': ['ba27f607-41b2-44e9-bc92-0fce3f45c1fe'], 'active': True} {{(pid=94448) wrapper /usr/local/lib/python3.8/dist-packages/oslo_log/helpers.py:65}}
Jul 09 14:36:05.421539 n-d-799529-6 neutron-server[94447]: DEBUG neutron_lib.callbacks.manager [None req-91ac92f7-4fa1-44e3-a06e-b2fe3cc352d9 None None] Notify callbacks ['neutron.plugins.ml2.plugin.SecurityGroupDbMixin._ensure_default_security_group_handler-1783521'] for port, before_update {{(pid=94447) _notify_loop /usr/local/lib/python3.8/dist-packages/neutron_lib/callbacks/manager.py:192}}
Jul 09 14:36:05.441403 n-d-799529-6 neutron-server[94447]: DEBUG neutron.notifiers.nova [None req-91ac92f7-4fa1-44e3-a06e-b2fe3cc352d9 None None] Ignoring state change previous_port_status: DOWN current_port_status: BUILD port_id 2d8f7e10-6ff2-4a65-8f22-3b6e093df725 {{(pid=94447) record_port_status_changed /opt/stack/neutron/neutron/notifiers/nova.py:224}}
Jul 09 14:36:05.445755 n-d-799529-6 neutron-server[94446]: INFO neutron.wsgi [req-4b782959-bffb-482a-a607-b2fa4be284f9 req-553b36c2-7b68-4d8b-a817-8c5c95bc0c0f tempest-ServerDiagnosticsNegativeTest-1770261458 tempest-ServerDiagnosticsNegativeTest-1770261458-project] 10.222.0.62 "GET /v2.0/networks?tenant_id=7a81167bb4aa4766bfbe33dbc7e63f28&shared=False HTTP/1.1" status: 200 len: 213 time: 0.0645759
Jul 09 14:36:05.467341 n-d-799529-6 neutron-server[94447]: DEBUG neutron.plugins.ml2.db [None req-91ac92f7-4fa1-44e3-a06e-b2fe3cc352d9 None None] For port 2d8f7e10-6ff2-4a65-8f22-3b6e093df725, host n-h1-799529-6, got binding levels [PortBindingLevel(driver='hyperv',host='n-h1-799529-6',level=0,port_id=2d8f7e10-6ff2-4a65-8f22-3b6e093df725,segment=NetworkSegment(974216f2-c1df-4b73-91ba-e745b6448ea1),segment_id=974216f2-c1df-4b73-91ba-e745b6448ea1)] {{(pid=94447) get_binding_level_objs /opt/stack/neutron/neutron/plugins/ml2/db.py:74}}
Jul 09 14:36:05.469173 n-d-799529-6 neutron-server[94447]: DEBUG neutron.plugins.ml2.rpc [None req-a98507bb-78f6-456f-b9c9-493c445c16b3 None None] Device 89c4d91e-9d88-4ad3-8fa1-1e5522cbbcb6 up at agent ovs-agent-n-d-799529-6 {{(pid=94447) update_device_up /opt/stack/neutron/neutron/plugins/ml2/rpc.py:296}}
Jul 09 14:36:05.492901 n-d-799529-6 neutron-server[94445]: DEBUG neutron.pecan_wsgi.hooks.policy_enforcement [req-a6dc9808-2954-4a86-a73b-1d226f235a82 req-6912c851-7364-4f08-b5cf-4c7cbfb967ff tempest-LiveAutoBlockMigrationV225Test-320441364 tempest-LiveAutoBlockMigrationV225Test-320441364-project] Attributes excluded by policy engine: ['standard_attr_id', 'binding:profile', 'binding:host_id', 'binding:vif_type', 'binding:vif_details'] {{(pid=94445) _exclude_attributes_by_policy /opt/stack/neutron/neutron/pecan_wsgi/hooks/policy_enforcement.py:255}}
Jul 09 14:36:05.503232 n-d-799529-6 neutron-server[94445]: INFO neutron.wsgi [req-a6dc9808-2954-4a86-a73b-1d226f235a82 req-6912c851-7364-4f08-b5cf-4c7cbfb967ff tempest-LiveAutoBlockMigrationV225Test-320441364 tempest-LiveAutoBlockMigrationV225Test-320441364-project] 10.222.0.58 "GET /v2.0/ports?device_id=2df18832-0a90-4bac-9014-72e1f2d3c304 HTTP/1.1" status: 200 len: 944 time: 0.0981865
Jul 09 14:36:05.554435 n-d-799529-6 neutron-server[94445]: INFO neutron.wsgi [req-a6dc9808-2954-4a86-a73b-1d226f235a82 req-5660bdd1-a503-4fab-833f-6a521633e322 tempest-LiveAutoBlockMigrationV225Test-320441364 tempest-LiveAutoBlockMigrationV225Test-320441364-project] 10.222.0.58 "GET /v2.0/security-groups?id=a3ec8ad2-cc24-44d1-a762-eefc0e0da17d&fields=id&fields=name HTTP/1.1" status: 200 len: 286 time: 0.0384104
Jul 09 14:36:05.555766 n-d-799529-6 neutron-server[94447]: DEBUG neutron.plugins.ml2.rpc [None req-718f77db-7926-46d8-a0e9-c01cf27b9b6f None None] Device e24c6829-ff22-4546-b008-4d35ebba6132 details requested by agent hyperv_n-h2-799529-6 with host n-h2-799529-6 {{(pid=94447) get_device_details /opt/stack/neutron/neutron/plugins/ml2/rpc.py:102}}
Jul 09 14:36:05.597433 n-d-799529-6 neutron-server[94448]: DEBUG neutron.db.l3_dvr_db [None req-5846d231-a167-449c-9e0a-621f94af2358 None None] Set router ba27f607-41b2-44e9-bc92-0fce3f45c1fe gateway port host: n-d-799529-6 {{(pid=94448) _build_routers_list /opt/stack/neutron/neutron/db/l3_dvr_db.py:894}}
Jul 09 14:36:05.609965 n-d-799529-6 neutron-server[94445]: DEBUG neutron_lib.callbacks.manager [None req-b70b33da-57c9-4622-8d83-0be8c73000b1 admin admin] Notify callbacks [] for router, before_response {{(pid=94445) _notify_loop /usr/local/lib/python3.8/dist-packages/neutron_lib/callbacks/manager.py:192}}
Jul 09 14:36:05.615098 n-d-799529-6 neutron-server[94445]: INFO neutron.wsgi [None req-b70b33da-57c9-4622-8d83-0be8c73000b1 admin admin] 10.222.0.58 "POST /v2.0/routers HTTP/1.1" status: 201 len: 934 time: 3.5897906
Jul 09 14:36:05.616000 n-d-799529-6 neutron-server[94445]: DEBUG neutron.wsgi [-] (94445) accepted ('10.222.0.58', 48654) {{(pid=94445) server /usr/local/lib/python3.8/dist-packages/eventlet/wsgi.py:982}}
