Jul 08 17:50:21.678782 n-d-799529-5 neutron-server[100825]: INFO neutron.wsgi [req-147f768d-0401-4f94-b341-afb06a259bc0 req-1075f12a-8bf8-4944-86fd-16aa98988cac service neutron] 10.222.0.32 "GET /v2.0/networks/0e21afe9-4fda-4e7d-a0ac-f3ab4b994474?fields=provider%3Aphysical_network&fields=provider%3Anetwork_type HTTP/1.1" status: 200 len: 281 time: 0.1357145
Jul 08 17:50:21.695736 n-d-799529-5 neutron-server[100825]: DEBUG neutron.pecan_wsgi.hooks.policy_enforcement [req-324480fe-543a-45b5-8970-3223f47935d2 req-443878b0-f610-4d88-ac34-9e81e219325c tempest-ServersWithSpecificFlavorTestJSON-915046953 tempest-ServersWithSpecificFlavorTestJSON-915046953-project] Attributes excluded by policy engine: ['standard_attr_id', 'binding:profile', 'binding:host_id', 'binding:vif_type', 'binding:vif_details'] {{(pid=100825) _exclude_attributes_by_policy /opt/stack/neutron/neutron/pecan_wsgi/hooks/policy_enforcement.py:255}}
Jul 08 17:50:21.705654 n-d-799529-5 neutron-server[100825]: INFO neutron.wsgi [req-324480fe-543a-45b5-8970-3223f47935d2 req-443878b0-f610-4d88-ac34-9e81e219325c tempest-ServersWithSpecificFlavorTestJSON-915046953 tempest-ServersWithSpecificFlavorTestJSON-915046953-project] 10.222.0.49 "GET /v2.0/ports?device_id=0f71d857-3598-4959-9d15-cb4129035d98 HTTP/1.1" status: 200 len: 943 time: 0.1569743
Jul 08 17:50:21.748474 n-d-799529-5 neutron-server[100825]: INFO neutron.wsgi [req-324480fe-543a-45b5-8970-3223f47935d2 req-111bd37c-b78a-42c5-96c8-b77052ea92b6 tempest-ServersWithSpecificFlavorTestJSON-915046953 tempest-ServersWithSpecificFlavorTestJSON-915046953-project] 10.222.0.49 "GET /v2.0/security-groups?id=152a24a2-7d74-4b07-a62e-b792d8cafb53&fields=id&fields=name HTTP/1.1" status: 200 len: 311 time: 0.0417640
Jul 08 17:50:21.750472 n-d-799529-5 neutron-server[100826]: INFO neutron.wsgi [req-7385f9e5-d45b-4850-ab53-af7496272de1 req-6b301d92-8039-4d40-8a04-c29d3902f031 tempest-MigrationsAdminTest-1464754771 tempest-MigrationsAdminTest-1464754771-project] 10.222.0.32 "POST /v2.0/ports HTTP/1.1" status: 201 len: 938 time: 1.5630050
Jul 08 17:50:21.778134 n-d-799529-5 neutron-server[100826]: DEBUG neutron.api.v2.base [req-7385f9e5-d45b-4850-ab53-af7496272de1 req-2586f109-0a54-41b7-87cf-1013ced1f752 service neutron] Request body: {'port': {'device_id': '10d3b39e-7c43-4e57-882b-78ddf57123c3', 'device_owner': 'compute:nova', 'binding:host_id': 'n-h1-799529-5'}} {{(pid=100826) prepare_request_body /opt/stack/neutron/neutron/api/v2/base.py:729}}
Jul 08 17:50:21.873463 n-d-799529-5 neutron-server[100826]: DEBUG neutron_lib.callbacks.manager [req-7385f9e5-d45b-4850-ab53-af7496272de1 req-2586f109-0a54-41b7-87cf-1013ced1f752 service neutron] Notify callbacks ['neutron.plugins.ml2.plugin.SecurityGroupDbMixin._ensure_default_security_group_handler-7898850'] for port, before_update {{(pid=100826) _notify_loop /usr/local/lib/python3.8/dist-packages/neutron_lib/callbacks/manager.py:192}}
Jul 08 17:50:22.026219 n-d-799529-5 neutron-server[100826]: DEBUG neutron.wsgi [-] (100826) accepted ('10.222.0.49', 44194) {{(pid=100826) server /usr/local/lib/python3.8/dist-packages/eventlet/wsgi.py:982}}
Jul 08 17:50:22.078378 n-d-799529-5 neutron-server[100827]: DEBUG neutron.db.provisioning_blocks [None req-8c40c721-1491-4415-8218-fd5adfa91db8 None None] Provisioning for port 228d62b1-965d-45e0-b028-f532a4fb8675 completed by entity DHCP. {{(pid=100827) provisioning_complete /opt/stack/neutron/neutron/db/provisioning_blocks.py:133}}
Jul 08 17:50:22.090988 n-d-799529-5 neutron-server[100827]: DEBUG neutron.db.provisioning_blocks [None req-8c40c721-1491-4415-8218-fd5adfa91db8 None None] Provisioning complete for port 228d62b1-965d-45e0-b028-f532a4fb8675 triggered by entity DHCP. {{(pid=100827) provisioning_complete /opt/stack/neutron/neutron/db/provisioning_blocks.py:139}}
Jul 08 17:50:22.091542 n-d-799529-5 neutron-server[100827]: DEBUG neutron_lib.callbacks.manager [None req-8c40c721-1491-4415-8218-fd5adfa91db8 None None] Notify callbacks ['neutron.plugins.ml2.plugin.Ml2Plugin._port_provisioned-8202109'] for port, provisioning_complete {{(pid=100827) _notify_loop /usr/local/lib/python3.8/dist-packages/neutron_lib/callbacks/manager.py:192}}
Jul 08 17:50:22.168735 n-d-799529-5 neutron-server[100827]: DEBUG neutron.plugins.ml2.plugin [None req-8c40c721-1491-4415-8218-fd5adfa91db8 None None] Port 228d62b1-965d-45e0-b028-f532a4fb8675 cannot update to ACTIVE because it is not bound. {{(pid=100827) _port_provisioned /opt/stack/neutron/neutron/plugins/ml2/plugin.py:337}}
Jul 08 17:50:22.198512 n-d-799529-5 neutron-server[100826]: DEBUG neutron_lib.callbacks.manager [None req-b7e73615-9d26-4966-adfb-cffe9d9e50c6 admin admin] Notify callbacks [] for security_group, before_create {{(pid=100826) _notify_loop /usr/local/lib/python3.8/dist-packages/neutron_lib/callbacks/manager.py:192}}
Jul 08 17:50:22.217733 n-d-799529-5 neutron-server[100826]: DEBUG neutron.notifiers.nova [req-7385f9e5-d45b-4850-ab53-af7496272de1 req-2586f109-0a54-41b7-87cf-1013ced1f752 service neutron] Ignoring state change previous_port_status: DOWN current_port_status: DOWN port_id 228d62b1-965d-45e0-b028-f532a4fb8675 {{(pid=100826) record_port_status_changed /opt/stack/neutron/neutron/notifiers/nova.py:224}}
Jul 08 17:50:22.236888 n-d-799529-5 neutron-server[100826]: DEBUG neutron_lib.callbacks.manager [req-7385f9e5-d45b-4850-ab53-af7496272de1 req-2586f109-0a54-41b7-87cf-1013ced1f752 service neutron] Notify callbacks [] for port, precommit_update {{(pid=100826) _notify_loop /usr/local/lib/python3.8/dist-packages/neutron_lib/callbacks/manager.py:192}}
Jul 08 17:50:22.280354 n-d-799529-5 neutron-server[100826]: DEBUG neutron.db.provisioning_blocks [req-7385f9e5-d45b-4850-ab53-af7496272de1 req-2586f109-0a54-41b7-87cf-1013ced1f752 service neutron] Transition to ACTIVE for port object 228d62b1-965d-45e0-b028-f532a4fb8675 will not be triggered until provisioned by entity L2. {{(pid=100826) add_provisioning_component /opt/stack/neutron/neutron/db/provisioning_blocks.py:73}}
Jul 08 17:50:22.336083 n-d-799529-5 neutron-server[100826]: DEBUG neutron.pecan_wsgi.hooks.policy_enforcement [req-ad3c8c99-6938-44b7-858b-d35fbe428459 req-2a0760f4-d495-4b8e-abe1-4cb89edc2beb tempest-MigrationsAdminTest-1464754771 tempest-MigrationsAdminTest-1464754771-project] Attributes excluded by policy engine: ['standard_attr_id', 'binding:profile', 'binding:host_id', 'binding:vif_type', 'binding:vif_details'] {{(pid=100826) _exclude_attributes_by_policy /opt/stack/neutron/neutron/pecan_wsgi/hooks/policy_enforcement.py:255}}
Jul 08 17:50:22.336300 n-d-799529-5 neutron-server[100826]: INFO neutron.wsgi [req-ad3c8c99-6938-44b7-858b-d35fbe428459 req-2a0760f4-d495-4b8e-abe1-4cb89edc2beb tempest-MigrationsAdminTest-1464754771 tempest-MigrationsAdminTest-1464754771-project] 10.222.0.49 "GET /v2.0/ports?device_id=10d3b39e-7c43-4e57-882b-78ddf57123c3 HTTP/1.1" status: 200 len: 936 time: 0.1230712
Jul 08 17:50:22.365473 n-d-799529-5 neutron-server[100826]: DEBUG neutron_lib.callbacks.manager [req-7385f9e5-d45b-4850-ab53-af7496272de1 req-2586f109-0a54-41b7-87cf-1013ced1f752 service neutron] Notify callbacks ['neutron.plugins.ml2.plugin.SecurityGroupServerNotifierRpcMixin.notify_sg_on_port_change-7898430', 'neutron.plugins.ml2.ovo_rpc._ObjectChangeHandler.handle_event-17124', 'neutron.api.rpc.agentnotifiers.dhcp_rpc_agent_api.DhcpAgentNotifyAPI._native_event_send_dhcp_notification-533922', 'neutron.db.l3_db.L3RpcNotifierMixin._notify_gateway_port_ip_changed-8737502330655', 'neutron.db.l3_dvrscheduler_db._notify_l3_agent_port_update-8737502021870', 'neutron.db.l3_hascheduler_db._notify_l3_agent_ha_port_update-8737502023455'] for port, after_update {{(pid=100826) _notify_loop /usr/local/lib/python3.8/dist-packages/neutron_lib/callbacks/manager.py:192}}
Jul 08 17:50:22.412855 n-d-799529-5 neutron-server[100825]: INFO neutron.wsgi [req-f57092e9-66b7-438f-ab65-b10293fc71b4 req-06e9878d-dcc3-49fc-b43b-68f6910e5443 service neutron] 10.222.0.24 "GET /v2.0/ports?device_id=cf9dcb78-153e-455d-b829-d60db5824414&fields=binding%3Ahost_id&fields=binding%3Avif_type HTTP/1.1" status: 200 len: 273 time: 0.0625172
Jul 08 17:50:22.442672 n-d-799529-5 neutron-server[100826]: INFO neutron.wsgi [req-ad3c8c99-6938-44b7-858b-d35fbe428459 req-e0d54024-796b-46f3-890d-7dc5915c37b0 tempest-MigrationsAdminTest-1464754771 tempest-MigrationsAdminTest-1464754771-project] 10.222.0.49 "GET /v2.0/security-groups?id=81689de1-11c7-406e-ab48-e2c970615343&fields=id&fields=name HTTP/1.1" status: 200 len: 286 time: 0.0982018
Jul 08 17:50:22.447812 n-d-799529-5 neutron-server[100826]: DEBUG neutron_lib.callbacks.manager [None req-b7e73615-9d26-4966-adfb-cffe9d9e50c6 admin admin] Notify callbacks [] for security_group, precommit_create {{(pid=100826) _notify_loop /usr/local/lib/python3.8/dist-packages/neutron_lib/callbacks/manager.py:192}}
Jul 08 17:50:22.477867 n-d-799529-5 neutron-server[100826]: DEBUG neutron.api.rpc.handlers.resources_rpc [None req-2586f109-0a54-41b7-87cf-1013ced1f752 service neutron] Pushing event updated for resources: {'Port': ['ID=228d62b1-965d-45e0-b028-f532a4fb8675,revision_number=2']} {{(pid=100826) push /opt/stack/neutron/neutron/api/rpc/handlers/resources_rpc.py:237}}
Jul 08 17:50:22.506461 n-d-799529-5 neutron-server[100826]: DEBUG neutron.plugins.ml2.managers [req-7385f9e5-d45b-4850-ab53-af7496272de1 req-2586f109-0a54-41b7-87cf-1013ced1f752 service neutron] Attempting to bind port 228d62b1-965d-45e0-b028-f532a4fb8675 on host n-h1-799529-5 for vnic_type normal with profile {{(pid=100826) bind_port /opt/stack/neutron/neutron/plugins/ml2/managers.py:790}}
Jul 08 17:50:22.506889 n-d-799529-5 neutron-server[100826]: DEBUG neutron.plugins.ml2.managers [req-7385f9e5-d45b-4850-ab53-af7496272de1 req-2586f109-0a54-41b7-87cf-1013ced1f752 service neutron] Attempting to bind port 228d62b1-965d-45e0-b028-f532a4fb8675 by drivers openvswitch,hyperv on host n-h1-799529-5 at level 0 using segments [{'id': '94361188-bbc1-48e0-849d-426d09bf9ac6', 'network_type': 'vlan', 'physical_network': 'physnet1', 'segmentation_id': 71, 'network_id': '721232a6-ad02-4d05-9848-c9a5b412764e'}] {{(pid=100826) _bind_port_level /opt/stack/neutron/neutron/plugins/ml2/managers.py:815}}
Jul 08 17:50:22.507220 n-d-799529-5 neutron-server[100826]: DEBUG neutron.plugins.ml2.drivers.mech_agent [req-7385f9e5-d45b-4850-ab53-af7496272de1 req-2586f109-0a54-41b7-87cf-1013ced1f752 service neutron] Attempting to bind port 228d62b1-965d-45e0-b028-f532a4fb8675 on network 721232a6-ad02-4d05-9848-c9a5b412764e {{(pid=100826) bind_port /opt/stack/neutron/neutron/plugins/ml2/drivers/mech_agent.py:86}}
Jul 08 17:50:22.513287 n-d-799529-5 neutron-server[100826]: DEBUG neutron.plugins.ml2.drivers.mech_agent [req-7385f9e5-d45b-4850-ab53-af7496272de1 req-2586f109-0a54-41b7-87cf-1013ced1f752 service neutron] Port 228d62b1-965d-45e0-b028-f532a4fb8675 on network 721232a6-ad02-4d05-9848-c9a5b412764e not bound, no agent of type Open vSwitch agent registered on host n-h1-799529-5 {{(pid=100826) bind_port /opt/stack/neutron/neutron/plugins/ml2/drivers/mech_agent.py:98}}
Jul 08 17:50:22.518586 n-d-799529-5 neutron-server[100826]: DEBUG neutron.plugins.ml2.drivers.mech_agent [req-7385f9e5-d45b-4850-ab53-af7496272de1 req-2586f109-0a54-41b7-87cf-1013ced1f752 service neutron] Attempting to bind port 228d62b1-965d-45e0-b028-f532a4fb8675 on network 721232a6-ad02-4d05-9848-c9a5b412764e {{(pid=100826) bind_port /opt/stack/neutron/neutron/plugins/ml2/drivers/mech_agent.py:86}}
Jul 08 17:50:22.521703 n-d-799529-5 neutron-server[100826]: DEBUG neutron.plugins.ml2.drivers.mech_agent [req-7385f9e5-d45b-4850-ab53-af7496272de1 req-2586f109-0a54-41b7-87cf-1013ced1f752 service neutron] Checking agent: {'id': '8d0ecbb1-b603-471d-bddb-c9ef16c623cd', 'agent_type': 'HyperV agent', 'binary': 'neutron-hyperv-agent', 'topic': 'N/A', 'host': 'n-h1-799529-5', 'admin_state_up': True, 'created_at': datetime.datetime(2021, 7, 8, 17, 47, 38), 'started_at': datetime.datetime(2021, 7, 8, 17, 47, 38), 'heartbeat_timestamp': datetime.datetime(2021, 7, 8, 17, 50, 8), 'description': None, 'resources_synced': None, 'availability_zone': None, 'alive': True, 'configurations': {'vswitch_mappings': {'physnet1$': 'br-data'}}, 'resource_versions': {}} {{(pid=100826) bind_port /opt/stack/neutron/neutron/plugins/ml2/drivers/mech_agent.py:105}}
Jul 08 17:50:22.522089 n-d-799529-5 neutron-server[100826]: DEBUG neutron.plugins.ml2.drivers.mech_agent [req-7385f9e5-d45b-4850-ab53-af7496272de1 req-2586f109-0a54-41b7-87cf-1013ced1f752 service neutron] Checking segment: {'id': '94361188-bbc1-48e0-849d-426d09bf9ac6', 'network_type': 'vlan', 'physical_network': 'physnet1', 'segmentation_id': 71, 'network_id': '721232a6-ad02-4d05-9848-c9a5b412764e'} for mappings: {'physnet1$': 'br-data'} with network types: ['local', 'flat', 'vlan'] {{(pid=100826) check_segment_for_agent /opt/stack/neutron/neutron/plugins/ml2/drivers/mech_agent.py:341}}
Jul 08 17:50:22.522713 n-d-799529-5 neutron-server[100826]: DEBUG neutron.plugins.ml2.drivers.mech_agent [req-7385f9e5-d45b-4850-ab53-af7496272de1 req-2586f109-0a54-41b7-87cf-1013ced1f752 service neutron] Bound using segment: {'id': '94361188-bbc1-48e0-849d-426d09bf9ac6', 'network_type': 'vlan', 'physical_network': 'physnet1', 'segmentation_id': 71, 'network_id': '721232a6-ad02-4d05-9848-c9a5b412764e'} {{(pid=100826) bind_port /opt/stack/neutron/neutron/plugins/ml2/drivers/mech_agent.py:115}}
Jul 08 17:50:22.523179 n-d-799529-5 neutron-server[100826]: DEBUG neutron.plugins.ml2.managers [req-7385f9e5-d45b-4850-ab53-af7496272de1 req-2586f109-0a54-41b7-87cf-1013ced1f752 service neutron] Bound port: 228d62b1-965d-45e0-b028-f532a4fb8675, host: n-h1-799529-5, vif_type: hyperv, vif_details: {"connectivity": "legacy", "port_filter": false}, binding_levels: [{'bound_driver': 'hyperv', 'bound_segment': {'id': '94361188-bbc1-48e0-849d-426d09bf9ac6', 'network_type': 'vlan', 'physical_network': 'physnet1', 'segmentation_id': 71, 'network_id': '721232a6-ad02-4d05-9848-c9a5b412764e'}}] {{(pid=100826) _bind_port_level /opt/stack/neutron/neutron/plugins/ml2/managers.py:928}}
Jul 08 17:50:22.524562 n-d-799529-5 neutron-server[100826]: DEBUG neutron_lib.callbacks.manager [req-7385f9e5-d45b-4850-ab53-af7496272de1 req-2586f109-0a54-41b7-87cf-1013ced1f752 service neutron] Notify callbacks ['neutron.plugins.ml2.plugin.SecurityGroupDbMixin._ensure_default_security_group_handler-7898850'] for port, before_update {{(pid=100826) _notify_loop /usr/local/lib/python3.8/dist-packages/neutron_lib/callbacks/manager.py:192}}
Jul 08 17:50:22.542623 n-d-799529-5 neutron-server[100826]: DEBUG neutron_lib.callbacks.manager [None req-b7e73615-9d26-4966-adfb-cffe9d9e50c6 admin admin] Notify callbacks ['neutron.plugins.ml2.ovo_rpc._ObjectChangeHandler.handle_payload_event-954236'] for security_group, after_create {{(pid=100826) _notify_loop /usr/local/lib/python3.8/dist-packages/neutron_lib/callbacks/manager.py:192}}
Jul 08 17:50:22.555101 n-d-799529-5 neutron-server[100825]: DEBUG neutron.pecan_wsgi.hooks.policy_enforcement [req-f57092e9-66b7-438f-ab65-b10293fc71b4 req-9295143f-4a09-43f6-b99b-bd0cfa6c3357 service neutron] Attributes excluded by policy engine: ['standard_attr_id'] {{(pid=100825) _exclude_attributes_by_policy /opt/stack/neutron/neutron/pecan_wsgi/hooks/policy_enforcement.py:255}}
Jul 08 17:50:22.556014 n-d-799529-5 neutron-server[100825]: INFO neutron.wsgi [req-f57092e9-66b7-438f-ab65-b10293fc71b4 req-9295143f-4a09-43f6-b99b-bd0cfa6c3357 service neutron] 10.222.0.24 "GET /v2.0/ports?tenant_id=07b4057b5c254d4fa89e65707abd9386&device_id=cf9dcb78-153e-455d-b829-d60db5824414 HTTP/1.1" status: 200 len: 1122 time: 0.0775652
Jul 08 17:50:22.709766 n-d-799529-5 neutron-server[100826]: DEBUG neutron.api.rpc.handlers.resources_rpc [None req-b7e73615-9d26-4966-adfb-cffe9d9e50c6 admin admin] Pushing event updated for resources: {'SecurityGroup': ['ID=0621c98d-22d2-48ba-85d9-d3e63909344e,revision_number=1']} {{(pid=100826) push /opt/stack/neutron/neutron/api/rpc/handlers/resources_rpc.py:237}}
Jul 08 17:50:22.725512 n-d-799529-5 neutron-server[100826]: INFO neutron.wsgi [None req-b7e73615-9d26-4966-adfb-cffe9d9e50c6 admin admin] 10.222.0.49 "GET /v2.0/security-groups?tenant_id=7101ee33f3914b559a091250286ec963&name=default HTTP/1.1" status: 200 len: 2979 time: 0.6979094
Jul 08 17:50:22.739948 n-d-799529-5 neutron-server[100825]: DEBUG neutron.wsgi [-] (100825) accepted ('10.222.0.49', 44228) {{(pid=100825) server /usr/local/lib/python3.8/dist-packages/eventlet/wsgi.py:982}}
Jul 08 17:50:22.764743 n-d-799529-5 neutron-server[100826]: DEBUG neutron.plugins.ml2.db [req-7385f9e5-d45b-4850-ab53-af7496272de1 req-2586f109-0a54-41b7-87cf-1013ced1f752 service neutron] For port 228d62b1-965d-45e0-b028-f532a4fb8675, host n-h1-799529-5, cleared binding levels {{(pid=100826) clear_binding_levels /opt/stack/neutron/neutron/plugins/ml2/db.py:87}}
Jul 08 17:50:22.769977 n-d-799529-5 neutron-server[100826]: DEBUG neutron.plugins.ml2.db [req-7385f9e5-d45b-4850-ab53-af7496272de1 req-2586f109-0a54-41b7-87cf-1013ced1f752 service neutron] For port 228d62b1-965d-45e0-b028-f532a4fb8675, host n-h1-799529-5, set binding levels [PortBindingLevel(driver='hyperv',host='n-h1-799529-5',level=0,port_id=228d62b1-965d-45e0-b028-f532a4fb8675,segment=NetworkSegment(94361188-bbc1-48e0-849d-426d09bf9ac6),segment_id=94361188-bbc1-48e0-849d-426d09bf9ac6)] {{(pid=100826) set_binding_levels /opt/stack/neutron/neutron/plugins/ml2/db.py:59}}
Jul 08 17:50:22.782267 n-d-799529-5 neutron-server[100825]: DEBUG neutron.pecan_wsgi.hooks.policy_enforcement [req-f57092e9-66b7-438f-ab65-b10293fc71b4 req-b61151ff-4ea2-4f00-8591-07e9a171663c service neutron] Attributes excluded by policy engine: ['standard_attr_id', 'vlan_transparent'] {{(pid=100825) _exclude_attributes_by_policy /opt/stack/neutron/neutron/pecan_wsgi/hooks/policy_enforcement.py:255}}
Jul 08 17:50:22.783947 n-d-799529-5 neutron-server[100825]: INFO neutron.wsgi [req-f57092e9-66b7-438f-ab65-b10293fc71b4 req-b61151ff-4ea2-4f00-8591-07e9a171663c service neutron] 10.222.0.24 "GET /v2.0/networks?id=721232a6-ad02-4d05-9848-c9a5b412764e HTTP/1.1" status: 200 len: 869 time: 0.2032850
Jul 08 17:50:22.847322 n-d-799529-5 neutron-server[100826]: DEBUG neutron_lib.callbacks.manager [req-7385f9e5-d45b-4850-ab53-af7496272de1 req-2586f109-0a54-41b7-87cf-1013ced1f752 service neutron] Notify callbacks ['neutron.plugins.ml2.plugin.SecurityGroupServerNotifierRpcMixin.notify_sg_on_port_change-7898430', 'neutron.plugins.ml2.ovo_rpc._ObjectChangeHandler.handle_event-17124', 'neutron.api.rpc.agentnotifiers.dhcp_rpc_agent_api.DhcpAgentNotifyAPI._native_event_send_dhcp_notification-533922', 'neutron.db.l3_db.L3RpcNotifierMixin._notify_gateway_port_ip_changed-8737502330655', 'neutron.db.l3_dvrscheduler_db._notify_l3_agent_port_update-8737502021870', 'neutron.db.l3_hascheduler_db._notify_l3_agent_ha_port_update-8737502023455'] for port, after_update {{(pid=100826) _notify_loop /usr/local/lib/python3.8/dist-packages/neutron_lib/callbacks/manager.py:192}}
Jul 08 17:50:22.863221 n-d-799529-5 neutron-server[100825]: INFO neutron.wsgi [req-f57092e9-66b7-438f-ab65-b10293fc71b4 req-9bf89460-5d89-4416-a1fa-02d190696540 service neutron] 10.222.0.24 "GET /v2.0/floatingips?fixed_ip_address=192.168.233.176&port_id=1b1ae547-bc43-4130-b03a-0be5fedc88a5 HTTP/1.1" status: 200 len: 217 time: 0.0529723
Jul 08 17:50:22.899262 n-d-799529-5 neutron-server[100826]: DEBUG neutron.pecan_wsgi.hooks.policy_enforcement [req-7385f9e5-d45b-4850-ab53-af7496272de1 req-2586f109-0a54-41b7-87cf-1013ced1f752 service neutron] Attributes excluded by policy engine: ['standard_attr_id'] {{(pid=100826) _exclude_attributes_by_policy /opt/stack/neutron/neutron/pecan_wsgi/hooks/policy_enforcement.py:255}}
Jul 08 17:50:22.899824 n-d-799529-5 neutron-server[100826]: DEBUG neutron_lib.callbacks.manager [req-7385f9e5-d45b-4850-ab53-af7496272de1 req-2586f109-0a54-41b7-87cf-1013ced1f752 service neutron] Notify callbacks ['neutron.notifiers.nova.Notifier._send_nova_notification-233100', 'neutron.api.rpc.agentnotifiers.dhcp_rpc_agent_api.DhcpAgentNotifyAPI._send_dhcp_notification-533936'] for port, before_response {{(pid=100826) _notify_loop /usr/local/lib/python3.8/dist-packages/neutron_lib/callbacks/manager.py:192}}
Jul 08 17:50:22.901272 n-d-799529-5 neutron-server[100826]: INFO neutron.wsgi [req-7385f9e5-d45b-4850-ab53-af7496272de1 req-2586f109-0a54-41b7-87cf-1013ced1f752 service neutron] 10.222.0.32 "PUT /v2.0/ports/228d62b1-965d-45e0-b028-f532a4fb8675 HTTP/1.1" status: 200 len: 1096 time: 1.1361625
Jul 08 17:50:22.903747 n-d-799529-5 neutron-server[100826]: DEBUG neutron.notifiers.nova [-] Sending events: [{'name': 'network-changed', 'server_uuid': '10d3b39e-7c43-4e57-882b-78ddf57123c3', 'tag': '228d62b1-965d-45e0-b028-f532a4fb8675'}] {{(pid=100826) send_events /opt/stack/neutron/neutron/notifiers/nova.py:262}}
Jul 08 17:50:22.909475 n-d-799529-5 neutron-server[100826]: DEBUG novaclient.v2.client [-] REQ: curl -g -i --cacert "/opt/stack/data/ca-bundle.pem" -X POST http://10.222.0.49/compute/v2.1/os-server-external-events -H "Accept: application/json" -H "Content-Type: application/json" -H "User-Agent: python-novaclient" -H "X-Auth-Token: {SHA256}3448cf1b602049d730670c7e3d9f882f7b7fd17e19d3882da77e26972ac8f616" -H "X-OpenStack-Nova-API-Version: 2.1" -H "X-OpenStack-Request-ID: req-c556bde3-9769-4323-aa75-237f7f23e30d" -d '{"events": [{"name": "network-changed", "server_uuid": "10d3b39e-7c43-4e57-882b-78ddf57123c3", "tag": "228d62b1-965d-45e0-b028-f532a4fb8675"}]}' {{(pid=100826) _http_log_request /usr/local/lib/python3.8/dist-packages/keystoneauth1/session.py:519}}
Jul 08 17:50:22.948703 n-d-799529-5 neutron-server[100826]: DEBUG neutron.api.rpc.handlers.resources_rpc [None req-2586f109-0a54-41b7-87cf-1013ced1f752 service neutron] Pushing event updated for resources: {'Port': ['ID=228d62b1-965d-45e0-b028-f532a4fb8675,revision_number=3']} {{(pid=100826) push /opt/stack/neutron/neutron/api/rpc/handlers/resources_rpc.py:237}}
Jul 08 17:50:22.975978 n-d-799529-5 neutron-server[100825]: DEBUG neutron.pecan_wsgi.hooks.policy_enforcement [req-f57092e9-66b7-438f-ab65-b10293fc71b4 req-657fbaef-1cea-499e-af3c-e3a42843ad6e service neutron] Attributes excluded by policy engine: ['standard_attr_id', 'shared'] {{(pid=100825) _exclude_attributes_by_policy /opt/stack/neutron/neutron/pecan_wsgi/hooks/policy_enforcement.py:255}}
Jul 08 17:50:22.977512 n-d-799529-5 neutron-server[100825]: INFO neutron.wsgi [req-f57092e9-66b7-438f-ab65-b10293fc71b4 req-657fbaef-1cea-499e-af3c-e3a42843ad6e service neutron] 10.222.0.24 "GET /v2.0/subnets?id=f1d34ea7-6b2b-4747-bd0b-5a4a62eadef6 HTTP/1.1" status: 200 len: 843 time: 0.1133633
Jul 08 17:50:22.983908 n-d-799529-5 neutron-server[100825]: DEBUG neutron_lib.callbacks.manager [None req-a14d2c71-f150-4725-9348-ce6ba5b3da4b admin admin] Notify callbacks [] for security_group, before_delete {{(pid=100825) _notify_loop /usr/local/lib/python3.8/dist-packages/neutron_lib/callbacks/manager.py:192}}
Jul 08 17:50:22.993800 n-d-799529-5 neutron-server[100826]: DEBUG neutron.wsgi [-] (100826) accepted ('10.222.0.49', 44242) {{(pid=100826) server /usr/local/lib/python3.8/dist-packages/eventlet/wsgi.py:982}}
Jul 08 17:50:23.049037 n-d-799529-5 neutron-server[100825]: DEBUG neutron_lib.callbacks.manager [None req-a14d2c71-f150-4725-9348-ce6ba5b3da4b admin admin] Notify callbacks [] for security_group, precommit_delete {{(pid=100825) _notify_loop /usr/local/lib/python3.8/dist-packages/neutron_lib/callbacks/manager.py:192}}
Jul 08 17:50:23.105768 n-d-799529-5 neutron-server[100825]: DEBUG neutron.pecan_wsgi.hooks.policy_enforcement [req-f57092e9-66b7-438f-ab65-b10293fc71b4 req-dab00ee2-c0bb-4ded-82e7-d800920cc09a service neutron] Attributes excluded by policy engine: ['standard_attr_id'] {{(pid=100825) _exclude_attributes_by_policy /opt/stack/neutron/neutron/pecan_wsgi/hooks/policy_enforcement.py:255}}
Jul 08 17:50:23.107284 n-d-799529-5 neutron-server[100825]: INFO neutron.wsgi [req-f57092e9-66b7-438f-ab65-b10293fc71b4 req-dab00ee2-c0bb-4ded-82e7-d800920cc09a service neutron] 10.222.0.24 "GET /v2.0/ports?network_id=721232a6-ad02-4d05-9848-c9a5b412764e&device_owner=network%3Adhcp HTTP/1.1" status: 200 len: 1166 time: 0.1213841
Jul 08 17:50:23.165032 n-d-799529-5 neutron-server[100826]: DEBUG neutron.api.v2.base [None req-5fc5ded2-b565-425d-b6a1-ae0ad4e5110a admin admin] Request body: {'network': {'name': 'tempest-LiveMigrationRemoteConsolesV26Test-59598573-network', 'tenant_id': '34e10bba482648e7ab101efcec5d2d43'}} {{(pid=100826) prepare_request_body /opt/stack/neutron/neutron/api/v2/base.py:729}}
Jul 08 17:50:23.177495 n-d-799529-5 neutron-server[100826]: DEBUG neutron.pecan_wsgi.hooks.policy_enforcement [req-7385f9e5-d45b-4850-ab53-af7496272de1 req-10bfe1ad-263d-446e-ae7e-f7f082e3ec3d service neutron] Attributes excluded by policy engine: ['standard_attr_id'] {{(pid=100826) _exclude_attributes_by_policy /opt/stack/neutron/neutron/pecan_wsgi/hooks/policy_enforcement.py:255}}
Jul 08 17:50:23.179389 n-d-799529-5 neutron-server[100826]: INFO neutron.wsgi [req-7385f9e5-d45b-4850-ab53-af7496272de1 req-10bfe1ad-263d-446e-ae7e-f7f082e3ec3d service neutron] 10.222.0.32 "GET /v2.0/ports?tenant_id=c55b9ff33c6c415bb60b23424473ffad&device_id=10d3b39e-7c43-4e57-882b-78ddf57123c3 HTTP/1.1" status: 200 len: 1099 time: 0.1412821
Jul 08 17:50:23.241991 n-d-799529-5 neutron-server[100825]: DEBUG neutron_lib.callbacks.manager [None req-a14d2c71-f150-4725-9348-ce6ba5b3da4b admin admin] Notify callbacks ['neutron.plugins.ml2.ovo_rpc._ObjectChangeHandler.handle_payload_event-954236'] for security_group, after_delete {{(pid=100825) _notify_loop /usr/local/lib/python3.8/dist-packages/neutron_lib/callbacks/manager.py:192}}
Jul 08 17:50:23.244717 n-d-799529-5 neutron-server[100825]: DEBUG neutron_lib.callbacks.manager [None req-a14d2c71-f150-4725-9348-ce6ba5b3da4b admin admin] Notify callbacks [] for security_group, before_response {{(pid=100825) _notify_loop /usr/local/lib/python3.8/dist-packages/neutron_lib/callbacks/manager.py:192}}
Jul 08 17:50:23.245784 n-d-799529-5 neutron-server[100825]: INFO neutron.wsgi [None req-a14d2c71-f150-4725-9348-ce6ba5b3da4b admin admin] 10.222.0.49 "DELETE /v2.0/security-groups/0621c98d-22d2-48ba-85d9-d3e63909344e HTTP/1.1" status: 204 len: 168 time: 0.5034518
Jul 08 17:50:23.252609 n-d-799529-5 neutron-server[100825]: INFO neutron.wsgi [req-f57092e9-66b7-438f-ab65-b10293fc71b4 req-9f26bcaf-8ad0-46c6-a61c-e089c09abb9e service neutron] 10.222.0.24 "GET /v2.0/networks/721232a6-ad02-4d05-9848-c9a5b412764e?fields=segments HTTP/1.1" status: 200 len: 212 time: 0.1374934
Jul 08 17:50:23.257365 n-d-799529-5 neutron-server[100825]: DEBUG neutron.api.rpc.handlers.resources_rpc [None req-a14d2c71-f150-4725-9348-ce6ba5b3da4b admin admin] Pushing event deleted for resources: {'SecurityGroup': ['ID=0621c98d-22d2-48ba-85d9-d3e63909344e,revision_number=None']} {{(pid=100825) push /opt/stack/neutron/neutron/api/rpc/handlers/resources_rpc.py:237}}
Jul 08 17:50:23.276308 n-d-799529-5 neutron-server[100826]: INFO neutron.wsgi [req-7385f9e5-d45b-4850-ab53-af7496272de1 req-1adefd9b-e84c-46d8-a099-0cd256c0750a service neutron] 10.222.0.32 "GET /v2.0/floatingips?fixed_ip_address=192.168.233.147&port_id=228d62b1-965d-45e0-b028-f532a4fb8675 HTTP/1.1" status: 200 len: 217 time: 0.0817821
Jul 08 17:50:23.312380 n-d-799529-5 neutron-server[100826]: DEBUG neutron.pecan_wsgi.hooks.quota_enforcement [None req-5fc5ded2-b565-425d-b6a1-ae0ad4e5110a admin admin] Made reservation on behalf of 34e10bba482648e7ab101efcec5d2d43 for: {'network': 1} {{(pid=100826) before /opt/stack/neutron/neutron/pecan_wsgi/hooks/quota_enforcement.py:53}}
Jul 08 17:50:23.314805 n-d-799529-5 neutron-server[100826]: DEBUG neutron_lib.callbacks.manager [None req-5fc5ded2-b565-425d-b6a1-ae0ad4e5110a admin admin] Notify callbacks ['neutron.plugins.ml2.plugin.SecurityGroupDbMixin._ensure_default_security_group_handler-7898850'] for network, before_create {{(pid=100826) _notify_loop /usr/local/lib/python3.8/dist-packages/neutron_lib/callbacks/manager.py:192}}
Jul 08 17:50:23.350216 n-d-799529-5 neutron-server[100826]: DEBUG neutron_lib.callbacks.manager [None req-5fc5ded2-b565-425d-b6a1-ae0ad4e5110a admin admin] Notify callbacks [] for security_group, before_create {{(pid=100826) _notify_loop /usr/local/lib/python3.8/dist-packages/neutron_lib/callbacks/manager.py:192}}
Jul 08 17:50:23.381452 n-d-799529-5 neutron-server[100826]: DEBUG neutron.pecan_wsgi.hooks.policy_enforcement [req-7385f9e5-d45b-4850-ab53-af7496272de1 req-7c3e6c34-2128-410b-bb7c-b74a9fe3a837 service neutron] Attributes excluded by policy engine: ['standard_attr_id', 'shared'] {{(pid=100826) _exclude_attributes_by_policy /opt/stack/neutron/neutron/pecan_wsgi/hooks/policy_enforcement.py:255}}
Jul 08 17:50:23.383017 n-d-799529-5 neutron-server[100826]: INFO neutron.wsgi [req-7385f9e5-d45b-4850-ab53-af7496272de1 req-7c3e6c34-2128-410b-bb7c-b74a9fe3a837 service neutron] 10.222.0.32 "GET /v2.0/subnets?id=f1d34ea7-6b2b-4747-bd0b-5a4a62eadef6 HTTP/1.1" status: 200 len: 843 time: 0.0904295
Jul 08 17:50:23.385025 n-d-799529-5 neutron-server[100825]: INFO neutron.wsgi [req-f57092e9-66b7-438f-ab65-b10293fc71b4 req-fb7f4f9b-d770-4a78-919e-7e18711de901 service neutron] 10.222.0.24 "GET /v2.0/networks/721232a6-ad02-4d05-9848-c9a5b412764e?fields=provider%3Aphysical_network&fields=provider%3Anetwork_type HTTP/1.1" status: 200 len: 281 time: 0.1255152
Jul 08 17:50:23.478285 n-d-799529-5 neutron-server[100826]: DEBUG neutron.pecan_wsgi.hooks.policy_enforcement [req-ef29ee7c-9462-4117-810c-1fd852e78825 req-1f7cccb8-bd90-469c-b31b-c7bffd13d8bf tempest-ServersWithSpecificFlavorTestJSON-915046953 tempest-ServersWithSpecificFlavorTestJSON-915046953-project] Attributes excluded by policy engine: ['standard_attr_id', 'binding:profile', 'binding:host_id', 'binding:vif_type', 'binding:vif_details'] {{(pid=100826) _exclude_attributes_by_policy /opt/stack/neutron/neutron/pecan_wsgi/hooks/policy_enforcement.py:255}}
Jul 08 17:50:23.479839 n-d-799529-5 neutron-server[100826]: INFO neutron.wsgi [req-ef29ee7c-9462-4117-810c-1fd852e78825 req-1f7cccb8-bd90-469c-b31b-c7bffd13d8bf tempest-ServersWithSpecificFlavorTestJSON-915046953 tempest-ServersWithSpecificFlavorTestJSON-915046953-project] 10.222.0.49 "GET /v2.0/ports?device_id=0f71d857-3598-4959-9d15-cb4129035d98 HTTP/1.1" status: 200 len: 943 time: 0.2488601
Jul 08 17:50:23.567718 n-d-799529-5 neutron-server[100826]: DEBUG neutron.pecan_wsgi.hooks.policy_enforcement [req-7385f9e5-d45b-4850-ab53-af7496272de1 req-bd670b55-2fc1-4ba8-8f04-a93d24f08cb4 service neutron] Attributes excluded by policy engine: ['standard_attr_id'] {{(pid=100826) _exclude_attributes_by_policy /opt/stack/neutron/neutron/pecan_wsgi/hooks/policy_enforcement.py:255}}
Jul 08 17:50:23.569314 n-d-799529-5 neutron-server[100826]: INFO neutron.wsgi [req-7385f9e5-d45b-4850-ab53-af7496272de1 req-bd670b55-2fc1-4ba8-8f04-a93d24f08cb4 service neutron] 10.222.0.32 "GET /v2.0/ports?network_id=721232a6-ad02-4d05-9848-c9a5b412764e&device_owner=network%3Adhcp HTTP/1.1" status: 200 len: 1166 time: 0.1759183
Jul 08 17:50:23.579294 n-d-799529-5 neutron-server[100826]: INFO neutron.wsgi [req-ef29ee7c-9462-4117-810c-1fd852e78825 req-6ceb6a94-62c8-4ec8-8bc1-b6a8abad6223 tempest-ServersWithSpecificFlavorTestJSON-915046953 tempest-ServersWithSpecificFlavorTestJSON-915046953-project] 10.222.0.49 "GET /v2.0/security-groups?id=152a24a2-7d74-4b07-a62e-b792d8cafb53&fields=id&fields=name HTTP/1.1" status: 200 len: 311 time: 0.0904207
Jul 08 17:50:23.634084 n-d-799529-5 neutron-server[100826]: DEBUG neutron_lib.callbacks.manager [None req-5fc5ded2-b565-425d-b6a1-ae0ad4e5110a admin admin] Notify callbacks [] for security_group, precommit_create {{(pid=100826) _notify_loop /usr/local/lib/python3.8/dist-packages/neutron_lib/callbacks/manager.py:192}}
Jul 08 17:50:23.660369 n-d-799529-5 neutron-server[100826]: DEBUG novaclient.v2.client [-] RESP: [200] Connection: close Content-Length: 179 Content-Type: application/json Date: Thu, 08 Jul 2021 17:50:22 GMT OpenStack-API-Version: compute 2.1 Server: Apache/2.4.41 (Ubuntu) Vary: OpenStack-API-Version,X-OpenStack-Nova-API-Version X-OpenStack-Nova-API-Version: 2.1 x-compute-request-id: req-2d4af0e4-b642-46b2-adad-778213431a2c x-openstack-request-id: req-2d4af0e4-b642-46b2-adad-778213431a2c {{(pid=100826) _http_log_response /usr/local/lib/python3.8/dist-packages/keystoneauth1/session.py:550}}
Jul 08 17:50:23.660580 n-d-799529-5 neutron-server[100826]: DEBUG novaclient.v2.client [-] RESP BODY: {"events": [{"name": "network-changed", "server_uuid": "10d3b39e-7c43-4e57-882b-78ddf57123c3", "tag": "228d62b1-965d-45e0-b028-f532a4fb8675", "status": "completed", "code": 200}]} {{(pid=100826) _http_log_response /usr/local/lib/python3.8/dist-packages/keystoneauth1/session.py:582}}
Jul 08 17:50:23.660818 n-d-799529-5 neutron-server[100826]: DEBUG novaclient.v2.client [-] POST call to compute for http://10.222.0.49/compute/v2.1/os-server-external-events used request id req-2d4af0e4-b642-46b2-adad-778213431a2c {{(pid=100826) request /usr/local/lib/python3.8/dist-packages/keystoneauth1/session.py:954}}
Jul 08 17:50:23.661205 n-d-799529-5 neutron-server[100826]: INFO neutron.notifiers.nova [-] Nova event response: {'name': 'network-changed', 'server_uuid': '10d3b39e-7c43-4e57-882b-78ddf57123c3', 'tag': '228d62b1-965d-45e0-b028-f532a4fb8675', 'status': 'completed', 'code': 200}
Jul 08 17:50:23.706354 n-d-799529-5 neutron-server[100826]: INFO neutron.wsgi [req-7385f9e5-d45b-4850-ab53-af7496272de1 req-76a67431-867d-4bde-bf19-8aebe75c68e7 service neutron] 10.222.0.32 "GET /v2.0/networks/721232a6-ad02-4d05-9848-c9a5b412764e?fields=segments HTTP/1.1" status: 200 len: 212 time: 0.1235480
Jul 08 17:50:23.722056 n-d-799529-5 neutron-server[100826]: DEBUG neutron_lib.callbacks.manager [None req-5fc5ded2-b565-425d-b6a1-ae0ad4e5110a admin admin] Notify callbacks ['neutron.plugins.ml2.ovo_rpc._ObjectChangeHandler.handle_payload_event-954236'] for security_group, after_create {{(pid=100826) _notify_loop /usr/local/lib/python3.8/dist-packages/neutron_lib/callbacks/manager.py:192}}
Jul 08 17:50:23.791536 n-d-799529-5 neutron-server[100826]: DEBUG neutron.plugins.ml2.drivers.helpers [None req-5fc5ded2-b565-425d-b6a1-ae0ad4e5110a admin admin] vlan segment allocate from pool success with {'vlan_id': 59, 'physical_network': 'physnet1'} {{(pid=100826) allocate_partially_specified_segment /opt/stack/neutron/neutron/plugins/ml2/drivers/helpers.py:153}}
Jul 08 17:50:23.808737 n-d-799529-5 neutron-server[100826]: DEBUG neutron.api.rpc.handlers.resources_rpc [None req-5fc5ded2-b565-425d-b6a1-ae0ad4e5110a admin admin] Pushing event updated for resources: {'SecurityGroup': ['ID=2efd1b9c-2864-4dc4-a1b6-58939db1395a,revision_number=1']} {{(pid=100826) push /opt/stack/neutron/neutron/api/rpc/handlers/resources_rpc.py:237}}
Jul 08 17:50:23.822491 n-d-799529-5 neutron-server[100826]: DEBUG neutron_lib.callbacks.manager [None req-5fc5ded2-b565-425d-b6a1-ae0ad4e5110a admin admin] Notify callbacks ['neutron.plugins.ml2.plugin.Ml2Plugin._handle_segment_change-8207360'] for segment, precommit_create {{(pid=100826) _notify_loop /usr/local/lib/python3.8/dist-packages/neutron_lib/callbacks/manager.py:192}}
Jul 08 17:50:23.822737 n-d-799529-5 neutron-server[100826]: INFO neutron.db.segments_db [None req-5fc5ded2-b565-425d-b6a1-ae0ad4e5110a admin admin] Added segment 200f1212-762c-4c95-bac0-572d4ab38860 of type vlan for network 1e52fc96-32e4-4923-bf6e-1bf17e5f7535
Jul 08 17:50:23.912222 n-d-799529-5 neutron-server[100826]: DEBUG neutron_lib.callbacks.manager [None req-5fc5ded2-b565-425d-b6a1-ae0ad4e5110a admin admin] Notify callbacks ['neutron.services.auto_allocate.db._ensure_external_network_default_value_callback-8737501979486'] for network, precommit_create {{(pid=100826) _notify_loop /usr/local/lib/python3.8/dist-packages/neutron_lib/callbacks/manager.py:192}}
Jul 08 17:50:23.919000 n-d-799529-5 neutron-server[100826]: INFO neutron.wsgi [req-7385f9e5-d45b-4850-ab53-af7496272de1 req-d5c8a999-e8cf-4055-bc52-8324b2b07cb1 service neutron] 10.222.0.32 "GET /v2.0/networks/721232a6-ad02-4d05-9848-c9a5b412764e?fields=provider%3Aphysical_network&fields=provider%3Anetwork_type HTTP/1.1" status: 200 len: 281 time: 0.2057934
Jul 08 17:50:23.957519 n-d-799529-5 neutron-server[100826]: DEBUG neutron.pecan_wsgi.hooks.policy_enforcement [req-a5a20793-f353-415a-b836-b23239aa75d0 req-dab98206-1fe7-4635-ba95-b7de654347bc tempest-MigrationsAdminTest-1464754771 tempest-MigrationsAdminTest-1464754771-project] Attributes excluded by policy engine: ['standard_attr_id', 'binding:profile', 'binding:host_id', 'binding:vif_type', 'binding:vif_details'] {{(pid=100826) _exclude_attributes_by_policy /opt/stack/neutron/neutron/pecan_wsgi/hooks/policy_enforcement.py:255}}
Jul 08 17:50:23.959072 n-d-799529-5 neutron-server[100826]: INFO neutron.wsgi [req-a5a20793-f353-415a-b836-b23239aa75d0 req-dab98206-1fe7-4635-ba95-b7de654347bc tempest-MigrationsAdminTest-1464754771 tempest-MigrationsAdminTest-1464754771-project] 10.222.0.49 "GET /v2.0/ports?device_id=10d3b39e-7c43-4e57-882b-78ddf57123c3 HTTP/1.1" status: 200 len: 948 time: 0.1453788
Jul 08 17:50:23.999192 n-d-799529-5 neutron-server[100826]: INFO neutron.wsgi [req-a5a20793-f353-415a-b836-b23239aa75d0 req-a4c034c0-a65c-40a6-bd52-d55c5258e351 tempest-MigrationsAdminTest-1464754771 tempest-MigrationsAdminTest-1464754771-project] 10.222.0.49 "GET /v2.0/security-groups?id=81689de1-11c7-406e-ab48-e2c970615343&fields=id&fields=name HTTP/1.1" status: 200 len: 286 time: 0.0345759
Jul 08 17:50:24.052809 n-d-799529-5 neutron-server[100826]: DEBUG neutron_lib.callbacks.manager [None req-5fc5ded2-b565-425d-b6a1-ae0ad4e5110a admin admin] Notify callbacks ['neutron.plugins.ml2.ovo_rpc._ObjectChangeHandler.handle_payload_event-954115', 'neutron.api.rpc.agentnotifiers.dhcp_rpc_agent_api.DhcpAgentNotifyAPI._native_event_send_dhcp_notification_payload-533933'] for network, after_create {{(pid=100826) _notify_loop /usr/local/lib/python3.8/dist-packages/neutron_lib/callbacks/manager.py:192}}
Jul 08 17:50:24.053879 n-d-799529-5 neutron-server[100826]: DEBUG neutron.pecan_wsgi.hooks.policy_enforcement [None req-5fc5ded2-b565-425d-b6a1-ae0ad4e5110a admin admin] Attributes excluded by policy engine: ['standard_attr_id', 'vlan_transparent'] {{(pid=100826) _exclude_attributes_by_policy /opt/stack/neutron/neutron/pecan_wsgi/hooks/policy_enforcement.py:255}}
Jul 08 17:50:24.054472 n-d-799529-5 neutron-server[100826]: DEBUG neutron_lib.callbacks.manager [None req-5fc5ded2-b565-425d-b6a1-ae0ad4e5110a admin admin] Notify callbacks ['neutron.api.rpc.agentnotifiers.dhcp_rpc_agent_api.DhcpAgentNotifyAPI._send_dhcp_notification-533936'] for network, before_response {{(pid=100826) _notify_loop /usr/local/lib/python3.8/dist-packages/neutron_lib/callbacks/manager.py:192}}
Jul 08 17:50:24.079653 n-d-799529-5 neutron-server[100825]: DEBUG neutron.wsgi [-] (100825) accepted ('10.222.0.49', 44280) {{(pid=100825) server /usr/local/lib/python3.8/dist-packages/eventlet/wsgi.py:982}}
Jul 08 17:50:24.100349 n-d-799529-5 neutron-server[100825]: DEBUG neutron_lib.callbacks.manager [None req-2762a792-2ccb-4c11-a7bd-31349657ba81 admin admin] Notify callbacks [] for security_group, before_create {{(pid=100825) _notify_loop /usr/local/lib/python3.8/dist-packages/neutron_lib/callbacks/manager.py:192}}
Jul 08 17:50:24.149172 n-d-799529-5 neutron-server[100826]: DEBUG neutron.api.rpc.handlers.resources_rpc [None req-5fc5ded2-b565-425d-b6a1-ae0ad4e5110a admin admin] Pushing event updated for resources: {'Network': ['ID=1e52fc96-32e4-4923-bf6e-1bf17e5f7535,revision_number=1']} {{(pid=100826) push /opt/stack/neutron/neutron/api/rpc/handlers/resources_rpc.py:237}}
Jul 08 17:50:24.165326 n-d-799529-5 neutron-server[100827]: DEBUG neutron.plugins.ml2.rpc [None req-3fdde3fc-df4e-41b6-8c13-64e02cbc471f None None] Network 1e52fc96-32e4-4923-bf6e-1bf17e5f7535 details requested by agent ovs-agent-n-d-799529-5 with host n-d-799529-5 {{(pid=100827) get_network_details /opt/stack/neutron/neutron/plugins/ml2/rpc.py:248}}
Jul 08 17:50:24.177037 n-d-799529-5 neutron-server[100826]: DEBUG neutron.pecan_wsgi.hooks.policy_enforcement [req-c556bde3-9769-4323-aa75-237f7f23e30d req-321558b6-6d47-4cd2-bf63-725b8c391641 service neutron] Attributes excluded by policy engine: ['standard_attr_id'] {{(pid=100826) _exclude_attributes_by_policy /opt/stack/neutron/neutron/pecan_wsgi/hooks/policy_enforcement.py:255}}
Jul 08 17:50:24.178529 n-d-799529-5 neutron-server[100826]: INFO neutron.wsgi [req-c556bde3-9769-4323-aa75-237f7f23e30d req-321558b6-6d47-4cd2-bf63-725b8c391641 service neutron] 10.222.0.32 "GET /v2.0/ports?tenant_id=c55b9ff33c6c415bb60b23424473ffad&device_id=10d3b39e-7c43-4e57-882b-78ddf57123c3 HTTP/1.1" status: 200 len: 1099 time: 0.1030753
Jul 08 17:50:24.180210 n-d-799529-5 neutron-server[100826]: INFO neutron.wsgi [None req-5fc5ded2-b565-425d-b6a1-ae0ad4e5110a admin admin] 10.222.0.49 "POST /v2.0/networks HTTP/1.1" status: 201 len: 895 time: 1.1824458
Jul 08 17:50:24.183178 n-d-799529-5 neutron-server[100826]: DEBUG neutron.wsgi [-] (100826) accepted ('10.222.0.49', 44286) {{(pid=100826) server /usr/local/lib/python3.8/dist-packages/eventlet/wsgi.py:982}}
Jul 08 17:50:24.189680 n-d-799529-5 neutron-server[100826]: DEBUG neutron.api.v2.base [None req-80609f34-c94d-4e0b-a4c8-fc3a58e8d7da admin admin] Request body: {'subnet': {'network_id': '1e52fc96-32e4-4923-bf6e-1bf17e5f7535', 'cidr': '172.20.0.0/28', 'name': 'tempest-LiveMigrationRemoteConsolesV26Test-59598573-subnet', 'tenant_id': '34e10bba482648e7ab101efcec5d2d43', 'enable_dhcp': False, 'ip_version': 4}} {{(pid=100826) prepare_request_body /opt/stack/neutron/neutron/api/v2/base.py:729}}
Jul 08 17:50:24.336345 n-d-799529-5 neutron-server[100825]: DEBUG neutron_lib.callbacks.manager [None req-2762a792-2ccb-4c11-a7bd-31349657ba81 admin admin] Notify callbacks [] for security_group, precommit_create {{(pid=100825) _notify_loop /usr/local/lib/python3.8/dist-packages/neutron_lib/callbacks/manager.py:192}}
Jul 08 17:50:24.345989 n-d-799529-5 neutron-server[100827]: DEBUG neutron.plugins.ml2.rpc [None req-07eb8416-4c9e-4346-b794-7708860d011d None None] Device 1486e081-b90b-4f7a-a906-c7b966b5e413 details requested by agent hyperv_n-h1-799529-5 with host n-h1-799529-5 {{(pid=100827) get_device_details /opt/stack/neutron/neutron/plugins/ml2/rpc.py:102}}
Jul 08 17:50:24.412989 n-d-799529-5 neutron-server[100825]: DEBUG neutron_lib.callbacks.manager [None req-2762a792-2ccb-4c11-a7bd-31349657ba81 admin admin] Notify callbacks ['neutron.plugins.ml2.ovo_rpc._ObjectChangeHandler.handle_payload_event-954236'] for security_group, after_create {{(pid=100825) _notify_loop /usr/local/lib/python3.8/dist-packages/neutron_lib/callbacks/manager.py:192}}
Jul 08 17:50:24.476824 n-d-799529-5 neutron-server[100827]: DEBUG neutron.plugins.ml2.db [None req-07eb8416-4c9e-4346-b794-7708860d011d None None] For port 1486e081-b90b-4f7a-a906-c7b966b5e413, host n-h1-799529-5, got binding levels [PortBindingLevel(driver='hyperv',host='n-h1-799529-5',level=0,port_id=1486e081-b90b-4f7a-a906-c7b966b5e413,segment=NetworkSegment(c4d9cc65-c951-43af-bd0a-2ae71eb60fd0),segment_id=c4d9cc65-c951-43af-bd0a-2ae71eb60fd0)] {{(pid=100827) get_binding_level_objs /opt/stack/neutron/neutron/plugins/ml2/db.py:74}}
Jul 08 17:50:24.494387 n-d-799529-5 neutron-server[100827]: DEBUG neutron.plugins.ml2.rpc [None req-07eb8416-4c9e-4346-b794-7708860d011d None None] Returning: {'device': '1486e081-b90b-4f7a-a906-c7b966b5e413', 'network_id': '0e21afe9-4fda-4e7d-a0ac-f3ab4b994474', 'port_id': '1486e081-b90b-4f7a-a906-c7b966b5e413', 'mac_address': 'fa:16:3e:1a:d3:9c', 'admin_state_up': True, 'network_type': 'vlan', 'segmentation_id': 93, 'physical_network': 'physnet1', 'mtu': 1500, 'fixed_ips': [{'subnet_id': '943eb9e7-3682-473b-9841-00f308498bbb', 'ip_address': '172.20.0.3'}], 'device_owner': 'compute:nova', 'allowed_address_pairs': [], 'port_security_enabled': True, 'qos_policy_id': None, 'network_qos_policy_id': None, 'profile': {}, 'propagate_uplink_status': False} {{(pid=100827) _get_device_details /opt/stack/neutron/neutron/plugins/ml2/rpc.py:184}}
Jul 08 17:50:24.553560 n-d-799529-5 neutron-server[100825]: DEBUG neutron.api.rpc.handlers.resources_rpc [None req-2762a792-2ccb-4c11-a7bd-31349657ba81 admin admin] Pushing event updated for resources: {'SecurityGroup': ['ID=207187cf-7f08-4e95-97f2-02b27dd1d15d,revision_number=1']} {{(pid=100825) push /opt/stack/neutron/neutron/api/rpc/handlers/resources_rpc.py:237}}
Jul 08 17:50:24.567314 n-d-799529-5 neutron-server[100826]: DEBUG neutron.pecan_wsgi.hooks.quota_enforcement [None req-80609f34-c94d-4e0b-a4c8-fc3a58e8d7da admin admin] Made reservation on behalf of 34e10bba482648e7ab101efcec5d2d43 for: {'subnet': 1} {{(pid=100826) before /opt/stack/neutron/neutron/pecan_wsgi/hooks/quota_enforcement.py:53}}
Jul 08 17:50:24.568487 n-d-799529-5 neutron-server[100825]: INFO neutron.wsgi [None req-2762a792-2ccb-4c11-a7bd-31349657ba81 admin admin] 10.222.0.49 "GET /v2.0/security-groups?tenant_id=8bda1449927b4859ac09c1528c57be71&name=default HTTP/1.1" status: 200 len: 2979 time: 0.4864407
Jul 08 17:50:24.571725 n-d-799529-5 neutron-server[100825]: DEBUG neutron.wsgi [-] (100825) accepted ('10.222.0.49', 44296) {{(pid=100825) server /usr/local/lib/python3.8/dist-packages/eventlet/wsgi.py:982}}
Jul 08 17:50:24.572794 n-d-799529-5 neutron-server[100826]: DEBUG neutron_lib.callbacks.manager [None req-80609f34-c94d-4e0b-a4c8-fc3a58e8d7da admin admin] Notify callbacks [] for subnet, before_create {{(pid=100826) _notify_loop /usr/local/lib/python3.8/dist-packages/neutron_lib/callbacks/manager.py:192}}
Jul 08 17:50:24.608586 n-d-799529-5 neutron-server[100827]: DEBUG neutron_lib.callbacks.manager [None req-07eb8416-4c9e-4346-b794-7708860d011d None None] Notify callbacks ['neutron.plugins.ml2.plugin.SecurityGroupDbMixin._ensure_default_security_group_handler-7898850'] for port, before_update {{(pid=100827) _notify_loop /usr/local/lib/python3.8/dist-packages/neutron_lib/callbacks/manager.py:192}}
Jul 08 17:50:24.624970 n-d-799529-5 neutron-server[100825]: DEBUG neutron_lib.callbacks.manager [None req-a50abd4f-1bf2-4e19-a7f7-99dbe896cb6f admin admin] Notify callbacks [] for security_group, before_delete {{(pid=100825) _notify_loop /usr/local/lib/python3.8/dist-packages/neutron_lib/callbacks/manager.py:192}}
Jul 08 17:50:24.647213 n-d-799529-5 neutron-server[100827]: DEBUG neutron.notifiers.nova [None req-07eb8416-4c9e-4346-b794-7708860d011d None None] Ignoring state change previous_port_status: DOWN current_port_status: BUILD port_id 1486e081-b90b-4f7a-a906-c7b966b5e413 {{(pid=100827) record_port_status_changed /opt/stack/neutron/neutron/notifiers/nova.py:224}}
Jul 08 17:50:24.649568 n-d-799529-5 neutron-server[100825]: DEBUG neutron_lib.callbacks.manager [None req-a50abd4f-1bf2-4e19-a7f7-99dbe896cb6f admin admin] Notify callbacks [] for security_group, precommit_delete {{(pid=100825) _notify_loop /usr/local/lib/python3.8/dist-packages/neutron_lib/callbacks/manager.py:192}}
Jul 08 17:50:24.680889 n-d-799529-5 neutron-server[100827]: DEBUG neutron.plugins.ml2.db [None req-07eb8416-4c9e-4346-b794-7708860d011d None None] For port 1486e081-b90b-4f7a-a906-c7b966b5e413, host n-h1-799529-5, got binding levels [PortBindingLevel(driver='hyperv',host='n-h1-799529-5',level=0,port_id=1486e081-b90b-4f7a-a906-c7b966b5e413,segment=NetworkSegment(c4d9cc65-c951-43af-bd0a-2ae71eb60fd0),segment_id=c4d9cc65-c951-43af-bd0a-2ae71eb60fd0)] {{(pid=100827) get_binding_level_objs /opt/stack/neutron/neutron/plugins/ml2/db.py:74}}
Jul 08 17:50:24.692072 n-d-799529-5 neutron-server[100825]: DEBUG neutron.wsgi [-] (100825) accepted ('10.222.0.49', 44304) {{(pid=100825) server /usr/local/lib/python3.8/dist-packages/eventlet/wsgi.py:982}}
Jul 08 17:50:24.700495 n-d-799529-5 neutron-server[100826]: DEBUG neutron.pecan_wsgi.hooks.policy_enforcement [req-c556bde3-9769-4323-aa75-237f7f23e30d req-19de9b96-6c33-4d47-b9d7-b00bc6c326a5 service neutron] Attributes excluded by policy engine: ['standard_attr_id', 'vlan_transparent'] {{(pid=100826) _exclude_attributes_by_policy /opt/stack/neutron/neutron/pecan_wsgi/hooks/policy_enforcement.py:255}}
Jul 08 17:50:24.709569 n-d-799529-5 neutron-server[100826]: INFO neutron.wsgi [req-c556bde3-9769-4323-aa75-237f7f23e30d req-19de9b96-6c33-4d47-b9d7-b00bc6c326a5 service neutron] 10.222.0.32 "GET /v2.0/networks?id=721232a6-ad02-4d05-9848-c9a5b412764e HTTP/1.1" status: 200 len: 869 time: 0.5089822
Jul 08 17:50:24.761124 n-d-799529-5 neutron-server[100827]: DEBUG neutron_lib.callbacks.manager [None req-07eb8416-4c9e-4346-b794-7708860d011d None None] Notify callbacks ['neutron.plugins.ml2.plugin.SecurityGroupServerNotifierRpcMixin.notify_sg_on_port_change-7898430', 'neutron.plugins.ml2.ovo_rpc._ObjectChangeHandler.handle_event-17124', 'neutron.api.rpc.agentnotifiers.dhcp_rpc_agent_api.DhcpAgentNotifyAPI._native_event_send_dhcp_notification-533922', 'neutron.db.l3_db.L3RpcNotifierMixin._notify_gateway_port_ip_changed-8737502330655', 'neutron.db.l3_dvrscheduler_db._notify_l3_agent_port_update-8737502021870', 'neutron.db.l3_hascheduler_db._notify_l3_agent_ha_port_update-8737502023455'] for port, after_update {{(pid=100827) _notify_loop /usr/local/lib/python3.8/dist-packages/neutron_lib/callbacks/manager.py:192}}
Jul 08 17:50:24.768424 n-d-799529-5 neutron-server[100826]: INFO neutron.wsgi [req-c556bde3-9769-4323-aa75-237f7f23e30d req-3950e323-6b9f-4b89-9944-f42e4500a3bc service neutron] 10.222.0.32 "GET /v2.0/floatingips?fixed_ip_address=192.168.233.147&port_id=228d62b1-965d-45e0-b028-f532a4fb8675 HTTP/1.1" status: 200 len: 217 time: 0.0576901
