Jul 08 17:50:42.245756 n-d-799529-5 neutron-server[100827]: DEBUG neutron.plugins.ml2.drivers.mech_agent [None req-b8caa395-01a5-4451-828c-11e282c9a3f0 None None] Checking agent: {'id': '28b6ea81-dc40-47dc-b07d-1f3c449a688b', 'agent_type': 'Open vSwitch agent', 'binary': 'neutron-openvswitch-agent', 'topic': 'N/A', 'host': 'n-d-799529-5', 'admin_state_up': True, 'created_at': datetime.datetime(2021, 7, 8, 17, 39, 32), 'started_at': datetime.datetime(2021, 7, 8, 17, 40, 2), 'heartbeat_timestamp': datetime.datetime(2021, 7, 8, 17, 50, 32), 'description': None, 'resources_synced': None, 'availability_zone': None, 'alive': True, 'configurations': {'arp_responder_enabled': False, 'baremetal_smartnic': False, 'bridge_mappings': {'physnet1': 'br-data'}, 'datapath_type': 'system', 'devices': 0, 'enable_distributed_routing': False, 'extensions': [], 'in_distributed_mode': False, 'integration_bridge': 'br-int', 'l2_population': False, 'log_agent_heartbeats': False, 'ovs_capabilities': {'datapath_types': ['netdev', 'system'], 'iface_types': ['erspan', 'geneve', 'gre', 'internal', 'ip6erspan', 'ip6gre', 'lisp', 'patch', 'stt', 'system', 'tap', 'vxlan']}, 'ovs_hybrid_plug': False, 'resource_provider_bandwidths': {}, 'resource_provider_hypervisors': {'br-data': 'n-d-799529-5'}, 'resource_provider_inventory_defaults': {'allocation_ratio': 1.0, 'min_unit': 1, 'step_size': 1, 'reserved': 0}, 'tunnel_types': [], 'tunneling_ip': None, 'vhostuser_socket_dir': '/var/run/openvswitch'}, 'resource_versions': {'AddressGroup': '1.2', 'ConntrackHelper': '1.0', 'Log': '1.0', 'Network': '1.1', 'Port': '1.7', 'PortForwarding': '1.2', 'QosPolicy': '1.8', 'SecurityGroup': '1.4', 'SecurityGroupRule': '1.2', 'SubPort': '1.0', 'Subnet': '1.1', 'Trunk': '1.1'}} {{(pid=100827) bind_port /opt/stack/neutron/neutron/plugins/ml2/drivers/mech_agent.py:105}}
Jul 08 17:50:42.246135 n-d-799529-5 neutron-server[100827]: DEBUG neutron.plugins.ml2.drivers.mech_agent [None req-b8caa395-01a5-4451-828c-11e282c9a3f0 None None] Checking segment: {'id': '73677f23-c154-49f6-9c1f-fb0b91defdaf', 'network_type': 'vlan', 'physical_network': 'physnet1', 'segmentation_id': 87, 'network_id': 'ee102391-b968-4695-8b84-945dc568527b'} for mappings: {'physnet1': 'br-data'} with network types: ['local', 'flat', 'vlan'] {{(pid=100827) check_segment_for_agent /opt/stack/neutron/neutron/plugins/ml2/drivers/mech_agent.py:341}}
Jul 08 17:50:42.246533 n-d-799529-5 neutron-server[100827]: DEBUG neutron_lib.callbacks.manager [None req-b8caa395-01a5-4451-828c-11e282c9a3f0 None None] Notify callbacks [] for ovs_bridge_name, before_read {{(pid=100827) _notify_loop /usr/local/lib/python3.8/dist-packages/neutron_lib/callbacks/manager.py:192}}
Jul 08 17:50:42.246959 n-d-799529-5 neutron-server[100827]: DEBUG neutron.plugins.ml2.drivers.mech_agent [None req-b8caa395-01a5-4451-828c-11e282c9a3f0 None None] Bound using segment: {'id': '73677f23-c154-49f6-9c1f-fb0b91defdaf', 'network_type': 'vlan', 'physical_network': 'physnet1', 'segmentation_id': 87, 'network_id': 'ee102391-b968-4695-8b84-945dc568527b'} {{(pid=100827) bind_port /opt/stack/neutron/neutron/plugins/ml2/drivers/mech_agent.py:115}}
Jul 08 17:50:42.247464 n-d-799529-5 neutron-server[100827]: DEBUG neutron.plugins.ml2.managers [None req-b8caa395-01a5-4451-828c-11e282c9a3f0 None None] Bound port: 9dea26df-f550-4e27-8a97-24cd87330925, host: n-d-799529-5, vif_type: ovs, vif_details: {"connectivity": "l2", "port_filter": true, "ovs_hybrid_plug": false, "datapath_type": "system", "bridge_name": "br-int"}, binding_levels: [{'bound_driver': 'openvswitch', 'bound_segment': {'id': '73677f23-c154-49f6-9c1f-fb0b91defdaf', 'network_type': 'vlan', 'physical_network': 'physnet1', 'segmentation_id': 87, 'network_id': 'ee102391-b968-4695-8b84-945dc568527b'}}] {{(pid=100827) _bind_port_level /opt/stack/neutron/neutron/plugins/ml2/managers.py:928}}
Jul 08 17:50:42.247866 n-d-799529-5 neutron-server[100827]: DEBUG neutron_lib.callbacks.manager [None req-b8caa395-01a5-4451-828c-11e282c9a3f0 None None] Notify callbacks ['neutron.plugins.ml2.plugin.SecurityGroupDbMixin._ensure_default_security_group_handler-7898850'] for port, before_update {{(pid=100827) _notify_loop /usr/local/lib/python3.8/dist-packages/neutron_lib/callbacks/manager.py:192}}
Jul 08 17:50:42.272045 n-d-799529-5 neutron-server[100825]: DEBUG neutron.pecan_wsgi.hooks.quota_enforcement [req-55a9a539-7a84-4879-9ac2-e5abaf7b4057 req-7af5144c-1efb-42b4-a97b-4b495180ef5a tempest-ImagesTestJSON-734801318 tempest-ImagesTestJSON-734801318-project] Made reservation on behalf of c39a06f0269144b9ac4486ba1f825c1d for: {'port': 1} {{(pid=100825) before /opt/stack/neutron/neutron/pecan_wsgi/hooks/quota_enforcement.py:53}}
Jul 08 17:50:42.279573 n-d-799529-5 neutron-server[100826]: DEBUG neutron_lib.callbacks.manager [None req-7f26cd1c-d6bc-4103-8108-f4e84f59a0c5 admin admin] Notify callbacks ['neutron.services.l3_router.l3_router_plugin.DVRResourceOperationHandler._handle_distributed_migration-800314', 'neutron.services.l3_router.l3_router_plugin.L3_HA_NAT_db_mixin._validate_migration-902151', 'neutron.services.l3_router.service_providers.driver_controller.DriverController._update_router_provider-4154'] for router, precommit_update {{(pid=100826) _notify_loop /usr/local/lib/python3.8/dist-packages/neutron_lib/callbacks/manager.py:192}}
Jul 08 17:50:42.289358 n-d-799529-5 neutron-server[100825]: DEBUG neutron_lib.callbacks.manager [req-55a9a539-7a84-4879-9ac2-e5abaf7b4057 req-7af5144c-1efb-42b4-a97b-4b495180ef5a tempest-ImagesTestJSON-734801318 tempest-ImagesTestJSON-734801318-project] Notify callbacks ['neutron.plugins.ml2.plugin.SecurityGroupDbMixin._ensure_default_security_group_handler-7898850'] for port, before_create {{(pid=100825) _notify_loop /usr/local/lib/python3.8/dist-packages/neutron_lib/callbacks/manager.py:192}}
Jul 08 17:50:42.309490 n-d-799529-5 neutron-server[100825]: INFO neutron.wsgi [req-5ea09ca2-0cae-43ec-bd55-073f2e4df5ea req-51692518-6da9-4a98-bee7-f3524f308c15 tempest-MigrationsAdminTest-1464754771 tempest-MigrationsAdminTest-1464754771-project] 10.222.0.49 "GET /v2.0/security-groups?id=81689de1-11c7-406e-ab48-e2c970615343&fields=id&fields=name HTTP/1.1" status: 200 len: 286 time: 0.0901055
Jul 08 17:50:42.324961 n-d-799529-5 neutron-server[100827]: DEBUG neutron.plugins.ml2.db [None req-b8caa395-01a5-4451-828c-11e282c9a3f0 None None] For port 9dea26df-f550-4e27-8a97-24cd87330925, host n-d-799529-5, cleared binding levels {{(pid=100827) clear_binding_levels /opt/stack/neutron/neutron/plugins/ml2/db.py:87}}
Jul 08 17:50:42.329297 n-d-799529-5 neutron-server[100827]: DEBUG neutron.plugins.ml2.db [None req-b8caa395-01a5-4451-828c-11e282c9a3f0 None None] For port 9dea26df-f550-4e27-8a97-24cd87330925, host n-d-799529-5, set binding levels [PortBindingLevel(driver='openvswitch',host='n-d-799529-5',level=0,port_id=9dea26df-f550-4e27-8a97-24cd87330925,segment=NetworkSegment(73677f23-c154-49f6-9c1f-fb0b91defdaf),segment_id=73677f23-c154-49f6-9c1f-fb0b91defdaf)] {{(pid=100827) set_binding_levels /opt/stack/neutron/neutron/plugins/ml2/db.py:59}}
Jul 08 17:50:42.424233 n-d-799529-5 neutron-server[100827]: DEBUG neutron_lib.callbacks.manager [None req-b8caa395-01a5-4451-828c-11e282c9a3f0 None None] Notify callbacks ['neutron.plugins.ml2.plugin.SecurityGroupServerNotifierRpcMixin.notify_sg_on_port_change-7898430', 'neutron.plugins.ml2.ovo_rpc._ObjectChangeHandler.handle_event-17124', 'neutron.api.rpc.agentnotifiers.dhcp_rpc_agent_api.DhcpAgentNotifyAPI._native_event_send_dhcp_notification-533922', 'neutron.db.l3_db.L3RpcNotifierMixin._notify_gateway_port_ip_changed-8737502330655', 'neutron.db.l3_dvrscheduler_db._notify_l3_agent_port_update-8737502021870', 'neutron.db.l3_hascheduler_db._notify_l3_agent_ha_port_update-8737502023455'] for port, after_update {{(pid=100827) _notify_loop /usr/local/lib/python3.8/dist-packages/neutron_lib/callbacks/manager.py:192}}
Jul 08 17:50:42.465022 n-d-799529-5 neutron-server[100825]: DEBUG neutron.db.db_base_plugin_common [req-55a9a539-7a84-4879-9ac2-e5abaf7b4057 req-7af5144c-1efb-42b4-a97b-4b495180ef5a tempest-ImagesTestJSON-734801318 tempest-ImagesTestJSON-734801318-project] Allocated IP 172.20.0.13 (6b3ae032-c4ba-4b47-8388-20af58c18be0/8a38cd29-ae67-4cdb-9a69-82b8438180e5/634e1cde-a6c8-4766-a9e3-c617f5e0fde3) {{(pid=100825) _store_ip_allocation /opt/stack/neutron/neutron/db/db_base_plugin_common.py:131}}
Jul 08 17:50:42.490984 n-d-799529-5 neutron-server[100827]: DEBUG neutron.api.rpc.handlers.resources_rpc [None req-b8caa395-01a5-4451-828c-11e282c9a3f0 None None] Pushing event updated for resources: {'Port': ['ID=9dea26df-f550-4e27-8a97-24cd87330925,revision_number=2']} {{(pid=100827) push /opt/stack/neutron/neutron/api/rpc/handlers/resources_rpc.py:237}}
Jul 08 17:50:42.541920 n-d-799529-5 neutron-server[100825]: DEBUG neutron.pecan_wsgi.hooks.policy_enforcement [req-3eb263a0-ff1c-4f3f-a69d-17202261d7da req-624ab9c2-83dc-4c0b-b1e2-5f15b5df8209 tempest-LiveMigrationNegativeTest-1755680721 tempest-LiveMigrationNegativeTest-1755680721-project] Attributes excluded by policy engine: ['standard_attr_id', 'binding:profile', 'binding:host_id', 'binding:vif_type', 'binding:vif_details'] {{(pid=100825) _exclude_attributes_by_policy /opt/stack/neutron/neutron/pecan_wsgi/hooks/policy_enforcement.py:255}}
Jul 08 17:50:42.543476 n-d-799529-5 neutron-server[100825]: INFO neutron.wsgi [req-3eb263a0-ff1c-4f3f-a69d-17202261d7da req-624ab9c2-83dc-4c0b-b1e2-5f15b5df8209 tempest-LiveMigrationNegativeTest-1755680721 tempest-LiveMigrationNegativeTest-1755680721-project] 10.222.0.49 "GET /v2.0/ports?device_id=1c3852e6-b9f7-43ff-9702-495249e5fbe0 HTTP/1.1" status: 200 len: 949 time: 0.1197081
Jul 08 17:50:42.598505 n-d-799529-5 neutron-server[100825]: DEBUG neutron.wsgi [-] (100825) accepted ('10.222.0.49', 44990) {{(pid=100825) server /usr/local/lib/python3.8/dist-packages/eventlet/wsgi.py:982}}
Jul 08 17:50:42.619168 n-d-799529-5 neutron-server[100826]: DEBUG neutron_lib.callbacks.manager [None req-7f26cd1c-d6bc-4103-8108-f4e84f59a0c5 admin admin] Notify callbacks [] for router_gateway, before_create {{(pid=100826) _notify_loop /usr/local/lib/python3.8/dist-packages/neutron_lib/callbacks/manager.py:192}}
Jul 08 17:50:42.641906 n-d-799529-5 neutron-server[100825]: INFO neutron.wsgi [req-3eb263a0-ff1c-4f3f-a69d-17202261d7da req-45efdb57-35c6-4c13-9f07-a6048497961e tempest-LiveMigrationNegativeTest-1755680721 tempest-LiveMigrationNegativeTest-1755680721-project] 10.222.0.49 "GET /v2.0/security-groups?id=d4a33424-ad83-4b42-b3eb-3dafa0e101d7&fields=id&fields=name HTTP/1.1" status: 200 len: 286 time: 0.0810170
Jul 08 17:50:42.654704 n-d-799529-5 neutron-server[100826]: DEBUG neutron_lib.callbacks.manager [None req-7f26cd1c-d6bc-4103-8108-f4e84f59a0c5 admin admin] Notify callbacks ['neutron.plugins.ml2.plugin.SecurityGroupDbMixin._ensure_default_security_group_handler-7898850'] for port, before_create {{(pid=100826) _notify_loop /usr/local/lib/python3.8/dist-packages/neutron_lib/callbacks/manager.py:192}}
Jul 08 17:50:42.703932 n-d-799529-5 neutron-server[100825]: DEBUG neutron_lib.callbacks.manager [req-55a9a539-7a84-4879-9ac2-e5abaf7b4057 req-7af5144c-1efb-42b4-a97b-4b495180ef5a tempest-ImagesTestJSON-734801318 tempest-ImagesTestJSON-734801318-project] Notify callbacks [] for port, precommit_create {{(pid=100825) _notify_loop /usr/local/lib/python3.8/dist-packages/neutron_lib/callbacks/manager.py:192}}
Jul 08 17:50:42.857497 n-d-799529-5 neutron-server[100826]: DEBUG neutron.db.db_base_plugin_common [None req-7f26cd1c-d6bc-4103-8108-f4e84f59a0c5 admin admin] Allocated IP 172.25.7.53 (994dbe76-1c1d-4b96-a3d0-75fc68708c16/671efaf7-dd59-467e-b1be-bf02314600e4/26435533-fdb2-420a-9e33-f90fd6651d4c) {{(pid=100826) _store_ip_allocation /opt/stack/neutron/neutron/db/db_base_plugin_common.py:131}}
Jul 08 17:50:42.887797 n-d-799529-5 neutron-server[100825]: INFO neutron.wsgi [req-41521920-b1cc-47e1-abf7-012a9c919155 req-231851ba-de1f-4191-86a6-360379c42903 tempest-ImagesTestJSON-734801318 tempest-ImagesTestJSON-734801318-project] 10.222.0.49 "GET /v2.0/ports?device_id=8c605d68-65e1-4549-a11e-34e11cad9407 HTTP/1.1" status: 200 len: 210 time: 0.0745082
Jul 08 17:50:42.904655 n-d-799529-5 neutron-server[100825]: DEBUG neutron_lib.callbacks.manager [req-55a9a539-7a84-4879-9ac2-e5abaf7b4057 req-7af5144c-1efb-42b4-a97b-4b495180ef5a tempest-ImagesTestJSON-734801318 tempest-ImagesTestJSON-734801318-project] Notify callbacks ['neutron.plugins.ml2.plugin.SecurityGroupServerNotifierRpcMixin._notify_sg_on_port_after_update-7898405', 'neutron.plugins.ml2.ovo_rpc._ObjectChangeHandler.handle_payload_event-17133', 'neutron.api.rpc.agentnotifiers.dhcp_rpc_agent_api.DhcpAgentNotifyAPI._native_event_send_dhcp_notification_payload-533933', 'neutron.db.l3_dvrscheduler_db._notify_l3_agent_new_port-8737502021852'] for port, after_create {{(pid=100825) _notify_loop /usr/local/lib/python3.8/dist-packages/neutron_lib/callbacks/manager.py:192}}
Jul 08 17:50:42.909288 n-d-799529-5 neutron-server[100825]: DEBUG neutron_lib.callbacks.manager [None req-d65b14c9-cba1-41ac-839d-c88509bbf5b9 admin admin] Notify callbacks [] for security_group, before_create {{(pid=100825) _notify_loop /usr/local/lib/python3.8/dist-packages/neutron_lib/callbacks/manager.py:192}}
Jul 08 17:50:43.012565 n-d-799529-5 neutron-server[100825]: DEBUG neutron.scheduler.dhcp_agent_scheduler [req-55a9a539-7a84-4879-9ac2-e5abaf7b4057 req-7af5144c-1efb-42b4-a97b-4b495180ef5a tempest-ImagesTestJSON-734801318 tempest-ImagesTestJSON-734801318-project] Network 6b3ae032-c4ba-4b47-8388-20af58c18be0 is already hosted by enough agents. {{(pid=100825) _get_dhcp_agents_hosting_network /opt/stack/neutron/neutron/scheduler/dhcp_agent_scheduler.py:275}}
Jul 08 17:50:43.022004 n-d-799529-5 neutron-server[100825]: DEBUG neutron.scheduler.base_scheduler [req-55a9a539-7a84-4879-9ac2-e5abaf7b4057 req-7af5144c-1efb-42b4-a97b-4b495180ef5a tempest-ImagesTestJSON-734801318 tempest-ImagesTestJSON-734801318-project] Resources bound (agent type, host, resource id): {{(pid=100825) schedule /opt/stack/neutron/neutron/scheduler/base_scheduler.py:57}}
Jul 08 17:50:43.022485 n-d-799529-5 neutron-server[100826]: DEBUG neutron_lib.callbacks.manager [None req-7f26cd1c-d6bc-4103-8108-f4e84f59a0c5 admin admin] Notify callbacks [] for port, precommit_create {{(pid=100826) _notify_loop /usr/local/lib/python3.8/dist-packages/neutron_lib/callbacks/manager.py:192}}
Jul 08 17:50:43.035423 n-d-799529-5 neutron-server[100825]: DEBUG neutron.db.l3_dvrscheduler_db [req-55a9a539-7a84-4879-9ac2-e5abaf7b4057 req-7af5144c-1efb-42b4-a97b-4b495180ef5a tempest-ImagesTestJSON-734801318 tempest-ImagesTestJSON-734801318-project] Received port after_create {{(pid=100825) _notify_l3_agent_new_port /opt/stack/neutron/neutron/db/l3_dvrscheduler_db.py:535}}
Jul 08 17:50:43.041386 n-d-799529-5 neutron-server[100825]: DEBUG neutron.pecan_wsgi.hooks.policy_enforcement [req-55a9a539-7a84-4879-9ac2-e5abaf7b4057 req-7af5144c-1efb-42b4-a97b-4b495180ef5a tempest-ImagesTestJSON-734801318 tempest-ImagesTestJSON-734801318-project] Attributes excluded by policy engine: ['standard_attr_id', 'binding:profile', 'binding:host_id', 'binding:vif_type', 'binding:vif_details', 'network'] {{(pid=100825) _exclude_attributes_by_policy /opt/stack/neutron/neutron/pecan_wsgi/hooks/policy_enforcement.py:255}}
Jul 08 17:50:43.042213 n-d-799529-5 neutron-server[100825]: DEBUG neutron_lib.callbacks.manager [req-55a9a539-7a84-4879-9ac2-e5abaf7b4057 req-7af5144c-1efb-42b4-a97b-4b495180ef5a tempest-ImagesTestJSON-734801318 tempest-ImagesTestJSON-734801318-project] Notify callbacks ['neutron.notifiers.nova.Notifier._send_nova_notification-233100', 'neutron.api.rpc.agentnotifiers.dhcp_rpc_agent_api.DhcpAgentNotifyAPI._send_dhcp_notification-533936'] for port, before_response {{(pid=100825) _notify_loop /usr/local/lib/python3.8/dist-packages/neutron_lib/callbacks/manager.py:192}}
Jul 08 17:50:43.065716 n-d-799529-5 neutron-server[100825]: DEBUG neutron.api.rpc.handlers.resources_rpc [None req-7af5144c-1efb-42b4-a97b-4b495180ef5a tempest-ImagesTestJSON-734801318 tempest-ImagesTestJSON-734801318-project] Pushing event updated for resources: {'Port': ['ID=634e1cde-a6c8-4766-a9e3-c617f5e0fde3,revision_number=1']} {{(pid=100825) push /opt/stack/neutron/neutron/api/rpc/handlers/resources_rpc.py:237}}
Jul 08 17:50:43.112736 n-d-799529-5 neutron-server[100826]: DEBUG neutron.pecan_wsgi.hooks.policy_enforcement [req-4ba9bfdd-5cd1-4fb5-a9e1-c4bb75a4e3e0 req-f554febe-2e5f-4371-afff-6ebc7982bdba service neutron] Attributes excluded by policy engine: ['standard_attr_id'] {{(pid=100826) _exclude_attributes_by_policy /opt/stack/neutron/neutron/pecan_wsgi/hooks/policy_enforcement.py:255}}
Jul 08 17:50:43.114317 n-d-799529-5 neutron-server[100826]: INFO neutron.wsgi [req-4ba9bfdd-5cd1-4fb5-a9e1-c4bb75a4e3e0 req-f554febe-2e5f-4371-afff-6ebc7982bdba service neutron] 10.222.0.32 "GET /v2.0/ports?tenant_id=c55b9ff33c6c415bb60b23424473ffad&device_id=10d3b39e-7c43-4e57-882b-78ddf57123c3 HTTP/1.1" status: 200 len: 1101 time: 0.1192420
Jul 08 17:50:43.151827 n-d-799529-5 neutron-server[100825]: DEBUG neutron_lib.callbacks.manager [None req-d65b14c9-cba1-41ac-839d-c88509bbf5b9 admin admin] Notify callbacks [] for security_group, precommit_create {{(pid=100825) _notify_loop /usr/local/lib/python3.8/dist-packages/neutron_lib/callbacks/manager.py:192}}
Jul 08 17:50:43.219851 n-d-799529-5 neutron-server[100826]: DEBUG neutron.pecan_wsgi.hooks.policy_enforcement [req-4ba9bfdd-5cd1-4fb5-a9e1-c4bb75a4e3e0 req-d8758c93-45f9-4dc9-9dfd-56494d01d4a4 service neutron] Attributes excluded by policy engine: ['standard_attr_id', 'vlan_transparent'] {{(pid=100826) _exclude_attributes_by_policy /opt/stack/neutron/neutron/pecan_wsgi/hooks/policy_enforcement.py:255}}
Jul 08 17:50:43.221525 n-d-799529-5 neutron-server[100826]: INFO neutron.wsgi [req-4ba9bfdd-5cd1-4fb5-a9e1-c4bb75a4e3e0 req-d8758c93-45f9-4dc9-9dfd-56494d01d4a4 service neutron] 10.222.0.32 "GET /v2.0/networks?id=721232a6-ad02-4d05-9848-c9a5b412764e HTTP/1.1" status: 200 len: 869 time: 0.0995414
Jul 08 17:50:43.224875 n-d-799529-5 neutron-server[100826]: DEBUG neutron_lib.callbacks.manager [None req-7f26cd1c-d6bc-4103-8108-f4e84f59a0c5 admin admin] Notify callbacks ['neutron.plugins.ml2.plugin.SecurityGroupServerNotifierRpcMixin._notify_sg_on_port_after_update-7898405', 'neutron.plugins.ml2.ovo_rpc._ObjectChangeHandler.handle_payload_event-17133', 'neutron.api.rpc.agentnotifiers.dhcp_rpc_agent_api.DhcpAgentNotifyAPI._native_event_send_dhcp_notification_payload-533933', 'neutron.db.l3_dvrscheduler_db._notify_l3_agent_new_port-8737502021852', 'neutron.services.segments.plugin.NovaSegmentNotifier._notify_port_created-3183177'] for port, after_create {{(pid=100826) _notify_loop /usr/local/lib/python3.8/dist-packages/neutron_lib/callbacks/manager.py:192}}
Jul 08 17:50:43.252752 n-d-799529-5 neutron-server[100825]: DEBUG neutron_lib.callbacks.manager [None req-d65b14c9-cba1-41ac-839d-c88509bbf5b9 admin admin] Notify callbacks ['neutron.plugins.ml2.ovo_rpc._ObjectChangeHandler.handle_payload_event-954236'] for security_group, after_create {{(pid=100825) _notify_loop /usr/local/lib/python3.8/dist-packages/neutron_lib/callbacks/manager.py:192}}
Jul 08 17:50:43.291614 n-d-799529-5 neutron-server[100825]: INFO neutron.wsgi [None req-d65b14c9-cba1-41ac-839d-c88509bbf5b9 admin admin] 10.222.0.49 "GET /v2.0/security-groups?tenant_id=ef9b667b7e0b4a02827411879fa89bb2&name=default HTTP/1.1" status: 200 len: 2979 time: 0.6861880
Jul 08 17:50:43.298480 n-d-799529-5 neutron-server[100826]: DEBUG neutron.wsgi [-] (100826) accepted ('10.222.0.49', 45004) {{(pid=100826) server /usr/local/lib/python3.8/dist-packages/eventlet/wsgi.py:982}}
Jul 08 17:50:43.314336 n-d-799529-5 neutron-server[100826]: INFO neutron.wsgi [req-4ba9bfdd-5cd1-4fb5-a9e1-c4bb75a4e3e0 req-fa02c5b5-8089-4cf4-b8cc-b99661967dd4 service neutron] 10.222.0.32 "GET /v2.0/floatingips?fixed_ip_address=192.168.233.147&port_id=228d62b1-965d-45e0-b028-f532a4fb8675 HTTP/1.1" status: 200 len: 217 time: 0.0842810
Jul 08 17:50:43.318016 n-d-799529-5 neutron-server[100825]: DEBUG neutron.api.rpc.handlers.resources_rpc [None req-d65b14c9-cba1-41ac-839d-c88509bbf5b9 admin admin] Pushing event updated for resources: {'SecurityGroup': ['ID=83f63aee-09a5-49e0-be48-19fe2db51ab3,revision_number=1']} {{(pid=100825) push /opt/stack/neutron/neutron/api/rpc/handlers/resources_rpc.py:237}}
Jul 08 17:50:43.325409 n-d-799529-5 neutron-server[100826]: DEBUG neutron.scheduler.dhcp_agent_scheduler [None req-7f26cd1c-d6bc-4103-8108-f4e84f59a0c5 admin admin] Network 994dbe76-1c1d-4b96-a3d0-75fc68708c16 is already hosted by enough agents. {{(pid=100826) _get_dhcp_agents_hosting_network /opt/stack/neutron/neutron/scheduler/dhcp_agent_scheduler.py:275}}
Jul 08 17:50:43.343900 n-d-799529-5 neutron-server[100825]: INFO neutron.wsgi [req-55a9a539-7a84-4879-9ac2-e5abaf7b4057 req-7af5144c-1efb-42b4-a97b-4b495180ef5a tempest-ImagesTestJSON-734801318 tempest-ImagesTestJSON-734801318-project] 10.222.0.24 "POST /v2.0/ports HTTP/1.1" status: 201 len: 934 time: 1.3692408
Jul 08 17:50:43.360173 n-d-799529-5 neutron-server[100825]: DEBUG neutron.api.v2.base [req-55a9a539-7a84-4879-9ac2-e5abaf7b4057 req-5dccb98f-d54a-4a65-8581-534f98a95c1b service neutron] Request body: {'port': {'device_id': '8c605d68-65e1-4549-a11e-34e11cad9407', 'device_owner': 'compute:nova', 'binding:host_id': 'n-h2-799529-5'}} {{(pid=100825) prepare_request_body /opt/stack/neutron/neutron/api/v2/base.py:729}}
Jul 08 17:50:43.364563 n-d-799529-5 neutron-server[100826]: DEBUG neutron.scheduler.base_scheduler [None req-7f26cd1c-d6bc-4103-8108-f4e84f59a0c5 admin admin] Resources bound (agent type, host, resource id): {{(pid=100826) schedule /opt/stack/neutron/neutron/scheduler/base_scheduler.py:57}}
Jul 08 17:50:43.528010 n-d-799529-5 neutron-server[100826]: DEBUG neutron.pecan_wsgi.hooks.policy_enforcement [req-4ba9bfdd-5cd1-4fb5-a9e1-c4bb75a4e3e0 req-4eb1ce2a-df67-4bfd-802e-6536040a560e service neutron] Attributes excluded by policy engine: ['standard_attr_id', 'shared', 'segment_id'] {{(pid=100826) _exclude_attributes_by_policy /opt/stack/neutron/neutron/pecan_wsgi/hooks/policy_enforcement.py:255}}
Jul 08 17:50:43.528010 n-d-799529-5 neutron-server[100826]: INFO neutron.wsgi [req-4ba9bfdd-5cd1-4fb5-a9e1-c4bb75a4e3e0 req-4eb1ce2a-df67-4bfd-802e-6536040a560e service neutron] 10.222.0.32 "GET /v2.0/subnets?id=f1d34ea7-6b2b-4747-bd0b-5a4a62eadef6 HTTP/1.1" status: 200 len: 843 time: 0.1162257
Jul 08 17:50:43.528010 n-d-799529-5 neutron-server[100826]: INFO neutron.wsgi [req-624bd104-28b7-45ba-b87b-c6451d7a7840 req-3a4f9f25-6248-40d6-b525-ead412d9cec6 tempest-ServerDiagnosticsNegativeTest-1007916906 tempest-ServerDiagnosticsNegativeTest-1007916906-project] 10.222.0.49 "GET /v2.0/ports?device_id=4daa7383-c6f9-4e76-b162-dc780314ba51 HTTP/1.1" status: 200 len: 210 time: 0.1511779
Jul 08 17:50:43.528010 n-d-799529-5 neutron-server[100826]: DEBUG neutron.db.l3_dvrscheduler_db [None req-7f26cd1c-d6bc-4103-8108-f4e84f59a0c5 admin admin] Received port after_create {{(pid=100826) _notify_l3_agent_new_port /opt/stack/neutron/neutron/db/l3_dvrscheduler_db.py:535}}
Jul 08 17:50:43.528010 n-d-799529-5 neutron-server[100826]: DEBUG neutron.api.rpc.handlers.resources_rpc [None req-7f26cd1c-d6bc-4103-8108-f4e84f59a0c5 admin admin] Pushing event updated for resources: {'Port': ['ID=26435533-fdb2-420a-9e33-f90fd6651d4c,revision_number=1']} {{(pid=100826) push /opt/stack/neutron/neutron/api/rpc/handlers/resources_rpc.py:237}}
Jul 08 17:50:43.530419 n-d-799529-5 neutron-server[100825]: DEBUG neutron_lib.callbacks.manager [req-55a9a539-7a84-4879-9ac2-e5abaf7b4057 req-5dccb98f-d54a-4a65-8581-534f98a95c1b service neutron] Notify callbacks ['neutron.plugins.ml2.plugin.SecurityGroupDbMixin._ensure_default_security_group_handler-7898850'] for port, before_update {{(pid=100825) _notify_loop /usr/local/lib/python3.8/dist-packages/neutron_lib/callbacks/manager.py:192}}
Jul 08 17:50:43.713439 n-d-799529-5 neutron-server[100826]: DEBUG neutron_lib.callbacks.manager [None req-e52ed5a4-9941-4a3b-a84b-8b944c66e6ed admin admin] Notify callbacks [] for security_group, before_delete {{(pid=100826) _notify_loop /usr/local/lib/python3.8/dist-packages/neutron_lib/callbacks/manager.py:192}}
Jul 08 17:50:43.739152 n-d-799529-5 neutron-server[100826]: DEBUG neutron_lib.callbacks.manager [None req-e52ed5a4-9941-4a3b-a84b-8b944c66e6ed admin admin] Notify callbacks [] for security_group, precommit_delete {{(pid=100826) _notify_loop /usr/local/lib/python3.8/dist-packages/neutron_lib/callbacks/manager.py:192}}
Jul 08 17:50:43.826921 n-d-799529-5 neutron-server[100825]: DEBUG neutron.wsgi [-] (100825) accepted ('10.222.0.49', 45016) {{(pid=100825) server /usr/local/lib/python3.8/dist-packages/eventlet/wsgi.py:982}}
Jul 08 17:50:43.844224 n-d-799529-5 neutron-server[100826]: DEBUG neutron.pecan_wsgi.hooks.policy_enforcement [req-4ba9bfdd-5cd1-4fb5-a9e1-c4bb75a4e3e0 req-5bc331f5-8ca7-42a2-a667-00d4fc1f019a service neutron] Attributes excluded by policy engine: ['standard_attr_id'] {{(pid=100826) _exclude_attributes_by_policy /opt/stack/neutron/neutron/pecan_wsgi/hooks/policy_enforcement.py:255}}
Jul 08 17:50:43.845790 n-d-799529-5 neutron-server[100826]: INFO neutron.wsgi [req-4ba9bfdd-5cd1-4fb5-a9e1-c4bb75a4e3e0 req-5bc331f5-8ca7-42a2-a667-00d4fc1f019a service neutron] 10.222.0.32 "GET /v2.0/ports?network_id=721232a6-ad02-4d05-9848-c9a5b412764e&device_owner=network%3Adhcp HTTP/1.1" status: 200 len: 1166 time: 0.3769779
Jul 08 17:50:43.882679 n-d-799529-5 neutron-server[100826]: INFO neutron.wsgi [req-4006ca52-57f1-4e4a-b191-70835fab7c6c req-d158dfff-45cb-4fe6-a405-760e3162f80a tempest-ServerDiagnosticsNegativeTest-1007916906 tempest-ServerDiagnosticsNegativeTest-1007916906-project] 10.222.0.24 "GET /v2.0/networks?tenant_id=b9bb71bda51747b9ae03921a05475bfc&shared=False HTTP/1.1" status: 200 len: 213 time: 0.0498929
Jul 08 17:50:43.910739 n-d-799529-5 neutron-server[100825]: DEBUG neutron.pecan_wsgi.hooks.policy_enforcement [req-0484e405-993d-44dd-9e90-f4f0b508d43a req-493c62d2-3eb6-40d1-a2c4-c91a5bd6edb5 tempest-LiveMigrationNegativeTest-1755680721 tempest-LiveMigrationNegativeTest-1755680721-project] Attributes excluded by policy engine: ['standard_attr_id', 'binding:profile', 'binding:host_id', 'binding:vif_type', 'binding:vif_details'] {{(pid=100825) _exclude_attributes_by_policy /opt/stack/neutron/neutron/pecan_wsgi/hooks/policy_enforcement.py:255}}
Jul 08 17:50:43.913143 n-d-799529-5 neutron-server[100825]: INFO neutron.wsgi [req-0484e405-993d-44dd-9e90-f4f0b508d43a req-493c62d2-3eb6-40d1-a2c4-c91a5bd6edb5 tempest-LiveMigrationNegativeTest-1755680721 tempest-LiveMigrationNegativeTest-1755680721-project] 10.222.0.49 "GET /v2.0/ports?device_id=1c3852e6-b9f7-43ff-9702-495249e5fbe0 HTTP/1.1" status: 200 len: 949 time: 0.1328862
Jul 08 17:50:43.928649 n-d-799529-5 neutron-server[100827]: DEBUG neutron.api.rpc.handlers.dhcp_rpc [None req-ab20c67d-c1ba-4eff-a671-eb8f411da946 None None] Network ee102391-b968-4695-8b84-945dc568527b requested from n-d-799529-5 {{(pid=100827) get_network_info /opt/stack/neutron/neutron/api/rpc/handlers/dhcp_rpc.py:218}}
Jul 08 17:50:43.958513 n-d-799529-5 neutron-server[100826]: DEBUG neutron_lib.callbacks.manager [None req-e52ed5a4-9941-4a3b-a84b-8b944c66e6ed admin admin] Notify callbacks ['neutron.plugins.ml2.ovo_rpc._ObjectChangeHandler.handle_payload_event-954236'] for security_group, after_delete {{(pid=100826) _notify_loop /usr/local/lib/python3.8/dist-packages/neutron_lib/callbacks/manager.py:192}}
Jul 08 17:50:43.961090 n-d-799529-5 neutron-server[100826]: DEBUG neutron_lib.callbacks.manager [None req-e52ed5a4-9941-4a3b-a84b-8b944c66e6ed admin admin] Notify callbacks [] for security_group, before_response {{(pid=100826) _notify_loop /usr/local/lib/python3.8/dist-packages/neutron_lib/callbacks/manager.py:192}}
Jul 08 17:50:43.964904 n-d-799529-5 neutron-server[100826]: INFO neutron.wsgi [None req-e52ed5a4-9941-4a3b-a84b-8b944c66e6ed admin admin] 10.222.0.49 "DELETE /v2.0/security-groups/83f63aee-09a5-49e0-be48-19fe2db51ab3 HTTP/1.1" status: 204 len: 168 time: 0.6614385
Jul 08 17:50:44.029343 n-d-799529-5 neutron-server[100826]: DEBUG neutron.api.rpc.handlers.resources_rpc [None req-e52ed5a4-9941-4a3b-a84b-8b944c66e6ed admin admin] Pushing event deleted for resources: {'SecurityGroup': ['ID=83f63aee-09a5-49e0-be48-19fe2db51ab3,revision_number=None']} {{(pid=100826) push /opt/stack/neutron/neutron/api/rpc/handlers/resources_rpc.py:237}}
Jul 08 17:50:44.037905 n-d-799529-5 neutron-server[100825]: INFO neutron.wsgi [req-0484e405-993d-44dd-9e90-f4f0b508d43a req-4462d9af-b8e5-4c55-a697-e6bad0c78f34 tempest-LiveMigrationNegativeTest-1755680721 tempest-LiveMigrationNegativeTest-1755680721-project] 10.222.0.49 "GET /v2.0/security-groups?id=d4a33424-ad83-4b42-b3eb-3dafa0e101d7&fields=id&fields=name HTTP/1.1" status: 200 len: 286 time: 0.1150751
Jul 08 17:50:44.038836 n-d-799529-5 neutron-server[100825]: DEBUG neutron_lib.callbacks.manager [None req-26c9dcc5-3e15-4295-8df6-a3238b5a3f86 admin admin] Notify callbacks [] for security_group, before_create {{(pid=100825) _notify_loop /usr/local/lib/python3.8/dist-packages/neutron_lib/callbacks/manager.py:192}}
Jul 08 17:50:44.074842 n-d-799529-5 neutron-server[100825]: DEBUG neutron.notifiers.nova [req-55a9a539-7a84-4879-9ac2-e5abaf7b4057 req-5dccb98f-d54a-4a65-8581-534f98a95c1b service neutron] Ignoring state change previous_port_status: DOWN current_port_status: DOWN port_id 634e1cde-a6c8-4766-a9e3-c617f5e0fde3 {{(pid=100825) record_port_status_changed /opt/stack/neutron/neutron/notifiers/nova.py:224}}
Jul 08 17:50:44.096463 n-d-799529-5 neutron-server[100825]: DEBUG neutron_lib.callbacks.manager [req-55a9a539-7a84-4879-9ac2-e5abaf7b4057 req-5dccb98f-d54a-4a65-8581-534f98a95c1b service neutron] Notify callbacks [] for port, precommit_update {{(pid=100825) _notify_loop /usr/local/lib/python3.8/dist-packages/neutron_lib/callbacks/manager.py:192}}
Jul 08 17:50:44.124308 n-d-799529-5 neutron-server[100825]: DEBUG neutron.db.provisioning_blocks [req-55a9a539-7a84-4879-9ac2-e5abaf7b4057 req-5dccb98f-d54a-4a65-8581-534f98a95c1b service neutron] Transition to ACTIVE for port object 634e1cde-a6c8-4766-a9e3-c617f5e0fde3 will not be triggered until provisioned by entity L2. {{(pid=100825) add_provisioning_component /opt/stack/neutron/neutron/db/provisioning_blocks.py:73}}
Jul 08 17:50:44.176562 n-d-799529-5 neutron-server[100825]: INFO neutron.wsgi [req-96ac5a86-1750-449c-811f-8da997415605 req-c4efe68d-4aa9-4201-afc4-e5609c663436 service neutron] 10.222.0.32 "GET /v2.0/ports?device_id=0f71d857-3598-4959-9d15-cb4129035d98&fields=binding%3Ahost_id&fields=binding%3Avif_type HTTP/1.1" status: 200 len: 273 time: 0.1330416
Jul 08 17:50:44.180458 n-d-799529-5 neutron-server[100827]: DEBUG neutron.db.provisioning_blocks [None req-e164b971-dc2c-4c0b-954e-569f9e24c6ec None None] Provisioning for port 9dea26df-f550-4e27-8a97-24cd87330925 completed by entity DHCP. {{(pid=100827) provisioning_complete /opt/stack/neutron/neutron/db/provisioning_blocks.py:133}}
Jul 08 17:50:44.242392 n-d-799529-5 neutron-server[100825]: DEBUG neutron_lib.callbacks.manager [req-55a9a539-7a84-4879-9ac2-e5abaf7b4057 req-5dccb98f-d54a-4a65-8581-534f98a95c1b service neutron] Notify callbacks ['neutron.plugins.ml2.plugin.SecurityGroupServerNotifierRpcMixin.notify_sg_on_port_change-7898430', 'neutron.plugins.ml2.ovo_rpc._ObjectChangeHandler.handle_event-17124', 'neutron.api.rpc.agentnotifiers.dhcp_rpc_agent_api.DhcpAgentNotifyAPI._native_event_send_dhcp_notification-533922', 'neutron.db.l3_db.L3RpcNotifierMixin._notify_gateway_port_ip_changed-8737502330655', 'neutron.db.l3_dvrscheduler_db._notify_l3_agent_port_update-8737502021870', 'neutron.db.l3_hascheduler_db._notify_l3_agent_ha_port_update-8737502023455'] for port, after_update {{(pid=100825) _notify_loop /usr/local/lib/python3.8/dist-packages/neutron_lib/callbacks/manager.py:192}}
Jul 08 17:50:44.319770 n-d-799529-5 neutron-server[100826]: DEBUG neutron.pecan_wsgi.hooks.policy_enforcement [req-4ed1a149-e409-4e36-a002-93fc6972ebf0 req-8ea2b3d2-a3b0-4863-bccd-f7be884cdd34 tempest-MigrationsAdminTest-1464754771 tempest-MigrationsAdminTest-1464754771-project] Attributes excluded by policy engine: ['standard_attr_id', 'binding:profile', 'binding:host_id', 'binding:vif_type', 'binding:vif_details'] {{(pid=100826) _exclude_attributes_by_policy /opt/stack/neutron/neutron/pecan_wsgi/hooks/policy_enforcement.py:255}}
Jul 08 17:50:44.329265 n-d-799529-5 neutron-server[100826]: INFO neutron.wsgi [req-4ed1a149-e409-4e36-a002-93fc6972ebf0 req-8ea2b3d2-a3b0-4863-bccd-f7be884cdd34 tempest-MigrationsAdminTest-1464754771 tempest-MigrationsAdminTest-1464754771-project] 10.222.0.49 "GET /v2.0/ports?device_id=10d3b39e-7c43-4e57-882b-78ddf57123c3 HTTP/1.1" status: 200 len: 950 time: 0.7083881
Jul 08 17:50:44.349803 n-d-799529-5 neutron-server[100826]: INFO neutron.wsgi [req-4ba9bfdd-5cd1-4fb5-a9e1-c4bb75a4e3e0 req-3356f052-69ca-4542-9beb-1ebfc435d708 service neutron] 10.222.0.32 "GET /v2.0/networks/721232a6-ad02-4d05-9848-c9a5b412764e?fields=segments HTTP/1.1" status: 200 len: 212 time: 0.4915195
Jul 08 17:50:44.368974 n-d-799529-5 neutron-server[100826]: DEBUG neutron.pecan_wsgi.hooks.policy_enforcement [req-4006ca52-57f1-4e4a-b191-70835fab7c6c req-c6afe574-2684-49f5-9743-b4db9f04d983 tempest-ServerDiagnosticsNegativeTest-1007916906 tempest-ServerDiagnosticsNegativeTest-1007916906-project] Attributes excluded by policy engine: ['standard_attr_id', 'vlan_transparent', 'provider:network_type', 'provider:physical_network', 'provider:segmentation_id'] {{(pid=100826) _exclude_attributes_by_policy /opt/stack/neutron/neutron/pecan_wsgi/hooks/policy_enforcement.py:255}}
Jul 08 17:50:44.369562 n-d-799529-5 neutron-server[100826]: INFO neutron.wsgi [req-4006ca52-57f1-4e4a-b191-70835fab7c6c req-c6afe574-2684-49f5-9743-b4db9f04d983 tempest-ServerDiagnosticsNegativeTest-1007916906 tempest-ServerDiagnosticsNegativeTest-1007916906-project] 10.222.0.24 "GET /v2.0/networks?shared=True HTTP/1.1" status: 200 len: 769 time: 0.4356296
Jul 08 17:50:44.407431 n-d-799529-5 neutron-server[100825]: DEBUG neutron_lib.callbacks.manager [None req-26c9dcc5-3e15-4295-8df6-a3238b5a3f86 admin admin] Notify callbacks [] for security_group, precommit_create {{(pid=100825) _notify_loop /usr/local/lib/python3.8/dist-packages/neutron_lib/callbacks/manager.py:192}}
Jul 08 17:50:44.408388 n-d-799529-5 neutron-server[100825]: DEBUG neutron.api.rpc.handlers.resources_rpc [None req-5dccb98f-d54a-4a65-8581-534f98a95c1b service neutron] Pushing event updated for resources: {'Port': ['ID=634e1cde-a6c8-4766-a9e3-c617f5e0fde3,revision_number=2']} {{(pid=100825) push /opt/stack/neutron/neutron/api/rpc/handlers/resources_rpc.py:237}}
Jul 08 17:50:44.418701 n-d-799529-5 neutron-server[100826]: DEBUG neutron.api.v2.base [req-4006ca52-57f1-4e4a-b191-70835fab7c6c req-9aedc1e5-e7ad-4f02-8c37-d44a7a7c42e1 tempest-ServerDiagnosticsNegativeTest-1007916906 tempest-ServerDiagnosticsNegativeTest-1007916906-project] Request body: {'port': {'device_id': '4daa7383-c6f9-4e76-b162-dc780314ba51', 'network_id': '721232a6-ad02-4d05-9848-c9a5b412764e', 'admin_state_up': True, 'tenant_id': 'b9bb71bda51747b9ae03921a05475bfc'}} {{(pid=100826) prepare_request_body /opt/stack/neutron/neutron/api/v2/base.py:729}}
Jul 08 17:50:44.494585 n-d-799529-5 neutron-server[100825]: DEBUG neutron_lib.callbacks.manager [None req-26c9dcc5-3e15-4295-8df6-a3238b5a3f86 admin admin] Notify callbacks ['neutron.plugins.ml2.ovo_rpc._ObjectChangeHandler.handle_payload_event-954236'] for security_group, after_create {{(pid=100825) _notify_loop /usr/local/lib/python3.8/dist-packages/neutron_lib/callbacks/manager.py:192}}
Jul 08 17:50:44.537709 n-d-799529-5 neutron-server[100825]: DEBUG neutron.pecan_wsgi.hooks.policy_enforcement [req-c7a54931-e35b-43a4-a442-d049ba9b45a3 req-ba3c2892-df19-4557-a1f7-16f31c7e6caf tempest-ImagesTestJSON-734801318 tempest-ImagesTestJSON-734801318-project] Attributes excluded by policy engine: ['standard_attr_id', 'binding:profile', 'binding:host_id', 'binding:vif_type', 'binding:vif_details'] {{(pid=100825) _exclude_attributes_by_policy /opt/stack/neutron/neutron/pecan_wsgi/hooks/policy_enforcement.py:255}}
Jul 08 17:50:44.543242 n-d-799529-5 neutron-server[100825]: INFO neutron.wsgi [req-c7a54931-e35b-43a4-a442-d049ba9b45a3 req-ba3c2892-df19-4557-a1f7-16f31c7e6caf tempest-ImagesTestJSON-734801318 tempest-ImagesTestJSON-734801318-project] 10.222.0.49 "GET /v2.0/ports?device_id=8c605d68-65e1-4549-a11e-34e11cad9407 HTTP/1.1" status: 200 len: 932 time: 0.3534055
Jul 08 17:50:44.562526 n-d-799529-5 neutron-server[100825]: DEBUG neutron.plugins.ml2.managers [req-55a9a539-7a84-4879-9ac2-e5abaf7b4057 req-5dccb98f-d54a-4a65-8581-534f98a95c1b service neutron] Attempting to bind port 634e1cde-a6c8-4766-a9e3-c617f5e0fde3 on host n-h2-799529-5 for vnic_type normal with profile {{(pid=100825) bind_port /opt/stack/neutron/neutron/plugins/ml2/managers.py:790}}
Jul 08 17:50:44.562934 n-d-799529-5 neutron-server[100825]: DEBUG neutron.plugins.ml2.managers [req-55a9a539-7a84-4879-9ac2-e5abaf7b4057 req-5dccb98f-d54a-4a65-8581-534f98a95c1b service neutron] Attempting to bind port 634e1cde-a6c8-4766-a9e3-c617f5e0fde3 by drivers openvswitch,hyperv on host n-h2-799529-5 at level 0 using segments [{'id': 'f64ccca8-9761-4a4a-86f1-6b7447dc2af8', 'network_type': 'vlan', 'physical_network': 'physnet1', 'segmentation_id': 50, 'network_id': '6b3ae032-c4ba-4b47-8388-20af58c18be0'}] {{(pid=100825) _bind_port_level /opt/stack/neutron/neutron/plugins/ml2/managers.py:815}}
Jul 08 17:50:44.563258 n-d-799529-5 neutron-server[100825]: DEBUG neutron.plugins.ml2.drivers.mech_agent [req-55a9a539-7a84-4879-9ac2-e5abaf7b4057 req-5dccb98f-d54a-4a65-8581-534f98a95c1b service neutron] Attempting to bind port 634e1cde-a6c8-4766-a9e3-c617f5e0fde3 on network 6b3ae032-c4ba-4b47-8388-20af58c18be0 {{(pid=100825) bind_port /opt/stack/neutron/neutron/plugins/ml2/drivers/mech_agent.py:86}}
Jul 08 17:50:44.584760 n-d-799529-5 neutron-server[100827]: DEBUG neutron.plugins.ml2.rpc [None req-3fdde3fc-df4e-41b6-8c13-64e02cbc471f None None] Device 9dea26df-f550-4e27-8a97-24cd87330925 up at agent ovs-agent-n-d-799529-5 {{(pid=100827) update_device_up /opt/stack/neutron/neutron/plugins/ml2/rpc.py:296}}
Jul 08 17:50:44.586259 n-d-799529-5 neutron-server[100826]: INFO neutron.wsgi [req-4ed1a149-e409-4e36-a002-93fc6972ebf0 req-fe96d205-6b5c-41f8-8fb2-b2163b1c096a tempest-MigrationsAdminTest-1464754771 tempest-MigrationsAdminTest-1464754771-project] 10.222.0.49 "GET /v2.0/security-groups?id=81689de1-11c7-406e-ab48-e2c970615343&fields=id&fields=name HTTP/1.1" status: 200 len: 286 time: 0.2560329
Jul 08 17:50:44.626162 n-d-799529-5 neutron-server[100825]: DEBUG neutron.api.rpc.handlers.resources_rpc [None req-26c9dcc5-3e15-4295-8df6-a3238b5a3f86 admin admin] Pushing event updated for resources: {'SecurityGroup': ['ID=680deb64-811b-4fb8-a2eb-c8829b147ff4,revision_number=1']} {{(pid=100825) push /opt/stack/neutron/neutron/api/rpc/handlers/resources_rpc.py:237}}
Jul 08 17:50:44.652616 n-d-799529-5 neutron-server[100825]: DEBUG neutron.plugins.ml2.drivers.mech_agent [req-55a9a539-7a84-4879-9ac2-e5abaf7b4057 req-5dccb98f-d54a-4a65-8581-534f98a95c1b service neutron] Port 634e1cde-a6c8-4766-a9e3-c617f5e0fde3 on network 6b3ae032-c4ba-4b47-8388-20af58c18be0 not bound, no agent of type Open vSwitch agent registered on host n-h2-799529-5 {{(pid=100825) bind_port /opt/stack/neutron/neutron/plugins/ml2/drivers/mech_agent.py:98}}
Jul 08 17:50:44.652861 n-d-799529-5 neutron-server[100825]: DEBUG neutron.plugins.ml2.drivers.mech_agent [req-55a9a539-7a84-4879-9ac2-e5abaf7b4057 req-5dccb98f-d54a-4a65-8581-534f98a95c1b service neutron] Attempting to bind port 634e1cde-a6c8-4766-a9e3-c617f5e0fde3 on network 6b3ae032-c4ba-4b47-8388-20af58c18be0 {{(pid=100825) bind_port /opt/stack/neutron/neutron/plugins/ml2/drivers/mech_agent.py:86}}
Jul 08 17:50:44.660534 n-d-799529-5 neutron-server[100825]: DEBUG neutron.plugins.ml2.drivers.mech_agent [req-55a9a539-7a84-4879-9ac2-e5abaf7b4057 req-5dccb98f-d54a-4a65-8581-534f98a95c1b service neutron] Checking agent: {'id': '91c72b5b-f753-471c-8106-af9598ca0ff5', 'agent_type': 'HyperV agent', 'binary': 'neutron-hyperv-agent', 'topic': 'N/A', 'host': 'n-h2-799529-5', 'admin_state_up': True, 'created_at': datetime.datetime(2021, 7, 8, 17, 47, 19), 'started_at': datetime.datetime(2021, 7, 8, 17, 47, 19), 'heartbeat_timestamp': datetime.datetime(2021, 7, 8, 17, 50, 19), 'description': None, 'resources_synced': None, 'availability_zone': None, 'alive': True, 'configurations': {'vswitch_mappings': {'physnet1$': 'br-data'}}, 'resource_versions': {}} {{(pid=100825) bind_port /opt/stack/neutron/neutron/plugins/ml2/drivers/mech_agent.py:105}}
Jul 08 17:50:44.661422 n-d-799529-5 neutron-server[100825]: DEBUG neutron.plugins.ml2.drivers.mech_agent [req-55a9a539-7a84-4879-9ac2-e5abaf7b4057 req-5dccb98f-d54a-4a65-8581-534f98a95c1b service neutron] Checking segment: {'id': 'f64ccca8-9761-4a4a-86f1-6b7447dc2af8', 'network_type': 'vlan', 'physical_network': 'physnet1', 'segmentation_id': 50, 'network_id': '6b3ae032-c4ba-4b47-8388-20af58c18be0'} for mappings: {'physnet1$': 'br-data'} with network types: ['local', 'flat', 'vlan'] {{(pid=100825) check_segment_for_agent /opt/stack/neutron/neutron/plugins/ml2/drivers/mech_agent.py:341}}
Jul 08 17:50:44.661422 n-d-799529-5 neutron-server[100825]: DEBUG neutron.plugins.ml2.drivers.mech_agent [req-55a9a539-7a84-4879-9ac2-e5abaf7b4057 req-5dccb98f-d54a-4a65-8581-534f98a95c1b service neutron] Bound using segment: {'id': 'f64ccca8-9761-4a4a-86f1-6b7447dc2af8', 'network_type': 'vlan', 'physical_network': 'physnet1', 'segmentation_id': 50, 'network_id': '6b3ae032-c4ba-4b47-8388-20af58c18be0'} {{(pid=100825) bind_port /opt/stack/neutron/neutron/plugins/ml2/drivers/mech_agent.py:115}}
Jul 08 17:50:44.661648 n-d-799529-5 neutron-server[100825]: DEBUG neutron.plugins.ml2.managers [req-55a9a539-7a84-4879-9ac2-e5abaf7b4057 req-5dccb98f-d54a-4a65-8581-534f98a95c1b service neutron] Bound port: 634e1cde-a6c8-4766-a9e3-c617f5e0fde3, host: n-h2-799529-5, vif_type: hyperv, vif_details: {"connectivity": "legacy", "port_filter": false}, binding_levels: [{'bound_driver': 'hyperv', 'bound_segment': {'id': 'f64ccca8-9761-4a4a-86f1-6b7447dc2af8', 'network_type': 'vlan', 'physical_network': 'physnet1', 'segmentation_id': 50, 'network_id': '6b3ae032-c4ba-4b47-8388-20af58c18be0'}}] {{(pid=100825) _bind_port_level /opt/stack/neutron/neutron/plugins/ml2/managers.py:928}}
Jul 08 17:50:44.662140 n-d-799529-5 neutron-server[100825]: DEBUG neutron_lib.callbacks.manager [req-55a9a539-7a84-4879-9ac2-e5abaf7b4057 req-5dccb98f-d54a-4a65-8581-534f98a95c1b service neutron] Notify callbacks ['neutron.plugins.ml2.plugin.SecurityGroupDbMixin._ensure_default_security_group_handler-7898850'] for port, before_update {{(pid=100825) _notify_loop /usr/local/lib/python3.8/dist-packages/neutron_lib/callbacks/manager.py:192}}
Jul 08 17:50:44.669828 n-d-799529-5 neutron-server[100826]: DEBUG neutron_lib.callbacks.manager [None req-7f26cd1c-d6bc-4103-8108-f4e84f59a0c5 admin admin] Notify callbacks [] for router_gateway, after_create {{(pid=100826) _notify_loop /usr/local/lib/python3.8/dist-packages/neutron_lib/callbacks/manager.py:192}}
Jul 08 17:50:44.682157 n-d-799529-5 neutron-server[100825]: INFO neutron.wsgi [None req-26c9dcc5-3e15-4295-8df6-a3238b5a3f86 admin admin] 10.222.0.49 "GET /v2.0/security-groups?tenant_id=43598ca3f7ea4aca8e62cbda251b6321&name=default HTTP/1.1" status: 200 len: 2979 time: 0.8461552
Jul 08 17:50:44.691838 n-d-799529-5 neutron-server[100825]: DEBUG neutron.wsgi [-] (100825) accepted ('10.222.0.49', 45040) {{(pid=100825) server /usr/local/lib/python3.8/dist-packages/eventlet/wsgi.py:982}}
Jul 08 17:50:44.711446 n-d-799529-5 neutron-server[100825]: INFO neutron.wsgi [req-c7a54931-e35b-43a4-a442-d049ba9b45a3 req-cd1cdfba-2d8e-420c-a074-1c0524da60b3 tempest-ImagesTestJSON-734801318 tempest-ImagesTestJSON-734801318-project] 10.222.0.49 "GET /v2.0/security-groups?id=aa109471-ec9c-4b87-a3e3-3ca0ace701d0&fields=id&fields=name HTTP/1.1" status: 200 len: 286 time: 0.1672428
Jul 08 17:50:44.717205 n-d-799529-5 neutron-server[100825]: DEBUG neutron.pecan_wsgi.hooks.policy_enforcement [req-96ac5a86-1750-449c-811f-8da997415605 req-5e8bcdcc-842b-40e1-bca7-18b2a7257eeb service neutron] Attributes excluded by policy engine: ['standard_attr_id'] {{(pid=100825) _exclude_attributes_by_policy /opt/stack/neutron/neutron/pecan_wsgi/hooks/policy_enforcement.py:255}}
Jul 08 17:50:44.718966 n-d-799529-5 neutron-server[100825]: INFO neutron.wsgi [req-96ac5a86-1750-449c-811f-8da997415605 req-5e8bcdcc-842b-40e1-bca7-18b2a7257eeb service neutron] 10.222.0.32 "GET /v2.0/ports?tenant_id=1b8fc49ce63448e5a7b00f8f36af7aef&device_id=0f71d857-3598-4959-9d15-cb4129035d98 HTTP/1.1" status: 200 len: 1096 time: 0.4552951
Jul 08 17:50:44.732129 n-d-799529-5 neutron-server[100827]: DEBUG neutron.db.provisioning_blocks [None req-3fdde3fc-df4e-41b6-8c13-64e02cbc471f None None] Provisioning for port 9dea26df-f550-4e27-8a97-24cd87330925 completed by entity L2. {{(pid=100827) provisioning_complete /opt/stack/neutron/neutron/db/provisioning_blocks.py:133}}
Jul 08 17:50:44.736571 n-d-799529-5 neutron-server[100827]: DEBUG neutron.db.provisioning_blocks [None req-3fdde3fc-df4e-41b6-8c13-64e02cbc471f None None] Provisioning complete for port 9dea26df-f550-4e27-8a97-24cd87330925 triggered by entity L2. {{(pid=100827) provisioning_complete /opt/stack/neutron/neutron/db/provisioning_blocks.py:139}}
Jul 08 17:50:44.737059 n-d-799529-5 neutron-server[100827]: DEBUG neutron_lib.callbacks.manager [None req-3fdde3fc-df4e-41b6-8c13-64e02cbc471f None None] Notify callbacks ['neutron.plugins.ml2.plugin.Ml2Plugin._port_provisioned-8202109'] for port, provisioning_complete {{(pid=100827) _notify_loop /usr/local/lib/python3.8/dist-packages/neutron_lib/callbacks/manager.py:192}}
Jul 08 17:50:44.748855 n-d-799529-5 neutron-server[100826]: INFO neutron.wsgi [req-4ba9bfdd-5cd1-4fb5-a9e1-c4bb75a4e3e0 req-4a897c70-542f-4ee2-bd72-b1def4c47a77 service neutron] 10.222.0.32 "GET /v2.0/networks/721232a6-ad02-4d05-9848-c9a5b412764e?fields=provider%3Aphysical_network&fields=provider%3Anetwork_type HTTP/1.1" status: 200 len: 281 time: 0.3740547
Jul 08 17:50:44.801241 n-d-799529-5 neutron-server[100826]: INFO neutron.wsgi [req-c1f17d00-dc2c-426b-b5f9-2d109fc9574f req-b7f68df8-3f2c-4ed3-a059-18d198a2c471 tempest-LiveMigrationNegativeTest-1755680721 tempest-LiveMigrationNegativeTest-1755680721-project] 10.222.0.49 "GET /v2.0/networks?tenant_id=d246f7a6e1fb4c1995875f2a52b14f31&shared=False HTTP/1.1" status: 200 len: 213 time: 0.0564523
Jul 08 17:50:44.835506 n-d-799529-5 neutron-server[100827]: DEBUG neutron_lib.callbacks.manager [None req-3fdde3fc-df4e-41b6-8c13-64e02cbc471f None None] Notify callbacks ['neutron.plugins.ml2.plugin.SecurityGroupDbMixin._ensure_default_security_group_handler-7898850'] for port, before_update {{(pid=100827) _notify_loop /usr/local/lib/python3.8/dist-packages/neutron_lib/callbacks/manager.py:192}}
Jul 08 17:50:44.891536 n-d-799529-5 neutron-server[100825]: DEBUG neutron.pecan_wsgi.hooks.policy_enforcement [req-96ac5a86-1750-449c-811f-8da997415605 req-d96ae1ba-07f0-495c-a6cf-f260b3e63344 service neutron] Attributes excluded by policy engine: ['standard_attr_id', 'vlan_transparent'] {{(pid=100825) _exclude_attributes_by_policy /opt/stack/neutron/neutron/pecan_wsgi/hooks/policy_enforcement.py:255}}
Jul 08 17:50:44.893068 n-d-799529-5 neutron-server[100825]: INFO neutron.wsgi [req-96ac5a86-1750-449c-811f-8da997415605 req-d96ae1ba-07f0-495c-a6cf-f260b3e63344 service neutron] 10.222.0.32 "GET /v2.0/networks?id=0e21afe9-4fda-4e7d-a0ac-f3ab4b994474 HTTP/1.1" status: 200 len: 923 time: 0.1038499
Jul 08 17:50:44.912606 n-d-799529-5 neutron-server[100825]: DEBUG neutron_lib.callbacks.manager [None req-04b6e8b2-dbff-4319-a0e9-01e3d06e05dd admin admin] Notify callbacks [] for security_group, before_delete {{(pid=100825) _notify_loop /usr/local/lib/python3.8/dist-packages/neutron_lib/callbacks/manager.py:192}}
Jul 08 17:50:44.922441 n-d-799529-5 neutron-server[100826]: DEBUG neutron.pecan_wsgi.hooks.policy_enforcement [req-c1f17d00-dc2c-426b-b5f9-2d109fc9574f req-edc848af-3c53-4b8c-b385-2ccaf793cd5d tempest-LiveMigrationNegativeTest-1755680721 tempest-LiveMigrationNegativeTest-1755680721-project] Attributes excluded by policy engine: ['standard_attr_id', 'vlan_transparent', 'provider:network_type', 'provider:physical_network', 'provider:segmentation_id'] {{(pid=100826) _exclude_attributes_by_policy /opt/stack/neutron/neutron/pecan_wsgi/hooks/policy_enforcement.py:255}}
Jul 08 17:50:44.929210 n-d-799529-5 neutron-server[100826]: INFO neutron.wsgi [req-c1f17d00-dc2c-426b-b5f9-2d109fc9574f req-edc848af-3c53-4b8c-b385-2ccaf793cd5d tempest-LiveMigrationNegativeTest-1755680721 tempest-LiveMigrationNegativeTest-1755680721-project] 10.222.0.49 "GET /v2.0/networks?shared=True HTTP/1.1" status: 200 len: 769 time: 0.1270418
Jul 08 17:50:44.977512 n-d-799529-5 neutron-server[100826]: DEBUG neutron.wsgi [-] (100826) accepted ('10.222.0.49', 45044) {{(pid=100826) server /usr/local/lib/python3.8/dist-packages/eventlet/wsgi.py:982}}
Jul 08 17:50:44.996456 n-d-799529-5 neutron-server[100827]: DEBUG neutron.plugins.ml2.db [None req-3fdde3fc-df4e-41b6-8c13-64e02cbc471f None None] For port 9dea26df-f550-4e27-8a97-24cd87330925, host n-d-799529-5, got binding levels [PortBindingLevel(driver='openvswitch',host='n-d-799529-5',level=0,port_id=9dea26df-f550-4e27-8a97-24cd87330925,segment=NetworkSegment(73677f23-c154-49f6-9c1f-fb0b91defdaf),segment_id=73677f23-c154-49f6-9c1f-fb0b91defdaf)] {{(pid=100827) get_binding_level_objs /opt/stack/neutron/neutron/plugins/ml2/db.py:74}}
