Jul 08 17:49:47.434589 n-d-799529-5 devstack@n-api.service[115749]: /opt/stack/nova/nova/db/main/api.py:503: SAWarning: TypeDecorator SoftDeleteInteger() will not produce a cache key because the ``cache_ok`` flag is not set to True. Set this flag to True if this type object's state is safe to use in a cache key, or False to disable this warning.
Jul 08 17:49:47.434589 n-d-799529-5 devstack@n-api.service[115749]: result = model_query(context, models.Service, read_deleted="no").\
Jul 08 17:49:47.448581 n-d-799529-5 devstack@n-api.service[115749]: DEBUG oslo_concurrency.lockutils [None req-fc58373e-2270-4ea2-9a25-e71cbf9534ae tempest-HypervisorAdminTestJSON-1898499407 tempest-HypervisorAdminTestJSON-1898499407-project-admin] Lock "31a7816b-1c3d-455d-8e08-e6470d919cf9" acquired by "nova.context.set_target_cell..get_or_set_cached_cell_and_set_connections" :: waited 0.000s {{(pid=115749) inner /usr/local/lib/python3.8/dist-packages/oslo_concurrency/lockutils.py:355}}
Jul 08 17:49:47.449256 n-d-799529-5 devstack@n-api.service[115749]: DEBUG oslo_concurrency.lockutils [None req-fc58373e-2270-4ea2-9a25-e71cbf9534ae tempest-HypervisorAdminTestJSON-1898499407 tempest-HypervisorAdminTestJSON-1898499407-project-admin] Lock "31a7816b-1c3d-455d-8e08-e6470d919cf9" released by "nova.context.set_target_cell..get_or_set_cached_cell_and_set_connections" :: held 0.001s {{(pid=115749) inner /usr/local/lib/python3.8/dist-packages/oslo_concurrency/lockutils.py:367}}
Jul 08 17:49:47.451802 n-d-799529-5 devstack@n-api.service[115749]: /opt/stack/nova/nova/db/main/api.py:503: SAWarning: TypeDecorator SoftDeleteInteger() will not produce a cache key because the ``cache_ok`` flag is not set to True. Set this flag to True if this type object's state is safe to use in a cache key, or False to disable this warning.
Jul 08 17:49:47.451802 n-d-799529-5 devstack@n-api.service[115749]: result = model_query(context, models.Service, read_deleted="no").\
Jul 08 17:49:47.457522 n-d-799529-5 devstack@n-api.service[115749]: DEBUG oslo_concurrency.lockutils [None req-fc58373e-2270-4ea2-9a25-e71cbf9534ae tempest-HypervisorAdminTestJSON-1898499407 tempest-HypervisorAdminTestJSON-1898499407-project-admin] Acquired lock "compute-rpcapi-router" {{(pid=115749) lock /usr/local/lib/python3.8/dist-packages/oslo_concurrency/lockutils.py:266}}
Jul 08 17:49:47.463087 n-d-799529-5 devstack@n-api.service[115749]: DEBUG oslo_concurrency.lockutils [None req-d8f3e9b4-444a-48a9-be42-ee407327542b None None] Lock "00000000-0000-0000-0000-000000000000" acquired by "nova.context.set_target_cell..get_or_set_cached_cell_and_set_connections" :: waited 0.000s {{(pid=115749) inner /usr/local/lib/python3.8/dist-packages/oslo_concurrency/lockutils.py:355}}
Jul 08 17:49:47.463541 n-d-799529-5 devstack@n-api.service[115749]: DEBUG oslo_concurrency.lockutils [None req-d8f3e9b4-444a-48a9-be42-ee407327542b None None] Lock "00000000-0000-0000-0000-000000000000" released by "nova.context.set_target_cell..get_or_set_cached_cell_and_set_connections" :: held 0.001s {{(pid=115749) inner /usr/local/lib/python3.8/dist-packages/oslo_concurrency/lockutils.py:367}}
Jul 08 17:49:47.464596 n-d-799529-5 devstack@n-api.service[115749]: DEBUG oslo_concurrency.lockutils [None req-d8f3e9b4-444a-48a9-be42-ee407327542b None None] Lock "31a7816b-1c3d-455d-8e08-e6470d919cf9" acquired by "nova.context.set_target_cell..get_or_set_cached_cell_and_set_connections" :: waited 0.000s {{(pid=115749) inner /usr/local/lib/python3.8/dist-packages/oslo_concurrency/lockutils.py:355}}
Jul 08 17:49:47.465192 n-d-799529-5 devstack@n-api.service[115749]: DEBUG oslo_concurrency.lockutils [None req-d8f3e9b4-444a-48a9-be42-ee407327542b None None] Lock "31a7816b-1c3d-455d-8e08-e6470d919cf9" released by "nova.context.set_target_cell..get_or_set_cached_cell_and_set_connections" :: held 0.001s {{(pid=115749) inner /usr/local/lib/python3.8/dist-packages/oslo_concurrency/lockutils.py:367}}
Jul 08 17:49:47.471102 n-d-799529-5 devstack@n-api.service[115749]: /opt/stack/nova/nova/db/main/api.py:412: SAWarning: TypeDecorator SoftDeleteInteger() will not produce a cache key because the ``cache_ok`` flag is not set to True. Set this flag to True if this type object's state is safe to use in a cache key, or False to disable this warning.
Jul 08 17:49:47.471102 n-d-799529-5 devstack@n-api.service[115749]: return dict(min_versions)
Jul 08 17:49:47.478004 n-d-799529-5 devstack@n-api.service[115749]: INFO nova.compute.rpcapi [None req-d8f3e9b4-444a-48a9-be42-ee407327542b None None] Automatically selected compute RPC version 6.0 from minimum service version 56
Jul 08 17:49:47.479100 n-d-799529-5 devstack@n-api.service[115749]: DEBUG oslo_concurrency.lockutils [None req-d8f3e9b4-444a-48a9-be42-ee407327542b None None] Releasing lock "compute-rpcapi-router" {{(pid=115749) lock /usr/local/lib/python3.8/dist-packages/oslo_concurrency/lockutils.py:282}}
Jul 08 17:49:47.583369 n-d-799529-5 devstack@n-api.service[115749]: INFO nova.api.openstack.requestlog [None req-d8f3e9b4-444a-48a9-be42-ee407327542b None None] 10.222.0.49 "GET /compute/v2.1/os-hypervisors/1/uptime" status: 200 len: 175 microversion: 2.1 time: 0.206015
Jul 08 17:49:47.584164 n-d-799529-5 devstack@n-api.service[115749]: [pid: 115749|app: 0|req: 46/119] 10.222.0.49 () {58 vars in 1173 bytes} [Thu Jul 8 17:49:47 2021] GET /compute/v2.1/os-hypervisors/1/uptime => generated 175 bytes in 214 msecs (HTTP/1.1 200) 9 headers in 357 bytes (1 switches on core 0)
Jul 08 17:49:47.591704 n-d-799529-5 devstack@n-api.service[115749]: DEBUG nova.api.openstack.wsgi [None req-361ef2fc-4b1b-46e4-be14-435e56243499 tempest-FlavorsAccessNegativeTestJSON-520945664 tempest-FlavorsAccessNegativeTestJSON-520945664-project-admin] Action: 'action', calling method: >, body: {"addTenantAccess": {"tenant": "d053ee97a6424f1686422ba4ba39111b"}} {{(pid=115749) _process_stack /opt/stack/nova/nova/api/openstack/wsgi.py:511}}
Jul 08 17:49:47.594200 n-d-799529-5 devstack@n-api.service[115749]: /usr/local/lib/python3.8/dist-packages/oslo_policy/policy.py:1064: UserWarning: Policy os_compute_api:os-flavor-access:add_tenant_access failed scope check. The token used to make the request was project scoped but the policy requires ['system'] scope. This behavior may change in the future where using the intended scope is required
Jul 08 17:49:47.594200 n-d-799529-5 devstack@n-api.service[115749]: warnings.warn(msg)
Jul 08 17:49:47.600550 n-d-799529-5 devstack@n-api.service[115750]: DEBUG nova.policy [None req-630a4073-ccdd-4a5c-9a6a-e21bac4fc1ab tempest-AggregatesAdminTestJSON-553677630 tempest-AggregatesAdminTestJSON-553677630-project] Policy check for os_compute_api:os-extended-server-attributes failed with credentials {'is_admin': False, 'user_id': '5ae5cb6cbaff45689e718547ff2e4258', 'user_domain_id': 'default', 'system_scope': None, 'domain_id': None, 'project_id': '07b4057b5c254d4fa89e65707abd9386', 'project_domain_id': 'default', 'roles': ['reader', 'member'], 'is_admin_project': True, 'service_user_id': None, 'service_user_domain_id': None, 'service_project_id': None, 'service_project_domain_id': None, 'service_roles': []} {{(pid=115750) authorize /opt/stack/nova/nova/policy.py:199}}
Jul 08 17:49:47.603164 n-d-799529-5 devstack@n-api.service[115750]: /opt/stack/nova/nova/db/main/api.py:2905: SAWarning: TypeDecorator SoftDeleteInteger() will not produce a cache key because the ``cache_ok`` flag is not set to True. Set this flag to True if this type object's state is safe to use in a cache key, or False to disable this warning.
Jul 08 17:49:47.603164 n-d-799529-5 devstack@n-api.service[115750]: return _block_device_mapping_get_query(context).filter(
Jul 08 17:49:47.612457 n-d-799529-5 devstack@n-api.service[115750]: INFO nova.api.openstack.requestlog [None req-630a4073-ccdd-4a5c-9a6a-e21bac4fc1ab tempest-AggregatesAdminTestJSON-553677630 tempest-AggregatesAdminTestJSON-553677630-project] 10.222.0.49 "GET /compute/v2.1/servers/cf9dcb78-153e-455d-b829-d60db5824414" status: 200 len: 1298 microversion: 2.1 time: 0.280579
Jul 08 17:49:47.618970 n-d-799529-5 devstack@n-api.service[115750]: [pid: 115750|app: 0|req: 74/120] 10.222.0.49 () {58 vars in 1236 bytes} [Thu Jul 8 17:49:47 2021] GET /compute/v2.1/servers/cf9dcb78-153e-455d-b829-d60db5824414 => generated 1298 bytes in 282 msecs (HTTP/1.1 200) 9 headers in 358 bytes (1 switches on core 0)
Jul 08 17:49:48.109462 n-d-799529-5 devstack@n-api.service[115749]: INFO nova.api.openstack.requestlog [None req-361ef2fc-4b1b-46e4-be14-435e56243499 tempest-FlavorsAccessNegativeTestJSON-520945664 tempest-FlavorsAccessNegativeTestJSON-520945664-project-admin] 10.222.0.49 "POST /compute/v2.1/flavors/508812579/action" status: 200 len: 96 microversion: 2.1 time: 0.524287
Jul 08 17:49:48.110609 n-d-799529-5 devstack@n-api.service[115749]: [pid: 115749|app: 0|req: 47/121] 10.222.0.49 () {60 vars in 1197 bytes} [Thu Jul 8 17:49:47 2021] POST /compute/v2.1/flavors/508812579/action => generated 96 bytes in 526 msecs (HTTP/1.1 200) 9 headers in 356 bytes (1 switches on core 0)
Jul 08 17:49:48.119709 n-d-799529-5 devstack@n-api.service[115750]: DEBUG nova.api.openstack.wsgi [None req-df0824ef-95d8-4533-9330-6db75d4198b0 tempest-FlavorsAccessNegativeTestJSON-520945664 tempest-FlavorsAccessNegativeTestJSON-520945664-project-admin] Action: 'action', calling method: >, body: {"addTenantAccess": {"tenant": "d053ee97a6424f1686422ba4ba39111b"}} {{(pid=115750) _process_stack /opt/stack/nova/nova/api/openstack/wsgi.py:511}}
Jul 08 17:49:48.121130 n-d-799529-5 devstack@n-api.service[115750]: /usr/local/lib/python3.8/dist-packages/oslo_policy/policy.py:1064: UserWarning: Policy os_compute_api:os-flavor-access:add_tenant_access failed scope check. The token used to make the request was project scoped but the policy requires ['system'] scope. This behavior may change in the future where using the intended scope is required
Jul 08 17:49:48.121130 n-d-799529-5 devstack@n-api.service[115750]: warnings.warn(msg)
Jul 08 17:49:48.630507 n-d-799529-5 devstack@n-api.service[115749]: DEBUG nova.api.openstack.wsgi [None req-23b7f94f-7927-4477-8fa6-131ef4892475 tempest-AggregatesAdminTestJSON-553677630 tempest-AggregatesAdminTestJSON-553677630-project] Calling method '>' {{(pid=115749) _process_stack /opt/stack/nova/nova/api/openstack/wsgi.py:513}}
Jul 08 17:49:48.632020 n-d-799529-5 devstack@n-api.service[115749]: DEBUG nova.compute.api [None req-23b7f94f-7927-4477-8fa6-131ef4892475 tempest-AggregatesAdminTestJSON-553677630 tempest-AggregatesAdminTestJSON-553677630-project] [instance: cf9dcb78-153e-455d-b829-d60db5824414] Fetching instance by UUID {{(pid=115749) get /opt/stack/nova/nova/compute/api.py:2793}}
Jul 08 17:49:48.640861 n-d-799529-5 devstack@n-api.service[115749]: DEBUG oslo_concurrency.lockutils [None req-23b7f94f-7927-4477-8fa6-131ef4892475 tempest-AggregatesAdminTestJSON-553677630 tempest-AggregatesAdminTestJSON-553677630-project] Lock "31a7816b-1c3d-455d-8e08-e6470d919cf9" acquired by "nova.context.set_target_cell..get_or_set_cached_cell_and_set_connections" :: waited 0.000s {{(pid=115749) inner /usr/local/lib/python3.8/dist-packages/oslo_concurrency/lockutils.py:355}}
Jul 08 17:49:48.649037 n-d-799529-5 devstack@n-api.service[115749]: DEBUG oslo_concurrency.lockutils [None req-23b7f94f-7927-4477-8fa6-131ef4892475 tempest-AggregatesAdminTestJSON-553677630 tempest-AggregatesAdminTestJSON-553677630-project] Lock "31a7816b-1c3d-455d-8e08-e6470d919cf9" released by "nova.context.set_target_cell..get_or_set_cached_cell_and_set_connections" :: held 0.008s {{(pid=115749) inner /usr/local/lib/python3.8/dist-packages/oslo_concurrency/lockutils.py:367}}
Jul 08 17:49:48.650086 n-d-799529-5 devstack@n-api.service[115749]: DEBUG oslo_concurrency.lockutils [None req-23b7f94f-7927-4477-8fa6-131ef4892475 tempest-AggregatesAdminTestJSON-553677630 tempest-AggregatesAdminTestJSON-553677630-project] Lock "31a7816b-1c3d-455d-8e08-e6470d919cf9" acquired by "nova.context.set_target_cell..get_or_set_cached_cell_and_set_connections" :: waited 0.000s {{(pid=115749) inner /usr/local/lib/python3.8/dist-packages/oslo_concurrency/lockutils.py:355}}
Jul 08 17:49:48.650762 n-d-799529-5 devstack@n-api.service[115749]: DEBUG oslo_concurrency.lockutils [None req-23b7f94f-7927-4477-8fa6-131ef4892475 tempest-AggregatesAdminTestJSON-553677630 tempest-AggregatesAdminTestJSON-553677630-project] Lock "31a7816b-1c3d-455d-8e08-e6470d919cf9" released by "nova.context.set_target_cell..get_or_set_cached_cell_and_set_connections" :: held 0.001s {{(pid=115749) inner /usr/local/lib/python3.8/dist-packages/oslo_concurrency/lockutils.py:367}}
Jul 08 17:49:48.661697 n-d-799529-5 devstack@n-api.service[115749]: /opt/stack/nova/nova/db/main/api.py:1358: SAWarning: TypeDecorator SoftDeleteInteger() will not produce a cache key because the ``cache_ok`` flag is not set to True. Set this flag to True if this type object's state is safe to use in a cache key, or False to disable this warning.
Jul 08 17:49:48.661697 n-d-799529-5 devstack@n-api.service[115749]: result = _build_instance_get(context, columns_to_join=columns_to_join).\
Jul 08 17:49:48.802953 n-d-799529-5 devstack@n-api.service[115750]: INFO nova.api.openstack.wsgi [None req-df0824ef-95d8-4533-9330-6db75d4198b0 tempest-FlavorsAccessNegativeTestJSON-520945664 tempest-FlavorsAccessNegativeTestJSON-520945664-project-admin] HTTP exception thrown: Flavor access already exists for flavor 27 and project d053ee97a6424f1686422ba4ba39111b combination.
Jul 08 17:49:48.804973 n-d-799529-5 devstack@n-api.service[115750]: DEBUG nova.api.openstack.wsgi [None req-df0824ef-95d8-4533-9330-6db75d4198b0 tempest-FlavorsAccessNegativeTestJSON-520945664 tempest-FlavorsAccessNegativeTestJSON-520945664-project-admin] Returning 409 to user: Flavor access already exists for flavor 27 and project d053ee97a6424f1686422ba4ba39111b combination. {{(pid=115750) __call__ /opt/stack/nova/nova/api/openstack/wsgi.py:927}}
Jul 08 17:49:48.806040 n-d-799529-5 devstack@n-api.service[115750]: INFO nova.api.openstack.requestlog [None req-df0824ef-95d8-4533-9330-6db75d4198b0 tempest-FlavorsAccessNegativeTestJSON-520945664 tempest-FlavorsAccessNegativeTestJSON-520945664-project-admin] 10.222.0.49 "POST /compute/v2.1/flavors/508812579/action" status: 409 len: 152 microversion: 2.1 time: 0.690145
Jul 08 17:49:48.807248 n-d-799529-5 devstack@n-api.service[115750]: [pid: 115750|app: 0|req: 75/122] 10.222.0.49 () {60 vars in 1197 bytes} [Thu Jul 8 17:49:48 2021] POST /compute/v2.1/flavors/508812579/action => generated 152 bytes in 692 msecs (HTTP/1.1 409) 9 headers in 378 bytes (2 switches on core 0)
Jul 08 17:49:48.822837 n-d-799529-5 devstack@n-api.service[115750]: DEBUG nova.api.openstack.wsgi [None req-f426f52b-1aa1-4aaf-9c6c-0445c55d038a tempest-FlavorsAccessNegativeTestJSON-520945664 tempest-FlavorsAccessNegativeTestJSON-520945664-project-admin] Action: 'action', calling method: >, body: {"removeTenantAccess": {"tenant": "d053ee97a6424f1686422ba4ba39111b"}} {{(pid=115750) _process_stack /opt/stack/nova/nova/api/openstack/wsgi.py:511}}
Jul 08 17:49:48.826666 n-d-799529-5 devstack@n-api.service[115750]: /usr/local/lib/python3.8/dist-packages/oslo_policy/policy.py:1064: UserWarning: Policy os_compute_api:os-flavor-access:remove_tenant_access failed scope check. The token used to make the request was project scoped but the policy requires ['system'] scope. This behavior may change in the future where using the intended scope is required
Jul 08 17:49:48.826666 n-d-799529-5 devstack@n-api.service[115750]: warnings.warn(msg)
Jul 08 17:49:48.876415 n-d-799529-5 devstack@n-api.service[115749]: DEBUG nova.policy [None req-23b7f94f-7927-4477-8fa6-131ef4892475 tempest-AggregatesAdminTestJSON-553677630 tempest-AggregatesAdminTestJSON-553677630-project] Policy check for os_compute_api:os-extended-server-attributes failed with credentials {'is_admin': False, 'user_id': '5ae5cb6cbaff45689e718547ff2e4258', 'user_domain_id': 'default', 'system_scope': None, 'domain_id': None, 'project_id': '07b4057b5c254d4fa89e65707abd9386', 'project_domain_id': 'default', 'roles': ['reader', 'member'], 'is_admin_project': True, 'service_user_id': None, 'service_user_domain_id': None, 'service_project_id': None, 'service_project_domain_id': None, 'service_roles': []} {{(pid=115749) authorize /opt/stack/nova/nova/policy.py:199}}
Jul 08 17:49:48.884035 n-d-799529-5 devstack@n-api.service[115749]: /opt/stack/nova/nova/db/main/api.py:2905: SAWarning: TypeDecorator SoftDeleteInteger() will not produce a cache key because the ``cache_ok`` flag is not set to True. Set this flag to True if this type object's state is safe to use in a cache key, or False to disable this warning.
Jul 08 17:49:48.884035 n-d-799529-5 devstack@n-api.service[115749]: return _block_device_mapping_get_query(context).filter(
Jul 08 17:49:48.897322 n-d-799529-5 devstack@n-api.service[115749]: INFO nova.api.openstack.requestlog [None req-23b7f94f-7927-4477-8fa6-131ef4892475 tempest-AggregatesAdminTestJSON-553677630 tempest-AggregatesAdminTestJSON-553677630-project] 10.222.0.49 "GET /compute/v2.1/servers/cf9dcb78-153e-455d-b829-d60db5824414" status: 200 len: 1296 microversion: 2.1 time: 0.269721
Jul 08 17:49:48.901058 n-d-799529-5 devstack@n-api.service[115749]: [pid: 115749|app: 0|req: 48/123] 10.222.0.49 () {58 vars in 1236 bytes} [Thu Jul 8 17:49:48 2021] GET /compute/v2.1/servers/cf9dcb78-153e-455d-b829-d60db5824414 => generated 1296 bytes in 273 msecs (HTTP/1.1 200) 9 headers in 358 bytes (1 switches on core 0)
Jul 08 17:49:49.197237 n-d-799529-5 devstack@n-api.service[115749]: DEBUG nova.api.openstack.wsgi [None req-edbe8701-4019-4937-90f8-c7c5a456f27e tempest-FlavorsAccessTestJSON-1504279917 tempest-FlavorsAccessTestJSON-1504279917-project-admin] Action: 'create', calling method: >, body: {"flavor": {"ram": 512, "vcpus": 1, "disk": 10, "name": "tempest-FlavorsAccessTestJSON-flavor-1235842889", "id": 1296843516, "os-flavor-access:is_public": "False"}} {{(pid=115749) _process_stack /opt/stack/nova/nova/api/openstack/wsgi.py:511}}
Jul 08 17:49:49.202594 n-d-799529-5 devstack@n-api.service[115749]: /usr/local/lib/python3.8/dist-packages/oslo_policy/policy.py:1064: UserWarning: Policy os_compute_api:os-flavor-manage:create failed scope check. The token used to make the request was project scoped but the policy requires ['system'] scope. This behavior may change in the future where using the intended scope is required
Jul 08 17:49:49.202594 n-d-799529-5 devstack@n-api.service[115749]: warnings.warn(msg)
Jul 08 17:49:49.203912 n-d-799529-5 devstack@n-api.service[115750]: INFO nova.api.openstack.requestlog [None req-f426f52b-1aa1-4aaf-9c6c-0445c55d038a tempest-FlavorsAccessNegativeTestJSON-520945664 tempest-FlavorsAccessNegativeTestJSON-520945664-project-admin] 10.222.0.49 "POST /compute/v2.1/flavors/508812579/action" status: 200 len: 21 microversion: 2.1 time: 0.389642
Jul 08 17:49:49.205030 n-d-799529-5 devstack@n-api.service[115750]: [pid: 115750|app: 0|req: 76/124] 10.222.0.49 () {60 vars in 1197 bytes} [Thu Jul 8 17:49:48 2021] POST /compute/v2.1/flavors/508812579/action => generated 21 bytes in 391 msecs (HTTP/1.1 200) 9 headers in 356 bytes (1 switches on core 0)
Jul 08 17:49:49.214584 n-d-799529-5 devstack@n-api.service[115750]: DEBUG nova.api.openstack.wsgi [None req-8712f9e4-b6a3-4dc0-897c-df6bad767591 tempest-FlavorsAccessNegativeTestJSON-520945664 tempest-FlavorsAccessNegativeTestJSON-520945664-project-admin] Calling method '>' {{(pid=115750) _process_stack /opt/stack/nova/nova/api/openstack/wsgi.py:513}}
Jul 08 17:49:49.215929 n-d-799529-5 devstack@n-api.service[115750]: /usr/local/lib/python3.8/dist-packages/oslo_policy/policy.py:1064: UserWarning: Policy os_compute_api:os-flavor-manage:delete failed scope check. The token used to make the request was project scoped but the policy requires ['system'] scope. This behavior may change in the future where using the intended scope is required
Jul 08 17:49:49.215929 n-d-799529-5 devstack@n-api.service[115750]: warnings.warn(msg)
Jul 08 17:49:49.300039 n-d-799529-5 devstack@n-api.service[115749]: INFO nova.api.openstack.requestlog [None req-edbe8701-4019-4937-90f8-c7c5a456f27e tempest-FlavorsAccessTestJSON-1504279917 tempest-FlavorsAccessTestJSON-1504279917-project-admin] 10.222.0.49 "POST /compute/v2.1/flavors" status: 200 len: 431 microversion: 2.1 time: 0.378873
Jul 08 17:49:49.301051 n-d-799529-5 devstack@n-api.service[115749]: [pid: 115749|app: 0|req: 49/125] 10.222.0.49 () {60 vars in 1147 bytes} [Thu Jul 8 17:49:48 2021] POST /compute/v2.1/flavors => generated 431 bytes in 381 msecs (HTTP/1.1 200) 9 headers in 357 bytes (1 switches on core 0)
Jul 08 17:49:49.312108 n-d-799529-5 devstack@n-api.service[115749]: DEBUG nova.api.openstack.wsgi [None req-7080e9dc-8ee6-4ca3-acb1-6a47eb8c003a tempest-FlavorsAccessTestJSON-1504279917 tempest-FlavorsAccessTestJSON-1504279917-project-admin] Action: 'action', calling method: >, body: {"addTenantAccess": {"tenant": "517ec873862f4a18a27968295e23c87c"}} {{(pid=115749) _process_stack /opt/stack/nova/nova/api/openstack/wsgi.py:511}}
Jul 08 17:49:49.313293 n-d-799529-5 devstack@n-api.service[115749]: /usr/local/lib/python3.8/dist-packages/oslo_policy/policy.py:1064: UserWarning: Policy os_compute_api:os-flavor-access:add_tenant_access failed scope check. The token used to make the request was project scoped but the policy requires ['system'] scope. This behavior may change in the future where using the intended scope is required
Jul 08 17:49:49.313293 n-d-799529-5 devstack@n-api.service[115749]: warnings.warn(msg)
Jul 08 17:49:49.317494 n-d-799529-5 devstack@n-api.service[115750]: INFO nova.api.openstack.requestlog [None req-8712f9e4-b6a3-4dc0-897c-df6bad767591 tempest-FlavorsAccessNegativeTestJSON-520945664 tempest-FlavorsAccessNegativeTestJSON-520945664-project-admin] 10.222.0.49 "DELETE /compute/v2.1/flavors/508812579" status: 202 len: 0 microversion: 2.1 time: 0.107361
Jul 08 17:49:49.318322 n-d-799529-5 devstack@n-api.service[115750]: [pid: 115750|app: 0|req: 77/126] 10.222.0.49 () {58 vars in 1158 bytes} [Thu Jul 8 17:49:49 2021] DELETE /compute/v2.1/flavors/508812579 => generated 0 bytes in 109 msecs (HTTP/1.1 202) 9 headers in 361 bytes (2 switches on core 0)
Jul 08 17:49:49.327660 n-d-799529-5 devstack@n-api.service[115750]: DEBUG nova.api.openstack.wsgi [None req-b8cf5ce7-e49c-43ff-a4a0-a51e5c61d0c5 tempest-FlavorsAccessNegativeTestJSON-520945664 tempest-FlavorsAccessNegativeTestJSON-520945664-project-admin] Calling method '>' {{(pid=115750) _process_stack /opt/stack/nova/nova/api/openstack/wsgi.py:513}}
Jul 08 17:49:49.355788 n-d-799529-5 devstack@n-api.service[115750]: INFO nova.api.openstack.requestlog [None req-b8cf5ce7-e49c-43ff-a4a0-a51e5c61d0c5 tempest-FlavorsAccessNegativeTestJSON-520945664 tempest-FlavorsAccessNegativeTestJSON-520945664-project-admin] 10.222.0.49 "GET /compute/v2.1/flavors/detail" status: 200 len: 4991 microversion: 2.1 time: 0.032813
Jul 08 17:49:49.357356 n-d-799529-5 devstack@n-api.service[115750]: [pid: 115750|app: 0|req: 78/127] 10.222.0.49 () {58 vars in 1146 bytes} [Thu Jul 8 17:49:49 2021] GET /compute/v2.1/flavors/detail => generated 4991 bytes in 35 msecs (HTTP/1.1 200) 9 headers in 358 bytes (1 switches on core 0)
Jul 08 17:49:49.391091 n-d-799529-5 devstack@n-api.service[115750]: DEBUG nova.api.openstack.wsgi [None req-428958e6-6995-4571-931d-03aae4fb2e50 tempest-FlavorsAccessNegativeTestJSON-520945664 tempest-FlavorsAccessNegativeTestJSON-520945664-project-admin] Action: 'create', calling method: >, body: {"flavor": {"ram": 512, "vcpus": 1, "disk": 10, "name": "tempest-FlavorsAccessNegativeTestJSON-flavor-683120368", "id": 1200014199, "os-flavor-access:is_public": "True"}} {{(pid=115750) _process_stack /opt/stack/nova/nova/api/openstack/wsgi.py:511}}
Jul 08 17:49:49.391091 n-d-799529-5 devstack@n-api.service[115750]: /usr/local/lib/python3.8/dist-packages/oslo_policy/policy.py:1064: UserWarning: Policy os_compute_api:os-flavor-manage:create failed scope check. The token used to make the request was project scoped but the policy requires ['system'] scope. This behavior may change in the future where using the intended scope is required
Jul 08 17:49:49.391091 n-d-799529-5 devstack@n-api.service[115750]: warnings.warn(msg)
Jul 08 17:49:49.499877 n-d-799529-5 devstack@n-api.service[115750]: INFO nova.api.openstack.requestlog [None req-428958e6-6995-4571-931d-03aae4fb2e50 tempest-FlavorsAccessNegativeTestJSON-520945664 tempest-FlavorsAccessNegativeTestJSON-520945664-project-admin] 10.222.0.49 "POST /compute/v2.1/flavors" status: 200 len: 437 microversion: 2.1 time: 0.117297
Jul 08 17:49:49.499877 n-d-799529-5 devstack@n-api.service[115750]: [pid: 115750|app: 0|req: 79/128] 10.222.0.49 () {60 vars in 1147 bytes} [Thu Jul 8 17:49:49 2021] POST /compute/v2.1/flavors => generated 437 bytes in 119 msecs (HTTP/1.1 200) 9 headers in 357 bytes (1 switches on core 0)
Jul 08 17:49:49.504869 n-d-799529-5 devstack@n-api.service[115750]: DEBUG nova.api.openstack.wsgi [None req-4f11d731-8846-4d68-851e-46ed1751e765 tempest-FlavorsAccessNegativeTestJSON-520945664 tempest-FlavorsAccessNegativeTestJSON-520945664-project-admin] Calling method '>' {{(pid=115750) _process_stack /opt/stack/nova/nova/api/openstack/wsgi.py:513}}
Jul 08 17:49:49.505648 n-d-799529-5 devstack@n-api.service[115750]: /usr/local/lib/python3.8/dist-packages/oslo_policy/policy.py:1064: UserWarning: Policy os_compute_api:os-flavor-access failed scope check. The token used to make the request was project scoped but the policy requires ['system'] scope. This behavior may change in the future where using the intended scope is required
Jul 08 17:49:49.505648 n-d-799529-5 devstack@n-api.service[115750]: warnings.warn(msg)
Jul 08 17:49:49.517994 n-d-799529-5 devstack@n-api.service[115750]: INFO nova.api.openstack.wsgi [None req-4f11d731-8846-4d68-851e-46ed1751e765 tempest-FlavorsAccessNegativeTestJSON-520945664 tempest-FlavorsAccessNegativeTestJSON-520945664-project-admin] HTTP exception thrown: Access list not available for public flavors.
Jul 08 17:49:49.518721 n-d-799529-5 devstack@n-api.service[115750]: DEBUG nova.api.openstack.wsgi [None req-4f11d731-8846-4d68-851e-46ed1751e765 tempest-FlavorsAccessNegativeTestJSON-520945664 tempest-FlavorsAccessNegativeTestJSON-520945664-project-admin] Returning 404 to user: Access list not available for public flavors. {{(pid=115750) __call__ /opt/stack/nova/nova/api/openstack/wsgi.py:927}}
Jul 08 17:49:49.519750 n-d-799529-5 devstack@n-api.service[115750]: INFO nova.api.openstack.requestlog [None req-4f11d731-8846-4d68-851e-46ed1751e765 tempest-FlavorsAccessNegativeTestJSON-520945664 tempest-FlavorsAccessNegativeTestJSON-520945664-project-admin] 10.222.0.49 "GET /compute/v2.1/flavors/1200014199/os-flavor-access" status: 404 len: 91 microversion: 2.1 time: 0.018343
Jul 08 17:49:49.523458 n-d-799529-5 devstack@n-api.service[115750]: [pid: 115750|app: 0|req: 80/129] 10.222.0.49 () {58 vars in 1209 bytes} [Thu Jul 8 17:49:49 2021] GET /compute/v2.1/flavors/1200014199/os-flavor-access => generated 91 bytes in 23 msecs (HTTP/1.1 404) 9 headers in 378 bytes (2 switches on core 0)
Jul 08 17:49:49.537494 n-d-799529-5 devstack@n-api.service[115749]: INFO nova.api.openstack.requestlog [None req-7080e9dc-8ee6-4ca3-acb1-6a47eb8c003a tempest-FlavorsAccessTestJSON-1504279917 tempest-FlavorsAccessTestJSON-1504279917-project-admin] 10.222.0.49 "POST /compute/v2.1/flavors/1296843516/action" status: 200 len: 97 microversion: 2.1 time: 0.229591
Jul 08 17:49:49.540865 n-d-799529-5 devstack@n-api.service[115750]: DEBUG nova.api.openstack.wsgi [None req-d0532e50-eddc-4921-bf73-3ee253e79b9b tempest-FlavorsAccessNegativeTestJSON-520945664 tempest-FlavorsAccessNegativeTestJSON-520945664-project-admin] Calling method '>' {{(pid=115750) _process_stack /opt/stack/nova/nova/api/openstack/wsgi.py:513}}
Jul 08 17:49:49.544046 n-d-799529-5 devstack@n-api.service[115749]: [pid: 115749|app: 0|req: 50/130] 10.222.0.49 () {60 vars in 1200 bytes} [Thu Jul 8 17:49:49 2021] POST /compute/v2.1/flavors/1296843516/action => generated 97 bytes in 236 msecs (HTTP/1.1 200) 9 headers in 356 bytes (1 switches on core 0)
Jul 08 17:49:49.750217 n-d-799529-5 devstack@n-api.service[115749]: DEBUG nova.api.openstack.wsgi [None req-9141efad-fce7-418d-a787-a674475a588c tempest-FlavorsAccessTestJSON-37374808 tempest-FlavorsAccessTestJSON-37374808-project] Calling method '>' {{(pid=115749) _process_stack /opt/stack/nova/nova/api/openstack/wsgi.py:513}}
Jul 08 17:49:49.796228 n-d-799529-5 devstack@n-api.service[115749]: INFO nova.api.openstack.requestlog [None req-9141efad-fce7-418d-a787-a674475a588c tempest-FlavorsAccessTestJSON-37374808 tempest-FlavorsAccessTestJSON-37374808-project] 10.222.0.49 "GET /compute/v2.1/flavors/detail" status: 200 len: 5839 microversion: 2.1 time: 0.244514
Jul 08 17:49:49.808208 n-d-799529-5 devstack@n-api.service[115749]: [pid: 115749|app: 0|req: 51/131] 10.222.0.49 () {58 vars in 1146 bytes} [Thu Jul 8 17:49:49 2021] GET /compute/v2.1/flavors/detail => generated 5839 bytes in 263 msecs (HTTP/1.1 200) 9 headers in 358 bytes (1 switches on core 0)
Jul 08 17:49:49.813538 n-d-799529-5 devstack@n-api.service[115749]: DEBUG nova.api.openstack.wsgi [None req-6c254344-857e-4027-8c77-7819957010d5 tempest-FlavorsAccessTestJSON-1504279917 tempest-FlavorsAccessTestJSON-1504279917-project-admin] Action: 'action', calling method: >, body: {"removeTenantAccess": {"tenant": "517ec873862f4a18a27968295e23c87c"}} {{(pid=115749) _process_stack /opt/stack/nova/nova/api/openstack/wsgi.py:511}}
Jul 08 17:49:49.814737 n-d-799529-5 devstack@n-api.service[115749]: /usr/local/lib/python3.8/dist-packages/oslo_policy/policy.py:1064: UserWarning: Policy os_compute_api:os-flavor-access:remove_tenant_access failed scope check. The token used to make the request was project scoped but the policy requires ['system'] scope. This behavior may change in the future where using the intended scope is required
Jul 08 17:49:49.814737 n-d-799529-5 devstack@n-api.service[115749]: warnings.warn(msg)
Jul 08 17:49:49.863258 n-d-799529-5 devstack@n-api.service[115750]: INFO nova.api.openstack.requestlog [None req-d0532e50-eddc-4921-bf73-3ee253e79b9b tempest-FlavorsAccessNegativeTestJSON-520945664 tempest-FlavorsAccessNegativeTestJSON-520945664-project-admin] 10.222.0.49 "DELETE /compute/v2.1/flavors/1200014199" status: 202 len: 0 microversion: 2.1 time: 0.338124
Jul 08 17:49:49.864481 n-d-799529-5 devstack@n-api.service[115750]: [pid: 115750|app: 0|req: 81/132] 10.222.0.49 () {58 vars in 1161 bytes} [Thu Jul 8 17:49:49 2021] DELETE /compute/v2.1/flavors/1200014199 => generated 0 bytes in 340 msecs (HTTP/1.1 202) 9 headers in 361 bytes (1 switches on core 0)
Jul 08 17:49:49.879462 n-d-799529-5 devstack@n-api.service[115750]: DEBUG nova.api.openstack.wsgi [None req-de0259b4-1b67-45cb-907c-4ade809754be tempest-FlavorsAccessNegativeTestJSON-520945664 tempest-FlavorsAccessNegativeTestJSON-520945664-project-admin] Calling method '>' {{(pid=115750) _process_stack /opt/stack/nova/nova/api/openstack/wsgi.py:513}}
Jul 08 17:49:49.977797 n-d-799529-5 devstack@n-api.service[115750]: INFO nova.api.openstack.requestlog [None req-de0259b4-1b67-45cb-907c-4ade809754be tempest-FlavorsAccessNegativeTestJSON-520945664 tempest-FlavorsAccessNegativeTestJSON-520945664-project-admin] 10.222.0.49 "GET /compute/v2.1/flavors/detail" status: 200 len: 4991 microversion: 2.1 time: 0.099991
Jul 08 17:49:49.982480 n-d-799529-5 devstack@n-api.service[115750]: [pid: 115750|app: 0|req: 82/133] 10.222.0.49 () {58 vars in 1146 bytes} [Thu Jul 8 17:49:49 2021] GET /compute/v2.1/flavors/detail => generated 4991 bytes in 109 msecs (HTTP/1.1 200) 9 headers in 358 bytes (2 switches on core 0)
Jul 08 17:49:50.006981 n-d-799529-5 devstack@n-api.service[115750]: DEBUG nova.api.openstack.wsgi [None req-4c179f2a-c707-4551-a0d8-58924c8447d4 tempest-AggregatesAdminTestJSON-553677630 tempest-AggregatesAdminTestJSON-553677630-project] Calling method '>' {{(pid=115750) _process_stack /opt/stack/nova/nova/api/openstack/wsgi.py:513}}
Jul 08 17:49:50.010581 n-d-799529-5 devstack@n-api.service[115750]: DEBUG nova.compute.api [None req-4c179f2a-c707-4551-a0d8-58924c8447d4 tempest-AggregatesAdminTestJSON-553677630 tempest-AggregatesAdminTestJSON-553677630-project] [instance: cf9dcb78-153e-455d-b829-d60db5824414] Fetching instance by UUID {{(pid=115750) get /opt/stack/nova/nova/compute/api.py:2793}}
Jul 08 17:49:50.038894 n-d-799529-5 devstack@n-api.service[115750]: DEBUG oslo_concurrency.lockutils [None req-4c179f2a-c707-4551-a0d8-58924c8447d4 tempest-AggregatesAdminTestJSON-553677630 tempest-AggregatesAdminTestJSON-553677630-project] Lock "31a7816b-1c3d-455d-8e08-e6470d919cf9" acquired by "nova.context.set_target_cell..get_or_set_cached_cell_and_set_connections" :: waited 0.000s {{(pid=115750) inner /usr/local/lib/python3.8/dist-packages/oslo_concurrency/lockutils.py:355}}
Jul 08 17:49:50.041317 n-d-799529-5 devstack@n-api.service[115750]: DEBUG oslo_concurrency.lockutils [None req-4c179f2a-c707-4551-a0d8-58924c8447d4 tempest-AggregatesAdminTestJSON-553677630 tempest-AggregatesAdminTestJSON-553677630-project] Lock "31a7816b-1c3d-455d-8e08-e6470d919cf9" released by "nova.context.set_target_cell..get_or_set_cached_cell_and_set_connections" :: held 0.006s {{(pid=115750) inner /usr/local/lib/python3.8/dist-packages/oslo_concurrency/lockutils.py:367}}
Jul 08 17:49:50.052720 n-d-799529-5 devstack@n-api.service[115750]: DEBUG oslo_concurrency.lockutils [None req-4c179f2a-c707-4551-a0d8-58924c8447d4 tempest-AggregatesAdminTestJSON-553677630 tempest-AggregatesAdminTestJSON-553677630-project] Lock "31a7816b-1c3d-455d-8e08-e6470d919cf9" acquired by "nova.context.set_target_cell..get_or_set_cached_cell_and_set_connections" :: waited 0.000s {{(pid=115750) inner /usr/local/lib/python3.8/dist-packages/oslo_concurrency/lockutils.py:355}}
Jul 08 17:49:50.056193 n-d-799529-5 devstack@n-api.service[115750]: DEBUG oslo_concurrency.lockutils [None req-4c179f2a-c707-4551-a0d8-58924c8447d4 tempest-AggregatesAdminTestJSON-553677630 tempest-AggregatesAdminTestJSON-553677630-project] Lock "31a7816b-1c3d-455d-8e08-e6470d919cf9" released by "nova.context.set_target_cell..get_or_set_cached_cell_and_set_connections" :: held 0.004s {{(pid=115750) inner /usr/local/lib/python3.8/dist-packages/oslo_concurrency/lockutils.py:367}}
Jul 08 17:49:50.060983 n-d-799529-5 devstack@n-api.service[115750]: /opt/stack/nova/nova/db/main/api.py:1358: SAWarning: TypeDecorator SoftDeleteInteger() will not produce a cache key because the ``cache_ok`` flag is not set to True. Set this flag to True if this type object's state is safe to use in a cache key, or False to disable this warning.
Jul 08 17:49:50.060983 n-d-799529-5 devstack@n-api.service[115750]: result = _build_instance_get(context, columns_to_join=columns_to_join).\
Jul 08 17:49:50.421721 n-d-799529-5 devstack@n-api.service[115749]: INFO nova.api.openstack.requestlog [None req-6c254344-857e-4027-8c77-7819957010d5 tempest-FlavorsAccessTestJSON-1504279917 tempest-FlavorsAccessTestJSON-1504279917-project-admin] 10.222.0.49 "POST /compute/v2.1/flavors/1296843516/action" status: 200 len: 21 microversion: 2.1 time: 0.611789
Jul 08 17:49:50.427807 n-d-799529-5 devstack@n-api.service[115749]: [pid: 115749|app: 0|req: 52/134] 10.222.0.49 () {60 vars in 1200 bytes} [Thu Jul 8 17:49:49 2021] POST /compute/v2.1/flavors/1296843516/action => generated 21 bytes in 614 msecs (HTTP/1.1 200) 9 headers in 356 bytes (1 switches on core 0)
Jul 08 17:49:50.439780 n-d-799529-5 devstack@n-api.service[115749]: DEBUG nova.api.openstack.wsgi [None req-ff15eba5-c714-4b9f-bdcf-a836b795044a tempest-FlavorsAccessNegativeTestJSON-520945664 tempest-FlavorsAccessNegativeTestJSON-520945664-project-admin] Action: 'create', calling method: >, body: {"flavor": {"ram": 512, "vcpus": 1, "disk": 10, "name": "tempest-FlavorsAccessNegativeTestJSON-flavor-849734108", "id": 1818903940, "os-flavor-access:is_public": "False"}} {{(pid=115749) _process_stack /opt/stack/nova/nova/api/openstack/wsgi.py:511}}
Jul 08 17:49:50.488201 n-d-799529-5 devstack@n-api.service[115750]: DEBUG nova.policy [None req-4c179f2a-c707-4551-a0d8-58924c8447d4 tempest-AggregatesAdminTestJSON-553677630 tempest-AggregatesAdminTestJSON-553677630-project] Policy check for os_compute_api:os-extended-server-attributes failed with credentials {'is_admin': False, 'user_id': '5ae5cb6cbaff45689e718547ff2e4258', 'user_domain_id': 'default', 'system_scope': None, 'domain_id': None, 'project_id': '07b4057b5c254d4fa89e65707abd9386', 'project_domain_id': 'default', 'roles': ['reader', 'member'], 'is_admin_project': True, 'service_user_id': None, 'service_user_domain_id': None, 'service_project_id': None, 'service_project_domain_id': None, 'service_roles': []} {{(pid=115750) authorize /opt/stack/nova/nova/policy.py:199}}
Jul 08 17:49:50.490941 n-d-799529-5 devstack@n-api.service[115750]: /opt/stack/nova/nova/db/main/api.py:2905: SAWarning: TypeDecorator SoftDeleteInteger() will not produce a cache key because the ``cache_ok`` flag is not set to True. Set this flag to True if this type object's state is safe to use in a cache key, or False to disable this warning.
Jul 08 17:49:50.490941 n-d-799529-5 devstack@n-api.service[115750]: return _block_device_mapping_get_query(context).filter(
Jul 08 17:49:50.509574 n-d-799529-5 devstack@n-api.service[115750]: INFO nova.api.openstack.requestlog [None req-4c179f2a-c707-4551-a0d8-58924c8447d4 tempest-AggregatesAdminTestJSON-553677630 tempest-AggregatesAdminTestJSON-553677630-project] 10.222.0.49 "GET /compute/v2.1/servers/cf9dcb78-153e-455d-b829-d60db5824414" status: 200 len: 1338 microversion: 2.1 time: 0.519873
Jul 08 17:49:50.512590 n-d-799529-5 devstack@n-api.service[115750]: [pid: 115750|app: 0|req: 83/135] 10.222.0.49 () {58 vars in 1236 bytes} [Thu Jul 8 17:49:49 2021] GET /compute/v2.1/servers/cf9dcb78-153e-455d-b829-d60db5824414 => generated 1338 bytes in 529 msecs (HTTP/1.1 200) 9 headers in 358 bytes (1 switches on core 0)
Jul 08 17:49:50.524810 n-d-799529-5 devstack@n-api.service[115750]: DEBUG nova.api.openstack.wsgi [None req-4240a2f1-65e4-4141-877c-582e07b553f1 tempest-FlavorsAccessTestJSON-37374808 tempest-FlavorsAccessTestJSON-37374808-project] Calling method '>' {{(pid=115750) _process_stack /opt/stack/nova/nova/api/openstack/wsgi.py:513}}
Jul 08 17:49:50.565604 n-d-799529-5 devstack@n-api.service[115749]: INFO nova.api.openstack.requestlog [None req-ff15eba5-c714-4b9f-bdcf-a836b795044a tempest-FlavorsAccessNegativeTestJSON-520945664 tempest-FlavorsAccessNegativeTestJSON-520945664-project-admin] 10.222.0.49 "POST /compute/v2.1/flavors" status: 200 len: 438 microversion: 2.1 time: 0.136203
Jul 08 17:49:50.566942 n-d-799529-5 devstack@n-api.service[115750]: INFO nova.api.openstack.requestlog [None req-4240a2f1-65e4-4141-877c-582e07b553f1 tempest-FlavorsAccessTestJSON-37374808 tempest-FlavorsAccessTestJSON-37374808-project] 10.222.0.49 "GET /compute/v2.1/flavors/detail" status: 200 len: 4991 microversion: 2.1 time: 0.052897
Jul 08 17:49:50.568377 n-d-799529-5 devstack@n-api.service[115750]: [pid: 115750|app: 0|req: 84/136] 10.222.0.49 () {58 vars in 1146 bytes} [Thu Jul 8 17:49:50 2021] GET /compute/v2.1/flavors/detail => generated 4991 bytes in 55 msecs (HTTP/1.1 200) 9 headers in 358 bytes (1 switches on core 0)
Jul 08 17:49:50.582083 n-d-799529-5 devstack@n-api.service[115749]: [pid: 115749|app: 0|req: 53/137] 10.222.0.49 () {60 vars in 1147 bytes} [Thu Jul 8 17:49:50 2021] POST /compute/v2.1/flavors => generated 438 bytes in 153 msecs (HTTP/1.1 200) 9 headers in 357 bytes (1 switches on core 0)
Jul 08 17:49:50.588228 n-d-799529-5 devstack@n-api.service[115749]: DEBUG nova.api.openstack.wsgi [None req-4e79e7bb-0bfd-4e11-8684-a0508f5857b7 tempest-FlavorsAccessTestJSON-1504279917 tempest-FlavorsAccessTestJSON-1504279917-project-admin] Calling method '>' {{(pid=115749) _process_stack /opt/stack/nova/nova/api/openstack/wsgi.py:513}}
Jul 08 17:49:50.589471 n-d-799529-5 devstack@n-api.service[115749]: /usr/local/lib/python3.8/dist-packages/oslo_policy/policy.py:1064: UserWarning: Policy os_compute_api:os-flavor-manage:delete failed scope check. The token used to make the request was project scoped but the policy requires ['system'] scope. This behavior may change in the future where using the intended scope is required
Jul 08 17:49:50.589471 n-d-799529-5 devstack@n-api.service[115749]: warnings.warn(msg)
Jul 08 17:49:50.838138 n-d-799529-5 devstack@n-api.service[115749]: INFO nova.api.openstack.requestlog [None req-4e79e7bb-0bfd-4e11-8684-a0508f5857b7 tempest-FlavorsAccessTestJSON-1504279917 tempest-FlavorsAccessTestJSON-1504279917-project-admin] 10.222.0.49 "DELETE /compute/v2.1/flavors/1296843516" status: 202 len: 0 microversion: 2.1 time: 0.253166
Jul 08 17:49:50.839594 n-d-799529-5 devstack@n-api.service[115749]: [pid: 115749|app: 0|req: 54/138] 10.222.0.49 () {58 vars in 1161 bytes} [Thu Jul 8 17:49:50 2021] DELETE /compute/v2.1/flavors/1296843516 => generated 0 bytes in 256 msecs (HTTP/1.1 202) 9 headers in 361 bytes (1 switches on core 0)
Jul 08 17:49:50.849397 n-d-799529-5 devstack@n-api.service[115749]: DEBUG nova.api.openstack.wsgi [None req-420a8910-dbde-408f-b09e-88e018c5a60d tempest-FlavorsAccessTestJSON-1504279917 tempest-FlavorsAccessTestJSON-1504279917-project-admin] Calling method '>' {{(pid=115749) _process_stack /opt/stack/nova/nova/api/openstack/wsgi.py:513}}
Jul 08 17:49:50.892477 n-d-799529-5 devstack@n-api.service[115749]: INFO nova.api.openstack.requestlog [None req-420a8910-dbde-408f-b09e-88e018c5a60d tempest-FlavorsAccessTestJSON-1504279917 tempest-FlavorsAccessTestJSON-1504279917-project-admin] 10.222.0.49 "GET /compute/v2.1/flavors/detail" status: 200 len: 4991 microversion: 2.1 time: 0.047889
Jul 08 17:49:50.898254 n-d-799529-5 devstack@n-api.service[115749]: [pid: 115749|app: 0|req: 55/139] 10.222.0.49 () {58 vars in 1146 bytes} [Thu Jul 8 17:49:50 2021] GET /compute/v2.1/flavors/detail => generated 4991 bytes in 55 msecs (HTTP/1.1 200) 9 headers in 358 bytes (2 switches on core 0)
Jul 08 17:49:50.918763 n-d-799529-5 devstack@n-api.service[115749]: DEBUG nova.api.openstack.wsgi [None req-a4ab4b04-a8d5-49ec-889d-357e9ae916e1 tempest-FlavorsAccessTestJSON-1504279917 tempest-FlavorsAccessTestJSON-1504279917-project-admin] Action: 'create', calling method: >, body: {"flavor": {"ram": 512, "vcpus": 1, "disk": 10, "name": "tempest-FlavorsAccessTestJSON-flavor-319959956", "id": 1389725009, "os-flavor-access:is_public": "False"}} {{(pid=115749) _process_stack /opt/stack/nova/nova/api/openstack/wsgi.py:511}}
Jul 08 17:49:51.095155 n-d-799529-5 devstack@n-api.service[115749]: INFO nova.api.openstack.requestlog [None req-a4ab4b04-a8d5-49ec-889d-357e9ae916e1 tempest-FlavorsAccessTestJSON-1504279917 tempest-FlavorsAccessTestJSON-1504279917-project-admin] 10.222.0.49 "POST /compute/v2.1/flavors" status: 200 len: 430 microversion: 2.1 time: 0.182822
Jul 08 17:49:51.101302 n-d-799529-5 devstack@n-api.service[115749]: [pid: 115749|app: 0|req: 56/140] 10.222.0.49 () {60 vars in 1147 bytes} [Thu Jul 8 17:49:50 2021] POST /compute/v2.1/flavors => generated 430 bytes in 185 msecs (HTTP/1.1 200) 9 headers in 357 bytes (1 switches on core 0)
Jul 08 17:49:51.101538 n-d-799529-5 devstack@n-api.service[115750]: DEBUG nova.api.openstack.wsgi [None req-6f7bf4bd-2772-48fd-bd49-b50782dcf6ce tempest-FlavorsAccessNegativeTestJSON-1938731554 tempest-FlavorsAccessNegativeTestJSON-1938731554-project] Action: 'action', calling method: >, body: {"addTenantAccess": {"tenant": "d053ee97a6424f1686422ba4ba39111b"}} {{(pid=115750) _process_stack /opt/stack/nova/nova/api/openstack/wsgi.py:511}}
Jul 08 17:49:51.101538 n-d-799529-5 devstack@n-api.service[115750]: /usr/local/lib/python3.8/dist-packages/oslo_policy/policy.py:1064: UserWarning: Policy os_compute_api:os-flavor-access:add_tenant_access failed scope check. The token used to make the request was project scoped but the policy requires ['system'] scope. This behavior may change in the future where using the intended scope is required
Jul 08 17:49:51.101538 n-d-799529-5 devstack@n-api.service[115750]: warnings.warn(msg)
Jul 08 17:49:51.101538 n-d-799529-5 devstack@n-api.service[115750]: DEBUG nova.policy [None req-6f7bf4bd-2772-48fd-bd49-b50782dcf6ce tempest-FlavorsAccessNegativeTestJSON-1938731554 tempest-FlavorsAccessNegativeTestJSON-1938731554-project] Policy check for os_compute_api:os-flavor-access:add_tenant_access failed with credentials {'is_admin': False, 'user_id': 'c235269b68d1400d86504b4e1e8955dd', 'user_domain_id': 'default', 'system_scope': None, 'domain_id': None, 'project_id': 'd053ee97a6424f1686422ba4ba39111b', 'project_domain_id': 'default', 'roles': ['reader', 'member'], 'is_admin_project': True, 'service_user_id': None, 'service_user_domain_id': None, 'service_project_id': None, 'service_project_domain_id': None, 'service_roles': []} {{(pid=115750) authorize /opt/stack/nova/nova/policy.py:199}}
Jul 08 17:49:51.102343 n-d-799529-5 devstack@n-api.service[115750]: DEBUG nova.api.openstack.wsgi [None req-6f7bf4bd-2772-48fd-bd49-b50782dcf6ce tempest-FlavorsAccessNegativeTestJSON-1938731554 tempest-FlavorsAccessNegativeTestJSON-1938731554-project] Returning 403 to user: Policy doesn't allow os_compute_api:os-flavor-access:add_tenant_access to be performed. {{(pid=115750) __call__ /opt/stack/nova/nova/api/openstack/wsgi.py:927}}
Jul 08 17:49:51.103378 n-d-799529-5 devstack@n-api.service[115750]: INFO nova.api.openstack.requestlog [None req-6f7bf4bd-2772-48fd-bd49-b50782dcf6ce tempest-FlavorsAccessNegativeTestJSON-1938731554 tempest-FlavorsAccessNegativeTestJSON-1938731554-project] 10.222.0.49 "POST /compute/v2.1/flavors/1818903940/action" status: 403 len: 130 microversion: 2.1 time: 0.519206
Jul 08 17:49:51.104331 n-d-799529-5 devstack@n-api.service[115750]: [pid: 115750|app: 0|req: 85/141] 10.222.0.49 () {60 vars in 1200 bytes} [Thu Jul 8 17:49:50 2021] POST /compute/v2.1/flavors/1818903940/action => generated 130 bytes in 521 msecs (HTTP/1.1 403) 9 headers in 379 bytes (1 switches on core 0)
Jul 08 17:49:51.115206 n-d-799529-5 devstack@n-api.service[115749]: DEBUG nova.api.openstack.wsgi [None req-7b413155-6eb0-4233-8ad5-44275bca9eb8 tempest-FlavorsAccessTestJSON-1504279917 tempest-FlavorsAccessTestJSON-1504279917-project-admin] Calling method '>' {{(pid=115749) _process_stack /opt/stack/nova/nova/api/openstack/wsgi.py:513}}
Jul 08 17:49:51.115947 n-d-799529-5 devstack@n-api.service[115749]: /usr/local/lib/python3.8/dist-packages/oslo_policy/policy.py:1064: UserWarning: Policy os_compute_api:os-flavor-access failed scope check. The token used to make the request was project scoped but the policy requires ['system'] scope. This behavior may change in the future where using the intended scope is required
Jul 08 17:49:51.115947 n-d-799529-5 devstack@n-api.service[115749]: warnings.warn(msg)
Jul 08 17:49:51.116998 n-d-799529-5 devstack@n-api.service[115750]: DEBUG nova.api.openstack.wsgi [None req-303b26d6-c613-48ce-8e7d-ca088c85596f tempest-FlavorsAccessNegativeTestJSON-520945664 tempest-FlavorsAccessNegativeTestJSON-520945664-project-admin] Calling method '>' {{(pid=115750) _process_stack /opt/stack/nova/nova/api/openstack/wsgi.py:513}}
Jul 08 17:49:51.117905 n-d-799529-5 devstack@n-api.service[115750]: /usr/local/lib/python3.8/dist-packages/oslo_policy/policy.py:1064: UserWarning: Policy os_compute_api:os-flavor-manage:delete failed scope check. The token used to make the request was project scoped but the policy requires ['system'] scope. This behavior may change in the future where using the intended scope is required
Jul 08 17:49:51.117905 n-d-799529-5 devstack@n-api.service[115750]: warnings.warn(msg)
Jul 08 17:49:51.156289 n-d-799529-5 devstack@n-api.service[115749]: INFO nova.api.openstack.requestlog [None req-7b413155-6eb0-4233-8ad5-44275bca9eb8 tempest-FlavorsAccessTestJSON-1504279917 tempest-FlavorsAccessTestJSON-1504279917-project-admin] 10.222.0.49 "GET /compute/v2.1/flavors/1389725009/os-flavor-access" status: 200 len: 21 microversion: 2.1 time: 0.052428
Jul 08 17:49:51.165362 n-d-799529-5 devstack@n-api.service[115749]: [pid: 115749|app: 0|req: 57/142] 10.222.0.49 () {58 vars in 1209 bytes} [Thu Jul 8 17:49:51 2021] GET /compute/v2.1/flavors/1389725009/os-flavor-access => generated 21 bytes in 62 msecs (HTTP/1.1 200) 9 headers in 356 bytes (1 switches on core 0)
Jul 08 17:49:51.176341 n-d-799529-5 devstack@n-api.service[115749]: DEBUG nova.api.openstack.wsgi [None req-70f5b2ef-f246-4151-92e3-156cf34f101b tempest-FlavorsAccessTestJSON-1504279917 tempest-FlavorsAccessTestJSON-1504279917-project-admin] Calling method '>' {{(pid=115749) _process_stack /opt/stack/nova/nova/api/openstack/wsgi.py:513}}
Jul 08 17:49:51.393434 n-d-799529-5 devstack@n-api.service[115750]: INFO nova.api.openstack.requestlog [None req-303b26d6-c613-48ce-8e7d-ca088c85596f tempest-FlavorsAccessNegativeTestJSON-520945664 tempest-FlavorsAccessNegativeTestJSON-520945664-project-admin] 10.222.0.49 "DELETE /compute/v2.1/flavors/1818903940" status: 202 len: 0 microversion: 2.1 time: 0.282471
Jul 08 17:49:51.398600 n-d-799529-5 devstack@n-api.service[115750]: [pid: 115750|app: 0|req: 86/143] 10.222.0.49 () {58 vars in 1161 bytes} [Thu Jul 8 17:49:51 2021] DELETE /compute/v2.1/flavors/1818903940 => generated 0 bytes in 290 msecs (HTTP/1.1 202) 9 headers in 361 bytes (1 switches on core 0)
Jul 08 17:49:51.403548 n-d-799529-5 devstack@n-api.service[115750]: DEBUG nova.api.openstack.wsgi [None req-e52a77ea-f1cd-4946-96e4-4c5298a3a943 tempest-FlavorsAccessNegativeTestJSON-520945664 tempest-FlavorsAccessNegativeTestJSON-520945664-project-admin] Calling method '>' {{(pid=115750) _process_stack /opt/stack/nova/nova/api/openstack/wsgi.py:513}}
