Jul 06 11:49:02.523323 n-d-799529-2 neutron-server[100427]: DEBUG neutron.api.rpc.handlers.resources_rpc [None req-8c45a7bf-c557-4121-a5f9-74d9ac268791 admin admin] Pushing event updated for resources: {'SecurityGroup': ['ID=70b00577-14c6-45fc-80c5-43af372796fe,revision_number=1']} {{(pid=100427) push /opt/stack/neutron/neutron/api/rpc/handlers/resources_rpc.py:237}}
Jul 06 11:49:02.554835 n-d-799529-2 neutron-server[100428]: DEBUG neutron.pecan_wsgi.hooks.policy_enforcement [req-5bd84651-5c8a-4292-a06a-e552ad1b5a62 req-02a8dcbc-9ae2-49f7-83ed-3fd4b6dbc88c tempest-MigrationsAdminTest-316499556 tempest-MigrationsAdminTest-316499556-project] Attributes excluded by policy engine: ['standard_attr_id', 'binding:profile', 'binding:host_id', 'binding:vif_type', 'binding:vif_details'] {{(pid=100428) _exclude_attributes_by_policy /opt/stack/neutron/neutron/pecan_wsgi/hooks/policy_enforcement.py:255}}
Jul 06 11:49:02.562560 n-d-799529-2 neutron-server[100428]: INFO neutron.wsgi [req-5bd84651-5c8a-4292-a06a-e552ad1b5a62 req-02a8dcbc-9ae2-49f7-83ed-3fd4b6dbc88c tempest-MigrationsAdminTest-316499556 tempest-MigrationsAdminTest-316499556-project] 10.222.0.81 "GET /v2.0/ports?device_id=c4a00bdb-1f2d-4e07-a058-6ee9b1f477dc HTTP/1.1" status: 200 len: 972 time: 0.4833753
Jul 06 11:49:02.569593 n-d-799529-2 neutron-server[100427]: INFO neutron.wsgi [req-ce0c414a-0b06-4364-80cc-ede6157cf086 req-8c3b6ad5-522f-4d2e-af30-3f815e47d0f5 tempest-FloatingIPsAssociationTestJSON-991515911 tempest-FloatingIPsAssociationTestJSON-991515911-project] 10.222.0.81 "GET /v2.0/security-groups?id=c60c962e-a4c3-427b-9f73-47f7c1632a24&fields=id&fields=name HTTP/1.1" status: 200 len: 286 time: 0.1860008
Jul 06 11:49:02.577222 n-d-799529-2 neutron-server[100427]: INFO neutron.wsgi [None req-8c45a7bf-c557-4121-a5f9-74d9ac268791 admin admin] 10.222.0.81 "GET /v2.0/security-groups?tenant_id=548a2c165d04445d88ec1ecba282ce56&name=default HTTP/1.1" status: 200 len: 2979 time: 0.7159226
Jul 06 11:49:02.578029 n-d-799529-2 neutron-server[100427]: DEBUG neutron.wsgi [-] (100427) accepted ('10.222.0.81', 51628) {{(pid=100427) server /usr/local/lib/python3.8/dist-packages/eventlet/wsgi.py:982}}
Jul 06 11:49:02.582733 n-d-799529-2 neutron-server[100429]: DEBUG neutron.db.provisioning_blocks [None req-93c90423-c7cd-4cc4-93be-58b854de110f None None] Provisioning complete for port 1bd69eca-2114-41c2-acf6-7781eac8dc5e triggered by entity L2. {{(pid=100429) provisioning_complete /opt/stack/neutron/neutron/db/provisioning_blocks.py:139}}
Jul 06 11:49:02.583381 n-d-799529-2 neutron-server[100429]: DEBUG neutron_lib.callbacks.manager [None req-93c90423-c7cd-4cc4-93be-58b854de110f None None] Notify callbacks ['neutron.plugins.ml2.plugin.Ml2Plugin._port_provisioned-1796720'] for port, provisioning_complete {{(pid=100429) _notify_loop /usr/local/lib/python3.8/dist-packages/neutron_lib/callbacks/manager.py:192}}
Jul 06 11:49:02.603421 n-d-799529-2 neutron-server[100427]: DEBUG neutron.wsgi [-] (100427) accepted ('10.222.0.81', 51630) {{(pid=100427) server /usr/local/lib/python3.8/dist-packages/eventlet/wsgi.py:982}}
Jul 06 11:49:02.634874 n-d-799529-2 neutron-server[100428]: DEBUG neutron_lib.callbacks.manager [None req-b7fc8173-e8ab-4ef7-ad38-49aa310fcf3a admin admin] Notify callbacks [] for security_group, precommit_delete {{(pid=100428) _notify_loop /usr/local/lib/python3.8/dist-packages/neutron_lib/callbacks/manager.py:192}}
Jul 06 11:49:02.635482 n-d-799529-2 neutron-server[100427]: DEBUG neutron_lib.callbacks.manager [None req-49e60005-c0c3-4386-830e-a96729ea31f4 admin admin] Notify callbacks [] for security_group, before_create {{(pid=100427) _notify_loop /usr/local/lib/python3.8/dist-packages/neutron_lib/callbacks/manager.py:192}}
Jul 06 11:49:02.643451 n-d-799529-2 neutron-server[100428]: DEBUG neutron.notifiers.nova [req-a86badd2-5a7c-4b52-ab58-903ebe270952 req-5b417918-7f02-45d4-b9bd-2bffe8e112bb service neutron] Ignoring state change previous_port_status: DOWN current_port_status: DOWN port_id b01afc95-3c7e-47bf-96d3-3924ef5704de {{(pid=100428) record_port_status_changed /opt/stack/neutron/neutron/notifiers/nova.py:224}}
Jul 06 11:49:02.665872 n-d-799529-2 neutron-server[100428]: DEBUG neutron_lib.callbacks.manager [req-a86badd2-5a7c-4b52-ab58-903ebe270952 req-5b417918-7f02-45d4-b9bd-2bffe8e112bb service neutron] Notify callbacks [] for port, precommit_update {{(pid=100428) _notify_loop /usr/local/lib/python3.8/dist-packages/neutron_lib/callbacks/manager.py:192}}
Jul 06 11:49:02.678434 n-d-799529-2 neutron-server[100427]: DEBUG neutron.pecan_wsgi.hooks.policy_enforcement [req-95a1c184-d87b-4691-9ab8-afb8428e5c2e req-d789ec3e-3037-4e76-a373-058a473bb59a tempest-LiveMigrationTest-89237541 tempest-LiveMigrationTest-89237541-project-admin] Attributes excluded by policy engine: ['standard_attr_id'] {{(pid=100427) _exclude_attributes_by_policy /opt/stack/neutron/neutron/pecan_wsgi/hooks/policy_enforcement.py:255}}
Jul 06 11:49:02.680255 n-d-799529-2 neutron-server[100427]: INFO neutron.wsgi [req-95a1c184-d87b-4691-9ab8-afb8428e5c2e req-d789ec3e-3037-4e76-a373-058a473bb59a tempest-LiveMigrationTest-89237541 tempest-LiveMigrationTest-89237541-project-admin] 10.222.0.89 "GET /v2.0/ports?device_id=dd74dee5-02bd-46f8-ac2a-fd4adbe9d98c&tenant_id=4843c8d3b46e40b0bd7d0bef48a42377&binding%3Ahost_id=n-h1-799529-2 HTTP/1.1" status: 200 len: 1095 time: 0.2281883
Jul 06 11:49:02.722047 n-d-799529-2 neutron-server[100428]: INFO neutron.wsgi [req-5bd84651-5c8a-4292-a06a-e552ad1b5a62 req-601bc873-49a1-4b98-87f3-9e152bb635a1 tempest-MigrationsAdminTest-316499556 tempest-MigrationsAdminTest-316499556-project] 10.222.0.81 "GET /v2.0/security-groups?id=924fe164-cd4c-4e46-8668-a4a6f0e93b10&fields=id&fields=name HTTP/1.1" status: 200 len: 286 time: 0.1586044
Jul 06 11:49:02.723048 n-d-799529-2 neutron-server[100428]: DEBUG neutron.db.provisioning_blocks [req-a86badd2-5a7c-4b52-ab58-903ebe270952 req-5b417918-7f02-45d4-b9bd-2bffe8e112bb service neutron] Transition to ACTIVE for port object b01afc95-3c7e-47bf-96d3-3924ef5704de will not be triggered until provisioned by entity L2. {{(pid=100428) add_provisioning_component /opt/stack/neutron/neutron/db/provisioning_blocks.py:73}}
Jul 06 11:49:02.724244 n-d-799529-2 neutron-server[100428]: DEBUG neutron_lib.callbacks.manager [req-156520ee-df49-4f4b-9f3e-77beda574872 req-cf8f873e-3bf7-4a82-8832-f0a40eff0f6f tempest-DeleteServersAdminTestJSON-41466591 tempest-DeleteServersAdminTestJSON-41466591-project] Notify callbacks ['neutron.plugins.ml2.plugin.SecurityGroupServerNotifierRpcMixin.notify_sg_on_port_change-1656881', 'neutron.plugins.ml2.ovo_rpc._ObjectChangeHandler.handle_event-66610', 'neutron.api.rpc.agentnotifiers.dhcp_rpc_agent_api.DhcpAgentNotifyAPI._native_event_send_dhcp_notification-531629', 'neutron.db.l3_db.L3RpcNotifierMixin._notify_routers_callback-8789330220054', 'neutron.db.l3_dvrscheduler_db._notify_port_delete-8789329911278', 'neutron.services.segments.plugin.NovaSegmentNotifier._notify_port_created_or_deleted-9739076'] for port, after_delete {{(pid=100428) _notify_loop /usr/local/lib/python3.8/dist-packages/neutron_lib/callbacks/manager.py:192}}
Jul 06 11:49:02.738007 n-d-799529-2 neutron-server[100428]: DEBUG neutron_lib.callbacks.manager [req-a86badd2-5a7c-4b52-ab58-903ebe270952 req-5b417918-7f02-45d4-b9bd-2bffe8e112bb service neutron] Notify callbacks ['neutron.plugins.ml2.plugin.SecurityGroupServerNotifierRpcMixin.notify_sg_on_port_change-1656881', 'neutron.plugins.ml2.ovo_rpc._ObjectChangeHandler.handle_event-66610', 'neutron.api.rpc.agentnotifiers.dhcp_rpc_agent_api.DhcpAgentNotifyAPI._native_event_send_dhcp_notification-531629', 'neutron.db.l3_db.L3RpcNotifierMixin._notify_gateway_port_ip_changed-8789330220072', 'neutron.db.l3_dvrscheduler_db._notify_l3_agent_port_update-8789329911287', 'neutron.db.l3_hascheduler_db._notify_l3_agent_ha_port_update-8789329908264', 'neutron.services.segments.plugin.NovaSegmentNotifier._notify_port_updated-9739199'] for port, after_update {{(pid=100428) _notify_loop /usr/local/lib/python3.8/dist-packages/neutron_lib/callbacks/manager.py:192}}
Jul 06 11:49:02.738204 n-d-799529-2 neutron-server[100429]: DEBUG neutron.plugins.ml2.db [None req-609933ae-d798-4204-95c2-cb296f9948a4 None None] get_ports_and_sgs() called for port_ids ['2e849822-d5e3-4c3e-98cf-5bb4224c5367'] {{(pid=100429) get_ports_and_sgs /opt/stack/neutron/neutron/plugins/ml2/db.py:156}}
Jul 06 11:49:02.761466 n-d-799529-2 neutron-server[100428]: DEBUG neutron.api.rpc.handlers.resources_rpc [None req-cf8f873e-3bf7-4a82-8832-f0a40eff0f6f tempest-DeleteServersAdminTestJSON-41466591 tempest-DeleteServersAdminTestJSON-41466591-project] Pushing event deleted for resources: {'Port': ['ID=2e849822-d5e3-4c3e-98cf-5bb4224c5367,revision_number=None']} {{(pid=100428) push /opt/stack/neutron/neutron/api/rpc/handlers/resources_rpc.py:237}}
Jul 06 11:49:02.780203 n-d-799529-2 neutron-server[100427]: DEBUG neutron_lib.callbacks.manager [None req-3e27adca-d035-4910-bcfe-9c0718df5247 admin admin] Notify callbacks [] for security_group, before_delete {{(pid=100427) _notify_loop /usr/local/lib/python3.8/dist-packages/neutron_lib/callbacks/manager.py:192}}
Jul 06 11:49:02.830493 n-d-799529-2 neutron-server[100427]: DEBUG neutron_lib.callbacks.manager [None req-3e27adca-d035-4910-bcfe-9c0718df5247 admin admin] Notify callbacks [] for security_group, precommit_delete {{(pid=100427) _notify_loop /usr/local/lib/python3.8/dist-packages/neutron_lib/callbacks/manager.py:192}}
Jul 06 11:49:02.876487 n-d-799529-2 neutron-server[100428]: DEBUG neutron_lib.callbacks.manager [None req-b7fc8173-e8ab-4ef7-ad38-49aa310fcf3a admin admin] Notify callbacks ['neutron.plugins.ml2.ovo_rpc._ObjectChangeHandler.handle_payload_event-579434'] for security_group, after_delete {{(pid=100428) _notify_loop /usr/local/lib/python3.8/dist-packages/neutron_lib/callbacks/manager.py:192}}
Jul 06 11:49:02.879007 n-d-799529-2 neutron-server[100428]: DEBUG neutron_lib.callbacks.manager [None req-b7fc8173-e8ab-4ef7-ad38-49aa310fcf3a admin admin] Notify callbacks [] for security_group, before_response {{(pid=100428) _notify_loop /usr/local/lib/python3.8/dist-packages/neutron_lib/callbacks/manager.py:192}}
Jul 06 11:49:02.885478 n-d-799529-2 neutron-server[100428]: INFO neutron.wsgi [None req-b7fc8173-e8ab-4ef7-ad38-49aa310fcf3a admin admin] 10.222.0.81 "DELETE /v2.0/security-groups/64f1cbe3-4bd8-4ff5-b52b-9d1b05af09b1 HTTP/1.1" status: 204 len: 168 time: 0.8326063
Jul 06 11:49:02.933943 n-d-799529-2 neutron-server[100427]: DEBUG neutron.pecan_wsgi.hooks.policy_enforcement [req-95a1c184-d87b-4691-9ab8-afb8428e5c2e req-e28ff3ac-589e-4044-9ecf-f720bbdc25e3 service neutron] Attributes excluded by policy engine: ['standard_attr_id'] {{(pid=100427) _exclude_attributes_by_policy /opt/stack/neutron/neutron/pecan_wsgi/hooks/policy_enforcement.py:255}}
Jul 06 11:49:02.935528 n-d-799529-2 neutron-server[100427]: INFO neutron.wsgi [req-95a1c184-d87b-4691-9ab8-afb8428e5c2e req-e28ff3ac-589e-4044-9ecf-f720bbdc25e3 service neutron] 10.222.0.89 "GET /v2.0/ports?device_id=dd74dee5-02bd-46f8-ac2a-fd4adbe9d98c&tenant_id=4843c8d3b46e40b0bd7d0bef48a42377 HTTP/1.1" status: 200 len: 1095 time: 0.2440884
Jul 06 11:49:02.979004 n-d-799529-2 neutron-server[100427]: DEBUG neutron_lib.callbacks.manager [None req-49e60005-c0c3-4386-830e-a96729ea31f4 admin admin] Notify callbacks [] for security_group, precommit_create {{(pid=100427) _notify_loop /usr/local/lib/python3.8/dist-packages/neutron_lib/callbacks/manager.py:192}}
Jul 06 11:49:02.979183 n-d-799529-2 neutron-server[100428]: DEBUG neutron.api.rpc.handlers.resources_rpc [None req-5b417918-7f02-45d4-b9bd-2bffe8e112bb service neutron] Pushing event updated for resources: {'Port': ['ID=b01afc95-3c7e-47bf-96d3-3924ef5704de,revision_number=2']} {{(pid=100428) push /opt/stack/neutron/neutron/api/rpc/handlers/resources_rpc.py:237}}
Jul 06 11:49:02.981402 n-d-799529-2 neutron-server[100427]: DEBUG neutron_lib.callbacks.manager [None req-3e27adca-d035-4910-bcfe-9c0718df5247 admin admin] Notify callbacks ['neutron.plugins.ml2.ovo_rpc._ObjectChangeHandler.handle_payload_event-579434'] for security_group, after_delete {{(pid=100427) _notify_loop /usr/local/lib/python3.8/dist-packages/neutron_lib/callbacks/manager.py:192}}
Jul 06 11:49:02.994786 n-d-799529-2 neutron-server[100427]: DEBUG neutron_lib.callbacks.manager [None req-3e27adca-d035-4910-bcfe-9c0718df5247 admin admin] Notify callbacks [] for security_group, before_response {{(pid=100427) _notify_loop /usr/local/lib/python3.8/dist-packages/neutron_lib/callbacks/manager.py:192}}
Jul 06 11:49:02.996053 n-d-799529-2 neutron-server[100427]: INFO neutron.wsgi [None req-3e27adca-d035-4910-bcfe-9c0718df5247 admin admin] 10.222.0.81 "DELETE /v2.0/security-groups/70b00577-14c6-45fc-80c5-43af372796fe HTTP/1.1" status: 204 len: 168 time: 0.4129348
Jul 06 11:49:03.016613 n-d-799529-2 neutron-server[100427]: DEBUG neutron_lib.callbacks.manager [None req-49e60005-c0c3-4386-830e-a96729ea31f4 admin admin] Notify callbacks ['neutron.plugins.ml2.ovo_rpc._ObjectChangeHandler.handle_payload_event-579434'] for security_group, after_create {{(pid=100427) _notify_loop /usr/local/lib/python3.8/dist-packages/neutron_lib/callbacks/manager.py:192}}
Jul 06 11:49:03.123615 n-d-799529-2 neutron-server[100427]: DEBUG neutron.api.rpc.handlers.resources_rpc [None req-3e27adca-d035-4910-bcfe-9c0718df5247 admin admin] Pushing event deleted for resources: {'SecurityGroup': ['ID=70b00577-14c6-45fc-80c5-43af372796fe,revision_number=None']} {{(pid=100427) push /opt/stack/neutron/neutron/api/rpc/handlers/resources_rpc.py:237}}
Jul 06 11:49:03.133912 n-d-799529-2 neutron-server[100428]: DEBUG neutron.db.l3_dvrscheduler_db [req-156520ee-df49-4f4b-9f3e-77beda574872 req-cf8f873e-3bf7-4a82-8832-f0a40eff0f6f tempest-DeleteServersAdminTestJSON-41466591 tempest-DeleteServersAdminTestJSON-41466591-project] No DVR routers for this DVR port 2e849822-d5e3-4c3e-98cf-5bb4224c5367 on host n-h2-799529-2 {{(pid=100428) get_dvr_routers_to_remove /opt/stack/neutron/neutron/db/l3_dvrscheduler_db.py:214}}
Jul 06 11:49:03.153235 n-d-799529-2 neutron-server[100428]: DEBUG neutron_lib.callbacks.manager [req-156520ee-df49-4f4b-9f3e-77beda574872 req-cf8f873e-3bf7-4a82-8832-f0a40eff0f6f tempest-DeleteServersAdminTestJSON-41466591 tempest-DeleteServersAdminTestJSON-41466591-project] Notify callbacks ['neutron.notifiers.nova.Notifier._send_nova_notification-212681'] for port, before_response {{(pid=100428) _notify_loop /usr/local/lib/python3.8/dist-packages/neutron_lib/callbacks/manager.py:192}}
Jul 06 11:49:03.155748 n-d-799529-2 neutron-server[100428]: INFO neutron.wsgi [req-156520ee-df49-4f4b-9f3e-77beda574872 req-cf8f873e-3bf7-4a82-8832-f0a40eff0f6f tempest-DeleteServersAdminTestJSON-41466591 tempest-DeleteServersAdminTestJSON-41466591-project] 10.222.0.89 "DELETE /v2.0/ports/2e849822-d5e3-4c3e-98cf-5bb4224c5367 HTTP/1.1" status: 204 len: 173 time: 1.9544559
Jul 06 11:49:03.156411 n-d-799529-2 neutron-server[100428]: DEBUG neutron.notifiers.nova [-] Sending events: [{'server_uuid': '1b604267-b0ed-41f8-8ffb-a9bb1e0c2d30', 'name': 'network-vif-deleted', 'tag': '2e849822-d5e3-4c3e-98cf-5bb4224c5367'}] {{(pid=100428) send_events /opt/stack/neutron/neutron/notifiers/nova.py:262}}
Jul 06 11:49:03.159084 n-d-799529-2 neutron-server[100428]: DEBUG novaclient.v2.client [-] REQ: curl -g -i --cacert "/opt/stack/data/ca-bundle.pem" -X POST http://10.222.0.81/compute/v2.1/os-server-external-events -H "Accept: application/json" -H "Content-Type: application/json" -H "User-Agent: python-novaclient" -H "X-Auth-Token: {SHA256}9ac2559693f39532e98b8bea7c9080164dfc8ee59627a7f624028e0092dceaff" -H "X-OpenStack-Nova-API-Version: 2.1" -H "X-OpenStack-Request-ID: req-b1a7e6ff-e5ab-4ec7-a187-e6c57ac7c53a" -d '{"events": [{"server_uuid": "1b604267-b0ed-41f8-8ffb-a9bb1e0c2d30", "name": "network-vif-deleted", "tag": "2e849822-d5e3-4c3e-98cf-5bb4224c5367"}]}' {{(pid=100428) _http_log_request /usr/local/lib/python3.8/dist-packages/keystoneauth1/session.py:519}}
Jul 06 11:49:03.164302 n-d-799529-2 neutron-server[100428]: DEBUG neutron.api.rpc.handlers.resources_rpc [None req-b7fc8173-e8ab-4ef7-ad38-49aa310fcf3a admin admin] Pushing event deleted for resources: {'SecurityGroup': ['ID=64f1cbe3-4bd8-4ff5-b52b-9d1b05af09b1,revision_number=None']} {{(pid=100428) push /opt/stack/neutron/neutron/api/rpc/handlers/resources_rpc.py:237}}
Jul 06 11:49:03.164492 n-d-799529-2 neutron-server[100427]: DEBUG neutron.api.rpc.handlers.resources_rpc [None req-49e60005-c0c3-4386-830e-a96729ea31f4 admin admin] Pushing event updated for resources: {'SecurityGroup': ['ID=e8b34860-c500-4133-9a92-65545a1bed75,revision_number=1']} {{(pid=100427) push /opt/stack/neutron/neutron/api/rpc/handlers/resources_rpc.py:237}}
Jul 06 11:49:03.211056 n-d-799529-2 neutron-server[100427]: INFO neutron.wsgi [None req-49e60005-c0c3-4386-830e-a96729ea31f4 admin admin] 10.222.0.81 "GET /v2.0/security-groups?tenant_id=5324758b385a441fa3ef0856717acb64&name=default HTTP/1.1" status: 200 len: 2979 time: 0.6052239
Jul 06 11:49:03.214954 n-d-799529-2 neutron-server[100428]: DEBUG neutron.wsgi [-] (100428) accepted ('10.222.0.81', 51644) {{(pid=100428) server /usr/local/lib/python3.8/dist-packages/eventlet/wsgi.py:982}}
Jul 06 11:49:03.292800 n-d-799529-2 neutron-server[100427]: DEBUG neutron.pecan_wsgi.hooks.policy_enforcement [req-95a1c184-d87b-4691-9ab8-afb8428e5c2e req-16211d2c-b7a7-4bf3-bdfd-625f5fa70024 service neutron] Attributes excluded by policy engine: ['standard_attr_id'] {{(pid=100427) _exclude_attributes_by_policy /opt/stack/neutron/neutron/pecan_wsgi/hooks/policy_enforcement.py:255}}
Jul 06 11:49:03.299290 n-d-799529-2 neutron-server[100427]: INFO neutron.wsgi [req-95a1c184-d87b-4691-9ab8-afb8428e5c2e req-16211d2c-b7a7-4bf3-bdfd-625f5fa70024 service neutron] 10.222.0.89 "GET /v2.0/ports?tenant_id=4843c8d3b46e40b0bd7d0bef48a42377&device_id=dd74dee5-02bd-46f8-ac2a-fd4adbe9d98c HTTP/1.1" status: 200 len: 1095 time: 0.3001792
Jul 06 11:49:03.314234 n-d-799529-2 neutron-server[100428]: INFO neutron.wsgi [req-6e971820-55f5-4500-9fa3-2b75109e7b92 req-d493f090-9e43-4cdf-8d3d-46b8b499b587 tempest-DeleteServersAdminTestJSON-41466591 tempest-DeleteServersAdminTestJSON-41466591-project] 10.222.0.81 "GET /v2.0/ports?device_id=1b604267-b0ed-41f8-8ffb-a9bb1e0c2d30 HTTP/1.1" status: 200 len: 210 time: 0.0687146
Jul 06 11:49:03.320845 n-d-799529-2 neutron-server[100428]: DEBUG neutron.plugins.ml2.managers [req-a86badd2-5a7c-4b52-ab58-903ebe270952 req-5b417918-7f02-45d4-b9bd-2bffe8e112bb service neutron] Attempting to bind port b01afc95-3c7e-47bf-96d3-3924ef5704de on host n-h1-799529-2 for vnic_type normal with profile {{(pid=100428) bind_port /opt/stack/neutron/neutron/plugins/ml2/managers.py:790}}
Jul 06 11:49:03.327313 n-d-799529-2 neutron-server[100428]: DEBUG neutron.plugins.ml2.managers [req-a86badd2-5a7c-4b52-ab58-903ebe270952 req-5b417918-7f02-45d4-b9bd-2bffe8e112bb service neutron] Attempting to bind port b01afc95-3c7e-47bf-96d3-3924ef5704de by drivers openvswitch,hyperv on host n-h1-799529-2 at level 0 using segments [{'id': 'ada84775-6ee2-4461-bf56-de0574d85bac', 'network_type': 'vlan', 'physical_network': 'physnet1', 'segmentation_id': 610, 'network_id': 'bde42019-f374-4e0e-805a-c2260ce1d654'}] {{(pid=100428) _bind_port_level /opt/stack/neutron/neutron/plugins/ml2/managers.py:815}}
Jul 06 11:49:03.332093 n-d-799529-2 neutron-server[100428]: DEBUG neutron.plugins.ml2.drivers.mech_agent [req-a86badd2-5a7c-4b52-ab58-903ebe270952 req-5b417918-7f02-45d4-b9bd-2bffe8e112bb service neutron] Attempting to bind port b01afc95-3c7e-47bf-96d3-3924ef5704de on network bde42019-f374-4e0e-805a-c2260ce1d654 {{(pid=100428) bind_port /opt/stack/neutron/neutron/plugins/ml2/drivers/mech_agent.py:86}}
Jul 06 11:49:03.365205 n-d-799529-2 neutron-server[100428]: DEBUG neutron.plugins.ml2.drivers.mech_agent [req-a86badd2-5a7c-4b52-ab58-903ebe270952 req-5b417918-7f02-45d4-b9bd-2bffe8e112bb service neutron] Port b01afc95-3c7e-47bf-96d3-3924ef5704de on network bde42019-f374-4e0e-805a-c2260ce1d654 not bound, no agent of type Open vSwitch agent registered on host n-h1-799529-2 {{(pid=100428) bind_port /opt/stack/neutron/neutron/plugins/ml2/drivers/mech_agent.py:98}}
Jul 06 11:49:03.366543 n-d-799529-2 neutron-server[100428]: DEBUG neutron.plugins.ml2.drivers.mech_agent [req-a86badd2-5a7c-4b52-ab58-903ebe270952 req-5b417918-7f02-45d4-b9bd-2bffe8e112bb service neutron] Attempting to bind port b01afc95-3c7e-47bf-96d3-3924ef5704de on network bde42019-f374-4e0e-805a-c2260ce1d654 {{(pid=100428) bind_port /opt/stack/neutron/neutron/plugins/ml2/drivers/mech_agent.py:86}}
Jul 06 11:49:03.388261 n-d-799529-2 neutron-server[100427]: DEBUG neutron.pecan_wsgi.hooks.policy_enforcement [req-0b71dde1-7a50-4a28-acf4-13cd499e5dae req-1647466b-8398-4be6-a0c7-9dec33ae424d tempest-LiveMigrationTest-1031640251 tempest-LiveMigrationTest-1031640251-project] Attributes excluded by policy engine: ['standard_attr_id', 'binding:profile', 'binding:host_id', 'binding:vif_type', 'binding:vif_details'] {{(pid=100427) _exclude_attributes_by_policy /opt/stack/neutron/neutron/pecan_wsgi/hooks/policy_enforcement.py:255}}
Jul 06 11:49:03.395507 n-d-799529-2 neutron-server[100428]: DEBUG neutron.plugins.ml2.drivers.mech_agent [req-a86badd2-5a7c-4b52-ab58-903ebe270952 req-5b417918-7f02-45d4-b9bd-2bffe8e112bb service neutron] Checking agent: {'id': '01b7ea80-cce1-4994-9f35-0602c9081b12', 'agent_type': 'HyperV agent', 'binary': 'neutron-hyperv-agent', 'topic': 'N/A', 'host': 'n-h1-799529-2', 'admin_state_up': True, 'created_at': datetime.datetime(2021, 7, 6, 11, 45, 36), 'started_at': datetime.datetime(2021, 7, 6, 11, 45, 36), 'heartbeat_timestamp': datetime.datetime(2021, 7, 6, 11, 48, 36), 'description': None, 'resources_synced': None, 'availability_zone': None, 'alive': True, 'configurations': {'vswitch_mappings': {'physnet1$': 'br-data'}}, 'resource_versions': {}} {{(pid=100428) bind_port /opt/stack/neutron/neutron/plugins/ml2/drivers/mech_agent.py:105}}
Jul 06 11:49:03.396323 n-d-799529-2 neutron-server[100427]: INFO neutron.wsgi [req-0b71dde1-7a50-4a28-acf4-13cd499e5dae req-1647466b-8398-4be6-a0c7-9dec33ae424d tempest-LiveMigrationTest-1031640251 tempest-LiveMigrationTest-1031640251-project] 10.222.0.81 "GET /v2.0/ports?device_id=dd74dee5-02bd-46f8-ac2a-fd4adbe9d98c HTTP/1.1" status: 200 len: 944 time: 0.3303256
Jul 06 11:49:03.396992 n-d-799529-2 neutron-server[100428]: DEBUG neutron.plugins.ml2.drivers.mech_agent [req-a86badd2-5a7c-4b52-ab58-903ebe270952 req-5b417918-7f02-45d4-b9bd-2bffe8e112bb service neutron] Checking segment: {'id': 'ada84775-6ee2-4461-bf56-de0574d85bac', 'network_type': 'vlan', 'physical_network': 'physnet1', 'segmentation_id': 610, 'network_id': 'bde42019-f374-4e0e-805a-c2260ce1d654'} for mappings: {'physnet1$': 'br-data'} with network types: ['local', 'flat', 'vlan'] {{(pid=100428) check_segment_for_agent /opt/stack/neutron/neutron/plugins/ml2/drivers/mech_agent.py:341}}
Jul 06 11:49:03.403534 n-d-799529-2 neutron-server[100428]: DEBUG neutron.plugins.ml2.drivers.mech_agent [req-a86badd2-5a7c-4b52-ab58-903ebe270952 req-5b417918-7f02-45d4-b9bd-2bffe8e112bb service neutron] Bound using segment: {'id': 'ada84775-6ee2-4461-bf56-de0574d85bac', 'network_type': 'vlan', 'physical_network': 'physnet1', 'segmentation_id': 610, 'network_id': 'bde42019-f374-4e0e-805a-c2260ce1d654'} {{(pid=100428) bind_port /opt/stack/neutron/neutron/plugins/ml2/drivers/mech_agent.py:115}}
Jul 06 11:49:03.404258 n-d-799529-2 neutron-server[100428]: DEBUG neutron.plugins.ml2.managers [req-a86badd2-5a7c-4b52-ab58-903ebe270952 req-5b417918-7f02-45d4-b9bd-2bffe8e112bb service neutron] Bound port: b01afc95-3c7e-47bf-96d3-3924ef5704de, host: n-h1-799529-2, vif_type: hyperv, vif_details: {"connectivity": "legacy", "port_filter": false}, binding_levels: [{'bound_driver': 'hyperv', 'bound_segment': {'id': 'ada84775-6ee2-4461-bf56-de0574d85bac', 'network_type': 'vlan', 'physical_network': 'physnet1', 'segmentation_id': 610, 'network_id': 'bde42019-f374-4e0e-805a-c2260ce1d654'}}] {{(pid=100428) _bind_port_level /opt/stack/neutron/neutron/plugins/ml2/managers.py:928}}
Jul 06 11:49:03.404874 n-d-799529-2 neutron-server[100428]: DEBUG neutron_lib.callbacks.manager [req-a86badd2-5a7c-4b52-ab58-903ebe270952 req-5b417918-7f02-45d4-b9bd-2bffe8e112bb service neutron] Notify callbacks ['neutron.plugins.ml2.plugin.SecurityGroupDbMixin._ensure_default_security_group_handler-1658877'] for port, before_update {{(pid=100428) _notify_loop /usr/local/lib/python3.8/dist-packages/neutron_lib/callbacks/manager.py:192}}
Jul 06 11:49:03.444143 n-d-799529-2 neutron-server[100428]: DEBUG neutron_lib.callbacks.manager [None req-6b1548c0-6c23-4c75-b191-4dd8041c5e8d admin admin] Notify callbacks [] for security_group, before_delete {{(pid=100428) _notify_loop /usr/local/lib/python3.8/dist-packages/neutron_lib/callbacks/manager.py:192}}
Jul 06 11:49:03.470937 n-d-799529-2 neutron-server[100427]: INFO neutron.wsgi [req-0b71dde1-7a50-4a28-acf4-13cd499e5dae req-e0d44a59-0584-4984-b85d-23d7cbb2823f tempest-LiveMigrationTest-1031640251 tempest-LiveMigrationTest-1031640251-project] 10.222.0.81 "GET /v2.0/security-groups?id=c4ad36cd-8778-4cc7-90f7-414073e43297&fields=id&fields=name HTTP/1.1" status: 200 len: 286 time: 0.0734832
Jul 06 11:49:03.501734 n-d-799529-2 neutron-server[100428]: DEBUG neutron_lib.callbacks.manager [None req-6b1548c0-6c23-4c75-b191-4dd8041c5e8d admin admin] Notify callbacks [] for security_group, precommit_delete {{(pid=100428) _notify_loop /usr/local/lib/python3.8/dist-packages/neutron_lib/callbacks/manager.py:192}}
Jul 06 11:49:03.548626 n-d-799529-2 neutron-server[100427]: DEBUG neutron.pecan_wsgi.hooks.policy_enforcement [req-95a1c184-d87b-4691-9ab8-afb8428e5c2e req-e81cd205-a6ac-4b17-bb5a-aeb34d6f1994 service neutron] Attributes excluded by policy engine: ['standard_attr_id', 'vlan_transparent'] {{(pid=100427) _exclude_attributes_by_policy /opt/stack/neutron/neutron/pecan_wsgi/hooks/policy_enforcement.py:255}}
Jul 06 11:49:03.550168 n-d-799529-2 neutron-server[100427]: INFO neutron.wsgi [req-95a1c184-d87b-4691-9ab8-afb8428e5c2e req-e81cd205-a6ac-4b17-bb5a-aeb34d6f1994 service neutron] 10.222.0.89 "GET /v2.0/networks?id=f2e9b7d6-944b-4592-9597-94c9d66799e4 HTTP/1.1" status: 200 len: 909 time: 0.2452652
Jul 06 11:49:03.561001 n-d-799529-2 neutron-server[100428]: DEBUG novaclient.v2.client [-] RESP: [200] Connection: close Content-Length: 183 Content-Type: application/json Date: Tue, 06 Jul 2021 11:49:03 GMT OpenStack-API-Version: compute 2.1 Server: Apache/2.4.41 (Ubuntu) Vary: OpenStack-API-Version,X-OpenStack-Nova-API-Version X-OpenStack-Nova-API-Version: 2.1 x-compute-request-id: req-0e89dd96-6915-4ef8-8ae1-9015cd7a7750 x-openstack-request-id: req-0e89dd96-6915-4ef8-8ae1-9015cd7a7750 {{(pid=100428) _http_log_response /usr/local/lib/python3.8/dist-packages/keystoneauth1/session.py:550}}
Jul 06 11:49:03.561296 n-d-799529-2 neutron-server[100428]: DEBUG novaclient.v2.client [-] RESP BODY: {"events": [{"server_uuid": "1b604267-b0ed-41f8-8ffb-a9bb1e0c2d30", "name": "network-vif-deleted", "tag": "2e849822-d5e3-4c3e-98cf-5bb4224c5367", "status": "completed", "code": 200}]} {{(pid=100428) _http_log_response /usr/local/lib/python3.8/dist-packages/keystoneauth1/session.py:582}}
Jul 06 11:49:03.561550 n-d-799529-2 neutron-server[100428]: DEBUG novaclient.v2.client [-] POST call to compute for http://10.222.0.81/compute/v2.1/os-server-external-events used request id req-0e89dd96-6915-4ef8-8ae1-9015cd7a7750 {{(pid=100428) request /usr/local/lib/python3.8/dist-packages/keystoneauth1/session.py:954}}
Jul 06 11:49:03.561954 n-d-799529-2 neutron-server[100428]: INFO neutron.notifiers.nova [-] Nova event response: {'server_uuid': '1b604267-b0ed-41f8-8ffb-a9bb1e0c2d30', 'name': 'network-vif-deleted', 'tag': '2e849822-d5e3-4c3e-98cf-5bb4224c5367', 'status': 'completed', 'code': 200}
Jul 06 11:49:03.579692 n-d-799529-2 neutron-server[100428]: DEBUG neutron.plugins.ml2.db [req-a86badd2-5a7c-4b52-ab58-903ebe270952 req-5b417918-7f02-45d4-b9bd-2bffe8e112bb service neutron] For port b01afc95-3c7e-47bf-96d3-3924ef5704de, host n-h1-799529-2, cleared binding levels {{(pid=100428) clear_binding_levels /opt/stack/neutron/neutron/plugins/ml2/db.py:87}}
Jul 06 11:49:03.583754 n-d-799529-2 neutron-server[100428]: DEBUG neutron.plugins.ml2.db [req-a86badd2-5a7c-4b52-ab58-903ebe270952 req-5b417918-7f02-45d4-b9bd-2bffe8e112bb service neutron] For port b01afc95-3c7e-47bf-96d3-3924ef5704de, host n-h1-799529-2, set binding levels [PortBindingLevel(driver='hyperv',host='n-h1-799529-2',level=0,port_id=b01afc95-3c7e-47bf-96d3-3924ef5704de,segment=NetworkSegment(ada84775-6ee2-4461-bf56-de0574d85bac),segment_id=ada84775-6ee2-4461-bf56-de0574d85bac)] {{(pid=100428) set_binding_levels /opt/stack/neutron/neutron/plugins/ml2/db.py:59}}
Jul 06 11:49:03.589330 n-d-799529-2 neutron-server[100428]: DEBUG neutron_lib.callbacks.manager [req-a86badd2-5a7c-4b52-ab58-903ebe270952 req-5b417918-7f02-45d4-b9bd-2bffe8e112bb service neutron] Notify callbacks ['neutron.plugins.ml2.plugin.SecurityGroupServerNotifierRpcMixin.notify_sg_on_port_change-1656881', 'neutron.plugins.ml2.ovo_rpc._ObjectChangeHandler.handle_event-66610', 'neutron.api.rpc.agentnotifiers.dhcp_rpc_agent_api.DhcpAgentNotifyAPI._native_event_send_dhcp_notification-531629', 'neutron.db.l3_db.L3RpcNotifierMixin._notify_gateway_port_ip_changed-8789330220072', 'neutron.db.l3_dvrscheduler_db._notify_l3_agent_port_update-8789329911287', 'neutron.db.l3_hascheduler_db._notify_l3_agent_ha_port_update-8789329908264', 'neutron.services.segments.plugin.NovaSegmentNotifier._notify_port_updated-9739199'] for port, after_update {{(pid=100428) _notify_loop /usr/local/lib/python3.8/dist-packages/neutron_lib/callbacks/manager.py:192}}
Jul 06 11:49:03.631947 n-d-799529-2 neutron-server[100428]: DEBUG neutron.pecan_wsgi.hooks.policy_enforcement [req-a86badd2-5a7c-4b52-ab58-903ebe270952 req-5b417918-7f02-45d4-b9bd-2bffe8e112bb service neutron] Attributes excluded by policy engine: ['standard_attr_id'] {{(pid=100428) _exclude_attributes_by_policy /opt/stack/neutron/neutron/pecan_wsgi/hooks/policy_enforcement.py:255}}
Jul 06 11:49:03.632565 n-d-799529-2 neutron-server[100428]: DEBUG neutron_lib.callbacks.manager [req-a86badd2-5a7c-4b52-ab58-903ebe270952 req-5b417918-7f02-45d4-b9bd-2bffe8e112bb service neutron] Notify callbacks ['neutron.notifiers.nova.Notifier._send_nova_notification-212681'] for port, before_response {{(pid=100428) _notify_loop /usr/local/lib/python3.8/dist-packages/neutron_lib/callbacks/manager.py:192}}
Jul 06 11:49:03.633970 n-d-799529-2 neutron-server[100428]: INFO neutron.wsgi [req-a86badd2-5a7c-4b52-ab58-903ebe270952 req-5b417918-7f02-45d4-b9bd-2bffe8e112bb service neutron] 10.222.0.23 "PUT /v2.0/ports/b01afc95-3c7e-47bf-96d3-3924ef5704de HTTP/1.1" status: 200 len: 1091 time: 2.2317276
Jul 06 11:49:03.643247 n-d-799529-2 neutron-server[100427]: INFO neutron.wsgi [req-95a1c184-d87b-4691-9ab8-afb8428e5c2e req-469eb872-6b5d-4350-ba64-b8dc0febe54a service neutron] 10.222.0.89 "GET /v2.0/floatingips?fixed_ip_address=172.20.0.2&port_id=94372c08-32a1-4e21-b75c-f55fdedcb931 HTTP/1.1" status: 200 len: 217 time: 0.0805829
Jul 06 11:49:03.643867 n-d-799529-2 neutron-server[100428]: DEBUG neutron_lib.callbacks.manager [None req-6b1548c0-6c23-4c75-b191-4dd8041c5e8d admin admin] Notify callbacks ['neutron.plugins.ml2.ovo_rpc._ObjectChangeHandler.handle_payload_event-579434'] for security_group, after_delete {{(pid=100428) _notify_loop /usr/local/lib/python3.8/dist-packages/neutron_lib/callbacks/manager.py:192}}
Jul 06 11:49:03.646595 n-d-799529-2 neutron-server[100428]: DEBUG neutron_lib.callbacks.manager [None req-6b1548c0-6c23-4c75-b191-4dd8041c5e8d admin admin] Notify callbacks [] for security_group, before_response {{(pid=100428) _notify_loop /usr/local/lib/python3.8/dist-packages/neutron_lib/callbacks/manager.py:192}}
Jul 06 11:49:03.647780 n-d-799529-2 neutron-server[100428]: INFO neutron.wsgi [None req-6b1548c0-6c23-4c75-b191-4dd8041c5e8d admin admin] 10.222.0.81 "DELETE /v2.0/security-groups/e8b34860-c500-4133-9a92-65545a1bed75 HTTP/1.1" status: 204 len: 168 time: 0.4311981
Jul 06 11:49:03.682187 n-d-799529-2 neutron-server[100428]: DEBUG neutron.api.rpc.handlers.resources_rpc [None req-6b1548c0-6c23-4c75-b191-4dd8041c5e8d admin admin] Pushing event deleted for resources: {'SecurityGroup': ['ID=e8b34860-c500-4133-9a92-65545a1bed75,revision_number=None']} {{(pid=100428) push /opt/stack/neutron/neutron/api/rpc/handlers/resources_rpc.py:237}}
Jul 06 11:49:03.685061 n-d-799529-2 neutron-server[100428]: DEBUG neutron.api.rpc.handlers.resources_rpc [None req-5b417918-7f02-45d4-b9bd-2bffe8e112bb service neutron] Pushing event updated for resources: {'Port': ['ID=b01afc95-3c7e-47bf-96d3-3924ef5704de,revision_number=3']} {{(pid=100428) push /opt/stack/neutron/neutron/api/rpc/handlers/resources_rpc.py:237}}
Jul 06 11:49:03.757815 n-d-799529-2 neutron-server[100427]: DEBUG neutron.pecan_wsgi.hooks.policy_enforcement [req-95a1c184-d87b-4691-9ab8-afb8428e5c2e req-ede817ee-7ac7-4876-b009-1a2241790a12 service neutron] Attributes excluded by policy engine: ['standard_attr_id', 'shared', 'segment_id'] {{(pid=100427) _exclude_attributes_by_policy /opt/stack/neutron/neutron/pecan_wsgi/hooks/policy_enforcement.py:255}}
Jul 06 11:49:03.759332 n-d-799529-2 neutron-server[100427]: INFO neutron.wsgi [req-95a1c184-d87b-4691-9ab8-afb8428e5c2e req-ede817ee-7ac7-4876-b009-1a2241790a12 service neutron] 10.222.0.89 "GET /v2.0/subnets?id=ee177648-6d0e-46f5-a7ba-dce8ba04775a HTTP/1.1" status: 200 len: 848 time: 0.1096547
Jul 06 11:49:03.837553 n-d-799529-2 neutron-server[100427]: INFO neutron.wsgi [req-95a1c184-d87b-4691-9ab8-afb8428e5c2e req-a9b56454-18b5-4d2f-98d8-6469b983a67c service neutron] 10.222.0.89 "GET /v2.0/ports?network_id=f2e9b7d6-944b-4592-9597-94c9d66799e4&device_owner=network%3Adhcp HTTP/1.1" status: 200 len: 210 time: 0.0656376
Jul 06 11:49:03.860907 n-d-799529-2 neutron-server[100428]: DEBUG neutron.pecan_wsgi.hooks.policy_enforcement [req-a86badd2-5a7c-4b52-ab58-903ebe270952 req-edf635f4-a50f-49f0-8475-f560df4ae55e service neutron] Attributes excluded by policy engine: ['standard_attr_id'] {{(pid=100428) _exclude_attributes_by_policy /opt/stack/neutron/neutron/pecan_wsgi/hooks/policy_enforcement.py:255}}
Jul 06 11:49:03.863182 n-d-799529-2 neutron-server[100428]: INFO neutron.wsgi [req-a86badd2-5a7c-4b52-ab58-903ebe270952 req-edf635f4-a50f-49f0-8475-f560df4ae55e service neutron] 10.222.0.23 "GET /v2.0/ports?tenant_id=92649345208f4d57abf29acc72aa0061&device_id=d7a3043a-90cc-4e35-a98c-91e40992d894 HTTP/1.1" status: 200 len: 1094 time: 0.1511865
Jul 06 11:49:03.944413 n-d-799529-2 neutron-server[100428]: INFO neutron.wsgi [req-a86badd2-5a7c-4b52-ab58-903ebe270952 req-4067d47f-d895-4254-80be-7cc91ef87156 service neutron] 10.222.0.23 "GET /v2.0/floatingips?fixed_ip_address=172.20.0.8&port_id=b01afc95-3c7e-47bf-96d3-3924ef5704de HTTP/1.1" status: 200 len: 217 time: 0.0725093
Jul 06 11:49:04.078556 n-d-799529-2 neutron-server[100427]: INFO neutron.wsgi [req-95a1c184-d87b-4691-9ab8-afb8428e5c2e req-245d518d-1d04-484a-a800-192c0cc176b7 service neutron] 10.222.0.89 "GET /v2.0/networks/f2e9b7d6-944b-4592-9597-94c9d66799e4?fields=segments HTTP/1.1" status: 200 len: 212 time: 0.2307360
Jul 06 11:49:04.079558 n-d-799529-2 neutron-server[100428]: DEBUG neutron.pecan_wsgi.hooks.policy_enforcement [req-a86badd2-5a7c-4b52-ab58-903ebe270952 req-45a10260-d010-4a1e-bdf1-4201cdb66c3b service neutron] Attributes excluded by policy engine: ['standard_attr_id', 'shared', 'segment_id'] {{(pid=100428) _exclude_attributes_by_policy /opt/stack/neutron/neutron/pecan_wsgi/hooks/policy_enforcement.py:255}}
Jul 06 11:49:04.081135 n-d-799529-2 neutron-server[100428]: INFO neutron.wsgi [req-a86badd2-5a7c-4b52-ab58-903ebe270952 req-45a10260-d010-4a1e-bdf1-4201cdb66c3b service neutron] 10.222.0.23 "GET /v2.0/subnets?id=bb51dc2b-3154-4b1f-a437-1e89d3f5f733 HTTP/1.1" status: 200 len: 859 time: 0.1074054
Jul 06 11:49:04.133056 n-d-799529-2 neutron-server[100428]: DEBUG neutron.pecan_wsgi.hooks.policy_enforcement [req-e2bfa758-dafd-4833-88e4-37bfe078367d req-d2424318-4cb1-4bb2-b71b-cc194eb7a74a tempest-FloatingIPsAssociationTestJSON-991515911 tempest-FloatingIPsAssociationTestJSON-991515911-project] Attributes excluded by policy engine: ['standard_attr_id', 'binding:profile', 'binding:host_id', 'binding:vif_type', 'binding:vif_details'] {{(pid=100428) _exclude_attributes_by_policy /opt/stack/neutron/neutron/pecan_wsgi/hooks/policy_enforcement.py:255}}
Jul 06 11:49:04.142568 n-d-799529-2 neutron-server[100428]: INFO neutron.wsgi [req-e2bfa758-dafd-4833-88e4-37bfe078367d req-d2424318-4cb1-4bb2-b71b-cc194eb7a74a tempest-FloatingIPsAssociationTestJSON-991515911 tempest-FloatingIPsAssociationTestJSON-991515911-project] 10.222.0.81 "GET /v2.0/ports?device_id=d7a3043a-90cc-4e35-a98c-91e40992d894 HTTP/1.1" status: 200 len: 943 time: 0.2149072
Jul 06 11:49:04.198030 n-d-799529-2 neutron-server[100428]: INFO neutron.wsgi [req-e2bfa758-dafd-4833-88e4-37bfe078367d req-1c1d8ff4-e9ac-4b18-99b2-532fc7427fb2 tempest-FloatingIPsAssociationTestJSON-991515911 tempest-FloatingIPsAssociationTestJSON-991515911-project] 10.222.0.81 "GET /v2.0/security-groups?id=c60c962e-a4c3-427b-9f73-47f7c1632a24&fields=id&fields=name HTTP/1.1" status: 200 len: 286 time: 0.0544274
Jul 06 11:49:04.220386 n-d-799529-2 neutron-server[100428]: DEBUG neutron.pecan_wsgi.hooks.policy_enforcement [req-a86badd2-5a7c-4b52-ab58-903ebe270952 req-87908254-f00b-4109-8352-ce44be6380ee service neutron] Attributes excluded by policy engine: ['standard_attr_id'] {{(pid=100428) _exclude_attributes_by_policy /opt/stack/neutron/neutron/pecan_wsgi/hooks/policy_enforcement.py:255}}
Jul 06 11:49:04.222797 n-d-799529-2 neutron-server[100428]: INFO neutron.wsgi [req-a86badd2-5a7c-4b52-ab58-903ebe270952 req-87908254-f00b-4109-8352-ce44be6380ee service neutron] 10.222.0.23 "GET /v2.0/ports?network_id=bde42019-f374-4e0e-805a-c2260ce1d654&device_owner=network%3Adhcp HTTP/1.1" status: 200 len: 1163 time: 0.1348915
Jul 06 11:49:04.242484 n-d-799529-2 neutron-server[100427]: DEBUG neutron.pecan_wsgi.hooks.policy_enforcement [req-6161e90b-ba90-496f-8a0b-11c8c768ffd0 req-26c3d0f7-1b6e-4540-91a9-c6934c963408 tempest-MigrationsAdminTest-316499556 tempest-MigrationsAdminTest-316499556-project] Attributes excluded by policy engine: ['standard_attr_id', 'binding:profile', 'binding:host_id', 'binding:vif_type', 'binding:vif_details'] {{(pid=100427) _exclude_attributes_by_policy /opt/stack/neutron/neutron/pecan_wsgi/hooks/policy_enforcement.py:255}}
Jul 06 11:49:04.244178 n-d-799529-2 neutron-server[100427]: INFO neutron.wsgi [req-6161e90b-ba90-496f-8a0b-11c8c768ffd0 req-26c3d0f7-1b6e-4540-91a9-c6934c963408 tempest-MigrationsAdminTest-316499556 tempest-MigrationsAdminTest-316499556-project] 10.222.0.81 "GET /v2.0/ports?device_id=c4a00bdb-1f2d-4e07-a058-6ee9b1f477dc HTTP/1.1" status: 200 len: 972 time: 0.2417684
Jul 06 11:49:04.322325 n-d-799529-2 neutron-server[100427]: INFO neutron.wsgi [req-6161e90b-ba90-496f-8a0b-11c8c768ffd0 req-bdf2eba9-1ae9-4d53-9c70-e8c16145f2cf tempest-MigrationsAdminTest-316499556 tempest-MigrationsAdminTest-316499556-project] 10.222.0.81 "GET /v2.0/security-groups?id=924fe164-cd4c-4e46-8668-a4a6f0e93b10&fields=id&fields=name HTTP/1.1" status: 200 len: 286 time: 0.0699439
Jul 06 11:49:04.325095 n-d-799529-2 neutron-server[100427]: INFO neutron.wsgi [req-95a1c184-d87b-4691-9ab8-afb8428e5c2e req-aae16040-10f2-416f-8853-7fe595c517d2 service neutron] 10.222.0.89 "GET /v2.0/networks/f2e9b7d6-944b-4592-9597-94c9d66799e4?fields=provider%3Aphysical_network&fields=provider%3Anetwork_type HTTP/1.1" status: 200 len: 281 time: 0.2006261
Jul 06 11:49:04.346276 n-d-799529-2 neutron-server[100428]: INFO neutron.wsgi [req-a86badd2-5a7c-4b52-ab58-903ebe270952 req-7b9d2400-92e2-476e-abbf-cbd991bf2729 service neutron] 10.222.0.23 "GET /v2.0/networks/bde42019-f374-4e0e-805a-c2260ce1d654?fields=segments HTTP/1.1" status: 200 len: 212 time: 0.1157575
Jul 06 11:49:04.451182 n-d-799529-2 neutron-server[100428]: INFO neutron.wsgi [req-a86badd2-5a7c-4b52-ab58-903ebe270952 req-68ddf717-5e8c-4e2c-b296-d763fd6a7dfb service neutron] 10.222.0.23 "GET /v2.0/networks/bde42019-f374-4e0e-805a-c2260ce1d654?fields=provider%3Aphysical_network&fields=provider%3Anetwork_type HTTP/1.1" status: 200 len: 281 time: 0.0988395
Jul 06 11:49:04.675671 n-d-799529-2 neutron-server[100428]: DEBUG neutron.pecan_wsgi.hooks.policy_enforcement [req-9c3553d7-e5b4-4024-9aa1-00a1c4c667d3 req-ad8a4839-40ac-4f96-aabd-063f66b21d83 tempest-LiveMigrationTest-1031640251 tempest-LiveMigrationTest-1031640251-project] Attributes excluded by policy engine: ['standard_attr_id', 'binding:profile', 'binding:host_id', 'binding:vif_type', 'binding:vif_details'] {{(pid=100428) _exclude_attributes_by_policy /opt/stack/neutron/neutron/pecan_wsgi/hooks/policy_enforcement.py:255}}
Jul 06 11:49:04.677205 n-d-799529-2 neutron-server[100428]: INFO neutron.wsgi [req-9c3553d7-e5b4-4024-9aa1-00a1c4c667d3 req-ad8a4839-40ac-4f96-aabd-063f66b21d83 tempest-LiveMigrationTest-1031640251 tempest-LiveMigrationTest-1031640251-project] 10.222.0.81 "GET /v2.0/ports?device_id=dd74dee5-02bd-46f8-ac2a-fd4adbe9d98c HTTP/1.1" status: 200 len: 944 time: 0.0863934
Jul 06 11:49:04.736606 n-d-799529-2 neutron-server[100428]: INFO neutron.wsgi [req-9c3553d7-e5b4-4024-9aa1-00a1c4c667d3 req-995c1702-990c-4945-aac6-b22b73c49925 tempest-LiveMigrationTest-1031640251 tempest-LiveMigrationTest-1031640251-project] 10.222.0.81 "GET /v2.0/security-groups?id=c4ad36cd-8778-4cc7-90f7-414073e43297&fields=id&fields=name HTTP/1.1" status: 200 len: 286 time: 0.0480919
Jul 06 11:49:04.791514 n-d-799529-2 neutron-server[100427]: DEBUG neutron.pecan_wsgi.hooks.policy_enforcement [req-95a1c184-d87b-4691-9ab8-afb8428e5c2e req-793ded35-cd75-4378-acfc-8985c372fe91 tempest-LiveMigrationTest-89237541 tempest-LiveMigrationTest-89237541-project-admin] Attributes excluded by policy engine: ['standard_attr_id'] {{(pid=100427) _exclude_attributes_by_policy /opt/stack/neutron/neutron/pecan_wsgi/hooks/policy_enforcement.py:255}}
Jul 06 11:49:04.794058 n-d-799529-2 neutron-server[100427]: INFO neutron.wsgi [req-95a1c184-d87b-4691-9ab8-afb8428e5c2e req-793ded35-cd75-4378-acfc-8985c372fe91 tempest-LiveMigrationTest-89237541 tempest-LiveMigrationTest-89237541-project-admin] 10.222.0.89 "GET /v2.0/ports?device_id=dd74dee5-02bd-46f8-ac2a-fd4adbe9d98c&tenant_id=4843c8d3b46e40b0bd7d0bef48a42377&binding%3Ahost_id=n-h2-799529-2 HTTP/1.1" status: 200 len: 1095 time: 0.1150301
Jul 06 11:49:04.956517 n-d-799529-2 neutron-server[100427]: DEBUG neutron.plugins.ml2.db [req-95a1c184-d87b-4691-9ab8-afb8428e5c2e req-bdc597e4-eed3-4165-9961-c81654bbcd6f service neutron] For port 94372c08-32a1-4e21-b75c-f55fdedcb931, host n-h1-799529-2, cleared binding levels {{(pid=100427) clear_binding_levels /opt/stack/neutron/neutron/plugins/ml2/db.py:87}}
Jul 06 11:49:04.961288 n-d-799529-2 neutron-server[100427]: DEBUG neutron_lib.callbacks.manager [req-95a1c184-d87b-4691-9ab8-afb8428e5c2e req-bdc597e4-eed3-4165-9961-c81654bbcd6f service neutron] Notify callbacks [] for binding, before_response {{(pid=100427) _notify_loop /usr/local/lib/python3.8/dist-packages/neutron_lib/callbacks/manager.py:192}}
Jul 06 11:49:04.963649 n-d-799529-2 neutron-server[100427]: INFO neutron.wsgi [req-95a1c184-d87b-4691-9ab8-afb8428e5c2e req-bdc597e4-eed3-4165-9961-c81654bbcd6f service neutron] 10.222.0.89 "DELETE /v2.0/ports/94372c08-32a1-4e21-b75c-f55fdedcb931/bindings/n-h1-799529-2 HTTP/1.1" status: 204 len: 173 time: 0.1628873
Jul 06 11:49:05.118314 n-d-799529-2 neutron-server[100429]: DEBUG neutron.plugins.ml2.rpc [None req-e9ece5e1-38cb-47da-ae7a-e52ae64e1ecc None None] Device 94372c08-32a1-4e21-b75c-f55fdedcb931 no longer exists at agent hyperv_n-h1-799529-2 {{(pid=100429) update_device_down /opt/stack/neutron/neutron/plugins/ml2/rpc.py:259}}
Jul 06 11:49:05.162353 n-d-799529-2 neutron-server[100429]: DEBUG neutron.plugins.ml2.rpc [None req-e9ece5e1-38cb-47da-ae7a-e52ae64e1ecc None None] Device 94372c08-32a1-4e21-b75c-f55fdedcb931 not bound to the agent host n-h1-799529-2 {{(pid=100429) update_device_down /opt/stack/neutron/neutron/plugins/ml2/rpc.py:269}}
Jul 06 11:49:05.185711 n-d-799529-2 neutron-server[100429]: DEBUG neutron_lib.callbacks.manager [None req-609933ae-d798-4204-95c2-cb296f9948a4 None None] Notify callbacks ['neutron.services.segments.db._update_segment_host_mapping_for_agent-8789330425676', 'neutron.plugins.ml2.plugin.Ml2Plugin._retry_binding_revived_agents-1796737'] for agent, after_update {{(pid=100429) _notify_loop /usr/local/lib/python3.8/dist-packages/neutron_lib/callbacks/manager.py:192}}
Jul 06 11:49:05.429603 n-d-799529-2 neutron-server[100428]: DEBUG neutron.pecan_wsgi.hooks.policy_enforcement [req-ef9ef365-a29d-4dc5-be2f-0e9dbf8ab225 req-1d868668-3740-417f-943a-836bb63623ca tempest-FloatingIPsAssociationTestJSON-991515911 tempest-FloatingIPsAssociationTestJSON-991515911-project] Attributes excluded by policy engine: ['standard_attr_id', 'binding:profile', 'binding:host_id', 'binding:vif_type', 'binding:vif_details'] {{(pid=100428) _exclude_attributes_by_policy /opt/stack/neutron/neutron/pecan_wsgi/hooks/policy_enforcement.py:255}}
Jul 06 11:49:05.440508 n-d-799529-2 neutron-server[100428]: INFO neutron.wsgi [req-ef9ef365-a29d-4dc5-be2f-0e9dbf8ab225 req-1d868668-3740-417f-943a-836bb63623ca tempest-FloatingIPsAssociationTestJSON-991515911 tempest-FloatingIPsAssociationTestJSON-991515911-project] 10.222.0.81 "GET /v2.0/ports?device_id=d7a3043a-90cc-4e35-a98c-91e40992d894 HTTP/1.1" status: 200 len: 943 time: 0.1113763
Jul 06 11:49:05.444855 n-d-799529-2 neutron-server[100429]: DEBUG neutron_lib.callbacks.manager [None req-8af5e5ae-4e83-4393-8263-3c1a2a9682f1 None None] Notify callbacks ['neutron.services.segments.db._update_segment_host_mapping_for_agent-8789330425676', 'neutron.plugins.ml2.plugin.Ml2Plugin._retry_binding_revived_agents-1796737'] for agent, after_update {{(pid=100429) _notify_loop /usr/local/lib/python3.8/dist-packages/neutron_lib/callbacks/manager.py:192}}
Jul 06 11:49:05.473151 n-d-799529-2 neutron-server[100428]: DEBUG neutron.wsgi [-] (100428) accepted ('10.222.0.81', 51752) {{(pid=100428) server /usr/local/lib/python3.8/dist-packages/eventlet/wsgi.py:982}}
Jul 06 11:49:05.502053 n-d-799529-2 neutron-server[100428]: INFO neutron.wsgi [req-ef9ef365-a29d-4dc5-be2f-0e9dbf8ab225 req-6bae229c-e29a-4e26-bbbc-145d016dd824 tempest-FloatingIPsAssociationTestJSON-991515911 tempest-FloatingIPsAssociationTestJSON-991515911-project] 10.222.0.81 "GET /v2.0/security-groups?id=c60c962e-a4c3-427b-9f73-47f7c1632a24&fields=id&fields=name HTTP/1.1" status: 200 len: 286 time: 0.0602281
Jul 06 11:49:05.563445 n-d-799529-2 neutron-server[100428]: DEBUG neutron.notifiers.nova [-] Sending events: [{'name': 'network-changed', 'server_uuid': 'd7a3043a-90cc-4e35-a98c-91e40992d894', 'tag': 'b01afc95-3c7e-47bf-96d3-3924ef5704de'}] {{(pid=100428) send_events /opt/stack/neutron/neutron/notifiers/nova.py:262}}
Jul 06 11:49:05.567271 n-d-799529-2 neutron-server[100428]: DEBUG novaclient.v2.client [-] REQ: curl -g -i --cacert "/opt/stack/data/ca-bundle.pem" -X POST http://10.222.0.81/compute/v2.1/os-server-external-events -H "Accept: application/json" -H "Content-Type: application/json" -H "User-Agent: python-novaclient" -H "X-Auth-Token: {SHA256}9ac2559693f39532e98b8bea7c9080164dfc8ee59627a7f624028e0092dceaff" -H "X-OpenStack-Nova-API-Version: 2.1" -H "X-OpenStack-Request-ID: req-e8113975-719a-4467-8c18-429bddb1bc15" -d '{"events": [{"name": "network-changed", "server_uuid": "d7a3043a-90cc-4e35-a98c-91e40992d894", "tag": "b01afc95-3c7e-47bf-96d3-3924ef5704de"}]}' {{(pid=100428) _http_log_request /usr/local/lib/python3.8/dist-packages/keystoneauth1/session.py:519}}
Jul 06 11:49:05.629466 n-d-799529-2 neutron-server[100428]: DEBUG novaclient.v2.client [-] RESP: [200] Connection: close Content-Length: 179 Content-Type: application/json Date: Tue, 06 Jul 2021 11:49:05 GMT OpenStack-API-Version: compute 2.1 Server: Apache/2.4.41 (Ubuntu) Vary: OpenStack-API-Version,X-OpenStack-Nova-API-Version X-OpenStack-Nova-API-Version: 2.1 x-compute-request-id: req-eaa19c41-ae51-4b0d-a04e-7c96ebdb03f5 x-openstack-request-id: req-eaa19c41-ae51-4b0d-a04e-7c96ebdb03f5 {{(pid=100428) _http_log_response /usr/local/lib/python3.8/dist-packages/keystoneauth1/session.py:550}}
Jul 06 11:49:05.629970 n-d-799529-2 neutron-server[100428]: DEBUG novaclient.v2.client [-] RESP BODY: {"events": [{"name": "network-changed", "server_uuid": "d7a3043a-90cc-4e35-a98c-91e40992d894", "tag": "b01afc95-3c7e-47bf-96d3-3924ef5704de", "status": "completed", "code": 200}]} {{(pid=100428) _http_log_response /usr/local/lib/python3.8/dist-packages/keystoneauth1/session.py:582}}
Jul 06 11:49:05.630415 n-d-799529-2 neutron-server[100428]: DEBUG novaclient.v2.client [-] POST call to compute for http://10.222.0.81/compute/v2.1/os-server-external-events used request id req-eaa19c41-ae51-4b0d-a04e-7c96ebdb03f5 {{(pid=100428) request /usr/local/lib/python3.8/dist-packages/keystoneauth1/session.py:954}}
Jul 06 11:49:05.630868 n-d-799529-2 neutron-server[100428]: INFO neutron.notifiers.nova [-] Nova event response: {'name': 'network-changed', 'server_uuid': 'd7a3043a-90cc-4e35-a98c-91e40992d894', 'tag': 'b01afc95-3c7e-47bf-96d3-3924ef5704de', 'status': 'completed', 'code': 200}
