Jul 06 11:48:25.107014 n-d-799529-2 neutron-server[100428]: INFO neutron.wsgi [req-c8c8ec84-0c6f-44f9-a5dc-dc9bae739237 req-5f2a5808-d4bb-45e5-9766-145b380ca024 tempest-AggregatesAdminTestJSON-1786834511 tempest-AggregatesAdminTestJSON-1786834511-project] 10.222.0.81 "GET /v2.0/security-groups?id=8a5c3558-31cf-449c-b2dd-5a55552cfed6&fields=id&fields=name HTTP/1.1" status: 200 len: 286 time: 0.1056843
Jul 06 11:48:25.170330 n-d-799529-2 neutron-server[100427]: DEBUG neutron_lib.callbacks.manager [req-32a17b4e-013f-4c5c-a983-44b770bd5c53 req-a75c26a6-6e1f-4a20-b0b9-17fa1b036adf tempest-ServersWithSpecificFlavorTestJSON-529090569 tempest-ServersWithSpecificFlavorTestJSON-529090569-project] Notify callbacks ['neutron.plugins.ml2.plugin.SecurityGroupServerNotifierRpcMixin._notify_sg_on_port_after_update-1656888', 'neutron.plugins.ml2.ovo_rpc._ObjectChangeHandler.handle_payload_event-66569', 'neutron.api.rpc.agentnotifiers.dhcp_rpc_agent_api.DhcpAgentNotifyAPI._native_event_send_dhcp_notification_payload-531668', 'neutron.db.l3_dvrscheduler_db._notify_l3_agent_new_port-8789329911269'] for port, after_create {{(pid=100427) _notify_loop /usr/local/lib/python3.8/dist-packages/neutron_lib/callbacks/manager.py:192}}
Jul 06 11:48:25.250806 n-d-799529-2 neutron-server[100427]: DEBUG neutron.scheduler.dhcp_agent_scheduler [req-32a17b4e-013f-4c5c-a983-44b770bd5c53 req-a75c26a6-6e1f-4a20-b0b9-17fa1b036adf tempest-ServersWithSpecificFlavorTestJSON-529090569 tempest-ServersWithSpecificFlavorTestJSON-529090569-project] Network 76dc66c5-cac1-411d-8b13-f5071a1927d8 is already hosted by enough agents. {{(pid=100427) _get_dhcp_agents_hosting_network /opt/stack/neutron/neutron/scheduler/dhcp_agent_scheduler.py:275}}
Jul 06 11:48:25.257012 n-d-799529-2 neutron-server[100427]: DEBUG neutron.scheduler.base_scheduler [req-32a17b4e-013f-4c5c-a983-44b770bd5c53 req-a75c26a6-6e1f-4a20-b0b9-17fa1b036adf tempest-ServersWithSpecificFlavorTestJSON-529090569 tempest-ServersWithSpecificFlavorTestJSON-529090569-project] Resources bound (agent type, host, resource id): {{(pid=100427) schedule /opt/stack/neutron/neutron/scheduler/base_scheduler.py:57}}
Jul 06 11:48:25.274317 n-d-799529-2 neutron-server[100427]: DEBUG neutron.db.l3_dvrscheduler_db [req-32a17b4e-013f-4c5c-a983-44b770bd5c53 req-a75c26a6-6e1f-4a20-b0b9-17fa1b036adf tempest-ServersWithSpecificFlavorTestJSON-529090569 tempest-ServersWithSpecificFlavorTestJSON-529090569-project] Received port after_create {{(pid=100427) _notify_l3_agent_new_port /opt/stack/neutron/neutron/db/l3_dvrscheduler_db.py:535}}
Jul 06 11:48:25.280935 n-d-799529-2 neutron-server[100427]: DEBUG neutron.pecan_wsgi.hooks.policy_enforcement [req-32a17b4e-013f-4c5c-a983-44b770bd5c53 req-a75c26a6-6e1f-4a20-b0b9-17fa1b036adf tempest-ServersWithSpecificFlavorTestJSON-529090569 tempest-ServersWithSpecificFlavorTestJSON-529090569-project] Attributes excluded by policy engine: ['standard_attr_id', 'binding:profile', 'binding:host_id', 'binding:vif_type', 'binding:vif_details', 'network'] {{(pid=100427) _exclude_attributes_by_policy /opt/stack/neutron/neutron/pecan_wsgi/hooks/policy_enforcement.py:255}}
Jul 06 11:48:25.281593 n-d-799529-2 neutron-server[100427]: DEBUG neutron_lib.callbacks.manager [req-32a17b4e-013f-4c5c-a983-44b770bd5c53 req-a75c26a6-6e1f-4a20-b0b9-17fa1b036adf tempest-ServersWithSpecificFlavorTestJSON-529090569 tempest-ServersWithSpecificFlavorTestJSON-529090569-project] Notify callbacks ['neutron.notifiers.nova.Notifier._send_nova_notification-212681', 'neutron.api.rpc.agentnotifiers.dhcp_rpc_agent_api.DhcpAgentNotifyAPI._send_dhcp_notification-531643'] for port, before_response {{(pid=100427) _notify_loop /usr/local/lib/python3.8/dist-packages/neutron_lib/callbacks/manager.py:192}}
Jul 06 11:48:25.300528 n-d-799529-2 neutron-server[100427]: DEBUG neutron.api.rpc.handlers.resources_rpc [None req-a75c26a6-6e1f-4a20-b0b9-17fa1b036adf tempest-ServersWithSpecificFlavorTestJSON-529090569 tempest-ServersWithSpecificFlavorTestJSON-529090569-project] Pushing event updated for resources: {'Port': ['ID=ffdd06e4-4504-475a-a87c-2139ecabd29f,revision_number=1']} {{(pid=100427) push /opt/stack/neutron/neutron/api/rpc/handlers/resources_rpc.py:237}}
Jul 06 11:48:25.316414 n-d-799529-2 neutron-server[100427]: INFO neutron.wsgi [req-32a17b4e-013f-4c5c-a983-44b770bd5c53 req-a75c26a6-6e1f-4a20-b0b9-17fa1b036adf tempest-ServersWithSpecificFlavorTestJSON-529090569 tempest-ServersWithSpecificFlavorTestJSON-529090569-project] 10.222.0.89 "POST /v2.0/ports HTTP/1.1" status: 201 len: 933 time: 1.1755867
Jul 06 11:48:25.329312 n-d-799529-2 neutron-server[100427]: DEBUG neutron.api.v2.base [req-32a17b4e-013f-4c5c-a983-44b770bd5c53 req-1a739cc7-dc44-45ca-af9c-459f2b45a61c service neutron] Request body: {'port': {'device_id': 'aea0b077-4859-48eb-9d4d-241d1ce7a96a', 'device_owner': 'compute:tempest-test_az-1252616271', 'binding:host_id': 'n-h2-799529-2'}} {{(pid=100427) prepare_request_body /opt/stack/neutron/neutron/api/v2/base.py:729}}
Jul 06 11:48:25.701453 n-d-799529-2 neutron-server[100427]: DEBUG neutron.notifiers.nova [req-f2e7fb2a-610d-45d1-ab7b-39f94f631c42 req-6b74d2c7-0431-4d33-bb2e-67fc928eeb18 service neutron] Ignoring state change previous_port_status: DOWN current_port_status: DOWN port_id f51dc0c0-545d-4658-98f1-47f8ca7ab970 {{(pid=100427) record_port_status_changed /opt/stack/neutron/neutron/notifiers/nova.py:224}}
Jul 06 11:48:25.718469 n-d-799529-2 neutron-server[100427]: DEBUG neutron_lib.callbacks.manager [req-f2e7fb2a-610d-45d1-ab7b-39f94f631c42 req-6b74d2c7-0431-4d33-bb2e-67fc928eeb18 service neutron] Notify callbacks [] for port, precommit_update {{(pid=100427) _notify_loop /usr/local/lib/python3.8/dist-packages/neutron_lib/callbacks/manager.py:192}}
Jul 06 11:48:25.728675 n-d-799529-2 neutron-server[100429]: DEBUG neutron.db.provisioning_blocks [None req-a52e62eb-91cb-4a2d-90d2-7db9bede0ef1 None None] Provisioning for port ffdd06e4-4504-475a-a87c-2139ecabd29f completed by entity DHCP. {{(pid=100429) provisioning_complete /opt/stack/neutron/neutron/db/provisioning_blocks.py:133}}
Jul 06 11:48:25.731432 n-d-799529-2 neutron-server[100427]: DEBUG neutron_lib.callbacks.manager [req-32a17b4e-013f-4c5c-a983-44b770bd5c53 req-1a739cc7-dc44-45ca-af9c-459f2b45a61c service neutron] Notify callbacks ['neutron.plugins.ml2.plugin.SecurityGroupDbMixin._ensure_default_security_group_handler-1658877'] for port, before_update {{(pid=100427) _notify_loop /usr/local/lib/python3.8/dist-packages/neutron_lib/callbacks/manager.py:192}}
Jul 06 11:48:25.735070 n-d-799529-2 neutron-server[100429]: DEBUG neutron.db.provisioning_blocks [None req-a52e62eb-91cb-4a2d-90d2-7db9bede0ef1 None None] Provisioning complete for port ffdd06e4-4504-475a-a87c-2139ecabd29f triggered by entity DHCP. {{(pid=100429) provisioning_complete /opt/stack/neutron/neutron/db/provisioning_blocks.py:139}}
Jul 06 11:48:25.735471 n-d-799529-2 neutron-server[100429]: DEBUG neutron_lib.callbacks.manager [None req-a52e62eb-91cb-4a2d-90d2-7db9bede0ef1 None None] Notify callbacks ['neutron.plugins.ml2.plugin.Ml2Plugin._port_provisioned-1796720'] for port, provisioning_complete {{(pid=100429) _notify_loop /usr/local/lib/python3.8/dist-packages/neutron_lib/callbacks/manager.py:192}}
Jul 06 11:48:25.772666 n-d-799529-2 neutron-server[100427]: DEBUG neutron.db.provisioning_blocks [req-f2e7fb2a-610d-45d1-ab7b-39f94f631c42 req-6b74d2c7-0431-4d33-bb2e-67fc928eeb18 service neutron] Transition to ACTIVE for port object f51dc0c0-545d-4658-98f1-47f8ca7ab970 will not be triggered until provisioned by entity L2. {{(pid=100427) add_provisioning_component /opt/stack/neutron/neutron/db/provisioning_blocks.py:73}}
Jul 06 11:48:25.785682 n-d-799529-2 neutron-server[100427]: DEBUG neutron_lib.callbacks.manager [req-f2e7fb2a-610d-45d1-ab7b-39f94f631c42 req-6b74d2c7-0431-4d33-bb2e-67fc928eeb18 service neutron] Notify callbacks ['neutron.plugins.ml2.plugin.SecurityGroupServerNotifierRpcMixin.notify_sg_on_port_change-1656881', 'neutron.plugins.ml2.ovo_rpc._ObjectChangeHandler.handle_event-66610', 'neutron.api.rpc.agentnotifiers.dhcp_rpc_agent_api.DhcpAgentNotifyAPI._native_event_send_dhcp_notification-531629', 'neutron.db.l3_db.L3RpcNotifierMixin._notify_gateway_port_ip_changed-8789330220072', 'neutron.db.l3_dvrscheduler_db._notify_l3_agent_port_update-8789329911287', 'neutron.db.l3_hascheduler_db._notify_l3_agent_ha_port_update-8789329908264'] for port, after_update {{(pid=100427) _notify_loop /usr/local/lib/python3.8/dist-packages/neutron_lib/callbacks/manager.py:192}}
Jul 06 11:48:25.789108 n-d-799529-2 neutron-server[100428]: DEBUG neutron.pecan_wsgi.hooks.policy_enforcement [req-4a128622-bbe0-4ff2-a833-3eb91044950e req-4115f352-ce47-45e0-ab5b-07b4886d0345 tempest-MigrationsAdminTest-316499556 tempest-MigrationsAdminTest-316499556-project] Attributes excluded by policy engine: ['standard_attr_id', 'binding:profile', 'binding:host_id', 'binding:vif_type', 'binding:vif_details'] {{(pid=100428) _exclude_attributes_by_policy /opt/stack/neutron/neutron/pecan_wsgi/hooks/policy_enforcement.py:255}}
Jul 06 11:48:25.794834 n-d-799529-2 neutron-server[100428]: INFO neutron.wsgi [req-4a128622-bbe0-4ff2-a833-3eb91044950e req-4115f352-ce47-45e0-ab5b-07b4886d0345 tempest-MigrationsAdminTest-316499556 tempest-MigrationsAdminTest-316499556-project] 10.222.0.81 "GET /v2.0/ports?device_id=c4a00bdb-1f2d-4e07-a058-6ee9b1f477dc HTTP/1.1" status: 200 len: 936 time: 0.1377203
Jul 06 11:48:25.795101 n-d-799529-2 neutron-server[100427]: DEBUG neutron.wsgi [-] (100427) accepted ('10.222.0.81', 50254) {{(pid=100427) server /usr/local/lib/python3.8/dist-packages/eventlet/wsgi.py:982}}
Jul 06 11:48:25.830076 n-d-799529-2 neutron-server[100429]: DEBUG neutron.plugins.ml2.plugin [None req-a52e62eb-91cb-4a2d-90d2-7db9bede0ef1 None None] Port ffdd06e4-4504-475a-a87c-2139ecabd29f cannot update to ACTIVE because it is not bound. {{(pid=100429) _port_provisioned /opt/stack/neutron/neutron/plugins/ml2/plugin.py:337}}
Jul 06 11:48:25.842962 n-d-799529-2 neutron-server[100428]: INFO neutron.wsgi [req-4a128622-bbe0-4ff2-a833-3eb91044950e req-cd545d11-73e7-4086-b1b5-9c2a56397921 tempest-MigrationsAdminTest-316499556 tempest-MigrationsAdminTest-316499556-project] 10.222.0.81 "GET /v2.0/security-groups?id=924fe164-cd4c-4e46-8668-a4a6f0e93b10&fields=id&fields=name HTTP/1.1" status: 200 len: 286 time: 0.0431788
Jul 06 11:48:25.977684 n-d-799529-2 neutron-server[100427]: DEBUG neutron.api.rpc.handlers.resources_rpc [None req-6b74d2c7-0431-4d33-bb2e-67fc928eeb18 service neutron] Pushing event updated for resources: {'Port': ['ID=f51dc0c0-545d-4658-98f1-47f8ca7ab970,revision_number=2']} {{(pid=100427) push /opt/stack/neutron/neutron/api/rpc/handlers/resources_rpc.py:237}}
Jul 06 11:48:25.997170 n-d-799529-2 neutron-server[100427]: DEBUG neutron.pecan_wsgi.hooks.policy_enforcement [req-b3646ef2-ac19-4e6a-9f8f-224941a59008 req-9d3dbb0f-8454-4f82-8ea6-09722a76cfd4 tempest-DeleteServersAdminTestJSON-41466591 tempest-DeleteServersAdminTestJSON-41466591-project] Attributes excluded by policy engine: ['standard_attr_id', 'binding:profile', 'binding:host_id', 'binding:vif_type', 'binding:vif_details'] {{(pid=100427) _exclude_attributes_by_policy /opt/stack/neutron/neutron/pecan_wsgi/hooks/policy_enforcement.py:255}}
Jul 06 11:48:25.998717 n-d-799529-2 neutron-server[100427]: INFO neutron.wsgi [req-b3646ef2-ac19-4e6a-9f8f-224941a59008 req-9d3dbb0f-8454-4f82-8ea6-09722a76cfd4 tempest-DeleteServersAdminTestJSON-41466591 tempest-DeleteServersAdminTestJSON-41466591-project] 10.222.0.81 "GET /v2.0/ports?device_id=8c06f213-98df-4cba-bcc9-fbf9e091f716 HTTP/1.1" status: 200 len: 947 time: 0.5747073
Jul 06 11:48:26.066947 n-d-799529-2 neutron-server[100427]: DEBUG neutron.plugins.ml2.managers [req-f2e7fb2a-610d-45d1-ab7b-39f94f631c42 req-6b74d2c7-0431-4d33-bb2e-67fc928eeb18 service neutron] Attempting to bind port f51dc0c0-545d-4658-98f1-47f8ca7ab970 on host n-h2-799529-2 for vnic_type normal with profile {{(pid=100427) bind_port /opt/stack/neutron/neutron/plugins/ml2/managers.py:790}}
Jul 06 11:48:26.067693 n-d-799529-2 neutron-server[100427]: DEBUG neutron.plugins.ml2.managers [req-f2e7fb2a-610d-45d1-ab7b-39f94f631c42 req-6b74d2c7-0431-4d33-bb2e-67fc928eeb18 service neutron] Attempting to bind port f51dc0c0-545d-4658-98f1-47f8ca7ab970 by drivers openvswitch,hyperv on host n-h2-799529-2 at level 0 using segments [{'id': '1f839ca8-7d22-4c40-8b1e-789830b45b88', 'network_type': 'vlan', 'physical_network': 'physnet1', 'segmentation_id': 631, 'network_id': '3379ef7d-5184-41ed-853c-32cff3775142'}] {{(pid=100427) _bind_port_level /opt/stack/neutron/neutron/plugins/ml2/managers.py:815}}
Jul 06 11:48:26.068179 n-d-799529-2 neutron-server[100427]: DEBUG neutron.plugins.ml2.drivers.mech_agent [req-f2e7fb2a-610d-45d1-ab7b-39f94f631c42 req-6b74d2c7-0431-4d33-bb2e-67fc928eeb18 service neutron] Attempting to bind port f51dc0c0-545d-4658-98f1-47f8ca7ab970 on network 3379ef7d-5184-41ed-853c-32cff3775142 {{(pid=100427) bind_port /opt/stack/neutron/neutron/plugins/ml2/drivers/mech_agent.py:86}}
Jul 06 11:48:26.077617 n-d-799529-2 neutron-server[100429]: DEBUG neutron.plugins.ml2.rpc [None req-609933ae-d798-4204-95c2-cb296f9948a4 None None] Device 8a719b24-20b4-4b91-9104-4664c0350d17 details requested by agent hyperv_n-h2-799529-2 with host n-h2-799529-2 {{(pid=100429) get_device_details /opt/stack/neutron/neutron/plugins/ml2/rpc.py:102}}
Jul 06 11:48:26.094559 n-d-799529-2 neutron-server[100427]: DEBUG neutron.plugins.ml2.drivers.mech_agent [req-f2e7fb2a-610d-45d1-ab7b-39f94f631c42 req-6b74d2c7-0431-4d33-bb2e-67fc928eeb18 service neutron] Port f51dc0c0-545d-4658-98f1-47f8ca7ab970 on network 3379ef7d-5184-41ed-853c-32cff3775142 not bound, no agent of type Open vSwitch agent registered on host n-h2-799529-2 {{(pid=100427) bind_port /opt/stack/neutron/neutron/plugins/ml2/drivers/mech_agent.py:98}}
Jul 06 11:48:26.094779 n-d-799529-2 neutron-server[100427]: DEBUG neutron.plugins.ml2.drivers.mech_agent [req-f2e7fb2a-610d-45d1-ab7b-39f94f631c42 req-6b74d2c7-0431-4d33-bb2e-67fc928eeb18 service neutron] Attempting to bind port f51dc0c0-545d-4658-98f1-47f8ca7ab970 on network 3379ef7d-5184-41ed-853c-32cff3775142 {{(pid=100427) bind_port /opt/stack/neutron/neutron/plugins/ml2/drivers/mech_agent.py:86}}
Jul 06 11:48:26.131395 n-d-799529-2 neutron-server[100427]: DEBUG neutron.plugins.ml2.drivers.mech_agent [req-f2e7fb2a-610d-45d1-ab7b-39f94f631c42 req-6b74d2c7-0431-4d33-bb2e-67fc928eeb18 service neutron] Checking agent: {'id': '6b0d8bbe-e489-4190-a745-35b8e3e95abf', 'agent_type': 'HyperV agent', 'binary': 'neutron-hyperv-agent', 'topic': 'N/A', 'host': 'n-h2-799529-2', 'admin_state_up': True, 'created_at': datetime.datetime(2021, 7, 6, 11, 45, 35), 'started_at': datetime.datetime(2021, 7, 6, 11, 45, 35), 'heartbeat_timestamp': datetime.datetime(2021, 7, 6, 11, 48, 5), 'description': None, 'resources_synced': None, 'availability_zone': None, 'alive': True, 'configurations': {'vswitch_mappings': {'physnet1$': 'br-data'}}, 'resource_versions': {}} {{(pid=100427) bind_port /opt/stack/neutron/neutron/plugins/ml2/drivers/mech_agent.py:105}}
Jul 06 11:48:26.131738 n-d-799529-2 neutron-server[100427]: DEBUG neutron.plugins.ml2.drivers.mech_agent [req-f2e7fb2a-610d-45d1-ab7b-39f94f631c42 req-6b74d2c7-0431-4d33-bb2e-67fc928eeb18 service neutron] Checking segment: {'id': '1f839ca8-7d22-4c40-8b1e-789830b45b88', 'network_type': 'vlan', 'physical_network': 'physnet1', 'segmentation_id': 631, 'network_id': '3379ef7d-5184-41ed-853c-32cff3775142'} for mappings: {'physnet1$': 'br-data'} with network types: ['local', 'flat', 'vlan'] {{(pid=100427) check_segment_for_agent /opt/stack/neutron/neutron/plugins/ml2/drivers/mech_agent.py:341}}
Jul 06 11:48:26.132132 n-d-799529-2 neutron-server[100427]: DEBUG neutron.plugins.ml2.drivers.mech_agent [req-f2e7fb2a-610d-45d1-ab7b-39f94f631c42 req-6b74d2c7-0431-4d33-bb2e-67fc928eeb18 service neutron] Bound using segment: {'id': '1f839ca8-7d22-4c40-8b1e-789830b45b88', 'network_type': 'vlan', 'physical_network': 'physnet1', 'segmentation_id': 631, 'network_id': '3379ef7d-5184-41ed-853c-32cff3775142'} {{(pid=100427) bind_port /opt/stack/neutron/neutron/plugins/ml2/drivers/mech_agent.py:115}}
Jul 06 11:48:26.132590 n-d-799529-2 neutron-server[100427]: DEBUG neutron.plugins.ml2.managers [req-f2e7fb2a-610d-45d1-ab7b-39f94f631c42 req-6b74d2c7-0431-4d33-bb2e-67fc928eeb18 service neutron] Bound port: f51dc0c0-545d-4658-98f1-47f8ca7ab970, host: n-h2-799529-2, vif_type: hyperv, vif_details: {"connectivity": "legacy", "port_filter": false}, binding_levels: [{'bound_driver': 'hyperv', 'bound_segment': {'id': '1f839ca8-7d22-4c40-8b1e-789830b45b88', 'network_type': 'vlan', 'physical_network': 'physnet1', 'segmentation_id': 631, 'network_id': '3379ef7d-5184-41ed-853c-32cff3775142'}}] {{(pid=100427) _bind_port_level /opt/stack/neutron/neutron/plugins/ml2/managers.py:928}}
Jul 06 11:48:26.132946 n-d-799529-2 neutron-server[100427]: DEBUG neutron_lib.callbacks.manager [req-f2e7fb2a-610d-45d1-ab7b-39f94f631c42 req-6b74d2c7-0431-4d33-bb2e-67fc928eeb18 service neutron] Notify callbacks ['neutron.plugins.ml2.plugin.SecurityGroupDbMixin._ensure_default_security_group_handler-1658877'] for port, before_update {{(pid=100427) _notify_loop /usr/local/lib/python3.8/dist-packages/neutron_lib/callbacks/manager.py:192}}
Jul 06 11:48:26.173288 n-d-799529-2 neutron-server[100428]: DEBUG neutron.pecan_wsgi.hooks.policy_enforcement [req-7189debd-055d-477f-a8bd-b51e351a912c req-e041cd8d-5a33-4201-a46e-87fa5f9a6327 tempest-ServersWithSpecificFlavorTestJSON-529090569 tempest-ServersWithSpecificFlavorTestJSON-529090569-project] Attributes excluded by policy engine: ['standard_attr_id', 'binding:profile', 'binding:host_id', 'binding:vif_type', 'binding:vif_details'] {{(pid=100428) _exclude_attributes_by_policy /opt/stack/neutron/neutron/pecan_wsgi/hooks/policy_enforcement.py:255}}
Jul 06 11:48:26.174318 n-d-799529-2 neutron-server[100427]: INFO neutron.wsgi [req-b3646ef2-ac19-4e6a-9f8f-224941a59008 req-ee488467-008c-4a94-8b10-fbcc639f9a0a tempest-DeleteServersAdminTestJSON-41466591 tempest-DeleteServersAdminTestJSON-41466591-project] 10.222.0.81 "GET /v2.0/security-groups?id=1f9cab9e-9da8-4183-a422-5459b395bc12&fields=id&fields=name HTTP/1.1" status: 200 len: 286 time: 0.1445312
Jul 06 11:48:26.179603 n-d-799529-2 neutron-server[100428]: INFO neutron.wsgi [req-7189debd-055d-477f-a8bd-b51e351a912c req-e041cd8d-5a33-4201-a46e-87fa5f9a6327 tempest-ServersWithSpecificFlavorTestJSON-529090569 tempest-ServersWithSpecificFlavorTestJSON-529090569-project] 10.222.0.81 "GET /v2.0/ports?device_id=aea0b077-4859-48eb-9d4d-241d1ce7a96a HTTP/1.1" status: 200 len: 931 time: 0.0952835
Jul 06 11:48:26.243892 n-d-799529-2 neutron-server[100427]: DEBUG neutron.api.v2.base [None req-afe519d9-f630-40a2-82f2-7c5af29474f6 admin admin] Request body: {'network': {'name': 'tempest-LiveMigrationTest-1042162183-network', 'tenant_id': '4843c8d3b46e40b0bd7d0bef48a42377'}} {{(pid=100427) prepare_request_body /opt/stack/neutron/neutron/api/v2/base.py:729}}
Jul 06 11:48:26.249707 n-d-799529-2 neutron-server[100429]: DEBUG neutron.plugins.ml2.db [None req-609933ae-d798-4204-95c2-cb296f9948a4 None None] For port 8a719b24-20b4-4b91-9104-4664c0350d17, host n-h2-799529-2, got binding levels [PortBindingLevel(driver='hyperv',host='n-h2-799529-2',level=0,port_id=8a719b24-20b4-4b91-9104-4664c0350d17,segment=NetworkSegment(1f839ca8-7d22-4c40-8b1e-789830b45b88),segment_id=1f839ca8-7d22-4c40-8b1e-789830b45b88)] {{(pid=100429) get_binding_level_objs /opt/stack/neutron/neutron/plugins/ml2/db.py:74}}
Jul 06 11:48:26.251321 n-d-799529-2 neutron-server[100428]: INFO neutron.wsgi [req-7189debd-055d-477f-a8bd-b51e351a912c req-08d540c0-6536-408d-864e-6b37064764e3 tempest-ServersWithSpecificFlavorTestJSON-529090569 tempest-ServersWithSpecificFlavorTestJSON-529090569-project] 10.222.0.81 "GET /v2.0/security-groups?id=55cedbaa-73e2-4e7a-809c-38d952ebccd0&fields=id&fields=name HTTP/1.1" status: 200 len: 312 time: 0.0657482
Jul 06 11:48:26.261764 n-d-799529-2 neutron-server[100429]: DEBUG neutron.plugins.ml2.rpc [None req-609933ae-d798-4204-95c2-cb296f9948a4 None None] Returning: {'device': '8a719b24-20b4-4b91-9104-4664c0350d17', 'network_id': '3379ef7d-5184-41ed-853c-32cff3775142', 'port_id': '8a719b24-20b4-4b91-9104-4664c0350d17', 'mac_address': 'fa:16:3e:88:f0:a1', 'admin_state_up': True, 'network_type': 'vlan', 'segmentation_id': 631, 'physical_network': 'physnet1', 'mtu': 1500, 'fixed_ips': [{'subnet_id': '52cf856f-5c4f-4179-badd-a4b751178533', 'ip_address': '192.168.233.15'}], 'device_owner': 'compute:tempest-test_az-1252616271', 'allowed_address_pairs': [], 'port_security_enabled': True, 'qos_policy_id': None, 'network_qos_policy_id': None, 'profile': {}, 'propagate_uplink_status': False} {{(pid=100429) _get_device_details /opt/stack/neutron/neutron/plugins/ml2/rpc.py:184}}
Jul 06 11:48:26.319671 n-d-799529-2 neutron-server[100427]: DEBUG neutron.pecan_wsgi.hooks.quota_enforcement [None req-afe519d9-f630-40a2-82f2-7c5af29474f6 admin admin] Made reservation on behalf of 4843c8d3b46e40b0bd7d0bef48a42377 for: {'network': 1} {{(pid=100427) before /opt/stack/neutron/neutron/pecan_wsgi/hooks/quota_enforcement.py:53}}
Jul 06 11:48:26.322275 n-d-799529-2 neutron-server[100427]: DEBUG neutron_lib.callbacks.manager [None req-afe519d9-f630-40a2-82f2-7c5af29474f6 admin admin] Notify callbacks ['neutron.plugins.ml2.plugin.SecurityGroupDbMixin._ensure_default_security_group_handler-1658877'] for network, before_create {{(pid=100427) _notify_loop /usr/local/lib/python3.8/dist-packages/neutron_lib/callbacks/manager.py:192}}
Jul 06 11:48:26.326344 n-d-799529-2 neutron-server[100429]: DEBUG neutron_lib.callbacks.manager [None req-609933ae-d798-4204-95c2-cb296f9948a4 None None] Notify callbacks ['neutron.plugins.ml2.plugin.SecurityGroupDbMixin._ensure_default_security_group_handler-1658877'] for port, before_update {{(pid=100429) _notify_loop /usr/local/lib/python3.8/dist-packages/neutron_lib/callbacks/manager.py:192}}
Jul 06 11:48:26.342437 n-d-799529-2 neutron-server[100429]: DEBUG neutron.notifiers.nova [None req-609933ae-d798-4204-95c2-cb296f9948a4 None None] Ignoring state change previous_port_status: DOWN current_port_status: BUILD port_id 8a719b24-20b4-4b91-9104-4664c0350d17 {{(pid=100429) record_port_status_changed /opt/stack/neutron/neutron/notifiers/nova.py:224}}
Jul 06 11:48:26.374629 n-d-799529-2 neutron-server[100427]: DEBUG neutron_lib.callbacks.manager [None req-afe519d9-f630-40a2-82f2-7c5af29474f6 admin admin] Notify callbacks [] for security_group, before_create {{(pid=100427) _notify_loop /usr/local/lib/python3.8/dist-packages/neutron_lib/callbacks/manager.py:192}}
Jul 06 11:48:26.382900 n-d-799529-2 neutron-server[100429]: DEBUG neutron.plugins.ml2.db [None req-609933ae-d798-4204-95c2-cb296f9948a4 None None] For port 8a719b24-20b4-4b91-9104-4664c0350d17, host n-h2-799529-2, got binding levels [PortBindingLevel(driver='hyperv',host='n-h2-799529-2',level=0,port_id=8a719b24-20b4-4b91-9104-4664c0350d17,segment=NetworkSegment(1f839ca8-7d22-4c40-8b1e-789830b45b88),segment_id=1f839ca8-7d22-4c40-8b1e-789830b45b88)] {{(pid=100429) get_binding_level_objs /opt/stack/neutron/neutron/plugins/ml2/db.py:74}}
Jul 06 11:48:26.386935 n-d-799529-2 neutron-server[100427]: DEBUG neutron.plugins.ml2.db [req-f2e7fb2a-610d-45d1-ab7b-39f94f631c42 req-6b74d2c7-0431-4d33-bb2e-67fc928eeb18 service neutron] For port f51dc0c0-545d-4658-98f1-47f8ca7ab970, host n-h2-799529-2, cleared binding levels {{(pid=100427) clear_binding_levels /opt/stack/neutron/neutron/plugins/ml2/db.py:87}}
Jul 06 11:48:26.387476 n-d-799529-2 neutron-server[100429]: DEBUG neutron_lib.callbacks.manager [None req-609933ae-d798-4204-95c2-cb296f9948a4 None None] Notify callbacks ['neutron.plugins.ml2.plugin.SecurityGroupServerNotifierRpcMixin.notify_sg_on_port_change-1656881', 'neutron.plugins.ml2.ovo_rpc._ObjectChangeHandler.handle_event-66610', 'neutron.api.rpc.agentnotifiers.dhcp_rpc_agent_api.DhcpAgentNotifyAPI._native_event_send_dhcp_notification-531629', 'neutron.db.l3_db.L3RpcNotifierMixin._notify_gateway_port_ip_changed-8789330220072', 'neutron.db.l3_dvrscheduler_db._notify_l3_agent_port_update-8789329911287', 'neutron.db.l3_hascheduler_db._notify_l3_agent_ha_port_update-8789329908264'] for port, after_update {{(pid=100429) _notify_loop /usr/local/lib/python3.8/dist-packages/neutron_lib/callbacks/manager.py:192}}
Jul 06 11:48:26.421797 n-d-799529-2 neutron-server[100427]: DEBUG neutron.plugins.ml2.db [req-f2e7fb2a-610d-45d1-ab7b-39f94f631c42 req-6b74d2c7-0431-4d33-bb2e-67fc928eeb18 service neutron] For port f51dc0c0-545d-4658-98f1-47f8ca7ab970, host n-h2-799529-2, set binding levels [PortBindingLevel(driver='hyperv',host='n-h2-799529-2',level=0,port_id=f51dc0c0-545d-4658-98f1-47f8ca7ab970,segment=NetworkSegment(1f839ca8-7d22-4c40-8b1e-789830b45b88),segment_id=1f839ca8-7d22-4c40-8b1e-789830b45b88)] {{(pid=100427) set_binding_levels /opt/stack/neutron/neutron/plugins/ml2/db.py:59}}
Jul 06 11:48:26.439627 n-d-799529-2 neutron-server[100429]: DEBUG neutron.api.rpc.handlers.resources_rpc [None req-609933ae-d798-4204-95c2-cb296f9948a4 None None] Pushing event updated for resources: {'Port': ['ID=8a719b24-20b4-4b91-9104-4664c0350d17,revision_number=4']} {{(pid=100429) push /opt/stack/neutron/neutron/api/rpc/handlers/resources_rpc.py:237}}
Jul 06 11:48:26.454916 n-d-799529-2 neutron-server[100427]: DEBUG neutron_lib.callbacks.manager [req-f2e7fb2a-610d-45d1-ab7b-39f94f631c42 req-6b74d2c7-0431-4d33-bb2e-67fc928eeb18 service neutron] Notify callbacks ['neutron.plugins.ml2.plugin.SecurityGroupServerNotifierRpcMixin.notify_sg_on_port_change-1656881', 'neutron.plugins.ml2.ovo_rpc._ObjectChangeHandler.handle_event-66610', 'neutron.api.rpc.agentnotifiers.dhcp_rpc_agent_api.DhcpAgentNotifyAPI._native_event_send_dhcp_notification-531629', 'neutron.db.l3_db.L3RpcNotifierMixin._notify_gateway_port_ip_changed-8789330220072', 'neutron.db.l3_dvrscheduler_db._notify_l3_agent_port_update-8789329911287', 'neutron.db.l3_hascheduler_db._notify_l3_agent_ha_port_update-8789329908264'] for port, after_update {{(pid=100427) _notify_loop /usr/local/lib/python3.8/dist-packages/neutron_lib/callbacks/manager.py:192}}
Jul 06 11:48:26.529107 n-d-799529-2 neutron-server[100427]: DEBUG neutron.notifiers.nova [req-32a17b4e-013f-4c5c-a983-44b770bd5c53 req-1a739cc7-dc44-45ca-af9c-459f2b45a61c service neutron] Ignoring state change previous_port_status: DOWN current_port_status: DOWN port_id ffdd06e4-4504-475a-a87c-2139ecabd29f {{(pid=100427) record_port_status_changed /opt/stack/neutron/neutron/notifiers/nova.py:224}}
Jul 06 11:48:26.545860 n-d-799529-2 neutron-server[100427]: DEBUG neutron.pecan_wsgi.hooks.policy_enforcement [req-f2e7fb2a-610d-45d1-ab7b-39f94f631c42 req-6b74d2c7-0431-4d33-bb2e-67fc928eeb18 service neutron] Attributes excluded by policy engine: ['standard_attr_id'] {{(pid=100427) _exclude_attributes_by_policy /opt/stack/neutron/neutron/pecan_wsgi/hooks/policy_enforcement.py:255}}
Jul 06 11:48:26.546484 n-d-799529-2 neutron-server[100427]: DEBUG neutron_lib.callbacks.manager [req-f2e7fb2a-610d-45d1-ab7b-39f94f631c42 req-6b74d2c7-0431-4d33-bb2e-67fc928eeb18 service neutron] Notify callbacks ['neutron.notifiers.nova.Notifier._send_nova_notification-212681', 'neutron.api.rpc.agentnotifiers.dhcp_rpc_agent_api.DhcpAgentNotifyAPI._send_dhcp_notification-531643'] for port, before_response {{(pid=100427) _notify_loop /usr/local/lib/python3.8/dist-packages/neutron_lib/callbacks/manager.py:192}}
Jul 06 11:48:26.547895 n-d-799529-2 neutron-server[100427]: INFO neutron.wsgi [req-f2e7fb2a-610d-45d1-ab7b-39f94f631c42 req-6b74d2c7-0431-4d33-bb2e-67fc928eeb18 service neutron] 10.222.0.89 "PUT /v2.0/ports/f51dc0c0-545d-4658-98f1-47f8ca7ab970 HTTP/1.1" status: 200 len: 1118 time: 1.7305655
Jul 06 11:48:26.549373 n-d-799529-2 neutron-server[100427]: DEBUG neutron.notifiers.nova [-] Sending events: [{'name': 'network-changed', 'server_uuid': 'c4a00bdb-1f2d-4e07-a058-6ee9b1f477dc', 'tag': 'f51dc0c0-545d-4658-98f1-47f8ca7ab970'}] {{(pid=100427) send_events /opt/stack/neutron/neutron/notifiers/nova.py:262}}
Jul 06 11:48:26.551621 n-d-799529-2 neutron-server[100427]: DEBUG novaclient.v2.client [-] REQ: curl -g -i --cacert "/opt/stack/data/ca-bundle.pem" -X POST http://10.222.0.81/compute/v2.1/os-server-external-events -H "Accept: application/json" -H "Content-Type: application/json" -H "User-Agent: python-novaclient" -H "X-Auth-Token: {SHA256}82b99136c3f55f640d4bd52fd803bfd4fffa86fead9f49f9815a77657e24f75f" -H "X-OpenStack-Nova-API-Version: 2.1" -H "X-OpenStack-Request-ID: req-d2de925a-7096-480d-a9de-abb11ad33ea0" -d '{"events": [{"name": "network-changed", "server_uuid": "c4a00bdb-1f2d-4e07-a058-6ee9b1f477dc", "tag": "f51dc0c0-545d-4658-98f1-47f8ca7ab970"}]}' {{(pid=100427) _http_log_request /usr/local/lib/python3.8/dist-packages/keystoneauth1/session.py:519}}
Jul 06 11:48:26.560501 n-d-799529-2 neutron-server[100427]: DEBUG neutron_lib.callbacks.manager [req-32a17b4e-013f-4c5c-a983-44b770bd5c53 req-1a739cc7-dc44-45ca-af9c-459f2b45a61c service neutron] Notify callbacks [] for port, precommit_update {{(pid=100427) _notify_loop /usr/local/lib/python3.8/dist-packages/neutron_lib/callbacks/manager.py:192}}
Jul 06 11:48:26.617555 n-d-799529-2 neutron-server[100427]: DEBUG neutron.api.rpc.handlers.resources_rpc [None req-6b74d2c7-0431-4d33-bb2e-67fc928eeb18 service neutron] Pushing event updated for resources: {'Port': ['ID=f51dc0c0-545d-4658-98f1-47f8ca7ab970,revision_number=3']} {{(pid=100427) push /opt/stack/neutron/neutron/api/rpc/handlers/resources_rpc.py:237}}
Jul 06 11:48:26.623962 n-d-799529-2 neutron-server[100427]: DEBUG neutron.db.provisioning_blocks [req-32a17b4e-013f-4c5c-a983-44b770bd5c53 req-1a739cc7-dc44-45ca-af9c-459f2b45a61c service neutron] Transition to ACTIVE for port object ffdd06e4-4504-475a-a87c-2139ecabd29f will not be triggered until provisioned by entity L2. {{(pid=100427) add_provisioning_component /opt/stack/neutron/neutron/db/provisioning_blocks.py:73}}
Jul 06 11:48:26.625353 n-d-799529-2 neutron-server[100427]: DEBUG novaclient.v2.client [-] RESP: [200] Connection: close Content-Length: 179 Content-Type: application/json Date: Tue, 06 Jul 2021 11:48:26 GMT OpenStack-API-Version: compute 2.1 Server: Apache/2.4.41 (Ubuntu) Vary: OpenStack-API-Version,X-OpenStack-Nova-API-Version X-OpenStack-Nova-API-Version: 2.1 x-compute-request-id: req-9dcca144-cec7-40c1-8208-a201b6b51d51 x-openstack-request-id: req-9dcca144-cec7-40c1-8208-a201b6b51d51 {{(pid=100427) _http_log_response /usr/local/lib/python3.8/dist-packages/keystoneauth1/session.py:550}}
Jul 06 11:48:26.625638 n-d-799529-2 neutron-server[100427]: DEBUG novaclient.v2.client [-] RESP BODY: {"events": [{"name": "network-changed", "server_uuid": "c4a00bdb-1f2d-4e07-a058-6ee9b1f477dc", "tag": "f51dc0c0-545d-4658-98f1-47f8ca7ab970", "status": "completed", "code": 200}]} {{(pid=100427) _http_log_response /usr/local/lib/python3.8/dist-packages/keystoneauth1/session.py:582}}
Jul 06 11:48:26.625882 n-d-799529-2 neutron-server[100427]: DEBUG novaclient.v2.client [-] POST call to compute for http://10.222.0.81/compute/v2.1/os-server-external-events used request id req-9dcca144-cec7-40c1-8208-a201b6b51d51 {{(pid=100427) request /usr/local/lib/python3.8/dist-packages/keystoneauth1/session.py:954}}
Jul 06 11:48:26.626266 n-d-799529-2 neutron-server[100427]: INFO neutron.notifiers.nova [-] Nova event response: {'name': 'network-changed', 'server_uuid': 'c4a00bdb-1f2d-4e07-a058-6ee9b1f477dc', 'tag': 'f51dc0c0-545d-4658-98f1-47f8ca7ab970', 'status': 'completed', 'code': 200}
Jul 06 11:48:26.655047 n-d-799529-2 neutron-server[100427]: DEBUG neutron.pecan_wsgi.hooks.policy_enforcement [req-2c21d20a-90e8-4b3f-bd02-d9916a664f9c req-ca4e6d8d-9a41-4128-a547-2c9c9836da52 tempest-AggregatesAdminTestJSON-1786834511 tempest-AggregatesAdminTestJSON-1786834511-project] Attributes excluded by policy engine: ['standard_attr_id', 'binding:profile', 'binding:host_id', 'binding:vif_type', 'binding:vif_details'] {{(pid=100427) _exclude_attributes_by_policy /opt/stack/neutron/neutron/pecan_wsgi/hooks/policy_enforcement.py:255}}
Jul 06 11:48:26.656647 n-d-799529-2 neutron-server[100427]: INFO neutron.wsgi [req-2c21d20a-90e8-4b3f-bd02-d9916a664f9c req-ca4e6d8d-9a41-4128-a547-2c9c9836da52 tempest-AggregatesAdminTestJSON-1786834511 tempest-AggregatesAdminTestJSON-1786834511-project] 10.222.0.81 "GET /v2.0/ports?device_id=93a26bbb-5488-426e-b26e-6284768f01f0 HTTP/1.1" status: 200 len: 969 time: 0.3383288
Jul 06 11:48:26.662128 n-d-799529-2 neutron-server[100427]: DEBUG neutron_lib.callbacks.manager [req-32a17b4e-013f-4c5c-a983-44b770bd5c53 req-1a739cc7-dc44-45ca-af9c-459f2b45a61c service neutron] Notify callbacks ['neutron.plugins.ml2.plugin.SecurityGroupServerNotifierRpcMixin.notify_sg_on_port_change-1656881', 'neutron.plugins.ml2.ovo_rpc._ObjectChangeHandler.handle_event-66610', 'neutron.api.rpc.agentnotifiers.dhcp_rpc_agent_api.DhcpAgentNotifyAPI._native_event_send_dhcp_notification-531629', 'neutron.db.l3_db.L3RpcNotifierMixin._notify_gateway_port_ip_changed-8789330220072', 'neutron.db.l3_dvrscheduler_db._notify_l3_agent_port_update-8789329911287', 'neutron.db.l3_hascheduler_db._notify_l3_agent_ha_port_update-8789329908264'] for port, after_update {{(pid=100427) _notify_loop /usr/local/lib/python3.8/dist-packages/neutron_lib/callbacks/manager.py:192}}
Jul 06 11:48:26.728126 n-d-799529-2 neutron-server[100429]: DEBUG neutron.plugins.ml2.db [None req-609933ae-d798-4204-95c2-cb296f9948a4 None None] get_ports_and_sgs() called for port_ids ['8a719b24-20b4-4b91-9104-4664c0350d17'] {{(pid=100429) get_ports_and_sgs /opt/stack/neutron/neutron/plugins/ml2/db.py:156}}
Jul 06 11:48:26.832681 n-d-799529-2 neutron-server[100427]: INFO neutron.wsgi [req-2c21d20a-90e8-4b3f-bd02-d9916a664f9c req-b49650df-a595-4444-befa-706353353953 tempest-AggregatesAdminTestJSON-1786834511 tempest-AggregatesAdminTestJSON-1786834511-project] 10.222.0.81 "GET /v2.0/security-groups?id=8a5c3558-31cf-449c-b2dd-5a55552cfed6&fields=id&fields=name HTTP/1.1" status: 200 len: 286 time: 0.1682575
Jul 06 11:48:26.839632 n-d-799529-2 neutron-server[100427]: DEBUG neutron.api.rpc.handlers.resources_rpc [None req-1a739cc7-dc44-45ca-af9c-459f2b45a61c service neutron] Pushing event updated for resources: {'Port': ['ID=ffdd06e4-4504-475a-a87c-2139ecabd29f,revision_number=2']} {{(pid=100427) push /opt/stack/neutron/neutron/api/rpc/handlers/resources_rpc.py:237}}
Jul 06 11:48:26.847322 n-d-799529-2 neutron-server[100427]: DEBUG neutron_lib.callbacks.manager [None req-afe519d9-f630-40a2-82f2-7c5af29474f6 admin admin] Notify callbacks [] for security_group, precommit_create {{(pid=100427) _notify_loop /usr/local/lib/python3.8/dist-packages/neutron_lib/callbacks/manager.py:192}}
Jul 06 11:48:26.867348 n-d-799529-2 neutron-server[100427]: DEBUG neutron_lib.callbacks.manager [None req-afe519d9-f630-40a2-82f2-7c5af29474f6 admin admin] Notify callbacks ['neutron.plugins.ml2.ovo_rpc._ObjectChangeHandler.handle_payload_event-579434'] for security_group, after_create {{(pid=100427) _notify_loop /usr/local/lib/python3.8/dist-packages/neutron_lib/callbacks/manager.py:192}}
Jul 06 11:48:26.875995 n-d-799529-2 neutron-server[100427]: DEBUG neutron.plugins.ml2.managers [req-32a17b4e-013f-4c5c-a983-44b770bd5c53 req-1a739cc7-dc44-45ca-af9c-459f2b45a61c service neutron] Attempting to bind port ffdd06e4-4504-475a-a87c-2139ecabd29f on host n-h2-799529-2 for vnic_type normal with profile {{(pid=100427) bind_port /opt/stack/neutron/neutron/plugins/ml2/managers.py:790}}
Jul 06 11:48:26.876379 n-d-799529-2 neutron-server[100427]: DEBUG neutron.plugins.ml2.managers [req-32a17b4e-013f-4c5c-a983-44b770bd5c53 req-1a739cc7-dc44-45ca-af9c-459f2b45a61c service neutron] Attempting to bind port ffdd06e4-4504-475a-a87c-2139ecabd29f by drivers openvswitch,hyperv on host n-h2-799529-2 at level 0 using segments [{'id': 'ad06e564-070a-4c82-800f-fecdb2508756', 'network_type': 'vlan', 'physical_network': 'physnet1', 'segmentation_id': 618, 'network_id': '76dc66c5-cac1-411d-8b13-f5071a1927d8'}] {{(pid=100427) _bind_port_level /opt/stack/neutron/neutron/plugins/ml2/managers.py:815}}
Jul 06 11:48:26.876720 n-d-799529-2 neutron-server[100427]: DEBUG neutron.plugins.ml2.drivers.mech_agent [req-32a17b4e-013f-4c5c-a983-44b770bd5c53 req-1a739cc7-dc44-45ca-af9c-459f2b45a61c service neutron] Attempting to bind port ffdd06e4-4504-475a-a87c-2139ecabd29f on network 76dc66c5-cac1-411d-8b13-f5071a1927d8 {{(pid=100427) bind_port /opt/stack/neutron/neutron/plugins/ml2/drivers/mech_agent.py:86}}
Jul 06 11:48:26.881394 n-d-799529-2 neutron-server[100427]: DEBUG neutron.pecan_wsgi.hooks.policy_enforcement [req-f2e7fb2a-610d-45d1-ab7b-39f94f631c42 req-01344dde-1823-438f-a9b9-8bc0cc2a9129 service neutron] Attributes excluded by policy engine: ['standard_attr_id'] {{(pid=100427) _exclude_attributes_by_policy /opt/stack/neutron/neutron/pecan_wsgi/hooks/policy_enforcement.py:255}}
Jul 06 11:48:26.884183 n-d-799529-2 neutron-server[100427]: INFO neutron.wsgi [req-f2e7fb2a-610d-45d1-ab7b-39f94f631c42 req-01344dde-1823-438f-a9b9-8bc0cc2a9129 service neutron] 10.222.0.89 "GET /v2.0/ports?tenant_id=ea41c4c395454498b836751812b291f0&device_id=c4a00bdb-1f2d-4e07-a058-6ee9b1f477dc HTTP/1.1" status: 200 len: 1121 time: 0.2831194
Jul 06 11:48:26.924814 n-d-799529-2 neutron-server[100427]: DEBUG neutron.plugins.ml2.drivers.mech_agent [req-32a17b4e-013f-4c5c-a983-44b770bd5c53 req-1a739cc7-dc44-45ca-af9c-459f2b45a61c service neutron] Port ffdd06e4-4504-475a-a87c-2139ecabd29f on network 76dc66c5-cac1-411d-8b13-f5071a1927d8 not bound, no agent of type Open vSwitch agent registered on host n-h2-799529-2 {{(pid=100427) bind_port /opt/stack/neutron/neutron/plugins/ml2/drivers/mech_agent.py:98}}
Jul 06 11:48:26.925012 n-d-799529-2 neutron-server[100427]: DEBUG neutron.plugins.ml2.drivers.mech_agent [req-32a17b4e-013f-4c5c-a983-44b770bd5c53 req-1a739cc7-dc44-45ca-af9c-459f2b45a61c service neutron] Attempting to bind port ffdd06e4-4504-475a-a87c-2139ecabd29f on network 76dc66c5-cac1-411d-8b13-f5071a1927d8 {{(pid=100427) bind_port /opt/stack/neutron/neutron/plugins/ml2/drivers/mech_agent.py:86}}
Jul 06 11:48:26.966672 n-d-799529-2 neutron-server[100427]: DEBUG neutron.plugins.ml2.drivers.helpers [None req-afe519d9-f630-40a2-82f2-7c5af29474f6 admin admin] vlan segment allocate from pool success with {'vlan_id': 646, 'physical_network': 'physnet1'} {{(pid=100427) allocate_partially_specified_segment /opt/stack/neutron/neutron/plugins/ml2/drivers/helpers.py:153}}
Jul 06 11:48:26.979948 n-d-799529-2 neutron-server[100427]: INFO neutron.wsgi [req-f2e7fb2a-610d-45d1-ab7b-39f94f631c42 req-76534449-1689-469c-89b5-d103646c594b service neutron] 10.222.0.89 "GET /v2.0/floatingips?fixed_ip_address=192.168.233.228&port_id=f51dc0c0-545d-4658-98f1-47f8ca7ab970 HTTP/1.1" status: 200 len: 217 time: 0.0776536
Jul 06 11:48:26.981935 n-d-799529-2 neutron-server[100427]: DEBUG neutron.plugins.ml2.drivers.mech_agent [req-32a17b4e-013f-4c5c-a983-44b770bd5c53 req-1a739cc7-dc44-45ca-af9c-459f2b45a61c service neutron] Checking agent: {'id': '6b0d8bbe-e489-4190-a745-35b8e3e95abf', 'agent_type': 'HyperV agent', 'binary': 'neutron-hyperv-agent', 'topic': 'N/A', 'host': 'n-h2-799529-2', 'admin_state_up': True, 'created_at': datetime.datetime(2021, 7, 6, 11, 45, 35), 'started_at': datetime.datetime(2021, 7, 6, 11, 45, 35), 'heartbeat_timestamp': datetime.datetime(2021, 7, 6, 11, 48, 5), 'description': None, 'resources_synced': None, 'availability_zone': None, 'alive': True, 'configurations': {'vswitch_mappings': {'physnet1$': 'br-data'}}, 'resource_versions': {}} {{(pid=100427) bind_port /opt/stack/neutron/neutron/plugins/ml2/drivers/mech_agent.py:105}}
Jul 06 11:48:26.982326 n-d-799529-2 neutron-server[100427]: DEBUG neutron.plugins.ml2.drivers.mech_agent [req-32a17b4e-013f-4c5c-a983-44b770bd5c53 req-1a739cc7-dc44-45ca-af9c-459f2b45a61c service neutron] Checking segment: {'id': 'ad06e564-070a-4c82-800f-fecdb2508756', 'network_type': 'vlan', 'physical_network': 'physnet1', 'segmentation_id': 618, 'network_id': '76dc66c5-cac1-411d-8b13-f5071a1927d8'} for mappings: {'physnet1$': 'br-data'} with network types: ['local', 'flat', 'vlan'] {{(pid=100427) check_segment_for_agent /opt/stack/neutron/neutron/plugins/ml2/drivers/mech_agent.py:341}}
Jul 06 11:48:26.982677 n-d-799529-2 neutron-server[100427]: DEBUG neutron.plugins.ml2.drivers.mech_agent [req-32a17b4e-013f-4c5c-a983-44b770bd5c53 req-1a739cc7-dc44-45ca-af9c-459f2b45a61c service neutron] Bound using segment: {'id': 'ad06e564-070a-4c82-800f-fecdb2508756', 'network_type': 'vlan', 'physical_network': 'physnet1', 'segmentation_id': 618, 'network_id': '76dc66c5-cac1-411d-8b13-f5071a1927d8'} {{(pid=100427) bind_port /opt/stack/neutron/neutron/plugins/ml2/drivers/mech_agent.py:115}}
Jul 06 11:48:26.983125 n-d-799529-2 neutron-server[100427]: DEBUG neutron.plugins.ml2.managers [req-32a17b4e-013f-4c5c-a983-44b770bd5c53 req-1a739cc7-dc44-45ca-af9c-459f2b45a61c service neutron] Bound port: ffdd06e4-4504-475a-a87c-2139ecabd29f, host: n-h2-799529-2, vif_type: hyperv, vif_details: {"connectivity": "legacy", "port_filter": false}, binding_levels: [{'bound_driver': 'hyperv', 'bound_segment': {'id': 'ad06e564-070a-4c82-800f-fecdb2508756', 'network_type': 'vlan', 'physical_network': 'physnet1', 'segmentation_id': 618, 'network_id': '76dc66c5-cac1-411d-8b13-f5071a1927d8'}}] {{(pid=100427) _bind_port_level /opt/stack/neutron/neutron/plugins/ml2/managers.py:928}}
Jul 06 11:48:26.984086 n-d-799529-2 neutron-server[100427]: DEBUG neutron_lib.callbacks.manager [req-32a17b4e-013f-4c5c-a983-44b770bd5c53 req-1a739cc7-dc44-45ca-af9c-459f2b45a61c service neutron] Notify callbacks ['neutron.plugins.ml2.plugin.SecurityGroupDbMixin._ensure_default_security_group_handler-1658877'] for port, before_update {{(pid=100427) _notify_loop /usr/local/lib/python3.8/dist-packages/neutron_lib/callbacks/manager.py:192}}
Jul 06 11:48:27.034097 n-d-799529-2 neutron-server[100427]: DEBUG neutron.api.rpc.handlers.resources_rpc [None req-afe519d9-f630-40a2-82f2-7c5af29474f6 admin admin] Pushing event updated for resources: {'SecurityGroup': ['ID=c4ad36cd-8778-4cc7-90f7-414073e43297,revision_number=1']} {{(pid=100427) push /opt/stack/neutron/neutron/api/rpc/handlers/resources_rpc.py:237}}
Jul 06 11:48:27.042803 n-d-799529-2 neutron-server[100427]: DEBUG neutron_lib.callbacks.manager [None req-afe519d9-f630-40a2-82f2-7c5af29474f6 admin admin] Notify callbacks ['neutron.plugins.ml2.plugin.Ml2Plugin._handle_segment_change-1740319'] for segment, precommit_create {{(pid=100427) _notify_loop /usr/local/lib/python3.8/dist-packages/neutron_lib/callbacks/manager.py:192}}
Jul 06 11:48:27.043150 n-d-799529-2 neutron-server[100427]: INFO neutron.db.segments_db [None req-afe519d9-f630-40a2-82f2-7c5af29474f6 admin admin] Added segment 64e73f5a-59d1-4a7a-8116-b346ca2e60ca of type vlan for network f2e9b7d6-944b-4592-9597-94c9d66799e4
Jul 06 11:48:27.163077 n-d-799529-2 neutron-server[100427]: DEBUG neutron_lib.callbacks.manager [None req-afe519d9-f630-40a2-82f2-7c5af29474f6 admin admin] Notify callbacks ['neutron.services.auto_allocate.db._ensure_external_network_default_value_callback-8789329926759'] for network, precommit_create {{(pid=100427) _notify_loop /usr/local/lib/python3.8/dist-packages/neutron_lib/callbacks/manager.py:192}}
Jul 06 11:48:27.170324 n-d-799529-2 neutron-server[100427]: DEBUG neutron.pecan_wsgi.hooks.policy_enforcement [req-f2e7fb2a-610d-45d1-ab7b-39f94f631c42 req-c365c967-19de-4645-948b-18ad48ed9203 service neutron] Attributes excluded by policy engine: ['standard_attr_id', 'shared'] {{(pid=100427) _exclude_attributes_by_policy /opt/stack/neutron/neutron/pecan_wsgi/hooks/policy_enforcement.py:255}}
Jul 06 11:48:27.171808 n-d-799529-2 neutron-server[100427]: INFO neutron.wsgi [req-f2e7fb2a-610d-45d1-ab7b-39f94f631c42 req-c365c967-19de-4645-948b-18ad48ed9203 service neutron] 10.222.0.89 "GET /v2.0/subnets?id=52cf856f-5c4f-4179-badd-a4b751178533 HTTP/1.1" status: 200 len: 843 time: 0.1811409
Jul 06 11:48:27.232794 n-d-799529-2 neutron-server[100427]: DEBUG neutron.plugins.ml2.db [req-32a17b4e-013f-4c5c-a983-44b770bd5c53 req-1a739cc7-dc44-45ca-af9c-459f2b45a61c service neutron] For port ffdd06e4-4504-475a-a87c-2139ecabd29f, host n-h2-799529-2, cleared binding levels {{(pid=100427) clear_binding_levels /opt/stack/neutron/neutron/plugins/ml2/db.py:87}}
Jul 06 11:48:27.283545 n-d-799529-2 neutron-server[100427]: DEBUG neutron.plugins.ml2.db [req-32a17b4e-013f-4c5c-a983-44b770bd5c53 req-1a739cc7-dc44-45ca-af9c-459f2b45a61c service neutron] For port ffdd06e4-4504-475a-a87c-2139ecabd29f, host n-h2-799529-2, set binding levels [PortBindingLevel(driver='hyperv',host='n-h2-799529-2',level=0,port_id=ffdd06e4-4504-475a-a87c-2139ecabd29f,segment=NetworkSegment(ad06e564-070a-4c82-800f-fecdb2508756),segment_id=ad06e564-070a-4c82-800f-fecdb2508756)] {{(pid=100427) set_binding_levels /opt/stack/neutron/neutron/plugins/ml2/db.py:59}}
Jul 06 11:48:27.303424 n-d-799529-2 neutron-server[100427]: DEBUG neutron_lib.callbacks.manager [None req-afe519d9-f630-40a2-82f2-7c5af29474f6 admin admin] Notify callbacks ['neutron.plugins.ml2.ovo_rpc._ObjectChangeHandler.handle_payload_event-579390', 'neutron.api.rpc.agentnotifiers.dhcp_rpc_agent_api.DhcpAgentNotifyAPI._native_event_send_dhcp_notification_payload-531668'] for network, after_create {{(pid=100427) _notify_loop /usr/local/lib/python3.8/dist-packages/neutron_lib/callbacks/manager.py:192}}
Jul 06 11:48:27.304387 n-d-799529-2 neutron-server[100427]: DEBUG neutron.pecan_wsgi.hooks.policy_enforcement [None req-afe519d9-f630-40a2-82f2-7c5af29474f6 admin admin] Attributes excluded by policy engine: ['standard_attr_id', 'vlan_transparent'] {{(pid=100427) _exclude_attributes_by_policy /opt/stack/neutron/neutron/pecan_wsgi/hooks/policy_enforcement.py:255}}
Jul 06 11:48:27.304970 n-d-799529-2 neutron-server[100427]: DEBUG neutron_lib.callbacks.manager [None req-afe519d9-f630-40a2-82f2-7c5af29474f6 admin admin] Notify callbacks ['neutron.api.rpc.agentnotifiers.dhcp_rpc_agent_api.DhcpAgentNotifyAPI._send_dhcp_notification-531643'] for network, before_response {{(pid=100427) _notify_loop /usr/local/lib/python3.8/dist-packages/neutron_lib/callbacks/manager.py:192}}
Jul 06 11:48:27.306159 n-d-799529-2 neutron-server[100428]: DEBUG neutron.wsgi [-] (100428) accepted ('10.222.0.81', 50298) {{(pid=100428) server /usr/local/lib/python3.8/dist-packages/eventlet/wsgi.py:982}}
Jul 06 11:48:27.307460 n-d-799529-2 neutron-server[100427]: DEBUG neutron_lib.callbacks.manager [req-32a17b4e-013f-4c5c-a983-44b770bd5c53 req-1a739cc7-dc44-45ca-af9c-459f2b45a61c service neutron] Notify callbacks ['neutron.plugins.ml2.plugin.SecurityGroupServerNotifierRpcMixin.notify_sg_on_port_change-1656881', 'neutron.plugins.ml2.ovo_rpc._ObjectChangeHandler.handle_event-66610', 'neutron.api.rpc.agentnotifiers.dhcp_rpc_agent_api.DhcpAgentNotifyAPI._native_event_send_dhcp_notification-531629', 'neutron.db.l3_db.L3RpcNotifierMixin._notify_gateway_port_ip_changed-8789330220072', 'neutron.db.l3_dvrscheduler_db._notify_l3_agent_port_update-8789329911287', 'neutron.db.l3_hascheduler_db._notify_l3_agent_ha_port_update-8789329908264'] for port, after_update {{(pid=100427) _notify_loop /usr/local/lib/python3.8/dist-packages/neutron_lib/callbacks/manager.py:192}}
Jul 06 11:48:27.322771 n-d-799529-2 neutron-server[100427]: DEBUG neutron.pecan_wsgi.hooks.policy_enforcement [req-dfddfe17-eb09-4f3c-b175-b56c54844608 req-ef34da71-de4a-4123-9831-4dbc89ad6f40 tempest-MigrationsAdminTest-316499556 tempest-MigrationsAdminTest-316499556-project] Attributes excluded by policy engine: ['standard_attr_id', 'binding:profile', 'binding:host_id', 'binding:vif_type', 'binding:vif_details'] {{(pid=100427) _exclude_attributes_by_policy /opt/stack/neutron/neutron/pecan_wsgi/hooks/policy_enforcement.py:255}}
Jul 06 11:48:27.324296 n-d-799529-2 neutron-server[100427]: INFO neutron.wsgi [req-dfddfe17-eb09-4f3c-b175-b56c54844608 req-ef34da71-de4a-4123-9831-4dbc89ad6f40 tempest-MigrationsAdminTest-316499556 tempest-MigrationsAdminTest-316499556-project] 10.222.0.81 "GET /v2.0/ports?device_id=c4a00bdb-1f2d-4e07-a058-6ee9b1f477dc HTTP/1.1" status: 200 len: 970 time: 0.2843161
Jul 06 11:48:27.370923 n-d-799529-2 neutron-server[100428]: DEBUG neutron.pecan_wsgi.hooks.policy_enforcement [req-c1150cb5-1d18-4375-bc2e-bcb9e0367e71 req-dde709aa-8793-4596-bc42-1a125dbbe50d tempest-DeleteServersAdminTestJSON-41466591 tempest-DeleteServersAdminTestJSON-41466591-project] Attributes excluded by policy engine: ['standard_attr_id', 'binding:profile', 'binding:host_id', 'binding:vif_type', 'binding:vif_details'] {{(pid=100428) _exclude_attributes_by_policy /opt/stack/neutron/neutron/pecan_wsgi/hooks/policy_enforcement.py:255}}
Jul 06 11:48:27.373737 n-d-799529-2 neutron-server[100428]: INFO neutron.wsgi [req-c1150cb5-1d18-4375-bc2e-bcb9e0367e71 req-dde709aa-8793-4596-bc42-1a125dbbe50d tempest-DeleteServersAdminTestJSON-41466591 tempest-DeleteServersAdminTestJSON-41466591-project] 10.222.0.81 "GET /v2.0/ports?device_id=8c06f213-98df-4cba-bcc9-fbf9e091f716 HTTP/1.1" status: 200 len: 947 time: 0.0869184
Jul 06 11:48:27.406862 n-d-799529-2 neutron-server[100427]: DEBUG neutron.pecan_wsgi.hooks.policy_enforcement [req-32a17b4e-013f-4c5c-a983-44b770bd5c53 req-1a739cc7-dc44-45ca-af9c-459f2b45a61c service neutron] Attributes excluded by policy engine: ['standard_attr_id'] {{(pid=100427) _exclude_attributes_by_policy /opt/stack/neutron/neutron/pecan_wsgi/hooks/policy_enforcement.py:255}}
