Aug 09 16:23:27.294009 n-d-799528-6 devstack@placement-api.service[94743]: [pid: 94743|app: 0|req: 318/646] 10.222.0.45 () {60 vars in 1378 bytes} [Mon Aug 9 16:23:27 2021] GET /placement/allocations/8de4beee-4cc3-42be-80af-31e2dd440196 => generated 259 bytes in 45 msecs (HTTP/1.1 200) 8 headers in 296 bytes (1 switches on core 0)
Aug 09 16:23:27.320287 n-d-799528-6 devstack@placement-api.service[94744]: INFO placement.requestlog [req-53b43c17-e73c-487a-9340-0090aa882a96 req-824bfe9d-8b92-4118-9915-9b973d4049ca service placement] 10.222.0.22 "GET /placement/allocations/bd790741-2731-4056-979b-3cc0d83bb7b4" status: 200 len: 260 microversion: 1.28
Aug 09 16:23:27.322359 n-d-799528-6 devstack@placement-api.service[94744]: [pid: 94744|app: 0|req: 329/647] 10.222.0.22 () {60 vars in 1378 bytes} [Mon Aug 9 16:23:27 2021] GET /placement/allocations/bd790741-2731-4056-979b-3cc0d83bb7b4 => generated 260 bytes in 63 msecs (HTTP/1.1 200) 8 headers in 296 bytes (1 switches on core 0)
Aug 09 16:23:27.338630 n-d-799528-6 devstack@placement-api.service[94743]: DEBUG placement.requestlog [req-53b43c17-e73c-487a-9340-0090aa882a96 req-fb209162-13dd-4b5f-8f4e-506088bad79f None None] Starting request: 10.222.0.22 "PUT /placement/allocations/bd790741-2731-4056-979b-3cc0d83bb7b4" {{(pid=94743) __call__ /opt/stack/placement/placement/requestlog.py:55}}
Aug 09 16:23:27.436602 n-d-799528-6 devstack@placement-api.service[94743]: DEBUG placement.handlers.allocation [req-53b43c17-e73c-487a-9340-0090aa882a96 req-fb209162-13dd-4b5f-8f4e-506088bad79f service placement] Successfully wrote allocations [, , ] {{(pid=94743) _create_allocations /opt/stack/placement/placement/handlers/allocation.py:435}}
Aug 09 16:23:27.437388 n-d-799528-6 devstack@placement-api.service[94743]: INFO placement.requestlog [req-53b43c17-e73c-487a-9340-0090aa882a96 req-fb209162-13dd-4b5f-8f4e-506088bad79f service placement] 10.222.0.22 "PUT /placement/allocations/bd790741-2731-4056-979b-3cc0d83bb7b4" status: 204 len: 0 microversion: 1.28
Aug 09 16:23:27.438099 n-d-799528-6 devstack@placement-api.service[94743]: [pid: 94743|app: 0|req: 319/648] 10.222.0.22 () {64 vars in 1431 bytes} [Mon Aug 9 16:23:27 2021] PUT /placement/allocations/bd790741-2731-4056-979b-3cc0d83bb7b4 => generated 0 bytes in 100 msecs (HTTP/1.1 204) 5 headers in 199 bytes (2 switches on core 0)
Aug 09 16:23:28.903824 n-d-799528-6 devstack@placement-api.service[94744]: DEBUG placement.requestlog [req-677f220c-34ae-419c-b88f-025ec70417e8 req-6e56232d-3bc6-4fbb-82f7-ef9bd307a2dc None None] Starting request: 10.222.0.72 "GET /placement/allocation_candidates?limit=1000&resources=DISK_GB%3A1%2CMEMORY_MB%3A1024%2CVCPU%3A1&root_required=%21COMPUTE_STATUS_DISABLED" {{(pid=94744) __call__ /opt/stack/placement/placement/requestlog.py:55}}
Aug 09 16:23:28.969580 n-d-799528-6 devstack@placement-api.service[94744]: DEBUG placement.objects.research_context [req-677f220c-34ae-419c-b88f-025ec70417e8 req-6e56232d-3bc6-4fbb-82f7-ef9bd307a2dc service placement] getting providers with 1 DISK_GB {{(pid=94744) __init__ /opt/stack/placement/placement/objects/research_context.py:126}}
Aug 09 16:23:28.991700 n-d-799528-6 devstack@placement-api.service[94744]: DEBUG placement.objects.research_context [req-677f220c-34ae-419c-b88f-025ec70417e8 req-6e56232d-3bc6-4fbb-82f7-ef9bd307a2dc service placement] getting providers with 1024 MEMORY_MB {{(pid=94744) __init__ /opt/stack/placement/placement/objects/research_context.py:126}}
Aug 09 16:23:29.004629 n-d-799528-6 devstack@placement-api.service[94744]: DEBUG placement.objects.research_context [req-677f220c-34ae-419c-b88f-025ec70417e8 req-6e56232d-3bc6-4fbb-82f7-ef9bd307a2dc service placement] getting providers with 1 VCPU {{(pid=94744) __init__ /opt/stack/placement/placement/objects/research_context.py:126}}
Aug 09 16:23:29.015305 n-d-799528-6 devstack@placement-api.service[94744]: DEBUG placement.objects.research_context [req-677f220c-34ae-419c-b88f-025ec70417e8 req-6e56232d-3bc6-4fbb-82f7-ef9bd307a2dc service placement] found 2 providers with available 1 DISK_GB {{(pid=94744) get_provider_ids_matching /opt/stack/placement/placement/objects/research_context.py:549}}
Aug 09 16:23:29.015596 n-d-799528-6 devstack@placement-api.service[94744]: DEBUG placement.objects.research_context [req-677f220c-34ae-419c-b88f-025ec70417e8 req-6e56232d-3bc6-4fbb-82f7-ef9bd307a2dc service placement] found 2 providers with available 1024 MEMORY_MB {{(pid=94744) get_provider_ids_matching /opt/stack/placement/placement/objects/research_context.py:549}}
Aug 09 16:23:29.015818 n-d-799528-6 devstack@placement-api.service[94744]: DEBUG placement.objects.research_context [req-677f220c-34ae-419c-b88f-025ec70417e8 req-6e56232d-3bc6-4fbb-82f7-ef9bd307a2dc service placement] found 2 providers after filtering by previous result {{(pid=94744) get_provider_ids_matching /opt/stack/placement/placement/objects/research_context.py:580}}
Aug 09 16:23:29.019715 n-d-799528-6 devstack@placement-api.service[94744]: DEBUG placement.objects.research_context [req-677f220c-34ae-419c-b88f-025ec70417e8 req-6e56232d-3bc6-4fbb-82f7-ef9bd307a2dc service placement] found 2 providers with available 1 VCPU {{(pid=94744) get_provider_ids_matching /opt/stack/placement/placement/objects/research_context.py:549}}
Aug 09 16:23:29.035119 n-d-799528-6 devstack@placement-api.service[94744]: DEBUG placement.objects.research_context [req-677f220c-34ae-419c-b88f-025ec70417e8 req-6e56232d-3bc6-4fbb-82f7-ef9bd307a2dc service placement] found 2 providers after filtering by previous result {{(pid=94744) get_provider_ids_matching /opt/stack/placement/placement/objects/research_context.py:580}}
Aug 09 16:23:29.062937 n-d-799528-6 devstack@placement-api.service[94744]: DEBUG placement.objects.allocation_candidate [req-677f220c-34ae-419c-b88f-025ec70417e8 req-6e56232d-3bc6-4fbb-82f7-ef9bd307a2dc service placement] RequestGroup(use_same_provider=False, resources={DISK_GB:1, MEMORY_MB:1024, VCPU:1}, traits=[], aggregates=[]) (suffix '') returned 2 matches {{(pid=94744) _get_by_requests /opt/stack/placement/placement/objects/allocation_candidate.py:145}}
Aug 09 16:23:29.063613 n-d-799528-6 devstack@placement-api.service[94744]: DEBUG placement.objects.allocation_candidate [req-677f220c-34ae-419c-b88f-025ec70417e8 req-6e56232d-3bc6-4fbb-82f7-ef9bd307a2dc service placement] Merging candidates yields 2 allocation requests and 2 provider summaries {{(pid=94744) _merge_candidates /opt/stack/placement/placement/objects/allocation_candidate.py:783}}
Aug 09 16:23:29.066993 n-d-799528-6 devstack@placement-api.service[94744]: INFO placement.requestlog [req-677f220c-34ae-419c-b88f-025ec70417e8 req-6e56232d-3bc6-4fbb-82f7-ef9bd307a2dc service placement] 10.222.0.72 "GET /placement/allocation_candidates?limit=1000&resources=DISK_GB%3A1%2CMEMORY_MB%3A1024%2CVCPU%3A1&root_required=%21COMPUTE_STATUS_DISABLED" status: 200 len: 1309 microversion: 1.35
Aug 09 16:23:29.070925 n-d-799528-6 devstack@placement-api.service[94744]: [pid: 94744|app: 0|req: 330/649] 10.222.0.72 () {60 vars in 1507 bytes} [Mon Aug 9 16:23:28 2021] GET /placement/allocation_candidates?limit=1000&resources=DISK_GB%3A1%2CMEMORY_MB%3A1024%2CVCPU%3A1&root_required=%21COMPUTE_STATUS_DISABLED => generated 1309 bytes in 168 msecs (HTTP/1.1 200) 8 headers in 297 bytes (1 switches on core 0)
Aug 09 16:23:29.151638 n-d-799528-6 devstack@placement-api.service[94743]: DEBUG placement.requestlog [req-677f220c-34ae-419c-b88f-025ec70417e8 req-2df1018c-5137-4c14-b662-cfffb166ee74 None None] Starting request: 10.222.0.72 "GET /placement/allocations/a058dda9-2959-4c80-a037-0964503d3283" {{(pid=94743) __call__ /opt/stack/placement/placement/requestlog.py:55}}
Aug 09 16:23:29.170777 n-d-799528-6 devstack@placement-api.service[94743]: INFO placement.requestlog [req-677f220c-34ae-419c-b88f-025ec70417e8 req-2df1018c-5137-4c14-b662-cfffb166ee74 service placement] 10.222.0.72 "GET /placement/allocations/a058dda9-2959-4c80-a037-0964503d3283" status: 200 len: 19 microversion: 1.28
Aug 09 16:23:29.177515 n-d-799528-6 devstack@placement-api.service[94743]: [pid: 94743|app: 0|req: 320/650] 10.222.0.72 () {60 vars in 1381 bytes} [Mon Aug 9 16:23:29 2021] GET /placement/allocations/a058dda9-2959-4c80-a037-0964503d3283 => generated 19 bytes in 26 msecs (HTTP/1.1 200) 8 headers in 295 bytes (1 switches on core 0)
Aug 09 16:23:29.177751 n-d-799528-6 devstack@placement-api.service[94744]: DEBUG placement.requestlog [req-677f220c-34ae-419c-b88f-025ec70417e8 req-91e4050d-af6c-4870-9103-8370f83ec3f2 None None] Starting request: 10.222.0.72 "PUT /placement/allocations/a058dda9-2959-4c80-a037-0964503d3283" {{(pid=94744) __call__ /opt/stack/placement/placement/requestlog.py:55}}
Aug 09 16:23:29.291536 n-d-799528-6 devstack@placement-api.service[94744]: DEBUG placement.handlers.allocation [req-677f220c-34ae-419c-b88f-025ec70417e8 req-91e4050d-af6c-4870-9103-8370f83ec3f2 service placement] Successfully wrote allocations [, , ] {{(pid=94744) _create_allocations /opt/stack/placement/placement/handlers/allocation.py:435}}
Aug 09 16:23:29.292320 n-d-799528-6 devstack@placement-api.service[94744]: INFO placement.requestlog [req-677f220c-34ae-419c-b88f-025ec70417e8 req-91e4050d-af6c-4870-9103-8370f83ec3f2 service placement] 10.222.0.72 "PUT /placement/allocations/a058dda9-2959-4c80-a037-0964503d3283" status: 204 len: 0 microversion: 1.35
Aug 09 16:23:29.292794 n-d-799528-6 devstack@placement-api.service[94744]: [pid: 94744|app: 0|req: 331/651] 10.222.0.72 () {64 vars in 1434 bytes} [Mon Aug 9 16:23:29 2021] PUT /placement/allocations/a058dda9-2959-4c80-a037-0964503d3283 => generated 0 bytes in 116 msecs (HTTP/1.1 204) 5 headers in 199 bytes (2 switches on core 0)
Aug 09 16:23:29.828087 n-d-799528-6 devstack@placement-api.service[94743]: DEBUG placement.requestlog [req-677f220c-34ae-419c-b88f-025ec70417e8 req-8db669d6-786d-4bab-addd-615f09d38921 None None] Starting request: 10.222.0.45 "GET /placement/allocations/a058dda9-2959-4c80-a037-0964503d3283" {{(pid=94743) __call__ /opt/stack/placement/placement/requestlog.py:55}}
Aug 09 16:23:29.855223 n-d-799528-6 devstack@placement-api.service[94743]: INFO placement.requestlog [req-677f220c-34ae-419c-b88f-025ec70417e8 req-8db669d6-786d-4bab-addd-615f09d38921 service placement] 10.222.0.45 "GET /placement/allocations/a058dda9-2959-4c80-a037-0964503d3283" status: 200 len: 259 microversion: 1.28
Aug 09 16:23:29.856723 n-d-799528-6 devstack@placement-api.service[94743]: [pid: 94743|app: 0|req: 321/652] 10.222.0.45 () {60 vars in 1378 bytes} [Mon Aug 9 16:23:29 2021] GET /placement/allocations/a058dda9-2959-4c80-a037-0964503d3283 => generated 259 bytes in 28 msecs (HTTP/1.1 200) 8 headers in 296 bytes (2 switches on core 0)
Aug 09 16:23:50.492556 n-d-799528-6 devstack@placement-api.service[94744]: DEBUG placement.requestlog [req-f1a1ec95-a5c5-40d7-9b4c-43cb939980db req-a81f0bab-20b5-4c13-944d-8d23ee341223 None None] Starting request: 10.222.0.22 "GET /placement/resource_providers/4e2be3d4-764b-4f9f-aa9f-4f6007c2895f/allocations" {{(pid=94744) __call__ /opt/stack/placement/placement/requestlog.py:55}}
Aug 09 16:23:50.791188 n-d-799528-6 devstack@placement-api.service[94744]: INFO placement.requestlog [req-f1a1ec95-a5c5-40d7-9b4c-43cb939980db req-a81f0bab-20b5-4c13-944d-8d23ee341223 service placement] 10.222.0.22 "GET /placement/resource_providers/4e2be3d4-764b-4f9f-aa9f-4f6007c2895f/allocations" status: 200 len: 242 microversion: 1.0
Aug 09 16:23:50.794543 n-d-799528-6 devstack@placement-api.service[94744]: [pid: 94744|app: 0|req: 332/653] 10.222.0.22 () {58 vars in 1391 bytes} [Mon Aug 9 16:23:50 2021] GET /placement/resource_providers/4e2be3d4-764b-4f9f-aa9f-4f6007c2895f/allocations => generated 242 bytes in 302 msecs (HTTP/1.1 200) 6 headers in 224 bytes (1 switches on core 0)
Aug 09 16:23:50.862661 n-d-799528-6 devstack@placement-api.service[94743]: DEBUG placement.requestlog [req-f1a1ec95-a5c5-40d7-9b4c-43cb939980db req-c1f85663-8307-4247-97a2-47c6d7d5f4f6 None None] Starting request: 10.222.0.22 "GET /placement/resource_providers?in_tree=4e2be3d4-764b-4f9f-aa9f-4f6007c2895f" {{(pid=94743) __call__ /opt/stack/placement/placement/requestlog.py:55}}
Aug 09 16:23:50.885293 n-d-799528-6 devstack@placement-api.service[94743]: INFO placement.requestlog [req-f1a1ec95-a5c5-40d7-9b4c-43cb939980db req-c1f85663-8307-4247-97a2-47c6d7d5f4f6 service placement] 10.222.0.22 "GET /placement/resource_providers?in_tree=4e2be3d4-764b-4f9f-aa9f-4f6007c2895f" status: 200 len: 864 microversion: 1.14
Aug 09 16:23:50.885741 n-d-799528-6 devstack@placement-api.service[94743]: [pid: 94743|app: 0|req: 322/654] 10.222.0.22 () {60 vars in 1377 bytes} [Mon Aug 9 16:23:50 2021] GET /placement/resource_providers?in_tree=4e2be3d4-764b-4f9f-aa9f-4f6007c2895f => generated 864 bytes in 23 msecs (HTTP/1.1 200) 6 headers in 225 bytes (1 switches on core 0)
Aug 09 16:23:50.898936 n-d-799528-6 devstack@placement-api.service[94744]: DEBUG placement.requestlog [req-f1a1ec95-a5c5-40d7-9b4c-43cb939980db req-8b60e58e-3f7a-46af-aadb-1a68a31023e2 None None] Starting request: 10.222.0.22 "GET /placement/resource_providers/4e2be3d4-764b-4f9f-aa9f-4f6007c2895f/inventories" {{(pid=94744) __call__ /opt/stack/placement/placement/requestlog.py:55}}
Aug 09 16:23:50.931054 n-d-799528-6 devstack@placement-api.service[94744]: INFO placement.requestlog [req-f1a1ec95-a5c5-40d7-9b4c-43cb939980db req-8b60e58e-3f7a-46af-aadb-1a68a31023e2 service placement] 10.222.0.22 "GET /placement/resource_providers/4e2be3d4-764b-4f9f-aa9f-4f6007c2895f/inventories" status: 200 len: 399 microversion: 1.0
Aug 09 16:23:50.933407 n-d-799528-6 devstack@placement-api.service[94744]: [pid: 94744|app: 0|req: 333/655] 10.222.0.22 () {58 vars in 1391 bytes} [Mon Aug 9 16:23:50 2021] GET /placement/resource_providers/4e2be3d4-764b-4f9f-aa9f-4f6007c2895f/inventories => generated 399 bytes in 34 msecs (HTTP/1.1 200) 6 headers in 224 bytes (1 switches on core 0)
Aug 09 16:23:50.943589 n-d-799528-6 devstack@placement-api.service[94743]: DEBUG placement.requestlog [req-f1a1ec95-a5c5-40d7-9b4c-43cb939980db req-b702d997-2eda-4f1a-8bf3-b3eaecfab92b None None] Starting request: 10.222.0.22 "GET /placement/resource_providers/4e2be3d4-764b-4f9f-aa9f-4f6007c2895f/aggregates" {{(pid=94743) __call__ /opt/stack/placement/placement/requestlog.py:55}}
Aug 09 16:23:50.979650 n-d-799528-6 devstack@placement-api.service[94743]: INFO placement.requestlog [req-f1a1ec95-a5c5-40d7-9b4c-43cb939980db req-b702d997-2eda-4f1a-8bf3-b3eaecfab92b service placement] 10.222.0.22 "GET /placement/resource_providers/4e2be3d4-764b-4f9f-aa9f-4f6007c2895f/aggregates" status: 200 len: 55 microversion: 1.19
Aug 09 16:23:50.980442 n-d-799528-6 devstack@placement-api.service[94743]: [pid: 94743|app: 0|req: 323/656] 10.222.0.22 () {60 vars in 1432 bytes} [Mon Aug 9 16:23:50 2021] GET /placement/resource_providers/4e2be3d4-764b-4f9f-aa9f-4f6007c2895f/aggregates => generated 55 bytes in 37 msecs (HTTP/1.1 200) 8 headers in 295 bytes (1 switches on core 0)
Aug 09 16:23:50.993824 n-d-799528-6 devstack@placement-api.service[94744]: DEBUG placement.requestlog [req-f1a1ec95-a5c5-40d7-9b4c-43cb939980db req-d42ce790-db9e-4c03-ba82-6f12bf92344c None None] Starting request: 10.222.0.22 "GET /placement/resource_providers/4e2be3d4-764b-4f9f-aa9f-4f6007c2895f/traits" {{(pid=94744) __call__ /opt/stack/placement/placement/requestlog.py:55}}
Aug 09 16:23:51.047029 n-d-799528-6 devstack@placement-api.service[94744]: INFO placement.requestlog [req-f1a1ec95-a5c5-40d7-9b4c-43cb939980db req-d42ce790-db9e-4c03-ba82-6f12bf92344c service placement] 10.222.0.22 "GET /placement/resource_providers/4e2be3d4-764b-4f9f-aa9f-4f6007c2895f/traits" status: 200 len: 213 microversion: 1.6
Aug 09 16:23:51.047919 n-d-799528-6 devstack@placement-api.service[94744]: [pid: 94744|app: 0|req: 334/657] 10.222.0.22 () {60 vars in 1419 bytes} [Mon Aug 9 16:23:50 2021] GET /placement/resource_providers/4e2be3d4-764b-4f9f-aa9f-4f6007c2895f/traits => generated 213 bytes in 54 msecs (HTTP/1.1 200) 6 headers in 224 bytes (1 switches on core 0)
Aug 09 16:23:51.846087 n-d-799528-6 devstack@placement-api.service[94743]: DEBUG placement.requestlog [req-c3dcbcae-c1f4-4688-b301-e3d49b68365c req-2f5ed45a-f73f-412e-ba83-79c0c19c0269 None None] Starting request: 10.222.0.45 "GET /placement/allocations/8de4beee-4cc3-42be-80af-31e2dd440196" {{(pid=94743) __call__ /opt/stack/placement/placement/requestlog.py:55}}
Aug 09 16:23:51.881267 n-d-799528-6 devstack@placement-api.service[94743]: INFO placement.requestlog [req-c3dcbcae-c1f4-4688-b301-e3d49b68365c req-2f5ed45a-f73f-412e-ba83-79c0c19c0269 service placement] 10.222.0.45 "GET /placement/allocations/8de4beee-4cc3-42be-80af-31e2dd440196" status: 200 len: 259 microversion: 1.28
Aug 09 16:23:51.881853 n-d-799528-6 devstack@placement-api.service[94743]: [pid: 94743|app: 0|req: 324/658] 10.222.0.45 () {60 vars in 1378 bytes} [Mon Aug 9 16:23:51 2021] GET /placement/allocations/8de4beee-4cc3-42be-80af-31e2dd440196 => generated 259 bytes in 36 msecs (HTTP/1.1 200) 8 headers in 296 bytes (1 switches on core 0)
Aug 09 16:23:51.892380 n-d-799528-6 devstack@placement-api.service[94744]: DEBUG placement.requestlog [req-c3dcbcae-c1f4-4688-b301-e3d49b68365c req-8e1ce85b-16f4-42f4-9cc3-c9db1654aecc None None] Starting request: 10.222.0.45 "PUT /placement/allocations/8de4beee-4cc3-42be-80af-31e2dd440196" {{(pid=94744) __call__ /opt/stack/placement/placement/requestlog.py:55}}
Aug 09 16:23:51.993578 n-d-799528-6 devstack@placement-api.service[94744]: DEBUG placement.handlers.allocation [req-c3dcbcae-c1f4-4688-b301-e3d49b68365c req-8e1ce85b-16f4-42f4-9cc3-c9db1654aecc service placement] Successfully wrote allocations [, , ] {{(pid=94744) _create_allocations /opt/stack/placement/placement/handlers/allocation.py:435}}
Aug 09 16:23:51.994316 n-d-799528-6 devstack@placement-api.service[94744]: INFO placement.requestlog [req-c3dcbcae-c1f4-4688-b301-e3d49b68365c req-8e1ce85b-16f4-42f4-9cc3-c9db1654aecc service placement] 10.222.0.45 "PUT /placement/allocations/8de4beee-4cc3-42be-80af-31e2dd440196" status: 204 len: 0 microversion: 1.28
Aug 09 16:23:51.995027 n-d-799528-6 devstack@placement-api.service[94744]: [pid: 94744|app: 0|req: 335/659] 10.222.0.45 () {64 vars in 1431 bytes} [Mon Aug 9 16:23:51 2021] PUT /placement/allocations/8de4beee-4cc3-42be-80af-31e2dd440196 => generated 0 bytes in 103 msecs (HTTP/1.1 204) 5 headers in 199 bytes (1 switches on core 0)
Aug 09 16:23:57.302708 n-d-799528-6 devstack@placement-api.service[94743]: DEBUG placement.requestlog [req-5e224afb-e639-4a20-822c-fc8c267ea0de req-8079af9a-89d2-4c08-9112-404662c58d3e None None] Starting request: 10.222.0.72 "GET /placement/allocation_candidates?limit=1000&resources=DISK_GB%3A1%2CMEMORY_MB%3A1024%2CVCPU%3A1&root_required=%21COMPUTE_STATUS_DISABLED" {{(pid=94743) __call__ /opt/stack/placement/placement/requestlog.py:55}}
Aug 09 16:23:57.339068 n-d-799528-6 devstack@placement-api.service[94744]: DEBUG placement.requestlog [req-b8ae0533-f410-4693-ad01-4382ff695f50 req-4c04cf2e-9405-4659-9ad2-d7187b60f8ee None None] Starting request: 10.222.0.22 "GET /placement/allocations/8d1a5ffb-b9e6-4384-9976-4fd31e74ab46" {{(pid=94744) __call__ /opt/stack/placement/placement/requestlog.py:55}}
Aug 09 16:23:57.357562 n-d-799528-6 devstack@placement-api.service[94743]: DEBUG placement.objects.research_context [req-5e224afb-e639-4a20-822c-fc8c267ea0de req-8079af9a-89d2-4c08-9112-404662c58d3e service placement] getting providers with 1 DISK_GB {{(pid=94743) __init__ /opt/stack/placement/placement/objects/research_context.py:126}}
Aug 09 16:23:57.372793 n-d-799528-6 devstack@placement-api.service[94744]: INFO placement.requestlog [req-b8ae0533-f410-4693-ad01-4382ff695f50 req-4c04cf2e-9405-4659-9ad2-d7187b60f8ee service placement] 10.222.0.22 "GET /placement/allocations/8d1a5ffb-b9e6-4384-9976-4fd31e74ab46" status: 200 len: 260 microversion: 1.28
Aug 09 16:23:57.372919 n-d-799528-6 devstack@placement-api.service[94743]: DEBUG placement.objects.research_context [req-5e224afb-e639-4a20-822c-fc8c267ea0de req-8079af9a-89d2-4c08-9112-404662c58d3e service placement] getting providers with 1024 MEMORY_MB {{(pid=94743) __init__ /opt/stack/placement/placement/objects/research_context.py:126}}
Aug 09 16:23:57.374151 n-d-799528-6 devstack@placement-api.service[94744]: [pid: 94744|app: 0|req: 336/660] 10.222.0.22 () {60 vars in 1378 bytes} [Mon Aug 9 16:23:57 2021] GET /placement/allocations/8d1a5ffb-b9e6-4384-9976-4fd31e74ab46 => generated 260 bytes in 35 msecs (HTTP/1.1 200) 8 headers in 296 bytes (1 switches on core 0)
Aug 09 16:23:57.388343 n-d-799528-6 devstack@placement-api.service[94744]: DEBUG placement.requestlog [req-b8ae0533-f410-4693-ad01-4382ff695f50 req-1205b830-8144-4add-8b4b-458f7bbc7790 None None] Starting request: 10.222.0.22 "PUT /placement/allocations/8d1a5ffb-b9e6-4384-9976-4fd31e74ab46" {{(pid=94744) __call__ /opt/stack/placement/placement/requestlog.py:55}}
Aug 09 16:23:57.401187 n-d-799528-6 devstack@placement-api.service[94743]: DEBUG placement.objects.research_context [req-5e224afb-e639-4a20-822c-fc8c267ea0de req-8079af9a-89d2-4c08-9112-404662c58d3e service placement] getting providers with 1 VCPU {{(pid=94743) __init__ /opt/stack/placement/placement/objects/research_context.py:126}}
Aug 09 16:23:57.417048 n-d-799528-6 devstack@placement-api.service[94743]: DEBUG placement.objects.research_context [req-5e224afb-e639-4a20-822c-fc8c267ea0de req-8079af9a-89d2-4c08-9112-404662c58d3e service placement] found 2 providers with available 1 DISK_GB {{(pid=94743) get_provider_ids_matching /opt/stack/placement/placement/objects/research_context.py:549}}
Aug 09 16:23:57.417322 n-d-799528-6 devstack@placement-api.service[94743]: DEBUG placement.objects.research_context [req-5e224afb-e639-4a20-822c-fc8c267ea0de req-8079af9a-89d2-4c08-9112-404662c58d3e service placement] found 2 providers with available 1024 MEMORY_MB {{(pid=94743) get_provider_ids_matching /opt/stack/placement/placement/objects/research_context.py:549}}
Aug 09 16:23:57.417634 n-d-799528-6 devstack@placement-api.service[94743]: DEBUG placement.objects.research_context [req-5e224afb-e639-4a20-822c-fc8c267ea0de req-8079af9a-89d2-4c08-9112-404662c58d3e service placement] found 2 providers after filtering by previous result {{(pid=94743) get_provider_ids_matching /opt/stack/placement/placement/objects/research_context.py:580}}
Aug 09 16:23:57.424557 n-d-799528-6 devstack@placement-api.service[94743]: DEBUG placement.objects.research_context [req-5e224afb-e639-4a20-822c-fc8c267ea0de req-8079af9a-89d2-4c08-9112-404662c58d3e service placement] found 2 providers with available 1 VCPU {{(pid=94743) get_provider_ids_matching /opt/stack/placement/placement/objects/research_context.py:549}}
Aug 09 16:23:57.428714 n-d-799528-6 devstack@placement-api.service[94743]: DEBUG placement.objects.research_context [req-5e224afb-e639-4a20-822c-fc8c267ea0de req-8079af9a-89d2-4c08-9112-404662c58d3e service placement] found 2 providers after filtering by previous result {{(pid=94743) get_provider_ids_matching /opt/stack/placement/placement/objects/research_context.py:580}}
Aug 09 16:23:57.465134 n-d-799528-6 devstack@placement-api.service[94743]: DEBUG placement.objects.allocation_candidate [req-5e224afb-e639-4a20-822c-fc8c267ea0de req-8079af9a-89d2-4c08-9112-404662c58d3e service placement] RequestGroup(use_same_provider=False, resources={DISK_GB:1, MEMORY_MB:1024, VCPU:1}, traits=[], aggregates=[]) (suffix '') returned 2 matches {{(pid=94743) _get_by_requests /opt/stack/placement/placement/objects/allocation_candidate.py:145}}
Aug 09 16:23:57.465134 n-d-799528-6 devstack@placement-api.service[94743]: DEBUG placement.objects.allocation_candidate [req-5e224afb-e639-4a20-822c-fc8c267ea0de req-8079af9a-89d2-4c08-9112-404662c58d3e service placement] Merging candidates yields 2 allocation requests and 2 provider summaries {{(pid=94743) _merge_candidates /opt/stack/placement/placement/objects/allocation_candidate.py:783}}
Aug 09 16:23:57.484090 n-d-799528-6 devstack@placement-api.service[94743]: INFO placement.requestlog [req-5e224afb-e639-4a20-822c-fc8c267ea0de req-8079af9a-89d2-4c08-9112-404662c58d3e service placement] 10.222.0.72 "GET /placement/allocation_candidates?limit=1000&resources=DISK_GB%3A1%2CMEMORY_MB%3A1024%2CVCPU%3A1&root_required=%21COMPUTE_STATUS_DISABLED" status: 200 len: 1309 microversion: 1.35
Aug 09 16:23:57.486451 n-d-799528-6 devstack@placement-api.service[94743]: [pid: 94743|app: 0|req: 325/661] 10.222.0.72 () {60 vars in 1507 bytes} [Mon Aug 9 16:23:57 2021] GET /placement/allocation_candidates?limit=1000&resources=DISK_GB%3A1%2CMEMORY_MB%3A1024%2CVCPU%3A1&root_required=%21COMPUTE_STATUS_DISABLED => generated 1309 bytes in 184 msecs (HTTP/1.1 200) 8 headers in 297 bytes (1 switches on core 0)
Aug 09 16:23:57.520875 n-d-799528-6 devstack@placement-api.service[94744]: DEBUG placement.handlers.allocation [req-b8ae0533-f410-4693-ad01-4382ff695f50 req-1205b830-8144-4add-8b4b-458f7bbc7790 service placement] Successfully wrote allocations [, , ] {{(pid=94744) _create_allocations /opt/stack/placement/placement/handlers/allocation.py:435}}
Aug 09 16:23:57.521636 n-d-799528-6 devstack@placement-api.service[94744]: INFO placement.requestlog [req-b8ae0533-f410-4693-ad01-4382ff695f50 req-1205b830-8144-4add-8b4b-458f7bbc7790 service placement] 10.222.0.22 "PUT /placement/allocations/8d1a5ffb-b9e6-4384-9976-4fd31e74ab46" status: 204 len: 0 microversion: 1.28
Aug 09 16:23:57.522356 n-d-799528-6 devstack@placement-api.service[94744]: [pid: 94744|app: 0|req: 337/662] 10.222.0.22 () {64 vars in 1431 bytes} [Mon Aug 9 16:23:57 2021] PUT /placement/allocations/8d1a5ffb-b9e6-4384-9976-4fd31e74ab46 => generated 0 bytes in 136 msecs (HTTP/1.1 204) 5 headers in 199 bytes (1 switches on core 0)
Aug 09 16:23:57.594502 n-d-799528-6 devstack@placement-api.service[94743]: DEBUG placement.requestlog [req-5e224afb-e639-4a20-822c-fc8c267ea0de req-86f105e7-6868-49f9-b708-3e97cc5b3683 None None] Starting request: 10.222.0.72 "GET /placement/allocations/01e65fe3-65d6-4d58-be2a-04fa2792830e" {{(pid=94743) __call__ /opt/stack/placement/placement/requestlog.py:55}}
Aug 09 16:23:57.612141 n-d-799528-6 devstack@placement-api.service[94743]: INFO placement.requestlog [req-5e224afb-e639-4a20-822c-fc8c267ea0de req-86f105e7-6868-49f9-b708-3e97cc5b3683 service placement] 10.222.0.72 "GET /placement/allocations/01e65fe3-65d6-4d58-be2a-04fa2792830e" status: 200 len: 19 microversion: 1.28
Aug 09 16:23:57.613021 n-d-799528-6 devstack@placement-api.service[94743]: [pid: 94743|app: 0|req: 326/663] 10.222.0.72 () {60 vars in 1381 bytes} [Mon Aug 9 16:23:57 2021] GET /placement/allocations/01e65fe3-65d6-4d58-be2a-04fa2792830e => generated 19 bytes in 19 msecs (HTTP/1.1 200) 8 headers in 295 bytes (1 switches on core 0)
Aug 09 16:23:57.619191 n-d-799528-6 devstack@placement-api.service[94744]: DEBUG placement.requestlog [req-5e224afb-e639-4a20-822c-fc8c267ea0de req-99f57e88-df44-45c8-b1da-81e287b40d26 None None] Starting request: 10.222.0.72 "PUT /placement/allocations/01e65fe3-65d6-4d58-be2a-04fa2792830e" {{(pid=94744) __call__ /opt/stack/placement/placement/requestlog.py:55}}
Aug 09 16:23:57.782563 n-d-799528-6 devstack@placement-api.service[94744]: DEBUG placement.handlers.allocation [req-5e224afb-e639-4a20-822c-fc8c267ea0de req-99f57e88-df44-45c8-b1da-81e287b40d26 service placement] Successfully wrote allocations [, , ] {{(pid=94744) _create_allocations /opt/stack/placement/placement/handlers/allocation.py:435}}
Aug 09 16:23:57.784032 n-d-799528-6 devstack@placement-api.service[94744]: INFO placement.requestlog [req-5e224afb-e639-4a20-822c-fc8c267ea0de req-99f57e88-df44-45c8-b1da-81e287b40d26 service placement] 10.222.0.72 "PUT /placement/allocations/01e65fe3-65d6-4d58-be2a-04fa2792830e" status: 204 len: 0 microversion: 1.35
Aug 09 16:23:57.785016 n-d-799528-6 devstack@placement-api.service[94744]: [pid: 94744|app: 0|req: 338/664] 10.222.0.72 () {64 vars in 1434 bytes} [Mon Aug 9 16:23:57 2021] PUT /placement/allocations/01e65fe3-65d6-4d58-be2a-04fa2792830e => generated 0 bytes in 166 msecs (HTTP/1.1 204) 5 headers in 199 bytes (2 switches on core 0)
Aug 09 16:23:58.220949 n-d-799528-6 devstack@placement-api.service[94743]: DEBUG placement.requestlog [req-5e224afb-e639-4a20-822c-fc8c267ea0de req-038c4fab-fcda-46b8-b259-843398a514da None None] Starting request: 10.222.0.22 "GET /placement/allocations/01e65fe3-65d6-4d58-be2a-04fa2792830e" {{(pid=94743) __call__ /opt/stack/placement/placement/requestlog.py:55}}
Aug 09 16:23:58.260211 n-d-799528-6 devstack@placement-api.service[94743]: INFO placement.requestlog [req-5e224afb-e639-4a20-822c-fc8c267ea0de req-038c4fab-fcda-46b8-b259-843398a514da service placement] 10.222.0.22 "GET /placement/allocations/01e65fe3-65d6-4d58-be2a-04fa2792830e" status: 200 len: 260 microversion: 1.28
Aug 09 16:23:58.260804 n-d-799528-6 devstack@placement-api.service[94743]: [pid: 94743|app: 0|req: 327/665] 10.222.0.22 () {60 vars in 1378 bytes} [Mon Aug 9 16:23:58 2021] GET /placement/allocations/01e65fe3-65d6-4d58-be2a-04fa2792830e => generated 260 bytes in 40 msecs (HTTP/1.1 200) 8 headers in 296 bytes (2 switches on core 0)
Aug 09 16:24:00.656011 n-d-799528-6 devstack@placement-api.service[94744]: DEBUG placement.requestlog [req-4599957b-7e3d-47fd-8607-8b38778ec2f9 req-659ecc64-414d-4bce-bc46-45dcbbb5bd96 None None] Starting request: 10.222.0.72 "GET /placement/allocation_candidates?limit=1000&resources=DISK_GB%3A1%2CMEMORY_MB%3A1024%2CVCPU%3A1&root_required=%21COMPUTE_STATUS_DISABLED" {{(pid=94744) __call__ /opt/stack/placement/placement/requestlog.py:55}}
Aug 09 16:24:00.732050 n-d-799528-6 devstack@placement-api.service[94744]: DEBUG placement.objects.research_context [req-4599957b-7e3d-47fd-8607-8b38778ec2f9 req-659ecc64-414d-4bce-bc46-45dcbbb5bd96 service placement] getting providers with 1 DISK_GB {{(pid=94744) __init__ /opt/stack/placement/placement/objects/research_context.py:126}}
Aug 09 16:24:00.748583 n-d-799528-6 devstack@placement-api.service[94744]: DEBUG placement.objects.research_context [req-4599957b-7e3d-47fd-8607-8b38778ec2f9 req-659ecc64-414d-4bce-bc46-45dcbbb5bd96 service placement] getting providers with 1024 MEMORY_MB {{(pid=94744) __init__ /opt/stack/placement/placement/objects/research_context.py:126}}
Aug 09 16:24:00.759821 n-d-799528-6 devstack@placement-api.service[94744]: DEBUG placement.objects.research_context [req-4599957b-7e3d-47fd-8607-8b38778ec2f9 req-659ecc64-414d-4bce-bc46-45dcbbb5bd96 service placement] getting providers with 1 VCPU {{(pid=94744) __init__ /opt/stack/placement/placement/objects/research_context.py:126}}
Aug 09 16:24:00.778844 n-d-799528-6 devstack@placement-api.service[94744]: DEBUG placement.objects.research_context [req-4599957b-7e3d-47fd-8607-8b38778ec2f9 req-659ecc64-414d-4bce-bc46-45dcbbb5bd96 service placement] found 2 providers with available 1 DISK_GB {{(pid=94744) get_provider_ids_matching /opt/stack/placement/placement/objects/research_context.py:549}}
Aug 09 16:24:00.779369 n-d-799528-6 devstack@placement-api.service[94744]: DEBUG placement.objects.research_context [req-4599957b-7e3d-47fd-8607-8b38778ec2f9 req-659ecc64-414d-4bce-bc46-45dcbbb5bd96 service placement] found 2 providers with available 1024 MEMORY_MB {{(pid=94744) get_provider_ids_matching /opt/stack/placement/placement/objects/research_context.py:549}}
Aug 09 16:24:00.779796 n-d-799528-6 devstack@placement-api.service[94744]: DEBUG placement.objects.research_context [req-4599957b-7e3d-47fd-8607-8b38778ec2f9 req-659ecc64-414d-4bce-bc46-45dcbbb5bd96 service placement] found 2 providers after filtering by previous result {{(pid=94744) get_provider_ids_matching /opt/stack/placement/placement/objects/research_context.py:580}}
Aug 09 16:24:00.780218 n-d-799528-6 devstack@placement-api.service[94744]: DEBUG placement.objects.research_context [req-4599957b-7e3d-47fd-8607-8b38778ec2f9 req-659ecc64-414d-4bce-bc46-45dcbbb5bd96 service placement] found 2 providers with available 1 VCPU {{(pid=94744) get_provider_ids_matching /opt/stack/placement/placement/objects/research_context.py:549}}
Aug 09 16:24:00.780611 n-d-799528-6 devstack@placement-api.service[94744]: DEBUG placement.objects.research_context [req-4599957b-7e3d-47fd-8607-8b38778ec2f9 req-659ecc64-414d-4bce-bc46-45dcbbb5bd96 service placement] found 2 providers after filtering by previous result {{(pid=94744) get_provider_ids_matching /opt/stack/placement/placement/objects/research_context.py:580}}
Aug 09 16:24:00.815439 n-d-799528-6 devstack@placement-api.service[94744]: DEBUG placement.objects.allocation_candidate [req-4599957b-7e3d-47fd-8607-8b38778ec2f9 req-659ecc64-414d-4bce-bc46-45dcbbb5bd96 service placement] RequestGroup(use_same_provider=False, resources={DISK_GB:1, MEMORY_MB:1024, VCPU:1}, traits=[], aggregates=[]) (suffix '') returned 2 matches {{(pid=94744) _get_by_requests /opt/stack/placement/placement/objects/allocation_candidate.py:145}}
Aug 09 16:24:00.815809 n-d-799528-6 devstack@placement-api.service[94744]: DEBUG placement.objects.allocation_candidate [req-4599957b-7e3d-47fd-8607-8b38778ec2f9 req-659ecc64-414d-4bce-bc46-45dcbbb5bd96 service placement] Merging candidates yields 2 allocation requests and 2 provider summaries {{(pid=94744) _merge_candidates /opt/stack/placement/placement/objects/allocation_candidate.py:783}}
Aug 09 16:24:00.821885 n-d-799528-6 devstack@placement-api.service[94744]: INFO placement.requestlog [req-4599957b-7e3d-47fd-8607-8b38778ec2f9 req-659ecc64-414d-4bce-bc46-45dcbbb5bd96 service placement] 10.222.0.72 "GET /placement/allocation_candidates?limit=1000&resources=DISK_GB%3A1%2CMEMORY_MB%3A1024%2CVCPU%3A1&root_required=%21COMPUTE_STATUS_DISABLED" status: 200 len: 1309 microversion: 1.35
Aug 09 16:24:00.825097 n-d-799528-6 devstack@placement-api.service[94744]: [pid: 94744|app: 0|req: 339/666] 10.222.0.72 () {60 vars in 1507 bytes} [Mon Aug 9 16:24:00 2021] GET /placement/allocation_candidates?limit=1000&resources=DISK_GB%3A1%2CMEMORY_MB%3A1024%2CVCPU%3A1&root_required=%21COMPUTE_STATUS_DISABLED => generated 1309 bytes in 169 msecs (HTTP/1.1 200) 8 headers in 297 bytes (1 switches on core 0)
Aug 09 16:24:00.958657 n-d-799528-6 devstack@placement-api.service[94743]: DEBUG placement.requestlog [req-4599957b-7e3d-47fd-8607-8b38778ec2f9 req-7ea5b93e-2221-45db-a942-a119319f30ac None None] Starting request: 10.222.0.72 "GET /placement/allocations/3ce8e571-e9d2-43df-a414-9ff581866b22" {{(pid=94743) __call__ /opt/stack/placement/placement/requestlog.py:55}}
Aug 09 16:24:00.975086 n-d-799528-6 devstack@placement-api.service[94743]: INFO placement.requestlog [req-4599957b-7e3d-47fd-8607-8b38778ec2f9 req-7ea5b93e-2221-45db-a942-a119319f30ac service placement] 10.222.0.72 "GET /placement/allocations/3ce8e571-e9d2-43df-a414-9ff581866b22" status: 200 len: 19 microversion: 1.28
Aug 09 16:24:00.975625 n-d-799528-6 devstack@placement-api.service[94743]: [pid: 94743|app: 0|req: 328/667] 10.222.0.72 () {60 vars in 1381 bytes} [Mon Aug 9 16:24:00 2021] GET /placement/allocations/3ce8e571-e9d2-43df-a414-9ff581866b22 => generated 19 bytes in 17 msecs (HTTP/1.1 200) 8 headers in 295 bytes (2 switches on core 0)
Aug 09 16:24:00.982973 n-d-799528-6 devstack@placement-api.service[94744]: DEBUG placement.requestlog [req-4599957b-7e3d-47fd-8607-8b38778ec2f9 req-f4778922-7ecb-4727-b6c4-8f29be2be16b None None] Starting request: 10.222.0.72 "PUT /placement/allocations/3ce8e571-e9d2-43df-a414-9ff581866b22" {{(pid=94744) __call__ /opt/stack/placement/placement/requestlog.py:55}}
Aug 09 16:24:01.077185 n-d-799528-6 devstack@placement-api.service[94744]: DEBUG placement.handlers.allocation [req-4599957b-7e3d-47fd-8607-8b38778ec2f9 req-f4778922-7ecb-4727-b6c4-8f29be2be16b service placement] Successfully wrote allocations [, , ] {{(pid=94744) _create_allocations /opt/stack/placement/placement/handlers/allocation.py:435}}
Aug 09 16:24:01.077887 n-d-799528-6 devstack@placement-api.service[94744]: INFO placement.requestlog [req-4599957b-7e3d-47fd-8607-8b38778ec2f9 req-f4778922-7ecb-4727-b6c4-8f29be2be16b service placement] 10.222.0.72 "PUT /placement/allocations/3ce8e571-e9d2-43df-a414-9ff581866b22" status: 204 len: 0 microversion: 1.35
Aug 09 16:24:01.078267 n-d-799528-6 devstack@placement-api.service[94744]: [pid: 94744|app: 0|req: 340/668] 10.222.0.72 () {64 vars in 1434 bytes} [Mon Aug 9 16:24:00 2021] PUT /placement/allocations/3ce8e571-e9d2-43df-a414-9ff581866b22 => generated 0 bytes in 95 msecs (HTTP/1.1 204) 5 headers in 199 bytes (2 switches on core 0)
Aug 09 16:24:01.729860 n-d-799528-6 devstack@placement-api.service[94743]: DEBUG placement.requestlog [req-4599957b-7e3d-47fd-8607-8b38778ec2f9 req-e66a2036-79b1-4550-b176-265ac3b376fe None None] Starting request: 10.222.0.45 "GET /placement/allocations/3ce8e571-e9d2-43df-a414-9ff581866b22" {{(pid=94743) __call__ /opt/stack/placement/placement/requestlog.py:55}}
Aug 09 16:24:01.755459 n-d-799528-6 devstack@placement-api.service[94743]: INFO placement.requestlog [req-4599957b-7e3d-47fd-8607-8b38778ec2f9 req-e66a2036-79b1-4550-b176-265ac3b376fe service placement] 10.222.0.45 "GET /placement/allocations/3ce8e571-e9d2-43df-a414-9ff581866b22" status: 200 len: 259 microversion: 1.28
Aug 09 16:24:01.755908 n-d-799528-6 devstack@placement-api.service[94743]: [pid: 94743|app: 0|req: 329/669] 10.222.0.45 () {60 vars in 1378 bytes} [Mon Aug 9 16:24:01 2021] GET /placement/allocations/3ce8e571-e9d2-43df-a414-9ff581866b22 => generated 259 bytes in 26 msecs (HTTP/1.1 200) 8 headers in 296 bytes (1 switches on core 0)
Aug 09 16:24:14.396532 n-d-799528-6 devstack@placement-api.service[94744]: DEBUG placement.requestlog [req-f1c00525-539e-4ec1-b2fd-836f2fb54f0c req-7b6d6123-9758-421d-83c5-70507f386943 None None] Starting request: 10.222.0.72 "GET /placement/allocation_candidates?limit=1000&resources=DISK_GB%3A1%2CMEMORY_MB%3A1024%2CVCPU%3A1&root_required=%21COMPUTE_STATUS_DISABLED" {{(pid=94744) __call__ /opt/stack/placement/placement/requestlog.py:55}}
Aug 09 16:24:14.452392 n-d-799528-6 devstack@placement-api.service[94744]: DEBUG placement.objects.research_context [req-f1c00525-539e-4ec1-b2fd-836f2fb54f0c req-7b6d6123-9758-421d-83c5-70507f386943 service placement] getting providers with 1 DISK_GB {{(pid=94744) __init__ /opt/stack/placement/placement/objects/research_context.py:126}}
Aug 09 16:24:14.463543 n-d-799528-6 devstack@placement-api.service[94744]: DEBUG placement.objects.research_context [req-f1c00525-539e-4ec1-b2fd-836f2fb54f0c req-7b6d6123-9758-421d-83c5-70507f386943 service placement] getting providers with 1024 MEMORY_MB {{(pid=94744) __init__ /opt/stack/placement/placement/objects/research_context.py:126}}
Aug 09 16:24:14.485774 n-d-799528-6 devstack@placement-api.service[94744]: DEBUG placement.objects.research_context [req-f1c00525-539e-4ec1-b2fd-836f2fb54f0c req-7b6d6123-9758-421d-83c5-70507f386943 service placement] getting providers with 1 VCPU {{(pid=94744) __init__ /opt/stack/placement/placement/objects/research_context.py:126}}
Aug 09 16:24:14.505188 n-d-799528-6 devstack@placement-api.service[94744]: DEBUG placement.objects.research_context [req-f1c00525-539e-4ec1-b2fd-836f2fb54f0c req-7b6d6123-9758-421d-83c5-70507f386943 service placement] found 2 providers with available 1 DISK_GB {{(pid=94744) get_provider_ids_matching /opt/stack/placement/placement/objects/research_context.py:549}}
Aug 09 16:24:14.505673 n-d-799528-6 devstack@placement-api.service[94744]: DEBUG placement.objects.research_context [req-f1c00525-539e-4ec1-b2fd-836f2fb54f0c req-7b6d6123-9758-421d-83c5-70507f386943 service placement] found 2 providers with available 1024 MEMORY_MB {{(pid=94744) get_provider_ids_matching /opt/stack/placement/placement/objects/research_context.py:549}}
Aug 09 16:24:14.506190 n-d-799528-6 devstack@placement-api.service[94744]: DEBUG placement.objects.research_context [req-f1c00525-539e-4ec1-b2fd-836f2fb54f0c req-7b6d6123-9758-421d-83c5-70507f386943 service placement] found 2 providers after filtering by previous result {{(pid=94744) get_provider_ids_matching /opt/stack/placement/placement/objects/research_context.py:580}}
Aug 09 16:24:14.506665 n-d-799528-6 devstack@placement-api.service[94744]: DEBUG placement.objects.research_context [req-f1c00525-539e-4ec1-b2fd-836f2fb54f0c req-7b6d6123-9758-421d-83c5-70507f386943 service placement] found 2 providers with available 1 VCPU {{(pid=94744) get_provider_ids_matching /opt/stack/placement/placement/objects/research_context.py:549}}
Aug 09 16:24:14.507132 n-d-799528-6 devstack@placement-api.service[94744]: DEBUG placement.objects.research_context [req-f1c00525-539e-4ec1-b2fd-836f2fb54f0c req-7b6d6123-9758-421d-83c5-70507f386943 service placement] found 2 providers after filtering by previous result {{(pid=94744) get_provider_ids_matching /opt/stack/placement/placement/objects/research_context.py:580}}
Aug 09 16:24:14.528297 n-d-799528-6 devstack@placement-api.service[94744]: DEBUG placement.objects.allocation_candidate [req-f1c00525-539e-4ec1-b2fd-836f2fb54f0c req-7b6d6123-9758-421d-83c5-70507f386943 service placement] RequestGroup(use_same_provider=False, resources={DISK_GB:1, MEMORY_MB:1024, VCPU:1}, traits=[], aggregates=[]) (suffix '') returned 2 matches {{(pid=94744) _get_by_requests /opt/stack/placement/placement/objects/allocation_candidate.py:145}}
Aug 09 16:24:14.529208 n-d-799528-6 devstack@placement-api.service[94744]: DEBUG placement.objects.allocation_candidate [req-f1c00525-539e-4ec1-b2fd-836f2fb54f0c req-7b6d6123-9758-421d-83c5-70507f386943 service placement] Merging candidates yields 2 allocation requests and 2 provider summaries {{(pid=94744) _merge_candidates /opt/stack/placement/placement/objects/allocation_candidate.py:783}}
Aug 09 16:24:14.531154 n-d-799528-6 devstack@placement-api.service[94744]: INFO placement.requestlog [req-f1c00525-539e-4ec1-b2fd-836f2fb54f0c req-7b6d6123-9758-421d-83c5-70507f386943 service placement] 10.222.0.72 "GET /placement/allocation_candidates?limit=1000&resources=DISK_GB%3A1%2CMEMORY_MB%3A1024%2CVCPU%3A1&root_required=%21COMPUTE_STATUS_DISABLED" status: 200 len: 1309 microversion: 1.35
Aug 09 16:24:14.536724 n-d-799528-6 devstack@placement-api.service[94744]: [pid: 94744|app: 0|req: 341/670] 10.222.0.72 () {60 vars in 1507 bytes} [Mon Aug 9 16:24:14 2021] GET /placement/allocation_candidates?limit=1000&resources=DISK_GB%3A1%2CMEMORY_MB%3A1024%2CVCPU%3A1&root_required=%21COMPUTE_STATUS_DISABLED => generated 1309 bytes in 140 msecs (HTTP/1.1 200) 8 headers in 297 bytes (1 switches on core 0)
Aug 09 16:24:14.594455 n-d-799528-6 devstack@placement-api.service[94743]: DEBUG placement.requestlog [req-f1c00525-539e-4ec1-b2fd-836f2fb54f0c req-255cd0c0-46bc-44da-8034-e614e9117c2d None None] Starting request: 10.222.0.72 "GET /placement/allocations/0aa2311a-09d1-47a5-b9f7-970342716b02" {{(pid=94743) __call__ /opt/stack/placement/placement/requestlog.py:55}}
Aug 09 16:24:14.613635 n-d-799528-6 devstack@placement-api.service[94743]: INFO placement.requestlog [req-f1c00525-539e-4ec1-b2fd-836f2fb54f0c req-255cd0c0-46bc-44da-8034-e614e9117c2d service placement] 10.222.0.72 "GET /placement/allocations/0aa2311a-09d1-47a5-b9f7-970342716b02" status: 200 len: 19 microversion: 1.28
Aug 09 16:24:14.614106 n-d-799528-6 devstack@placement-api.service[94743]: [pid: 94743|app: 0|req: 330/671] 10.222.0.72 () {60 vars in 1381 bytes} [Mon Aug 9 16:24:14 2021] GET /placement/allocations/0aa2311a-09d1-47a5-b9f7-970342716b02 => generated 19 bytes in 20 msecs (HTTP/1.1 200) 8 headers in 295 bytes (1 switches on core 0)
Aug 09 16:24:14.620259 n-d-799528-6 devstack@placement-api.service[94744]: DEBUG placement.requestlog [req-f1c00525-539e-4ec1-b2fd-836f2fb54f0c req-a80bdcab-26e3-45e6-8df4-b0a63e23217c None None] Starting request: 10.222.0.72 "PUT /placement/allocations/0aa2311a-09d1-47a5-b9f7-970342716b02" {{(pid=94744) __call__ /opt/stack/placement/placement/requestlog.py:55}}
Aug 09 16:24:14.732941 n-d-799528-6 devstack@placement-api.service[94744]: DEBUG placement.handlers.allocation [req-f1c00525-539e-4ec1-b2fd-836f2fb54f0c req-a80bdcab-26e3-45e6-8df4-b0a63e23217c service placement] Successfully wrote allocations [, , ] {{(pid=94744) _create_allocations /opt/stack/placement/placement/handlers/allocation.py:435}}
Aug 09 16:24:14.733650 n-d-799528-6 devstack@placement-api.service[94744]: INFO placement.requestlog [req-f1c00525-539e-4ec1-b2fd-836f2fb54f0c req-a80bdcab-26e3-45e6-8df4-b0a63e23217c service placement] 10.222.0.72 "PUT /placement/allocations/0aa2311a-09d1-47a5-b9f7-970342716b02" status: 204 len: 0 microversion: 1.35
Aug 09 16:24:14.734486 n-d-799528-6 devstack@placement-api.service[94744]: [pid: 94744|app: 0|req: 342/672] 10.222.0.72 () {64 vars in 1434 bytes} [Mon Aug 9 16:24:14 2021] PUT /placement/allocations/0aa2311a-09d1-47a5-b9f7-970342716b02 => generated 0 bytes in 114 msecs (HTTP/1.1 204) 5 headers in 199 bytes (1 switches on core 0)
Aug 09 16:24:15.287434 n-d-799528-6 devstack@placement-api.service[94743]: DEBUG placement.requestlog [req-fd778cc4-76c5-4d12-a217-8661581a148d req-d726caba-6745-4b51-9c45-90bd36ba923e None None] Starting request: 10.222.0.72 "GET /placement/allocation_candidates?limit=1000&resources=DISK_GB%3A1%2CMEMORY_MB%3A1024%2CVCPU%3A1&root_required=%21COMPUTE_STATUS_DISABLED" {{(pid=94743) __call__ /opt/stack/placement/placement/requestlog.py:55}}
Aug 09 16:24:15.346293 n-d-799528-6 devstack@placement-api.service[94744]: DEBUG placement.requestlog [req-f1c00525-539e-4ec1-b2fd-836f2fb54f0c req-8586a0ca-4f21-42fa-af8c-5727ab708081 None None] Starting request: 10.222.0.22 "GET /placement/allocations/0aa2311a-09d1-47a5-b9f7-970342716b02" {{(pid=94744) __call__ /opt/stack/placement/placement/requestlog.py:55}}
Aug 09 16:24:15.360652 n-d-799528-6 devstack@placement-api.service[94743]: DEBUG placement.objects.research_context [req-fd778cc4-76c5-4d12-a217-8661581a148d req-d726caba-6745-4b51-9c45-90bd36ba923e service placement] getting providers with 1 DISK_GB {{(pid=94743) __init__ /opt/stack/placement/placement/objects/research_context.py:126}}
Aug 09 16:24:15.394677 n-d-799528-6 devstack@placement-api.service[94744]: INFO placement.requestlog [req-f1c00525-539e-4ec1-b2fd-836f2fb54f0c req-8586a0ca-4f21-42fa-af8c-5727ab708081 service placement] 10.222.0.22 "GET /placement/allocations/0aa2311a-09d1-47a5-b9f7-970342716b02" status: 200 len: 260 microversion: 1.28
Aug 09 16:24:15.396659 n-d-799528-6 devstack@placement-api.service[94744]: [pid: 94744|app: 0|req: 343/673] 10.222.0.22 () {60 vars in 1378 bytes} [Mon Aug 9 16:24:15 2021] GET /placement/allocations/0aa2311a-09d1-47a5-b9f7-970342716b02 => generated 260 bytes in 51 msecs (HTTP/1.1 200) 8 headers in 296 bytes (1 switches on core 0)
Aug 09 16:24:15.400432 n-d-799528-6 devstack@placement-api.service[94743]: DEBUG placement.objects.research_context [req-fd778cc4-76c5-4d12-a217-8661581a148d req-d726caba-6745-4b51-9c45-90bd36ba923e service placement] getting providers with 1024 MEMORY_MB {{(pid=94743) __init__ /opt/stack/placement/placement/objects/research_context.py:126}}
Aug 09 16:24:15.414372 n-d-799528-6 devstack@placement-api.service[94743]: DEBUG placement.objects.research_context [req-fd778cc4-76c5-4d12-a217-8661581a148d req-d726caba-6745-4b51-9c45-90bd36ba923e service placement] getting providers with 1 VCPU {{(pid=94743) __init__ /opt/stack/placement/placement/objects/research_context.py:126}}
Aug 09 16:24:15.427206 n-d-799528-6 devstack@placement-api.service[94743]: DEBUG placement.objects.research_context [req-fd778cc4-76c5-4d12-a217-8661581a148d req-d726caba-6745-4b51-9c45-90bd36ba923e service placement] found 2 providers with available 1 DISK_GB {{(pid=94743) get_provider_ids_matching /opt/stack/placement/placement/objects/research_context.py:549}}
Aug 09 16:24:15.428204 n-d-799528-6 devstack@placement-api.service[94743]: DEBUG placement.objects.research_context [req-fd778cc4-76c5-4d12-a217-8661581a148d req-d726caba-6745-4b51-9c45-90bd36ba923e service placement] found 2 providers with available 1024 MEMORY_MB {{(pid=94743) get_provider_ids_matching /opt/stack/placement/placement/objects/research_context.py:549}}
Aug 09 16:24:15.428915 n-d-799528-6 devstack@placement-api.service[94743]: DEBUG placement.objects.research_context [req-fd778cc4-76c5-4d12-a217-8661581a148d req-d726caba-6745-4b51-9c45-90bd36ba923e service placement] found 2 providers after filtering by previous result {{(pid=94743) get_provider_ids_matching /opt/stack/placement/placement/objects/research_context.py:580}}
Aug 09 16:24:15.429515 n-d-799528-6 devstack@placement-api.service[94743]: DEBUG placement.objects.research_context [req-fd778cc4-76c5-4d12-a217-8661581a148d req-d726caba-6745-4b51-9c45-90bd36ba923e service placement] found 2 providers with available 1 VCPU {{(pid=94743) get_provider_ids_matching /opt/stack/placement/placement/objects/research_context.py:549}}
Aug 09 16:24:15.430096 n-d-799528-6 devstack@placement-api.service[94743]: DEBUG placement.objects.research_context [req-fd778cc4-76c5-4d12-a217-8661581a148d req-d726caba-6745-4b51-9c45-90bd36ba923e service placement] found 2 providers after filtering by previous result {{(pid=94743) get_provider_ids_matching /opt/stack/placement/placement/objects/research_context.py:580}}
Aug 09 16:24:15.446023 n-d-799528-6 devstack@placement-api.service[94743]: DEBUG placement.objects.allocation_candidate [req-fd778cc4-76c5-4d12-a217-8661581a148d req-d726caba-6745-4b51-9c45-90bd36ba923e service placement] RequestGroup(use_same_provider=False, resources={DISK_GB:1, MEMORY_MB:1024, VCPU:1}, traits=[], aggregates=[]) (suffix '') returned 2 matches {{(pid=94743) _get_by_requests /opt/stack/placement/placement/objects/allocation_candidate.py:145}}
