Aug 09 16:11:43.949391 n-d-799528-6 devstack@n-api.service[109313]: DEBUG oslo_concurrency.lockutils [None req-780d9c43-aff2-47a3-b494-3308f7d5f2f4 tempest-DeleteServersAdminTestJSON-314797798 tempest-DeleteServersAdminTestJSON-314797798-project] Lock "85b44d0a-648e-4881-ad27-4e79062705e8" released by "nova.context.set_target_cell..get_or_set_cached_cell_and_set_connections" :: held 0.001s {{(pid=109313) inner /usr/local/lib/python3.8/dist-packages/oslo_concurrency/lockutils.py:367}}
Aug 09 16:11:43.965808 n-d-799528-6 devstack@n-api.service[109312]: DEBUG nova.policy [None req-48db1323-606e-4fd2-9a3d-5dd646547ac5 tempest-ServerDiagnosticsNegativeTest-1357395520 tempest-ServerDiagnosticsNegativeTest-1357395520-project] Policy check for os_compute_api:os-extended-server-attributes failed with credentials {'is_admin': False, 'user_id': 'f91c66e7fbed4c55a75f1e06cfd41a5d', 'user_domain_id': 'default', 'system_scope': None, 'domain_id': None, 'project_id': 'da96e9d586684a7f924e76a6e044191e', 'project_domain_id': 'default', 'roles': ['member', 'reader'], 'is_admin_project': True, 'service_user_id': None, 'service_user_domain_id': None, 'service_project_id': None, 'service_project_domain_id': None, 'service_roles': []} {{(pid=109312) authorize /opt/stack/nova/nova/policy.py:199}}
Aug 09 16:11:43.974763 n-d-799528-6 devstack@n-api.service[109312]: INFO nova.api.openstack.requestlog [None req-48db1323-606e-4fd2-9a3d-5dd646547ac5 tempest-ServerDiagnosticsNegativeTest-1357395520 tempest-ServerDiagnosticsNegativeTest-1357395520-project] 10.222.0.72 "GET /compute/v2.1/servers/756f1105-81e0-415f-974e-59effad2ce91" status: 200 len: 1323 microversion: 2.1 time: 0.220139
Aug 09 16:11:43.987124 n-d-799528-6 devstack@n-api.service[109312]: [pid: 109312|app: 0|req: 128/203] 10.222.0.72 () {58 vars in 1236 bytes} [Mon Aug 9 16:11:43 2021] GET /compute/v2.1/servers/756f1105-81e0-415f-974e-59effad2ce91 => generated 1323 bytes in 233 msecs (HTTP/1.1 200) 9 headers in 358 bytes (1 switches on core 0)
Aug 09 16:11:43.994263 n-d-799528-6 devstack@n-api.service[109312]: DEBUG nova.api.openstack.wsgi [None req-15e6bb2e-a521-4b12-980b-5b2ddbe9fcfb tempest-AggregatesAdminTestJSON-1339746028 tempest-AggregatesAdminTestJSON-1339746028-project-admin] Action: 'create', calling method: >, body: {"aggregate": {"name": "tempest-test_aggregate-250071923"}} {{(pid=109312) _process_stack /opt/stack/nova/nova/api/openstack/wsgi.py:511}}
Aug 09 16:11:43.996311 n-d-799528-6 devstack@n-api.service[109312]: /usr/local/lib/python3.8/dist-packages/oslo_policy/policy.py:1064: UserWarning: Policy os_compute_api:os-aggregates:create failed scope check. The token used to make the request was project scoped but the policy requires ['system'] scope. This behavior may change in the future where using the intended scope is required
Aug 09 16:11:43.996311 n-d-799528-6 devstack@n-api.service[109312]: warnings.warn(msg)
Aug 09 16:11:43.997601 n-d-799528-6 devstack@n-api.service[109312]: DEBUG nova.objects.aggregate [None req-15e6bb2e-a521-4b12-980b-5b2ddbe9fcfb tempest-AggregatesAdminTestJSON-1339746028 tempest-AggregatesAdminTestJSON-1339746028-project-admin] Generated uuid c35e546c-9386-43f5-9f8e-2e7d61f362d7 for aggregate {{(pid=109312) create /opt/stack/nova/nova/objects/aggregate.py:298}}
Aug 09 16:11:44.029140 n-d-799528-6 devstack@n-api.service[109312]: INFO nova.api.openstack.requestlog [None req-15e6bb2e-a521-4b12-980b-5b2ddbe9fcfb tempest-AggregatesAdminTestJSON-1339746028 tempest-AggregatesAdminTestJSON-1339746028-project-admin] 10.222.0.72 "POST /compute/v2.1/os-aggregates" status: 200 len: 197 microversion: 2.1 time: 0.040647
Aug 09 16:11:44.029770 n-d-799528-6 devstack@n-api.service[109312]: [pid: 109312|app: 0|req: 129/204] 10.222.0.72 () {60 vars in 1164 bytes} [Mon Aug 9 16:11:43 2021] POST /compute/v2.1/os-aggregates => generated 197 bytes in 42 msecs (HTTP/1.1 200) 9 headers in 357 bytes (1 switches on core 0)
Aug 09 16:11:44.035984 n-d-799528-6 devstack@n-api.service[109312]: DEBUG nova.api.openstack.wsgi [None req-8187b300-aeb2-44bf-93b2-70d307c0e894 tempest-HostsAdminTestJSON-556448885 tempest-HostsAdminTestJSON-556448885-project-admin] Calling method '.version_select at 0x7f6fcedc3dc0>' {{(pid=109312) _process_stack /opt/stack/nova/nova/api/openstack/wsgi.py:513}}
Aug 09 16:11:44.037178 n-d-799528-6 devstack@n-api.service[109312]: /usr/local/lib/python3.8/dist-packages/oslo_policy/policy.py:1064: UserWarning: Policy os_compute_api:os-hosts:list failed scope check. The token used to make the request was project scoped but the policy requires ['system'] scope. This behavior may change in the future where using the intended scope is required
Aug 09 16:11:44.037178 n-d-799528-6 devstack@n-api.service[109312]: warnings.warn(msg)
Aug 09 16:11:44.044631 n-d-799528-6 devstack@n-api.service[109312]: DEBUG oslo_concurrency.lockutils [None req-8187b300-aeb2-44bf-93b2-70d307c0e894 tempest-HostsAdminTestJSON-556448885 tempest-HostsAdminTestJSON-556448885-project-admin] Lock "00000000-0000-0000-0000-000000000000" acquired by "nova.context.set_target_cell..get_or_set_cached_cell_and_set_connections" :: waited 0.000s {{(pid=109312) inner /usr/local/lib/python3.8/dist-packages/oslo_concurrency/lockutils.py:355}}
Aug 09 16:11:44.045370 n-d-799528-6 devstack@n-api.service[109312]: DEBUG oslo_concurrency.lockutils [None req-8187b300-aeb2-44bf-93b2-70d307c0e894 tempest-HostsAdminTestJSON-556448885 tempest-HostsAdminTestJSON-556448885-project-admin] Lock "00000000-0000-0000-0000-000000000000" released by "nova.context.set_target_cell..get_or_set_cached_cell_and_set_connections" :: held 0.006s {{(pid=109312) inner /usr/local/lib/python3.8/dist-packages/oslo_concurrency/lockutils.py:367}}
Aug 09 16:11:44.047024 n-d-799528-6 devstack@n-api.service[109312]: DEBUG oslo_concurrency.lockutils [None req-8187b300-aeb2-44bf-93b2-70d307c0e894 tempest-HostsAdminTestJSON-556448885 tempest-HostsAdminTestJSON-556448885-project-admin] Lock "85b44d0a-648e-4881-ad27-4e79062705e8" acquired by "nova.context.set_target_cell..get_or_set_cached_cell_and_set_connections" :: waited 0.000s {{(pid=109312) inner /usr/local/lib/python3.8/dist-packages/oslo_concurrency/lockutils.py:355}}
Aug 09 16:11:44.047604 n-d-799528-6 devstack@n-api.service[109312]: DEBUG oslo_concurrency.lockutils [None req-8187b300-aeb2-44bf-93b2-70d307c0e894 tempest-HostsAdminTestJSON-556448885 tempest-HostsAdminTestJSON-556448885-project-admin] Lock "85b44d0a-648e-4881-ad27-4e79062705e8" released by "nova.context.set_target_cell..get_or_set_cached_cell_and_set_connections" :: held 0.001s {{(pid=109312) inner /usr/local/lib/python3.8/dist-packages/oslo_concurrency/lockutils.py:367}}
Aug 09 16:11:44.084189 n-d-799528-6 devstack@n-api.service[109312]: INFO nova.api.openstack.requestlog [None req-8187b300-aeb2-44bf-93b2-70d307c0e894 tempest-HostsAdminTestJSON-556448885 tempest-HostsAdminTestJSON-556448885-project-admin] 10.222.0.72 "GET /compute/v2.1/os-hosts" status: 200 len: 376 microversion: 2.1 time: 0.053158
Aug 09 16:11:44.089827 n-d-799528-6 devstack@n-api.service[109312]: [pid: 109312|app: 0|req: 130/205] 10.222.0.72 () {58 vars in 1128 bytes} [Mon Aug 9 16:11:44 2021] GET /compute/v2.1/os-hosts => generated 376 bytes in 54 msecs (HTTP/1.1 200) 9 headers in 357 bytes (1 switches on core 0)
Aug 09 16:11:44.091963 n-d-799528-6 devstack@n-api.service[109312]: DEBUG nova.api.openstack.wsgi [None req-18acb79f-acb7-4aa6-8de0-5c7b2fb80cca tempest-AggregatesAdminTestJSON-1339746028 tempest-AggregatesAdminTestJSON-1339746028-project-admin] Calling method '>' {{(pid=109312) _process_stack /opt/stack/nova/nova/api/openstack/wsgi.py:513}}
Aug 09 16:11:44.092759 n-d-799528-6 devstack@n-api.service[109312]: /usr/local/lib/python3.8/dist-packages/oslo_policy/policy.py:1064: UserWarning: Policy os_compute_api:os-aggregates:show failed scope check. The token used to make the request was project scoped but the policy requires ['system'] scope. This behavior may change in the future where using the intended scope is required
Aug 09 16:11:44.092759 n-d-799528-6 devstack@n-api.service[109312]: warnings.warn(msg)
Aug 09 16:11:44.101081 n-d-799528-6 devstack@n-api.service[109312]: INFO nova.api.openstack.requestlog [None req-18acb79f-acb7-4aa6-8de0-5c7b2fb80cca tempest-AggregatesAdminTestJSON-1339746028 tempest-AggregatesAdminTestJSON-1339746028-project-admin] 10.222.0.72 "GET /compute/v2.1/os-aggregates/8" status: 200 len: 226 microversion: 2.1 time: 0.015143
Aug 09 16:11:44.105569 n-d-799528-6 devstack@n-api.service[109312]: [pid: 109312|app: 0|req: 131/206] 10.222.0.72 () {58 vars in 1149 bytes} [Mon Aug 9 16:11:44 2021] GET /compute/v2.1/os-aggregates/8 => generated 226 bytes in 20 msecs (HTTP/1.1 200) 9 headers in 357 bytes (1 switches on core 0)
Aug 09 16:11:44.135970 n-d-799528-6 devstack@n-api.service[109312]: DEBUG nova.api.openstack.wsgi [None req-4d667420-6337-4c19-8592-a5e1c0fe8d40 tempest-HostsAdminTestJSON-556448885 tempest-HostsAdminTestJSON-556448885-project-admin] Calling method '.version_select at 0x7f6fcee0a040>' {{(pid=109312) _process_stack /opt/stack/nova/nova/api/openstack/wsgi.py:513}}
Aug 09 16:11:44.137375 n-d-799528-6 devstack@n-api.service[109313]: DEBUG nova.policy [None req-780d9c43-aff2-47a3-b494-3308f7d5f2f4 tempest-DeleteServersAdminTestJSON-314797798 tempest-DeleteServersAdminTestJSON-314797798-project] Policy check for os_compute_api:os-extended-server-attributes failed with credentials {'is_admin': False, 'user_id': 'de405e6851e14dd0bb439e00f83eeed4', 'user_domain_id': 'default', 'system_scope': None, 'domain_id': None, 'project_id': '94a4c7421ac9436a87afa5131dab4fd3', 'project_domain_id': 'default', 'roles': ['member', 'reader'], 'is_admin_project': True, 'service_user_id': None, 'service_user_domain_id': None, 'service_project_id': None, 'service_project_domain_id': None, 'service_roles': []} {{(pid=109313) authorize /opt/stack/nova/nova/policy.py:199}}
Aug 09 16:11:44.140498 n-d-799528-6 devstack@n-api.service[109312]: /usr/local/lib/python3.8/dist-packages/oslo_policy/policy.py:1064: UserWarning: Policy os_compute_api:os-hosts:list failed scope check. The token used to make the request was project scoped but the policy requires ['system'] scope. This behavior may change in the future where using the intended scope is required
Aug 09 16:11:44.140498 n-d-799528-6 devstack@n-api.service[109312]: warnings.warn(msg)
Aug 09 16:11:44.146703 n-d-799528-6 devstack@n-api.service[109313]: INFO nova.api.openstack.requestlog [None req-780d9c43-aff2-47a3-b494-3308f7d5f2f4 tempest-DeleteServersAdminTestJSON-314797798 tempest-DeleteServersAdminTestJSON-314797798-project] 10.222.0.72 "GET /compute/v2.1/servers/ce453919-32ae-48e0-892c-43561cf160cd" status: 200 len: 1474 microversion: 2.1 time: 0.219595
Aug 09 16:11:44.148622 n-d-799528-6 devstack@n-api.service[109312]: DEBUG oslo_concurrency.lockutils [None req-4d667420-6337-4c19-8592-a5e1c0fe8d40 tempest-HostsAdminTestJSON-556448885 tempest-HostsAdminTestJSON-556448885-project-admin] Lock "00000000-0000-0000-0000-000000000000" acquired by "nova.context.set_target_cell..get_or_set_cached_cell_and_set_connections" :: waited 0.000s {{(pid=109312) inner /usr/local/lib/python3.8/dist-packages/oslo_concurrency/lockutils.py:355}}
Aug 09 16:11:44.149767 n-d-799528-6 devstack@n-api.service[109312]: DEBUG oslo_concurrency.lockutils [None req-4d667420-6337-4c19-8592-a5e1c0fe8d40 tempest-HostsAdminTestJSON-556448885 tempest-HostsAdminTestJSON-556448885-project-admin] Lock "00000000-0000-0000-0000-000000000000" released by "nova.context.set_target_cell..get_or_set_cached_cell_and_set_connections" :: held 0.001s {{(pid=109312) inner /usr/local/lib/python3.8/dist-packages/oslo_concurrency/lockutils.py:367}}
Aug 09 16:11:44.156127 n-d-799528-6 devstack@n-api.service[109312]: DEBUG oslo_concurrency.lockutils [None req-4d667420-6337-4c19-8592-a5e1c0fe8d40 tempest-HostsAdminTestJSON-556448885 tempest-HostsAdminTestJSON-556448885-project-admin] Lock "85b44d0a-648e-4881-ad27-4e79062705e8" acquired by "nova.context.set_target_cell..get_or_set_cached_cell_and_set_connections" :: waited 0.000s {{(pid=109312) inner /usr/local/lib/python3.8/dist-packages/oslo_concurrency/lockutils.py:355}}
Aug 09 16:11:44.156622 n-d-799528-6 devstack@n-api.service[109312]: DEBUG oslo_concurrency.lockutils [None req-4d667420-6337-4c19-8592-a5e1c0fe8d40 tempest-HostsAdminTestJSON-556448885 tempest-HostsAdminTestJSON-556448885-project-admin] Lock "85b44d0a-648e-4881-ad27-4e79062705e8" released by "nova.context.set_target_cell..get_or_set_cached_cell_and_set_connections" :: held 0.001s {{(pid=109312) inner /usr/local/lib/python3.8/dist-packages/oslo_concurrency/lockutils.py:367}}
Aug 09 16:11:44.157573 n-d-799528-6 devstack@n-api.service[109313]: [pid: 109313|app: 0|req: 76/207] 10.222.0.72 () {58 vars in 1236 bytes} [Mon Aug 9 16:11:43 2021] GET /compute/v2.1/servers/ce453919-32ae-48e0-892c-43561cf160cd => generated 1474 bytes in 222 msecs (HTTP/1.1 200) 9 headers in 358 bytes (1 switches on core 0)
Aug 09 16:11:44.163068 n-d-799528-6 devstack@n-api.service[109313]: DEBUG nova.api.openstack.wsgi [None req-7cd73eff-d8fd-4272-8e94-120809da8117 tempest-LiveMigrationNegativeTest-1443622219 tempest-LiveMigrationNegativeTest-1443622219-project] Calling method '>' {{(pid=109313) _process_stack /opt/stack/nova/nova/api/openstack/wsgi.py:513}}
Aug 09 16:11:44.163930 n-d-799528-6 devstack@n-api.service[109313]: DEBUG nova.compute.api [None req-7cd73eff-d8fd-4272-8e94-120809da8117 tempest-LiveMigrationNegativeTest-1443622219 tempest-LiveMigrationNegativeTest-1443622219-project] [instance: e2afb3fe-3314-4ba4-a179-56f1d2e45363] Fetching instance by UUID {{(pid=109313) get /opt/stack/nova/nova/compute/api.py:2791}}
Aug 09 16:11:44.179500 n-d-799528-6 devstack@n-api.service[109313]: DEBUG oslo_concurrency.lockutils [None req-7cd73eff-d8fd-4272-8e94-120809da8117 tempest-LiveMigrationNegativeTest-1443622219 tempest-LiveMigrationNegativeTest-1443622219-project] Lock "85b44d0a-648e-4881-ad27-4e79062705e8" acquired by "nova.context.set_target_cell..get_or_set_cached_cell_and_set_connections" :: waited 0.000s {{(pid=109313) inner /usr/local/lib/python3.8/dist-packages/oslo_concurrency/lockutils.py:355}}
Aug 09 16:11:44.180101 n-d-799528-6 devstack@n-api.service[109313]: DEBUG oslo_concurrency.lockutils [None req-7cd73eff-d8fd-4272-8e94-120809da8117 tempest-LiveMigrationNegativeTest-1443622219 tempest-LiveMigrationNegativeTest-1443622219-project] Lock "85b44d0a-648e-4881-ad27-4e79062705e8" released by "nova.context.set_target_cell..get_or_set_cached_cell_and_set_connections" :: held 0.001s {{(pid=109313) inner /usr/local/lib/python3.8/dist-packages/oslo_concurrency/lockutils.py:367}}
Aug 09 16:11:44.181130 n-d-799528-6 devstack@n-api.service[109313]: DEBUG oslo_concurrency.lockutils [None req-7cd73eff-d8fd-4272-8e94-120809da8117 tempest-LiveMigrationNegativeTest-1443622219 tempest-LiveMigrationNegativeTest-1443622219-project] Lock "85b44d0a-648e-4881-ad27-4e79062705e8" acquired by "nova.context.set_target_cell..get_or_set_cached_cell_and_set_connections" :: waited 0.000s {{(pid=109313) inner /usr/local/lib/python3.8/dist-packages/oslo_concurrency/lockutils.py:355}}
Aug 09 16:11:44.181801 n-d-799528-6 devstack@n-api.service[109313]: DEBUG oslo_concurrency.lockutils [None req-7cd73eff-d8fd-4272-8e94-120809da8117 tempest-LiveMigrationNegativeTest-1443622219 tempest-LiveMigrationNegativeTest-1443622219-project] Lock "85b44d0a-648e-4881-ad27-4e79062705e8" released by "nova.context.set_target_cell..get_or_set_cached_cell_and_set_connections" :: held 0.001s {{(pid=109313) inner /usr/local/lib/python3.8/dist-packages/oslo_concurrency/lockutils.py:367}}
Aug 09 16:11:44.185972 n-d-799528-6 devstack@n-api.service[109312]: INFO nova.api.openstack.requestlog [None req-4d667420-6337-4c19-8592-a5e1c0fe8d40 tempest-HostsAdminTestJSON-556448885 tempest-HostsAdminTestJSON-556448885-project-admin] 10.222.0.72 "GET /compute/v2.1/os-hosts?zone=internal" status: 200 len: 236 microversion: 2.1 time: 0.067097
Aug 09 16:11:44.186882 n-d-799528-6 devstack@n-api.service[109312]: [pid: 109312|app: 0|req: 132/208] 10.222.0.72 () {58 vars in 1155 bytes} [Mon Aug 9 16:11:44 2021] GET /compute/v2.1/os-hosts?zone=internal => generated 236 bytes in 78 msecs (HTTP/1.1 200) 9 headers in 357 bytes (1 switches on core 0)
Aug 09 16:11:44.192083 n-d-799528-6 devstack@n-api.service[109312]: DEBUG nova.api.openstack.wsgi [None req-dd651ab7-b3ae-4c52-bad5-e29ad3db5dbb tempest-AggregatesAdminTestJSON-1339746028 tempest-AggregatesAdminTestJSON-1339746028-project-admin] Action: 'action', calling method: >, body: {"set_metadata": {"metadata": {"key": "value"}}} {{(pid=109312) _process_stack /opt/stack/nova/nova/api/openstack/wsgi.py:511}}
Aug 09 16:11:44.193457 n-d-799528-6 devstack@n-api.service[109312]: /usr/local/lib/python3.8/dist-packages/oslo_policy/policy.py:1064: UserWarning: Policy os_compute_api:os-aggregates:set_metadata failed scope check. The token used to make the request was project scoped but the policy requires ['system'] scope. This behavior may change in the future where using the intended scope is required
Aug 09 16:11:44.193457 n-d-799528-6 devstack@n-api.service[109312]: warnings.warn(msg)
Aug 09 16:11:44.225997 n-d-799528-6 devstack@n-api.service[109312]: INFO nova.api.openstack.requestlog [None req-dd651ab7-b3ae-4c52-bad5-e29ad3db5dbb tempest-AggregatesAdminTestJSON-1339746028 tempest-AggregatesAdminTestJSON-1339746028-project-admin] 10.222.0.72 "POST /compute/v2.1/os-aggregates/8/action" status: 200 len: 264 microversion: 2.1 time: 0.038157
Aug 09 16:11:44.232053 n-d-799528-6 devstack@n-api.service[109312]: [pid: 109312|app: 0|req: 133/209] 10.222.0.72 () {60 vars in 1191 bytes} [Mon Aug 9 16:11:44 2021] POST /compute/v2.1/os-aggregates/8/action => generated 264 bytes in 45 msecs (HTTP/1.1 200) 9 headers in 357 bytes (1 switches on core 0)
Aug 09 16:11:44.237206 n-d-799528-6 devstack@n-api.service[109312]: DEBUG nova.api.openstack.wsgi [None req-9fed3401-e46a-4989-a0ed-d51414da27b5 tempest-HostsAdminTestJSON-556448885 tempest-HostsAdminTestJSON-556448885-project-admin] Calling method '.version_select at 0x7f6fcedc3280>' {{(pid=109312) _process_stack /opt/stack/nova/nova/api/openstack/wsgi.py:513}}
Aug 09 16:11:44.238769 n-d-799528-6 devstack@n-api.service[109312]: /usr/local/lib/python3.8/dist-packages/oslo_policy/policy.py:1064: UserWarning: Policy os_compute_api:os-hosts:list failed scope check. The token used to make the request was project scoped but the policy requires ['system'] scope. This behavior may change in the future where using the intended scope is required
Aug 09 16:11:44.238769 n-d-799528-6 devstack@n-api.service[109312]: warnings.warn(msg)
Aug 09 16:11:44.240370 n-d-799528-6 devstack@n-api.service[109312]: DEBUG oslo_concurrency.lockutils [None req-9fed3401-e46a-4989-a0ed-d51414da27b5 tempest-HostsAdminTestJSON-556448885 tempest-HostsAdminTestJSON-556448885-project-admin] Lock "00000000-0000-0000-0000-000000000000" acquired by "nova.context.set_target_cell..get_or_set_cached_cell_and_set_connections" :: waited 0.000s {{(pid=109312) inner /usr/local/lib/python3.8/dist-packages/oslo_concurrency/lockutils.py:355}}
Aug 09 16:11:44.240827 n-d-799528-6 devstack@n-api.service[109312]: DEBUG oslo_concurrency.lockutils [None req-9fed3401-e46a-4989-a0ed-d51414da27b5 tempest-HostsAdminTestJSON-556448885 tempest-HostsAdminTestJSON-556448885-project-admin] Lock "00000000-0000-0000-0000-000000000000" released by "nova.context.set_target_cell..get_or_set_cached_cell_and_set_connections" :: held 0.001s {{(pid=109312) inner /usr/local/lib/python3.8/dist-packages/oslo_concurrency/lockutils.py:367}}
Aug 09 16:11:44.241861 n-d-799528-6 devstack@n-api.service[109312]: DEBUG oslo_concurrency.lockutils [None req-9fed3401-e46a-4989-a0ed-d51414da27b5 tempest-HostsAdminTestJSON-556448885 tempest-HostsAdminTestJSON-556448885-project-admin] Lock "85b44d0a-648e-4881-ad27-4e79062705e8" acquired by "nova.context.set_target_cell..get_or_set_cached_cell_and_set_connections" :: waited 0.000s {{(pid=109312) inner /usr/local/lib/python3.8/dist-packages/oslo_concurrency/lockutils.py:355}}
Aug 09 16:11:44.242485 n-d-799528-6 devstack@n-api.service[109312]: DEBUG oslo_concurrency.lockutils [None req-9fed3401-e46a-4989-a0ed-d51414da27b5 tempest-HostsAdminTestJSON-556448885 tempest-HostsAdminTestJSON-556448885-project-admin] Lock "85b44d0a-648e-4881-ad27-4e79062705e8" released by "nova.context.set_target_cell..get_or_set_cached_cell_and_set_connections" :: held 0.000s {{(pid=109312) inner /usr/local/lib/python3.8/dist-packages/oslo_concurrency/lockutils.py:367}}
Aug 09 16:11:44.277666 n-d-799528-6 devstack@n-api.service[109312]: INFO nova.api.openstack.requestlog [None req-9fed3401-e46a-4989-a0ed-d51414da27b5 tempest-HostsAdminTestJSON-556448885 tempest-HostsAdminTestJSON-556448885-project-admin] 10.222.0.72 "GET /compute/v2.1/os-hosts" status: 200 len: 376 microversion: 2.1 time: 0.044322
Aug 09 16:11:44.282786 n-d-799528-6 devstack@n-api.service[109312]: [pid: 109312|app: 0|req: 134/210] 10.222.0.72 () {58 vars in 1128 bytes} [Mon Aug 9 16:11:44 2021] GET /compute/v2.1/os-hosts => generated 376 bytes in 46 msecs (HTTP/1.1 200) 9 headers in 357 bytes (1 switches on core 0)
Aug 09 16:11:44.284619 n-d-799528-6 devstack@n-api.service[109312]: DEBUG nova.api.openstack.wsgi [None req-9d216e37-ae1f-48f4-b528-f5516862e0ac tempest-AggregatesAdminNegativeTestJSON-753695772 tempest-AggregatesAdminNegativeTestJSON-753695772-project-admin] Action: 'create', calling method: >, body: {"aggregate": {"name": "tempest-test_aggregate-87023760"}} {{(pid=109312) _process_stack /opt/stack/nova/nova/api/openstack/wsgi.py:511}}
Aug 09 16:11:44.286180 n-d-799528-6 devstack@n-api.service[109312]: /usr/local/lib/python3.8/dist-packages/oslo_policy/policy.py:1064: UserWarning: Policy os_compute_api:os-aggregates:create failed scope check. The token used to make the request was project scoped but the policy requires ['system'] scope. This behavior may change in the future where using the intended scope is required
Aug 09 16:11:44.286180 n-d-799528-6 devstack@n-api.service[109312]: warnings.warn(msg)
Aug 09 16:11:44.287377 n-d-799528-6 devstack@n-api.service[109312]: DEBUG nova.objects.aggregate [None req-9d216e37-ae1f-48f4-b528-f5516862e0ac tempest-AggregatesAdminNegativeTestJSON-753695772 tempest-AggregatesAdminNegativeTestJSON-753695772-project-admin] Generated uuid 11a3312d-d0f2-404b-8b7b-76ba2d6ca029 for aggregate {{(pid=109312) create /opt/stack/nova/nova/objects/aggregate.py:298}}
Aug 09 16:11:44.322831 n-d-799528-6 devstack@n-api.service[109312]: INFO nova.api.openstack.requestlog [None req-9d216e37-ae1f-48f4-b528-f5516862e0ac tempest-AggregatesAdminNegativeTestJSON-753695772 tempest-AggregatesAdminNegativeTestJSON-753695772-project-admin] 10.222.0.72 "POST /compute/v2.1/os-aggregates" status: 200 len: 196 microversion: 2.1 time: 0.043055
Aug 09 16:11:44.330222 n-d-799528-6 devstack@n-api.service[109312]: [pid: 109312|app: 0|req: 135/211] 10.222.0.72 () {60 vars in 1164 bytes} [Mon Aug 9 16:11:44 2021] POST /compute/v2.1/os-aggregates => generated 196 bytes in 51 msecs (HTTP/1.1 200) 9 headers in 357 bytes (1 switches on core 0)
Aug 09 16:11:44.338669 n-d-799528-6 devstack@n-api.service[109312]: DEBUG nova.api.openstack.wsgi [None req-d1fe6bb5-d1d4-4f0a-9885-bd31d673a2dd tempest-AggregatesAdminTestJSON-1339746028 tempest-AggregatesAdminTestJSON-1339746028-project-admin] Calling method '>' {{(pid=109312) _process_stack /opt/stack/nova/nova/api/openstack/wsgi.py:513}}
Aug 09 16:11:44.339440 n-d-799528-6 devstack@n-api.service[109312]: /usr/local/lib/python3.8/dist-packages/oslo_policy/policy.py:1064: UserWarning: Policy os_compute_api:os-aggregates:show failed scope check. The token used to make the request was project scoped but the policy requires ['system'] scope. This behavior may change in the future where using the intended scope is required
Aug 09 16:11:44.339440 n-d-799528-6 devstack@n-api.service[109312]: warnings.warn(msg)
Aug 09 16:11:44.350497 n-d-799528-6 devstack@n-api.service[109312]: INFO nova.api.openstack.requestlog [None req-d1fe6bb5-d1d4-4f0a-9885-bd31d673a2dd tempest-AggregatesAdminTestJSON-1339746028 tempest-AggregatesAdminTestJSON-1339746028-project-admin] 10.222.0.72 "GET /compute/v2.1/os-aggregates/8" status: 200 len: 240 microversion: 2.1 time: 0.018522
Aug 09 16:11:44.351386 n-d-799528-6 devstack@n-api.service[109312]: [pid: 109312|app: 0|req: 136/212] 10.222.0.72 () {58 vars in 1149 bytes} [Mon Aug 9 16:11:44 2021] GET /compute/v2.1/os-aggregates/8 => generated 240 bytes in 20 msecs (HTTP/1.1 200) 9 headers in 357 bytes (1 switches on core 0)
Aug 09 16:11:44.357125 n-d-799528-6 devstack@n-api.service[109312]: DEBUG nova.api.openstack.wsgi [None req-ccf32321-5f9c-4771-9b51-15c457190112 tempest-HostsAdminTestJSON-556448885 tempest-HostsAdminTestJSON-556448885-project-admin] Calling method '.version_select at 0x7f6fcee768b0>' {{(pid=109312) _process_stack /opt/stack/nova/nova/api/openstack/wsgi.py:513}}
Aug 09 16:11:44.358343 n-d-799528-6 devstack@n-api.service[109312]: /usr/local/lib/python3.8/dist-packages/oslo_policy/policy.py:1064: UserWarning: Policy os_compute_api:os-hosts:show failed scope check. The token used to make the request was project scoped but the policy requires ['system'] scope. This behavior may change in the future where using the intended scope is required
Aug 09 16:11:44.358343 n-d-799528-6 devstack@n-api.service[109312]: warnings.warn(msg)
Aug 09 16:11:44.364580 n-d-799528-6 devstack@n-api.service[109313]: DEBUG nova.policy [None req-7cd73eff-d8fd-4272-8e94-120809da8117 tempest-LiveMigrationNegativeTest-1443622219 tempest-LiveMigrationNegativeTest-1443622219-project] Policy check for os_compute_api:os-extended-server-attributes failed with credentials {'is_admin': False, 'user_id': '69f9fffd271e4839884ce0fefc43ce1e', 'user_domain_id': 'default', 'system_scope': None, 'domain_id': None, 'project_id': 'dcae545b6ccc4f0b90e48c103fb6603b', 'project_domain_id': 'default', 'roles': ['member', 'reader'], 'is_admin_project': True, 'service_user_id': None, 'service_user_domain_id': None, 'service_project_id': None, 'service_project_domain_id': None, 'service_roles': []} {{(pid=109313) authorize /opt/stack/nova/nova/policy.py:199}}
Aug 09 16:11:44.369482 n-d-799528-6 devstack@n-api.service[109312]: DEBUG oslo_concurrency.lockutils [None req-ccf32321-5f9c-4771-9b51-15c457190112 tempest-HostsAdminTestJSON-556448885 tempest-HostsAdminTestJSON-556448885-project-admin] Lock "85b44d0a-648e-4881-ad27-4e79062705e8" acquired by "nova.context.set_target_cell..get_or_set_cached_cell_and_set_connections" :: waited 0.000s {{(pid=109312) inner /usr/local/lib/python3.8/dist-packages/oslo_concurrency/lockutils.py:355}}
Aug 09 16:11:44.370806 n-d-799528-6 devstack@n-api.service[109312]: DEBUG oslo_concurrency.lockutils [None req-ccf32321-5f9c-4771-9b51-15c457190112 tempest-HostsAdminTestJSON-556448885 tempest-HostsAdminTestJSON-556448885-project-admin] Lock "85b44d0a-648e-4881-ad27-4e79062705e8" released by "nova.context.set_target_cell..get_or_set_cached_cell_and_set_connections" :: held 0.002s {{(pid=109312) inner /usr/local/lib/python3.8/dist-packages/oslo_concurrency/lockutils.py:367}}
Aug 09 16:11:44.375459 n-d-799528-6 devstack@n-api.service[109313]: INFO nova.api.openstack.requestlog [None req-7cd73eff-d8fd-4272-8e94-120809da8117 tempest-LiveMigrationNegativeTest-1443622219 tempest-LiveMigrationNegativeTest-1443622219-project] 10.222.0.72 "GET /compute/v2.1/servers/e2afb3fe-3314-4ba4-a179-56f1d2e45363" status: 200 len: 1318 microversion: 2.1 time: 0.216465
Aug 09 16:11:44.377508 n-d-799528-6 devstack@n-api.service[109313]: [pid: 109313|app: 0|req: 77/213] 10.222.0.72 () {58 vars in 1236 bytes} [Mon Aug 9 16:11:44 2021] GET /compute/v2.1/servers/e2afb3fe-3314-4ba4-a179-56f1d2e45363 => generated 1318 bytes in 219 msecs (HTTP/1.1 200) 9 headers in 358 bytes (1 switches on core 0)
Aug 09 16:11:44.382808 n-d-799528-6 devstack@n-api.service[109313]: DEBUG nova.api.openstack.wsgi [None req-261194e7-9e33-45b7-9b31-d3daa7f2a154 tempest-AggregatesAdminNegativeTestJSON-753695772 tempest-AggregatesAdminNegativeTestJSON-753695772-project-admin] Action: 'action', calling method: >, body: {"add_host": {"host": "n-h1-799528-6"}} {{(pid=109313) _process_stack /opt/stack/nova/nova/api/openstack/wsgi.py:511}}
Aug 09 16:11:44.384576 n-d-799528-6 devstack@n-api.service[109313]: /usr/local/lib/python3.8/dist-packages/oslo_policy/policy.py:1064: UserWarning: Policy os_compute_api:os-aggregates:add_host failed scope check. The token used to make the request was project scoped but the policy requires ['system'] scope. This behavior may change in the future where using the intended scope is required
Aug 09 16:11:44.384576 n-d-799528-6 devstack@n-api.service[109313]: warnings.warn(msg)
Aug 09 16:11:44.395900 n-d-799528-6 devstack@n-api.service[109312]: DEBUG oslo_concurrency.lockutils [None req-ccf32321-5f9c-4771-9b51-15c457190112 tempest-HostsAdminTestJSON-556448885 tempest-HostsAdminTestJSON-556448885-project-admin] Lock "85b44d0a-648e-4881-ad27-4e79062705e8" acquired by "nova.context.set_target_cell..get_or_set_cached_cell_and_set_connections" :: waited 0.000s {{(pid=109312) inner /usr/local/lib/python3.8/dist-packages/oslo_concurrency/lockutils.py:355}}
Aug 09 16:11:44.396584 n-d-799528-6 devstack@n-api.service[109312]: DEBUG oslo_concurrency.lockutils [None req-ccf32321-5f9c-4771-9b51-15c457190112 tempest-HostsAdminTestJSON-556448885 tempest-HostsAdminTestJSON-556448885-project-admin] Lock "85b44d0a-648e-4881-ad27-4e79062705e8" released by "nova.context.set_target_cell..get_or_set_cached_cell_and_set_connections" :: held 0.001s {{(pid=109312) inner /usr/local/lib/python3.8/dist-packages/oslo_concurrency/lockutils.py:367}}
Aug 09 16:11:44.398019 n-d-799528-6 devstack@n-api.service[109313]: DEBUG oslo_concurrency.lockutils [None req-261194e7-9e33-45b7-9b31-d3daa7f2a154 tempest-AggregatesAdminNegativeTestJSON-753695772 tempest-AggregatesAdminNegativeTestJSON-753695772-project-admin] Lock "85b44d0a-648e-4881-ad27-4e79062705e8" acquired by "nova.context.set_target_cell..get_or_set_cached_cell_and_set_connections" :: waited 0.000s {{(pid=109313) inner /usr/local/lib/python3.8/dist-packages/oslo_concurrency/lockutils.py:355}}
Aug 09 16:11:44.398475 n-d-799528-6 devstack@n-api.service[109313]: DEBUG oslo_concurrency.lockutils [None req-261194e7-9e33-45b7-9b31-d3daa7f2a154 tempest-AggregatesAdminNegativeTestJSON-753695772 tempest-AggregatesAdminNegativeTestJSON-753695772-project-admin] Lock "85b44d0a-648e-4881-ad27-4e79062705e8" released by "nova.context.set_target_cell..get_or_set_cached_cell_and_set_connections" :: held 0.001s {{(pid=109313) inner /usr/local/lib/python3.8/dist-packages/oslo_concurrency/lockutils.py:367}}
Aug 09 16:11:44.445096 n-d-799528-6 devstack@n-api.service[109312]: INFO nova.api.openstack.requestlog [None req-ccf32321-5f9c-4771-9b51-15c457190112 tempest-HostsAdminTestJSON-556448885 tempest-HostsAdminTestJSON-556448885-project-admin] 10.222.0.72 "GET /compute/v2.1/os-hosts/n-h1-799528-6" status: 200 len: 729 microversion: 2.1 time: 0.092354
Aug 09 16:11:44.446561 n-d-799528-6 devstack@n-api.service[109312]: [pid: 109312|app: 0|req: 137/214] 10.222.0.72 () {58 vars in 1170 bytes} [Mon Aug 9 16:11:44 2021] GET /compute/v2.1/os-hosts/n-h1-799528-6 => generated 729 bytes in 95 msecs (HTTP/1.1 200) 9 headers in 357 bytes (1 switches on core 0)
Aug 09 16:11:44.454941 n-d-799528-6 devstack@n-api.service[109312]: DEBUG nova.api.openstack.wsgi [None req-95806ca8-51fb-490e-a3ca-d333c2ccc1cc tempest-AggregatesAdminTestJSON-1339746028 tempest-AggregatesAdminTestJSON-1339746028-project-admin] Calling method '>' {{(pid=109312) _process_stack /opt/stack/nova/nova/api/openstack/wsgi.py:513}}
Aug 09 16:11:44.455677 n-d-799528-6 devstack@n-api.service[109312]: /usr/local/lib/python3.8/dist-packages/oslo_policy/policy.py:1064: UserWarning: Policy os_compute_api:os-aggregates:delete failed scope check. The token used to make the request was project scoped but the policy requires ['system'] scope. This behavior may change in the future where using the intended scope is required
Aug 09 16:11:44.455677 n-d-799528-6 devstack@n-api.service[109312]: warnings.warn(msg)
Aug 09 16:11:44.492627 n-d-799528-6 devstack@n-api.service[109312]: INFO nova.api.openstack.requestlog [None req-95806ca8-51fb-490e-a3ca-d333c2ccc1cc tempest-AggregatesAdminTestJSON-1339746028 tempest-AggregatesAdminTestJSON-1339746028-project-admin] 10.222.0.72 "DELETE /compute/v2.1/os-aggregates/8" status: 200 len: 0 microversion: 2.1 time: 0.044387
Aug 09 16:11:44.493569 n-d-799528-6 devstack@n-api.service[109312]: [pid: 109312|app: 0|req: 138/215] 10.222.0.72 () {58 vars in 1152 bytes} [Mon Aug 9 16:11:44 2021] DELETE /compute/v2.1/os-aggregates/8 => generated 0 bytes in 46 msecs (HTTP/1.1 200) 9 headers in 355 bytes (1 switches on core 0)
Aug 09 16:11:44.504117 n-d-799528-6 devstack@n-api.service[109312]: DEBUG nova.api.openstack.wsgi [None req-f36e5140-91b1-40c6-a770-95a12c63f3ff tempest-HostsAdminTestJSON-556448885 tempest-HostsAdminTestJSON-556448885-project-admin] Calling method '.version_select at 0x7f6fcf7f7c10>' {{(pid=109312) _process_stack /opt/stack/nova/nova/api/openstack/wsgi.py:513}}
Aug 09 16:11:44.504769 n-d-799528-6 devstack@n-api.service[109312]: /usr/local/lib/python3.8/dist-packages/oslo_policy/policy.py:1064: UserWarning: Policy os_compute_api:os-hosts:show failed scope check. The token used to make the request was project scoped but the policy requires ['system'] scope. This behavior may change in the future where using the intended scope is required
Aug 09 16:11:44.504769 n-d-799528-6 devstack@n-api.service[109312]: warnings.warn(msg)
Aug 09 16:11:44.518317 n-d-799528-6 devstack@n-api.service[109312]: DEBUG oslo_concurrency.lockutils [None req-f36e5140-91b1-40c6-a770-95a12c63f3ff tempest-HostsAdminTestJSON-556448885 tempest-HostsAdminTestJSON-556448885-project-admin] Lock "85b44d0a-648e-4881-ad27-4e79062705e8" acquired by "nova.context.set_target_cell..get_or_set_cached_cell_and_set_connections" :: waited 0.000s {{(pid=109312) inner /usr/local/lib/python3.8/dist-packages/oslo_concurrency/lockutils.py:355}}
Aug 09 16:11:44.519694 n-d-799528-6 devstack@n-api.service[109312]: DEBUG oslo_concurrency.lockutils [None req-f36e5140-91b1-40c6-a770-95a12c63f3ff tempest-HostsAdminTestJSON-556448885 tempest-HostsAdminTestJSON-556448885-project-admin] Lock "85b44d0a-648e-4881-ad27-4e79062705e8" released by "nova.context.set_target_cell..get_or_set_cached_cell_and_set_connections" :: held 0.007s {{(pid=109312) inner /usr/local/lib/python3.8/dist-packages/oslo_concurrency/lockutils.py:367}}
Aug 09 16:11:44.533580 n-d-799528-6 devstack@n-api.service[109312]: DEBUG oslo_concurrency.lockutils [None req-f36e5140-91b1-40c6-a770-95a12c63f3ff tempest-HostsAdminTestJSON-556448885 tempest-HostsAdminTestJSON-556448885-project-admin] Lock "85b44d0a-648e-4881-ad27-4e79062705e8" acquired by "nova.context.set_target_cell..get_or_set_cached_cell_and_set_connections" :: waited 0.000s {{(pid=109312) inner /usr/local/lib/python3.8/dist-packages/oslo_concurrency/lockutils.py:355}}
Aug 09 16:11:44.534198 n-d-799528-6 devstack@n-api.service[109312]: DEBUG oslo_concurrency.lockutils [None req-f36e5140-91b1-40c6-a770-95a12c63f3ff tempest-HostsAdminTestJSON-556448885 tempest-HostsAdminTestJSON-556448885-project-admin] Lock "85b44d0a-648e-4881-ad27-4e79062705e8" released by "nova.context.set_target_cell..get_or_set_cached_cell_and_set_connections" :: held 0.001s {{(pid=109312) inner /usr/local/lib/python3.8/dist-packages/oslo_concurrency/lockutils.py:367}}
Aug 09 16:11:44.557686 n-d-799528-6 devstack@n-api.service[109312]: INFO nova.api.openstack.requestlog [None req-f36e5140-91b1-40c6-a770-95a12c63f3ff tempest-HostsAdminTestJSON-556448885 tempest-HostsAdminTestJSON-556448885-project-admin] 10.222.0.72 "GET /compute/v2.1/os-hosts/n-h2-799528-6" status: 200 len: 598 microversion: 2.1 time: 0.055306
Aug 09 16:11:44.560591 n-d-799528-6 devstack@n-api.service[109312]: [pid: 109312|app: 0|req: 139/216] 10.222.0.72 () {58 vars in 1170 bytes} [Mon Aug 9 16:11:44 2021] GET /compute/v2.1/os-hosts/n-h2-799528-6 => generated 598 bytes in 61 msecs (HTTP/1.1 200) 9 headers in 357 bytes (1 switches on core 0)
Aug 09 16:11:44.566796 n-d-799528-6 devstack@n-api.service[109312]: DEBUG nova.api.openstack.wsgi [None req-6105849b-c29f-4f4b-a2fd-e3a4a2b6aaed tempest-AggregatesAdminTestJSON-1339746028 tempest-AggregatesAdminTestJSON-1339746028-project-admin] Action: 'create', calling method: >, body: {"aggregate": {"name": "tempest-test_aggregate-1779228494", "availability_zone": "tempest-test_az-1633780940"}} {{(pid=109312) _process_stack /opt/stack/nova/nova/api/openstack/wsgi.py:511}}
Aug 09 16:11:44.568297 n-d-799528-6 devstack@n-api.service[109312]: /usr/local/lib/python3.8/dist-packages/oslo_policy/policy.py:1064: UserWarning: Policy os_compute_api:os-aggregates:create failed scope check. The token used to make the request was project scoped but the policy requires ['system'] scope. This behavior may change in the future where using the intended scope is required
Aug 09 16:11:44.568297 n-d-799528-6 devstack@n-api.service[109312]: warnings.warn(msg)
Aug 09 16:11:44.569400 n-d-799528-6 devstack@n-api.service[109313]: INFO nova.api.openstack.requestlog [None req-261194e7-9e33-45b7-9b31-d3daa7f2a154 tempest-AggregatesAdminNegativeTestJSON-753695772 tempest-AggregatesAdminNegativeTestJSON-753695772-project-admin] 10.222.0.72 "POST /compute/v2.1/os-aggregates/9/action" status: 200 len: 240 microversion: 2.1 time: 0.190568
Aug 09 16:11:44.569830 n-d-799528-6 devstack@n-api.service[109312]: DEBUG nova.objects.aggregate [None req-6105849b-c29f-4f4b-a2fd-e3a4a2b6aaed tempest-AggregatesAdminTestJSON-1339746028 tempest-AggregatesAdminTestJSON-1339746028-project-admin] Generated uuid 56f9bd28-67a3-4051-a304-5f9e027d153c for aggregate {{(pid=109312) create /opt/stack/nova/nova/objects/aggregate.py:298}}
Aug 09 16:11:44.572541 n-d-799528-6 devstack@n-api.service[109313]: [pid: 109313|app: 0|req: 78/217] 10.222.0.72 () {60 vars in 1191 bytes} [Mon Aug 9 16:11:44 2021] POST /compute/v2.1/os-aggregates/9/action => generated 240 bytes in 194 msecs (HTTP/1.1 200) 9 headers in 357 bytes (1 switches on core 0)
Aug 09 16:11:44.583019 n-d-799528-6 devstack@n-api.service[109313]: DEBUG nova.api.openstack.wsgi [None req-17154464-ac6c-4104-b794-51559c3f2f7f tempest-AggregatesAdminNegativeTestJSON-753695772 tempest-AggregatesAdminNegativeTestJSON-753695772-project-admin] Action: 'action', calling method: >, body: {"add_host": {"host": "n-h1-799528-6"}} {{(pid=109313) _process_stack /opt/stack/nova/nova/api/openstack/wsgi.py:511}}
Aug 09 16:11:44.590741 n-d-799528-6 devstack@n-api.service[109313]: /usr/local/lib/python3.8/dist-packages/oslo_policy/policy.py:1064: UserWarning: Policy os_compute_api:os-aggregates:add_host failed scope check. The token used to make the request was project scoped but the policy requires ['system'] scope. This behavior may change in the future where using the intended scope is required
Aug 09 16:11:44.590741 n-d-799528-6 devstack@n-api.service[109313]: warnings.warn(msg)
Aug 09 16:11:44.604051 n-d-799528-6 devstack@n-api.service[109313]: DEBUG oslo_concurrency.lockutils [None req-17154464-ac6c-4104-b794-51559c3f2f7f tempest-AggregatesAdminNegativeTestJSON-753695772 tempest-AggregatesAdminNegativeTestJSON-753695772-project-admin] Lock "85b44d0a-648e-4881-ad27-4e79062705e8" acquired by "nova.context.set_target_cell..get_or_set_cached_cell_and_set_connections" :: waited 0.001s {{(pid=109313) inner /usr/local/lib/python3.8/dist-packages/oslo_concurrency/lockutils.py:355}}
Aug 09 16:11:44.604617 n-d-799528-6 devstack@n-api.service[109313]: DEBUG oslo_concurrency.lockutils [None req-17154464-ac6c-4104-b794-51559c3f2f7f tempest-AggregatesAdminNegativeTestJSON-753695772 tempest-AggregatesAdminNegativeTestJSON-753695772-project-admin] Lock "85b44d0a-648e-4881-ad27-4e79062705e8" released by "nova.context.set_target_cell..get_or_set_cached_cell_and_set_connections" :: held 0.001s {{(pid=109313) inner /usr/local/lib/python3.8/dist-packages/oslo_concurrency/lockutils.py:367}}
Aug 09 16:11:44.614077 n-d-799528-6 devstack@n-api.service[109312]: INFO nova.api.openstack.requestlog [None req-6105849b-c29f-4f4b-a2fd-e3a4a2b6aaed tempest-AggregatesAdminTestJSON-1339746028 tempest-AggregatesAdminTestJSON-1339746028-project-admin] 10.222.0.72 "POST /compute/v2.1/os-aggregates" status: 200 len: 223 microversion: 2.1 time: 0.051697
Aug 09 16:11:44.615755 n-d-799528-6 devstack@n-api.service[109312]: [pid: 109312|app: 0|req: 140/218] 10.222.0.72 () {60 vars in 1165 bytes} [Mon Aug 9 16:11:44 2021] POST /compute/v2.1/os-aggregates => generated 223 bytes in 55 msecs (HTTP/1.1 200) 9 headers in 357 bytes (1 switches on core 0)
Aug 09 16:11:44.626741 n-d-799528-6 devstack@n-api.service[109312]: DEBUG nova.api.openstack.wsgi [None req-60f8f814-9298-427d-97b5-a62247a87210 tempest-AggregatesAdminTestJSON-1339746028 tempest-AggregatesAdminTestJSON-1339746028-project-admin] Action: 'update', calling method: >, body: {"aggregate": {"name": "tempest-test_aggregate-1779228494_new", "availability_zone": "tempest-test_az-1633780940_new"}} {{(pid=109312) _process_stack /opt/stack/nova/nova/api/openstack/wsgi.py:511}}
Aug 09 16:11:44.632653 n-d-799528-6 devstack@n-api.service[109312]: /usr/local/lib/python3.8/dist-packages/oslo_policy/policy.py:1064: UserWarning: Policy os_compute_api:os-aggregates:update failed scope check. The token used to make the request was project scoped but the policy requires ['system'] scope. This behavior may change in the future where using the intended scope is required
Aug 09 16:11:44.632653 n-d-799528-6 devstack@n-api.service[109312]: warnings.warn(msg)
Aug 09 16:11:44.659548 n-d-799528-6 devstack@n-api.service[109313]: INFO nova.api.openstack.wsgi [None req-17154464-ac6c-4104-b794-51559c3f2f7f tempest-AggregatesAdminNegativeTestJSON-753695772 tempest-AggregatesAdminNegativeTestJSON-753695772-project-admin] HTTP exception thrown: Aggregate 9 already has host n-h1-799528-6.
Aug 09 16:11:44.660950 n-d-799528-6 devstack@n-api.service[109313]: DEBUG nova.api.openstack.wsgi [None req-17154464-ac6c-4104-b794-51559c3f2f7f tempest-AggregatesAdminNegativeTestJSON-753695772 tempest-AggregatesAdminNegativeTestJSON-753695772-project-admin] Returning 409 to user: Aggregate 9 already has host n-h1-799528-6. {{(pid=109313) __call__ /opt/stack/nova/nova/api/openstack/wsgi.py:927}}
Aug 09 16:11:44.663150 n-d-799528-6 devstack@n-api.service[109313]: INFO nova.api.openstack.requestlog [None req-17154464-ac6c-4104-b794-51559c3f2f7f tempest-AggregatesAdminNegativeTestJSON-753695772 tempest-AggregatesAdminNegativeTestJSON-753695772-project-admin] 10.222.0.72 "POST /compute/v2.1/os-aggregates/9/action" status: 409 len: 95 microversion: 2.1 time: 0.083891
Aug 09 16:11:44.666192 n-d-799528-6 devstack@n-api.service[109313]: [pid: 109313|app: 0|req: 79/219] 10.222.0.72 () {60 vars in 1191 bytes} [Mon Aug 9 16:11:44 2021] POST /compute/v2.1/os-aggregates/9/action => generated 95 bytes in 87 msecs (HTTP/1.1 409) 9 headers in 377 bytes (1 switches on core 0)
Aug 09 16:11:44.682317 n-d-799528-6 devstack@n-api.service[109313]: DEBUG nova.api.openstack.wsgi [None req-7bf047ef-d0e0-49a8-bce1-52f029050eb3 tempest-AggregatesAdminNegativeTestJSON-753695772 tempest-AggregatesAdminNegativeTestJSON-753695772-project-admin] Action: 'action', calling method: >, body: {"remove_host": {"host": "n-h1-799528-6"}} {{(pid=109313) _process_stack /opt/stack/nova/nova/api/openstack/wsgi.py:511}}
Aug 09 16:11:44.686124 n-d-799528-6 devstack@n-api.service[109313]: /usr/local/lib/python3.8/dist-packages/oslo_policy/policy.py:1064: UserWarning: Policy os_compute_api:os-aggregates:remove_host failed scope check. The token used to make the request was project scoped but the policy requires ['system'] scope. This behavior may change in the future where using the intended scope is required
Aug 09 16:11:44.686124 n-d-799528-6 devstack@n-api.service[109313]: warnings.warn(msg)
Aug 09 16:11:44.686473 n-d-799528-6 devstack@n-api.service[109312]: DEBUG oslo_concurrency.lockutils [None req-60f8f814-9298-427d-97b5-a62247a87210 tempest-AggregatesAdminTestJSON-1339746028 tempest-AggregatesAdminTestJSON-1339746028-project-admin] Lock "85b44d0a-648e-4881-ad27-4e79062705e8" acquired by "nova.context.set_target_cell..get_or_set_cached_cell_and_set_connections" :: waited 0.000s {{(pid=109312) inner /usr/local/lib/python3.8/dist-packages/oslo_concurrency/lockutils.py:355}}
Aug 09 16:11:44.687342 n-d-799528-6 devstack@n-api.service[109312]: DEBUG oslo_concurrency.lockutils [None req-60f8f814-9298-427d-97b5-a62247a87210 tempest-AggregatesAdminTestJSON-1339746028 tempest-AggregatesAdminTestJSON-1339746028-project-admin] Lock "85b44d0a-648e-4881-ad27-4e79062705e8" released by "nova.context.set_target_cell..get_or_set_cached_cell_and_set_connections" :: held 0.001s {{(pid=109312) inner /usr/local/lib/python3.8/dist-packages/oslo_concurrency/lockutils.py:367}}
Aug 09 16:11:44.714929 n-d-799528-6 devstack@n-api.service[109313]: DEBUG oslo_concurrency.lockutils [None req-7bf047ef-d0e0-49a8-bce1-52f029050eb3 tempest-AggregatesAdminNegativeTestJSON-753695772 tempest-AggregatesAdminNegativeTestJSON-753695772-project-admin] Lock "85b44d0a-648e-4881-ad27-4e79062705e8" acquired by "nova.context.set_target_cell..get_or_set_cached_cell_and_set_connections" :: waited 0.000s {{(pid=109313) inner /usr/local/lib/python3.8/dist-packages/oslo_concurrency/lockutils.py:355}}
Aug 09 16:11:44.715587 n-d-799528-6 devstack@n-api.service[109313]: DEBUG oslo_concurrency.lockutils [None req-7bf047ef-d0e0-49a8-bce1-52f029050eb3 tempest-AggregatesAdminNegativeTestJSON-753695772 tempest-AggregatesAdminNegativeTestJSON-753695772-project-admin] Lock "85b44d0a-648e-4881-ad27-4e79062705e8" released by "nova.context.set_target_cell..get_or_set_cached_cell_and_set_connections" :: held 0.004s {{(pid=109313) inner /usr/local/lib/python3.8/dist-packages/oslo_concurrency/lockutils.py:367}}
Aug 09 16:11:44.737043 n-d-799528-6 devstack@n-api.service[109312]: INFO nova.api.openstack.requestlog [None req-60f8f814-9298-427d-97b5-a62247a87210 tempest-AggregatesAdminTestJSON-1339746028 tempest-AggregatesAdminTestJSON-1339746028-project-admin] 10.222.0.72 "PUT /compute/v2.1/os-aggregates/10" status: 200 len: 337 microversion: 2.1 time: 0.112562
Aug 09 16:11:44.737219 n-d-799528-6 devstack@n-api.service[109312]: [pid: 109312|app: 0|req: 141/220] 10.222.0.72 () {60 vars in 1173 bytes} [Mon Aug 9 16:11:44 2021] PUT /compute/v2.1/os-aggregates/10 => generated 337 bytes in 115 msecs (HTTP/1.1 200) 9 headers in 357 bytes (1 switches on core 0)
Aug 09 16:11:44.749039 n-d-799528-6 devstack@n-api.service[109312]: DEBUG nova.api.openstack.wsgi [None req-ea92011d-badc-4a46-82a4-6077fdb6daaf tempest-ServersWithSpecificFlavorTestJSON-643920299 tempest-ServersWithSpecificFlavorTestJSON-643920299-project] Calling method '>' {{(pid=109312) _process_stack /opt/stack/nova/nova/api/openstack/wsgi.py:513}}
Aug 09 16:11:44.750090 n-d-799528-6 devstack@n-api.service[109312]: DEBUG nova.compute.api [None req-ea92011d-badc-4a46-82a4-6077fdb6daaf tempest-ServersWithSpecificFlavorTestJSON-643920299 tempest-ServersWithSpecificFlavorTestJSON-643920299-project] [instance: 4ed89cb4-4b0a-4d96-a75f-42dd0c9322c0] Fetching instance by UUID {{(pid=109312) get /opt/stack/nova/nova/compute/api.py:2791}}
Aug 09 16:11:44.761830 n-d-799528-6 devstack@n-api.service[109312]: DEBUG oslo_concurrency.lockutils [None req-ea92011d-badc-4a46-82a4-6077fdb6daaf tempest-ServersWithSpecificFlavorTestJSON-643920299 tempest-ServersWithSpecificFlavorTestJSON-643920299-project] Lock "85b44d0a-648e-4881-ad27-4e79062705e8" acquired by "nova.context.set_target_cell..get_or_set_cached_cell_and_set_connections" :: waited 0.000s {{(pid=109312) inner /usr/local/lib/python3.8/dist-packages/oslo_concurrency/lockutils.py:355}}
Aug 09 16:11:44.762696 n-d-799528-6 devstack@n-api.service[109312]: DEBUG oslo_concurrency.lockutils [None req-ea92011d-badc-4a46-82a4-6077fdb6daaf tempest-ServersWithSpecificFlavorTestJSON-643920299 tempest-ServersWithSpecificFlavorTestJSON-643920299-project] Lock "85b44d0a-648e-4881-ad27-4e79062705e8" released by "nova.context.set_target_cell..get_or_set_cached_cell_and_set_connections" :: held 0.002s {{(pid=109312) inner /usr/local/lib/python3.8/dist-packages/oslo_concurrency/lockutils.py:367}}
Aug 09 16:11:44.764292 n-d-799528-6 devstack@n-api.service[109312]: DEBUG oslo_concurrency.lockutils [None req-ea92011d-badc-4a46-82a4-6077fdb6daaf tempest-ServersWithSpecificFlavorTestJSON-643920299 tempest-ServersWithSpecificFlavorTestJSON-643920299-project] Lock "85b44d0a-648e-4881-ad27-4e79062705e8" acquired by "nova.context.set_target_cell..get_or_set_cached_cell_and_set_connections" :: waited 0.000s {{(pid=109312) inner /usr/local/lib/python3.8/dist-packages/oslo_concurrency/lockutils.py:355}}
Aug 09 16:11:44.764967 n-d-799528-6 devstack@n-api.service[109312]: DEBUG oslo_concurrency.lockutils [None req-ea92011d-badc-4a46-82a4-6077fdb6daaf tempest-ServersWithSpecificFlavorTestJSON-643920299 tempest-ServersWithSpecificFlavorTestJSON-643920299-project] Lock "85b44d0a-648e-4881-ad27-4e79062705e8" released by "nova.context.set_target_cell..get_or_set_cached_cell_and_set_connections" :: held 0.001s {{(pid=109312) inner /usr/local/lib/python3.8/dist-packages/oslo_concurrency/lockutils.py:367}}
