Jul 05 19:39:33.251988 n-d-799528-1 devstack@placement-api.service[94408]: DEBUG placement.objects.research_context [req-63aadb97-1ff7-4470-9eb2-eb2a9eb64691 req-5378ed2b-455d-4d7e-b754-0cecb917532e service placement] found 2 providers with available 1024 MEMORY_MB {{(pid=94408) get_provider_ids_matching /opt/stack/placement/placement/objects/research_context.py:549}}
Jul 05 19:39:33.252834 n-d-799528-1 devstack@placement-api.service[94408]: DEBUG placement.objects.research_context [req-63aadb97-1ff7-4470-9eb2-eb2a9eb64691 req-5378ed2b-455d-4d7e-b754-0cecb917532e service placement] found 2 providers after filtering by previous result {{(pid=94408) get_provider_ids_matching /opt/stack/placement/placement/objects/research_context.py:580}}
Jul 05 19:39:33.253314 n-d-799528-1 devstack@placement-api.service[94408]: DEBUG placement.objects.research_context [req-63aadb97-1ff7-4470-9eb2-eb2a9eb64691 req-5378ed2b-455d-4d7e-b754-0cecb917532e service placement] found 2 providers with available 1 VCPU {{(pid=94408) get_provider_ids_matching /opt/stack/placement/placement/objects/research_context.py:549}}
Jul 05 19:39:33.253823 n-d-799528-1 devstack@placement-api.service[94408]: DEBUG placement.objects.research_context [req-63aadb97-1ff7-4470-9eb2-eb2a9eb64691 req-5378ed2b-455d-4d7e-b754-0cecb917532e service placement] found 2 providers after filtering by previous result {{(pid=94408) get_provider_ids_matching /opt/stack/placement/placement/objects/research_context.py:580}}
Jul 05 19:39:33.273337 n-d-799528-1 devstack@placement-api.service[94408]: DEBUG placement.objects.allocation_candidate [req-63aadb97-1ff7-4470-9eb2-eb2a9eb64691 req-5378ed2b-455d-4d7e-b754-0cecb917532e service placement] RequestGroup(use_same_provider=False, resources={DISK_GB:1, MEMORY_MB:1024, VCPU:1}, traits=[], aggregates=[]) (suffix '') returned 2 matches {{(pid=94408) _get_by_requests /opt/stack/placement/placement/objects/allocation_candidate.py:145}}
Jul 05 19:39:33.274077 n-d-799528-1 devstack@placement-api.service[94408]: DEBUG placement.objects.allocation_candidate [req-63aadb97-1ff7-4470-9eb2-eb2a9eb64691 req-5378ed2b-455d-4d7e-b754-0cecb917532e service placement] Merging candidates yields 2 allocation requests and 2 provider summaries {{(pid=94408) _merge_candidates /opt/stack/placement/placement/objects/allocation_candidate.py:783}}
Jul 05 19:39:33.276083 n-d-799528-1 devstack@placement-api.service[94408]: INFO placement.requestlog [req-63aadb97-1ff7-4470-9eb2-eb2a9eb64691 req-5378ed2b-455d-4d7e-b754-0cecb917532e service placement] 10.222.0.50 "GET /placement/allocation_candidates?resources=DISK_GB%3A1%2CMEMORY_MB%3A1024%2CVCPU%3A1&root_required=%21COMPUTE_STATUS_DISABLED" status: 200 len: 1309 microversion: 1.35
Jul 05 19:39:33.280593 n-d-799528-1 devstack@placement-api.service[94408]: [pid: 94408|app: 0|req: 62/122] 10.222.0.50 () {60 vars in 1485 bytes} [Mon Jul 5 19:39:33 2021] GET /placement/allocation_candidates?resources=DISK_GB%3A1%2CMEMORY_MB%3A1024%2CVCPU%3A1&root_required=%21COMPUTE_STATUS_DISABLED => generated 1309 bytes in 133 msecs (HTTP/1.1 200) 8 headers in 297 bytes (1 switches on core 0)
Jul 05 19:39:33.347880 n-d-799528-1 devstack@placement-api.service[94409]: DEBUG placement.requestlog [req-63aadb97-1ff7-4470-9eb2-eb2a9eb64691 req-dd7c2e6c-c75b-466d-96cb-b3d2c7d1afb1 None None] Starting request: 10.222.0.50 "GET /placement/allocations/c6581279-d2f2-41f5-96d6-eb4416f3e8a2" {{(pid=94409) __call__ /opt/stack/placement/placement/requestlog.py:55}}
Jul 05 19:39:33.364560 n-d-799528-1 devstack@placement-api.service[94409]: INFO placement.requestlog [req-63aadb97-1ff7-4470-9eb2-eb2a9eb64691 req-dd7c2e6c-c75b-466d-96cb-b3d2c7d1afb1 service placement] 10.222.0.50 "GET /placement/allocations/c6581279-d2f2-41f5-96d6-eb4416f3e8a2" status: 200 len: 19 microversion: 1.28
Jul 05 19:39:33.365265 n-d-799528-1 devstack@placement-api.service[94409]: [pid: 94409|app: 0|req: 61/123] 10.222.0.50 () {60 vars in 1381 bytes} [Mon Jul 5 19:39:33 2021] GET /placement/allocations/c6581279-d2f2-41f5-96d6-eb4416f3e8a2 => generated 19 bytes in 18 msecs (HTTP/1.1 200) 8 headers in 295 bytes (1 switches on core 0)
Jul 05 19:39:33.370735 n-d-799528-1 devstack@placement-api.service[94408]: DEBUG placement.requestlog [req-63aadb97-1ff7-4470-9eb2-eb2a9eb64691 req-8f3d239f-cba6-4b02-92cf-9d7327740219 None None] Starting request: 10.222.0.50 "PUT /placement/allocations/c6581279-d2f2-41f5-96d6-eb4416f3e8a2" {{(pid=94408) __call__ /opt/stack/placement/placement/requestlog.py:55}}
Jul 05 19:39:33.453116 n-d-799528-1 devstack@placement-api.service[94408]: DEBUG placement.handlers.allocation [req-63aadb97-1ff7-4470-9eb2-eb2a9eb64691 req-8f3d239f-cba6-4b02-92cf-9d7327740219 service placement] Successfully wrote allocations [, , ] {{(pid=94408) _create_allocations /opt/stack/placement/placement/handlers/allocation.py:435}}
Jul 05 19:39:33.453847 n-d-799528-1 devstack@placement-api.service[94408]: INFO placement.requestlog [req-63aadb97-1ff7-4470-9eb2-eb2a9eb64691 req-8f3d239f-cba6-4b02-92cf-9d7327740219 service placement] 10.222.0.50 "PUT /placement/allocations/c6581279-d2f2-41f5-96d6-eb4416f3e8a2" status: 204 len: 0 microversion: 1.35
Jul 05 19:39:33.454811 n-d-799528-1 devstack@placement-api.service[94408]: [pid: 94408|app: 0|req: 63/124] 10.222.0.50 () {64 vars in 1434 bytes} [Mon Jul 5 19:39:33 2021] PUT /placement/allocations/c6581279-d2f2-41f5-96d6-eb4416f3e8a2 => generated 0 bytes in 84 msecs (HTTP/1.1 204) 5 headers in 199 bytes (1 switches on core 0)
Jul 05 19:39:33.477657 n-d-799528-1 devstack@placement-api.service[94409]: DEBUG placement.requestlog [req-63aadb97-1ff7-4470-9eb2-eb2a9eb64691 req-1633662b-6bcb-41ad-912d-cf2b36ef5290 None None] Starting request: 10.222.0.50 "GET /placement/allocations/4eb6eaae-d4d3-4ce6-a29a-f638b78ef17c" {{(pid=94409) __call__ /opt/stack/placement/placement/requestlog.py:55}}
Jul 05 19:39:33.493966 n-d-799528-1 devstack@placement-api.service[94409]: INFO placement.requestlog [req-63aadb97-1ff7-4470-9eb2-eb2a9eb64691 req-1633662b-6bcb-41ad-912d-cf2b36ef5290 service placement] 10.222.0.50 "GET /placement/allocations/4eb6eaae-d4d3-4ce6-a29a-f638b78ef17c" status: 200 len: 19 microversion: 1.28
Jul 05 19:39:33.494762 n-d-799528-1 devstack@placement-api.service[94409]: [pid: 94409|app: 0|req: 62/125] 10.222.0.50 () {60 vars in 1381 bytes} [Mon Jul 5 19:39:33 2021] GET /placement/allocations/4eb6eaae-d4d3-4ce6-a29a-f638b78ef17c => generated 19 bytes in 17 msecs (HTTP/1.1 200) 8 headers in 295 bytes (2 switches on core 0)
Jul 05 19:39:33.501379 n-d-799528-1 devstack@placement-api.service[94408]: DEBUG placement.requestlog [req-63aadb97-1ff7-4470-9eb2-eb2a9eb64691 req-5f95fccc-4c7f-4329-ac10-be8304675179 None None] Starting request: 10.222.0.50 "PUT /placement/allocations/4eb6eaae-d4d3-4ce6-a29a-f638b78ef17c" {{(pid=94408) __call__ /opt/stack/placement/placement/requestlog.py:55}}
Jul 05 19:39:33.598945 n-d-799528-1 devstack@placement-api.service[94408]: DEBUG placement.handlers.allocation [req-63aadb97-1ff7-4470-9eb2-eb2a9eb64691 req-5f95fccc-4c7f-4329-ac10-be8304675179 service placement] Successfully wrote allocations [, , ] {{(pid=94408) _create_allocations /opt/stack/placement/placement/handlers/allocation.py:435}}
Jul 05 19:39:33.599870 n-d-799528-1 devstack@placement-api.service[94408]: INFO placement.requestlog [req-63aadb97-1ff7-4470-9eb2-eb2a9eb64691 req-5f95fccc-4c7f-4329-ac10-be8304675179 service placement] 10.222.0.50 "PUT /placement/allocations/4eb6eaae-d4d3-4ce6-a29a-f638b78ef17c" status: 204 len: 0 microversion: 1.35
Jul 05 19:39:33.600616 n-d-799528-1 devstack@placement-api.service[94408]: [pid: 94408|app: 0|req: 64/126] 10.222.0.50 () {64 vars in 1434 bytes} [Mon Jul 5 19:39:33 2021] PUT /placement/allocations/4eb6eaae-d4d3-4ce6-a29a-f638b78ef17c => generated 0 bytes in 100 msecs (HTTP/1.1 204) 5 headers in 199 bytes (1 switches on core 0)
Jul 05 19:39:34.110309 n-d-799528-1 devstack@placement-api.service[94409]: DEBUG placement.requestlog [req-83f3bbc8-9c0e-4fd5-ad79-f4a6c59f9fd0 req-4715f94b-6dc2-4409-b010-231a143d57be None None] Starting request: 10.222.0.50 "GET /placement/allocation_candidates?limit=1000&resources=DISK_GB%3A1%2CMEMORY_MB%3A1024%2CVCPU%3A1&root_required=%21COMPUTE_STATUS_DISABLED" {{(pid=94409) __call__ /opt/stack/placement/placement/requestlog.py:55}}
Jul 05 19:39:34.188016 n-d-799528-1 devstack@placement-api.service[94409]: DEBUG placement.objects.research_context [req-83f3bbc8-9c0e-4fd5-ad79-f4a6c59f9fd0 req-4715f94b-6dc2-4409-b010-231a143d57be service placement] getting providers with 1 DISK_GB {{(pid=94409) __init__ /opt/stack/placement/placement/objects/research_context.py:126}}
Jul 05 19:39:34.200882 n-d-799528-1 devstack@placement-api.service[94409]: DEBUG placement.objects.research_context [req-83f3bbc8-9c0e-4fd5-ad79-f4a6c59f9fd0 req-4715f94b-6dc2-4409-b010-231a143d57be service placement] getting providers with 1024 MEMORY_MB {{(pid=94409) __init__ /opt/stack/placement/placement/objects/research_context.py:126}}
Jul 05 19:39:34.213848 n-d-799528-1 devstack@placement-api.service[94409]: DEBUG placement.objects.research_context [req-83f3bbc8-9c0e-4fd5-ad79-f4a6c59f9fd0 req-4715f94b-6dc2-4409-b010-231a143d57be service placement] getting providers with 1 VCPU {{(pid=94409) __init__ /opt/stack/placement/placement/objects/research_context.py:126}}
Jul 05 19:39:34.225989 n-d-799528-1 devstack@placement-api.service[94409]: DEBUG placement.objects.research_context [req-83f3bbc8-9c0e-4fd5-ad79-f4a6c59f9fd0 req-4715f94b-6dc2-4409-b010-231a143d57be service placement] found 2 providers with available 1 DISK_GB {{(pid=94409) get_provider_ids_matching /opt/stack/placement/placement/objects/research_context.py:549}}
Jul 05 19:39:34.226878 n-d-799528-1 devstack@placement-api.service[94409]: DEBUG placement.objects.research_context [req-83f3bbc8-9c0e-4fd5-ad79-f4a6c59f9fd0 req-4715f94b-6dc2-4409-b010-231a143d57be service placement] found 2 providers with available 1024 MEMORY_MB {{(pid=94409) get_provider_ids_matching /opt/stack/placement/placement/objects/research_context.py:549}}
Jul 05 19:39:34.227481 n-d-799528-1 devstack@placement-api.service[94409]: DEBUG placement.objects.research_context [req-83f3bbc8-9c0e-4fd5-ad79-f4a6c59f9fd0 req-4715f94b-6dc2-4409-b010-231a143d57be service placement] found 2 providers after filtering by previous result {{(pid=94409) get_provider_ids_matching /opt/stack/placement/placement/objects/research_context.py:580}}
Jul 05 19:39:34.227998 n-d-799528-1 devstack@placement-api.service[94409]: DEBUG placement.objects.research_context [req-83f3bbc8-9c0e-4fd5-ad79-f4a6c59f9fd0 req-4715f94b-6dc2-4409-b010-231a143d57be service placement] found 2 providers with available 1 VCPU {{(pid=94409) get_provider_ids_matching /opt/stack/placement/placement/objects/research_context.py:549}}
Jul 05 19:39:34.228561 n-d-799528-1 devstack@placement-api.service[94409]: DEBUG placement.objects.research_context [req-83f3bbc8-9c0e-4fd5-ad79-f4a6c59f9fd0 req-4715f94b-6dc2-4409-b010-231a143d57be service placement] found 2 providers after filtering by previous result {{(pid=94409) get_provider_ids_matching /opt/stack/placement/placement/objects/research_context.py:580}}
Jul 05 19:39:34.257526 n-d-799528-1 devstack@placement-api.service[94409]: DEBUG placement.objects.allocation_candidate [req-83f3bbc8-9c0e-4fd5-ad79-f4a6c59f9fd0 req-4715f94b-6dc2-4409-b010-231a143d57be service placement] RequestGroup(use_same_provider=False, resources={DISK_GB:1, MEMORY_MB:1024, VCPU:1}, traits=[], aggregates=[]) (suffix '') returned 2 matches {{(pid=94409) _get_by_requests /opt/stack/placement/placement/objects/allocation_candidate.py:145}}
Jul 05 19:39:34.260891 n-d-799528-1 devstack@placement-api.service[94409]: DEBUG placement.objects.allocation_candidate [req-83f3bbc8-9c0e-4fd5-ad79-f4a6c59f9fd0 req-4715f94b-6dc2-4409-b010-231a143d57be service placement] Merging candidates yields 2 allocation requests and 2 provider summaries {{(pid=94409) _merge_candidates /opt/stack/placement/placement/objects/allocation_candidate.py:783}}
Jul 05 19:39:34.265095 n-d-799528-1 devstack@placement-api.service[94409]: INFO placement.requestlog [req-83f3bbc8-9c0e-4fd5-ad79-f4a6c59f9fd0 req-4715f94b-6dc2-4409-b010-231a143d57be service placement] 10.222.0.50 "GET /placement/allocation_candidates?limit=1000&resources=DISK_GB%3A1%2CMEMORY_MB%3A1024%2CVCPU%3A1&root_required=%21COMPUTE_STATUS_DISABLED" status: 200 len: 1309 microversion: 1.35
Jul 05 19:39:34.265876 n-d-799528-1 devstack@placement-api.service[94409]: [pid: 94409|app: 0|req: 63/127] 10.222.0.50 () {60 vars in 1507 bytes} [Mon Jul 5 19:39:34 2021] GET /placement/allocation_candidates?limit=1000&resources=DISK_GB%3A1%2CMEMORY_MB%3A1024%2CVCPU%3A1&root_required=%21COMPUTE_STATUS_DISABLED => generated 1309 bytes in 156 msecs (HTTP/1.1 200) 8 headers in 297 bytes (1 switches on core 0)
Jul 05 19:39:34.317945 n-d-799528-1 devstack@placement-api.service[94408]: DEBUG placement.requestlog [req-63aadb97-1ff7-4470-9eb2-eb2a9eb64691 req-8c21a621-bb05-4f7f-b8fe-8d65b6c9ab18 None None] Starting request: 10.222.0.111 "GET /placement/allocations/c6581279-d2f2-41f5-96d6-eb4416f3e8a2" {{(pid=94408) __call__ /opt/stack/placement/placement/requestlog.py:55}}
Jul 05 19:39:34.343693 n-d-799528-1 devstack@placement-api.service[94408]: INFO placement.requestlog [req-63aadb97-1ff7-4470-9eb2-eb2a9eb64691 req-8c21a621-bb05-4f7f-b8fe-8d65b6c9ab18 service placement] 10.222.0.111 "GET /placement/allocations/c6581279-d2f2-41f5-96d6-eb4416f3e8a2" status: 200 len: 258 microversion: 1.28
Jul 05 19:39:34.344255 n-d-799528-1 devstack@placement-api.service[94408]: [pid: 94408|app: 0|req: 65/128] 10.222.0.111 () {60 vars in 1379 bytes} [Mon Jul 5 19:39:34 2021] GET /placement/allocations/c6581279-d2f2-41f5-96d6-eb4416f3e8a2 => generated 258 bytes in 26 msecs (HTTP/1.1 200) 8 headers in 296 bytes (1 switches on core 0)
Jul 05 19:39:34.355547 n-d-799528-1 devstack@placement-api.service[94409]: DEBUG placement.requestlog [req-83f3bbc8-9c0e-4fd5-ad79-f4a6c59f9fd0 req-24a0ce3b-e401-4c4b-b1b5-053b2703e31a None None] Starting request: 10.222.0.50 "GET /placement/allocations/dac81468-e5a5-4d9f-a1db-e67a0aad91bc" {{(pid=94409) __call__ /opt/stack/placement/placement/requestlog.py:55}}
Jul 05 19:39:34.370467 n-d-799528-1 devstack@placement-api.service[94409]: INFO placement.requestlog [req-83f3bbc8-9c0e-4fd5-ad79-f4a6c59f9fd0 req-24a0ce3b-e401-4c4b-b1b5-053b2703e31a service placement] 10.222.0.50 "GET /placement/allocations/dac81468-e5a5-4d9f-a1db-e67a0aad91bc" status: 200 len: 19 microversion: 1.28
Jul 05 19:39:34.372402 n-d-799528-1 devstack@placement-api.service[94409]: [pid: 94409|app: 0|req: 64/129] 10.222.0.50 () {60 vars in 1381 bytes} [Mon Jul 5 19:39:34 2021] GET /placement/allocations/dac81468-e5a5-4d9f-a1db-e67a0aad91bc => generated 19 bytes in 17 msecs (HTTP/1.1 200) 8 headers in 295 bytes (1 switches on core 0)
Jul 05 19:39:34.380305 n-d-799528-1 devstack@placement-api.service[94408]: DEBUG placement.requestlog [req-83f3bbc8-9c0e-4fd5-ad79-f4a6c59f9fd0 req-5d6076f6-edfc-471d-86fe-1a88525200ba None None] Starting request: 10.222.0.50 "PUT /placement/allocations/dac81468-e5a5-4d9f-a1db-e67a0aad91bc" {{(pid=94408) __call__ /opt/stack/placement/placement/requestlog.py:55}}
Jul 05 19:39:34.437284 n-d-799528-1 devstack@placement-api.service[94409]: DEBUG placement.requestlog [req-63aadb97-1ff7-4470-9eb2-eb2a9eb64691 req-84e4dac3-29af-475c-ba53-71db066fa953 None None] Starting request: 10.222.0.111 "GET /placement/allocations/4eb6eaae-d4d3-4ce6-a29a-f638b78ef17c" {{(pid=94409) __call__ /opt/stack/placement/placement/requestlog.py:55}}
Jul 05 19:39:34.467059 n-d-799528-1 devstack@placement-api.service[94409]: INFO placement.requestlog [req-63aadb97-1ff7-4470-9eb2-eb2a9eb64691 req-84e4dac3-29af-475c-ba53-71db066fa953 service placement] 10.222.0.111 "GET /placement/allocations/4eb6eaae-d4d3-4ce6-a29a-f638b78ef17c" status: 200 len: 258 microversion: 1.28
Jul 05 19:39:34.468416 n-d-799528-1 devstack@placement-api.service[94409]: [pid: 94409|app: 0|req: 65/130] 10.222.0.111 () {60 vars in 1379 bytes} [Mon Jul 5 19:39:34 2021] GET /placement/allocations/4eb6eaae-d4d3-4ce6-a29a-f638b78ef17c => generated 258 bytes in 31 msecs (HTTP/1.1 200) 8 headers in 296 bytes (2 switches on core 0)
Jul 05 19:39:34.505878 n-d-799528-1 devstack@placement-api.service[94408]: DEBUG placement.handlers.allocation [req-83f3bbc8-9c0e-4fd5-ad79-f4a6c59f9fd0 req-5d6076f6-edfc-471d-86fe-1a88525200ba service placement] Successfully wrote allocations [, , ] {{(pid=94408) _create_allocations /opt/stack/placement/placement/handlers/allocation.py:435}}
Jul 05 19:39:34.507216 n-d-799528-1 devstack@placement-api.service[94408]: INFO placement.requestlog [req-83f3bbc8-9c0e-4fd5-ad79-f4a6c59f9fd0 req-5d6076f6-edfc-471d-86fe-1a88525200ba service placement] 10.222.0.50 "PUT /placement/allocations/dac81468-e5a5-4d9f-a1db-e67a0aad91bc" status: 204 len: 0 microversion: 1.35
Jul 05 19:39:34.509117 n-d-799528-1 devstack@placement-api.service[94408]: [pid: 94408|app: 0|req: 66/131] 10.222.0.50 () {64 vars in 1434 bytes} [Mon Jul 5 19:39:34 2021] PUT /placement/allocations/dac81468-e5a5-4d9f-a1db-e67a0aad91bc => generated 0 bytes in 129 msecs (HTTP/1.1 204) 5 headers in 199 bytes (2 switches on core 0)
Jul 05 19:39:35.108246 n-d-799528-1 devstack@placement-api.service[94409]: DEBUG placement.requestlog [req-83f3bbc8-9c0e-4fd5-ad79-f4a6c59f9fd0 req-48825c45-bfad-44d6-a90d-ecc113a5a22e None None] Starting request: 10.222.0.111 "GET /placement/allocations/dac81468-e5a5-4d9f-a1db-e67a0aad91bc" {{(pid=94409) __call__ /opt/stack/placement/placement/requestlog.py:55}}
Jul 05 19:39:35.127892 n-d-799528-1 devstack@placement-api.service[94409]: INFO placement.requestlog [req-83f3bbc8-9c0e-4fd5-ad79-f4a6c59f9fd0 req-48825c45-bfad-44d6-a90d-ecc113a5a22e service placement] 10.222.0.111 "GET /placement/allocations/dac81468-e5a5-4d9f-a1db-e67a0aad91bc" status: 200 len: 259 microversion: 1.28
Jul 05 19:39:35.128375 n-d-799528-1 devstack@placement-api.service[94409]: [pid: 94409|app: 0|req: 66/132] 10.222.0.111 () {60 vars in 1379 bytes} [Mon Jul 5 19:39:35 2021] GET /placement/allocations/dac81468-e5a5-4d9f-a1db-e67a0aad91bc => generated 259 bytes in 20 msecs (HTTP/1.1 200) 8 headers in 296 bytes (2 switches on core 0)
Jul 05 19:39:41.606793 n-d-799528-1 devstack@placement-api.service[94408]: DEBUG placement.requestlog [req-0725930c-4827-47cc-9c6b-c32a29137cff req-c38301d8-9b2c-4abe-8e4f-399ccda28878 None None] Starting request: 10.222.0.101 "GET /placement/allocations/65803fce-d54a-4294-ba0f-a57b5a7e4ef9" {{(pid=94408) __call__ /opt/stack/placement/placement/requestlog.py:55}}
Jul 05 19:39:41.806114 n-d-799528-1 devstack@placement-api.service[94408]: INFO placement.requestlog [req-0725930c-4827-47cc-9c6b-c32a29137cff req-c38301d8-9b2c-4abe-8e4f-399ccda28878 service placement] 10.222.0.101 "GET /placement/allocations/65803fce-d54a-4294-ba0f-a57b5a7e4ef9" status: 200 len: 259 microversion: 1.28
Jul 05 19:39:41.807577 n-d-799528-1 devstack@placement-api.service[94408]: [pid: 94408|app: 0|req: 67/133] 10.222.0.101 () {60 vars in 1379 bytes} [Mon Jul 5 19:39:41 2021] GET /placement/allocations/65803fce-d54a-4294-ba0f-a57b5a7e4ef9 => generated 259 bytes in 201 msecs (HTTP/1.1 200) 8 headers in 296 bytes (1 switches on core 0)
Jul 05 19:39:41.821832 n-d-799528-1 devstack@placement-api.service[94409]: DEBUG placement.requestlog [req-0725930c-4827-47cc-9c6b-c32a29137cff req-759f5bd2-33c2-4d45-85c4-fb78b918aa43 None None] Starting request: 10.222.0.101 "PUT /placement/allocations/65803fce-d54a-4294-ba0f-a57b5a7e4ef9" {{(pid=94409) __call__ /opt/stack/placement/placement/requestlog.py:55}}
Jul 05 19:39:41.922854 n-d-799528-1 devstack@placement-api.service[94409]: DEBUG placement.handlers.allocation [req-0725930c-4827-47cc-9c6b-c32a29137cff req-759f5bd2-33c2-4d45-85c4-fb78b918aa43 service placement] Successfully wrote allocations [, , ] {{(pid=94409) _create_allocations /opt/stack/placement/placement/handlers/allocation.py:435}}
Jul 05 19:39:41.923511 n-d-799528-1 devstack@placement-api.service[94409]: INFO placement.requestlog [req-0725930c-4827-47cc-9c6b-c32a29137cff req-759f5bd2-33c2-4d45-85c4-fb78b918aa43 service placement] 10.222.0.101 "PUT /placement/allocations/65803fce-d54a-4294-ba0f-a57b5a7e4ef9" status: 204 len: 0 microversion: 1.28
Jul 05 19:39:41.924169 n-d-799528-1 devstack@placement-api.service[94409]: [pid: 94409|app: 0|req: 67/134] 10.222.0.101 () {64 vars in 1432 bytes} [Mon Jul 5 19:39:41 2021] PUT /placement/allocations/65803fce-d54a-4294-ba0f-a57b5a7e4ef9 => generated 0 bytes in 102 msecs (HTTP/1.1 204) 5 headers in 199 bytes (1 switches on core 0)
Jul 05 19:39:42.301183 n-d-799528-1 devstack@placement-api.service[94408]: DEBUG placement.requestlog [None req-4099fceb-4eb9-454b-a01f-fd9c2d2962da None None] Starting request: 10.222.0.50 "GET /placement/" {{(pid=94408) __call__ /opt/stack/placement/placement/requestlog.py:55}}
Jul 05 19:39:42.302357 n-d-799528-1 devstack@placement-api.service[94408]: INFO placement.requestlog [None req-4099fceb-4eb9-454b-a01f-fd9c2d2962da None None] 10.222.0.50 "GET /placement/" status: 200 len: 136 microversion: 1.0
Jul 05 19:39:42.302546 n-d-799528-1 devstack@placement-api.service[94408]: [pid: 94408|app: 0|req: 68/135] 10.222.0.50 () {54 vars in 916 bytes} [Mon Jul 5 19:39:42 2021] GET /placement => generated 136 bytes in 2 msecs (HTTP/1.1 200) 6 headers in 224 bytes (1 switches on core 0)
Jul 05 19:39:42.317294 n-d-799528-1 devstack@placement-api.service[94409]: DEBUG placement.requestlog [req-ce7b187f-cdb3-4923-a074-344f8c3e8253 req-22841779-e332-4a4f-b893-d286d4f53289 None None] Starting request: 10.222.0.50 "GET /placement/allocations/00bd5b7a-c777-4baa-a4f3-f2c8135a2a40" {{(pid=94409) __call__ /opt/stack/placement/placement/requestlog.py:55}}
Jul 05 19:39:42.419466 n-d-799528-1 devstack@placement-api.service[94409]: INFO placement.requestlog [req-ce7b187f-cdb3-4923-a074-344f8c3e8253 req-22841779-e332-4a4f-b893-d286d4f53289 service placement] 10.222.0.50 "GET /placement/allocations/00bd5b7a-c777-4baa-a4f3-f2c8135a2a40" status: 200 len: 259 microversion: 1.28
Jul 05 19:39:42.426046 n-d-799528-1 devstack@placement-api.service[94408]: DEBUG placement.requestlog [req-ce7b187f-cdb3-4923-a074-344f8c3e8253 req-eae82f9a-d289-4c57-8002-48ebbb88158d None None] Starting request: 10.222.0.50 "GET /placement/allocations/00bd5b7a-c777-4baa-a4f3-f2c8135a2a40" {{(pid=94408) __call__ /opt/stack/placement/placement/requestlog.py:55}}
Jul 05 19:39:42.430207 n-d-799528-1 devstack@placement-api.service[94409]: [pid: 94409|app: 0|req: 68/136] 10.222.0.50 () {60 vars in 1381 bytes} [Mon Jul 5 19:39:42 2021] GET /placement/allocations/00bd5b7a-c777-4baa-a4f3-f2c8135a2a40 => generated 259 bytes in 113 msecs (HTTP/1.1 200) 8 headers in 296 bytes (1 switches on core 0)
Jul 05 19:39:42.451899 n-d-799528-1 devstack@placement-api.service[94408]: INFO placement.requestlog [req-ce7b187f-cdb3-4923-a074-344f8c3e8253 req-eae82f9a-d289-4c57-8002-48ebbb88158d service placement] 10.222.0.50 "GET /placement/allocations/00bd5b7a-c777-4baa-a4f3-f2c8135a2a40" status: 200 len: 259 microversion: 1.28
Jul 05 19:39:42.452527 n-d-799528-1 devstack@placement-api.service[94408]: [pid: 94408|app: 0|req: 69/137] 10.222.0.50 () {60 vars in 1381 bytes} [Mon Jul 5 19:39:42 2021] GET /placement/allocations/00bd5b7a-c777-4baa-a4f3-f2c8135a2a40 => generated 259 bytes in 27 msecs (HTTP/1.1 200) 8 headers in 296 bytes (1 switches on core 0)
Jul 05 19:39:42.458498 n-d-799528-1 devstack@placement-api.service[94409]: DEBUG placement.requestlog [req-ce7b187f-cdb3-4923-a074-344f8c3e8253 req-5f3a73e2-3d8e-461e-9590-e299cc568a82 None None] Starting request: 10.222.0.50 "GET /placement/allocations/a0e05d03-babc-4a61-8afd-8f63cbd746dd" {{(pid=94409) __call__ /opt/stack/placement/placement/requestlog.py:55}}
Jul 05 19:39:42.470042 n-d-799528-1 devstack@placement-api.service[94409]: INFO placement.requestlog [req-ce7b187f-cdb3-4923-a074-344f8c3e8253 req-5f3a73e2-3d8e-461e-9590-e299cc568a82 service placement] 10.222.0.50 "GET /placement/allocations/a0e05d03-babc-4a61-8afd-8f63cbd746dd" status: 200 len: 19 microversion: 1.28
Jul 05 19:39:42.470952 n-d-799528-1 devstack@placement-api.service[94409]: [pid: 94409|app: 0|req: 69/138] 10.222.0.50 () {60 vars in 1381 bytes} [Mon Jul 5 19:39:42 2021] GET /placement/allocations/a0e05d03-babc-4a61-8afd-8f63cbd746dd => generated 19 bytes in 13 msecs (HTTP/1.1 200) 8 headers in 295 bytes (2 switches on core 0)
Jul 05 19:39:42.477177 n-d-799528-1 devstack@placement-api.service[94408]: DEBUG placement.requestlog [req-ce7b187f-cdb3-4923-a074-344f8c3e8253 req-5699420d-5d38-4197-87cf-a7e60702661b None None] Starting request: 10.222.0.50 "POST /placement/allocations" {{(pid=94408) __call__ /opt/stack/placement/placement/requestlog.py:55}}
Jul 05 19:39:42.565101 n-d-799528-1 devstack@placement-api.service[94408]: DEBUG placement.handlers.allocation [req-ce7b187f-cdb3-4923-a074-344f8c3e8253 req-5699420d-5d38-4197-87cf-a7e60702661b service placement] Successfully wrote allocations [, , , , , ] {{(pid=94408) _create_allocations /opt/stack/placement/placement/handlers/allocation.py:524}}
Jul 05 19:39:42.566026 n-d-799528-1 devstack@placement-api.service[94408]: INFO placement.requestlog [req-ce7b187f-cdb3-4923-a074-344f8c3e8253 req-5699420d-5d38-4197-87cf-a7e60702661b service placement] 10.222.0.50 "POST /placement/allocations" status: 204 len: 0 microversion: 1.28
Jul 05 19:39:42.566664 n-d-799528-1 devstack@placement-api.service[94408]: [pid: 94408|app: 0|req: 70/139] 10.222.0.50 () {64 vars in 1324 bytes} [Mon Jul 5 19:39:42 2021] POST /placement/allocations => generated 0 bytes in 90 msecs (HTTP/1.1 204) 5 headers in 199 bytes (1 switches on core 0)
Jul 05 19:39:42.615359 n-d-799528-1 devstack@placement-api.service[94409]: DEBUG placement.requestlog [req-ce7b187f-cdb3-4923-a074-344f8c3e8253 req-0fd94714-270e-4142-8267-9c0c6bfae31d None None] Starting request: 10.222.0.50 "GET /placement/allocations/00bd5b7a-c777-4baa-a4f3-f2c8135a2a40" {{(pid=94409) __call__ /opt/stack/placement/placement/requestlog.py:55}}
Jul 05 19:39:42.715972 n-d-799528-1 devstack@placement-api.service[94409]: INFO placement.requestlog [req-ce7b187f-cdb3-4923-a074-344f8c3e8253 req-0fd94714-270e-4142-8267-9c0c6bfae31d service placement] 10.222.0.50 "GET /placement/allocations/00bd5b7a-c777-4baa-a4f3-f2c8135a2a40" status: 200 len: 19 microversion: 1.28
Jul 05 19:39:42.716851 n-d-799528-1 devstack@placement-api.service[94409]: [pid: 94409|app: 0|req: 70/140] 10.222.0.50 () {60 vars in 1381 bytes} [Mon Jul 5 19:39:42 2021] GET /placement/allocations/00bd5b7a-c777-4baa-a4f3-f2c8135a2a40 => generated 19 bytes in 102 msecs (HTTP/1.1 200) 8 headers in 295 bytes (1 switches on core 0)
Jul 05 19:39:42.722210 n-d-799528-1 devstack@placement-api.service[94408]: DEBUG placement.requestlog [req-ce7b187f-cdb3-4923-a074-344f8c3e8253 req-68618f27-0bf0-4fa1-bee4-16b82b6277c9 None None] Starting request: 10.222.0.50 "PUT /placement/allocations/00bd5b7a-c777-4baa-a4f3-f2c8135a2a40" {{(pid=94408) __call__ /opt/stack/placement/placement/requestlog.py:55}}
Jul 05 19:39:42.819921 n-d-799528-1 devstack@placement-api.service[94408]: DEBUG placement.handlers.allocation [req-ce7b187f-cdb3-4923-a074-344f8c3e8253 req-68618f27-0bf0-4fa1-bee4-16b82b6277c9 service placement] Successfully wrote allocations [, , ] {{(pid=94408) _create_allocations /opt/stack/placement/placement/handlers/allocation.py:435}}
Jul 05 19:39:42.820825 n-d-799528-1 devstack@placement-api.service[94408]: INFO placement.requestlog [req-ce7b187f-cdb3-4923-a074-344f8c3e8253 req-68618f27-0bf0-4fa1-bee4-16b82b6277c9 service placement] 10.222.0.50 "PUT /placement/allocations/00bd5b7a-c777-4baa-a4f3-f2c8135a2a40" status: 204 len: 0 microversion: 1.28
Jul 05 19:39:42.821341 n-d-799528-1 devstack@placement-api.service[94408]: [pid: 94408|app: 0|req: 71/141] 10.222.0.50 () {64 vars in 1434 bytes} [Mon Jul 5 19:39:42 2021] PUT /placement/allocations/00bd5b7a-c777-4baa-a4f3-f2c8135a2a40 => generated 0 bytes in 100 msecs (HTTP/1.1 204) 5 headers in 199 bytes (2 switches on core 0)
Jul 05 19:39:43.142938 n-d-799528-1 devstack@placement-api.service[94409]: DEBUG placement.requestlog [req-ce7b187f-cdb3-4923-a074-344f8c3e8253 req-aaf15844-a728-4209-8347-c95fe94e28d8 None None] Starting request: 10.222.0.101 "GET /placement/allocations/00bd5b7a-c777-4baa-a4f3-f2c8135a2a40" {{(pid=94409) __call__ /opt/stack/placement/placement/requestlog.py:55}}
Jul 05 19:39:43.178110 n-d-799528-1 devstack@placement-api.service[94409]: INFO placement.requestlog [req-ce7b187f-cdb3-4923-a074-344f8c3e8253 req-aaf15844-a728-4209-8347-c95fe94e28d8 service placement] 10.222.0.101 "GET /placement/allocations/00bd5b7a-c777-4baa-a4f3-f2c8135a2a40" status: 200 len: 259 microversion: 1.28
Jul 05 19:39:43.178929 n-d-799528-1 devstack@placement-api.service[94409]: [pid: 94409|app: 0|req: 71/142] 10.222.0.101 () {60 vars in 1379 bytes} [Mon Jul 5 19:39:43 2021] GET /placement/allocations/00bd5b7a-c777-4baa-a4f3-f2c8135a2a40 => generated 259 bytes in 36 msecs (HTTP/1.1 200) 8 headers in 296 bytes (1 switches on core 0)
Jul 05 19:39:49.367857 n-d-799528-1 devstack@placement-api.service[94408]: DEBUG placement.requestlog [req-4b76a4e4-db31-46af-8129-8d7f966723d4 req-341f9672-234a-4e31-9657-24d9b83d4d63 None None] Starting request: 10.222.0.50 "GET /placement/allocation_candidates?limit=1000&resources=DISK_GB%3A1%2CMEMORY_MB%3A1024%2CVCPU%3A1&root_required=%21COMPUTE_STATUS_DISABLED" {{(pid=94408) __call__ /opt/stack/placement/placement/requestlog.py:55}}
Jul 05 19:39:49.426558 n-d-799528-1 devstack@placement-api.service[94408]: DEBUG placement.objects.research_context [req-4b76a4e4-db31-46af-8129-8d7f966723d4 req-341f9672-234a-4e31-9657-24d9b83d4d63 service placement] getting providers with 1 DISK_GB {{(pid=94408) __init__ /opt/stack/placement/placement/objects/research_context.py:126}}
Jul 05 19:39:49.434945 n-d-799528-1 devstack@placement-api.service[94408]: DEBUG placement.objects.research_context [req-4b76a4e4-db31-46af-8129-8d7f966723d4 req-341f9672-234a-4e31-9657-24d9b83d4d63 service placement] getting providers with 1024 MEMORY_MB {{(pid=94408) __init__ /opt/stack/placement/placement/objects/research_context.py:126}}
Jul 05 19:39:49.448543 n-d-799528-1 devstack@placement-api.service[94408]: DEBUG placement.objects.research_context [req-4b76a4e4-db31-46af-8129-8d7f966723d4 req-341f9672-234a-4e31-9657-24d9b83d4d63 service placement] getting providers with 1 VCPU {{(pid=94408) __init__ /opt/stack/placement/placement/objects/research_context.py:126}}
Jul 05 19:39:49.454346 n-d-799528-1 devstack@placement-api.service[94408]: DEBUG placement.objects.research_context [req-4b76a4e4-db31-46af-8129-8d7f966723d4 req-341f9672-234a-4e31-9657-24d9b83d4d63 service placement] found 2 providers with available 1 DISK_GB {{(pid=94408) get_provider_ids_matching /opt/stack/placement/placement/objects/research_context.py:549}}
Jul 05 19:39:49.454850 n-d-799528-1 devstack@placement-api.service[94408]: DEBUG placement.objects.research_context [req-4b76a4e4-db31-46af-8129-8d7f966723d4 req-341f9672-234a-4e31-9657-24d9b83d4d63 service placement] found 2 providers with available 1024 MEMORY_MB {{(pid=94408) get_provider_ids_matching /opt/stack/placement/placement/objects/research_context.py:549}}
Jul 05 19:39:49.455290 n-d-799528-1 devstack@placement-api.service[94408]: DEBUG placement.objects.research_context [req-4b76a4e4-db31-46af-8129-8d7f966723d4 req-341f9672-234a-4e31-9657-24d9b83d4d63 service placement] found 2 providers after filtering by previous result {{(pid=94408) get_provider_ids_matching /opt/stack/placement/placement/objects/research_context.py:580}}
Jul 05 19:39:49.455690 n-d-799528-1 devstack@placement-api.service[94408]: DEBUG placement.objects.research_context [req-4b76a4e4-db31-46af-8129-8d7f966723d4 req-341f9672-234a-4e31-9657-24d9b83d4d63 service placement] found 2 providers with available 1 VCPU {{(pid=94408) get_provider_ids_matching /opt/stack/placement/placement/objects/research_context.py:549}}
Jul 05 19:39:49.456772 n-d-799528-1 devstack@placement-api.service[94408]: DEBUG placement.objects.research_context [req-4b76a4e4-db31-46af-8129-8d7f966723d4 req-341f9672-234a-4e31-9657-24d9b83d4d63 service placement] found 2 providers after filtering by previous result {{(pid=94408) get_provider_ids_matching /opt/stack/placement/placement/objects/research_context.py:580}}
Jul 05 19:39:49.468836 n-d-799528-1 devstack@placement-api.service[94408]: DEBUG placement.objects.allocation_candidate [req-4b76a4e4-db31-46af-8129-8d7f966723d4 req-341f9672-234a-4e31-9657-24d9b83d4d63 service placement] RequestGroup(use_same_provider=False, resources={DISK_GB:1, MEMORY_MB:1024, VCPU:1}, traits=[], aggregates=[]) (suffix '') returned 2 matches {{(pid=94408) _get_by_requests /opt/stack/placement/placement/objects/allocation_candidate.py:145}}
Jul 05 19:39:49.469392 n-d-799528-1 devstack@placement-api.service[94408]: DEBUG placement.objects.allocation_candidate [req-4b76a4e4-db31-46af-8129-8d7f966723d4 req-341f9672-234a-4e31-9657-24d9b83d4d63 service placement] Merging candidates yields 2 allocation requests and 2 provider summaries {{(pid=94408) _merge_candidates /opt/stack/placement/placement/objects/allocation_candidate.py:783}}
Jul 05 19:39:49.471087 n-d-799528-1 devstack@placement-api.service[94408]: INFO placement.requestlog [req-4b76a4e4-db31-46af-8129-8d7f966723d4 req-341f9672-234a-4e31-9657-24d9b83d4d63 service placement] 10.222.0.50 "GET /placement/allocation_candidates?limit=1000&resources=DISK_GB%3A1%2CMEMORY_MB%3A1024%2CVCPU%3A1&root_required=%21COMPUTE_STATUS_DISABLED" status: 200 len: 1309 microversion: 1.35
Jul 05 19:39:49.471362 n-d-799528-1 devstack@placement-api.service[94408]: [pid: 94408|app: 0|req: 72/143] 10.222.0.50 () {60 vars in 1507 bytes} [Mon Jul 5 19:39:49 2021] GET /placement/allocation_candidates?limit=1000&resources=DISK_GB%3A1%2CMEMORY_MB%3A1024%2CVCPU%3A1&root_required=%21COMPUTE_STATUS_DISABLED => generated 1309 bytes in 104 msecs (HTTP/1.1 200) 8 headers in 297 bytes (1 switches on core 0)
Jul 05 19:39:49.534722 n-d-799528-1 devstack@placement-api.service[94409]: DEBUG placement.requestlog [req-4b76a4e4-db31-46af-8129-8d7f966723d4 req-6636202d-e1cc-44f6-916e-943719d5409e None None] Starting request: 10.222.0.50 "GET /placement/allocations/f7b7ea1f-ecac-44e9-be2d-c70d7d08c29d" {{(pid=94409) __call__ /opt/stack/placement/placement/requestlog.py:55}}
Jul 05 19:39:49.548357 n-d-799528-1 devstack@placement-api.service[94409]: INFO placement.requestlog [req-4b76a4e4-db31-46af-8129-8d7f966723d4 req-6636202d-e1cc-44f6-916e-943719d5409e service placement] 10.222.0.50 "GET /placement/allocations/f7b7ea1f-ecac-44e9-be2d-c70d7d08c29d" status: 200 len: 19 microversion: 1.28
Jul 05 19:39:49.548718 n-d-799528-1 devstack@placement-api.service[94409]: [pid: 94409|app: 0|req: 72/144] 10.222.0.50 () {60 vars in 1381 bytes} [Mon Jul 5 19:39:49 2021] GET /placement/allocations/f7b7ea1f-ecac-44e9-be2d-c70d7d08c29d => generated 19 bytes in 15 msecs (HTTP/1.1 200) 8 headers in 295 bytes (2 switches on core 0)
Jul 05 19:39:49.556284 n-d-799528-1 devstack@placement-api.service[94408]: DEBUG placement.requestlog [req-4b76a4e4-db31-46af-8129-8d7f966723d4 req-83c14dd7-af34-4f10-8c3d-33d4c2822938 None None] Starting request: 10.222.0.50 "PUT /placement/allocations/f7b7ea1f-ecac-44e9-be2d-c70d7d08c29d" {{(pid=94408) __call__ /opt/stack/placement/placement/requestlog.py:55}}
Jul 05 19:39:49.668257 n-d-799528-1 devstack@placement-api.service[94408]: DEBUG placement.handlers.allocation [req-4b76a4e4-db31-46af-8129-8d7f966723d4 req-83c14dd7-af34-4f10-8c3d-33d4c2822938 service placement] Successfully wrote allocations [, , ] {{(pid=94408) _create_allocations /opt/stack/placement/placement/handlers/allocation.py:435}}
Jul 05 19:39:49.668766 n-d-799528-1 devstack@placement-api.service[94408]: INFO placement.requestlog [req-4b76a4e4-db31-46af-8129-8d7f966723d4 req-83c14dd7-af34-4f10-8c3d-33d4c2822938 service placement] 10.222.0.50 "PUT /placement/allocations/f7b7ea1f-ecac-44e9-be2d-c70d7d08c29d" status: 204 len: 0 microversion: 1.35
Jul 05 19:39:49.669562 n-d-799528-1 devstack@placement-api.service[94408]: [pid: 94408|app: 0|req: 73/145] 10.222.0.50 () {64 vars in 1434 bytes} [Mon Jul 5 19:39:49 2021] PUT /placement/allocations/f7b7ea1f-ecac-44e9-be2d-c70d7d08c29d => generated 0 bytes in 113 msecs (HTTP/1.1 204) 5 headers in 199 bytes (1 switches on core 0)
Jul 05 19:39:50.203815 n-d-799528-1 devstack@placement-api.service[94409]: DEBUG placement.requestlog [req-4b76a4e4-db31-46af-8129-8d7f966723d4 req-68a46122-a39d-429d-ac0a-2a2f3404ff46 None None] Starting request: 10.222.0.101 "GET /placement/allocations/f7b7ea1f-ecac-44e9-be2d-c70d7d08c29d" {{(pid=94409) __call__ /opt/stack/placement/placement/requestlog.py:55}}
Jul 05 19:39:50.236455 n-d-799528-1 devstack@placement-api.service[94409]: INFO placement.requestlog [req-4b76a4e4-db31-46af-8129-8d7f966723d4 req-68a46122-a39d-429d-ac0a-2a2f3404ff46 service placement] 10.222.0.101 "GET /placement/allocations/f7b7ea1f-ecac-44e9-be2d-c70d7d08c29d" status: 200 len: 259 microversion: 1.28
Jul 05 19:39:50.237195 n-d-799528-1 devstack@placement-api.service[94409]: [pid: 94409|app: 0|req: 73/146] 10.222.0.101 () {60 vars in 1379 bytes} [Mon Jul 5 19:39:50 2021] GET /placement/allocations/f7b7ea1f-ecac-44e9-be2d-c70d7d08c29d => generated 259 bytes in 34 msecs (HTTP/1.1 200) 8 headers in 296 bytes (1 switches on core 0)
Jul 05 19:39:50.467863 n-d-799528-1 devstack@placement-api.service[94408]: DEBUG placement.requestlog [req-07e338f0-8285-438d-ab23-cfd81eaefdd0 req-6c4e45f2-ef58-439d-837d-4c03c4ebf965 None None] Starting request: 10.222.0.50 "GET /placement/allocation_candidates?limit=1000&resources=DISK_GB%3A1%2CMEMORY_MB%3A1024%2CVCPU%3A1&root_required=%21COMPUTE_STATUS_DISABLED" {{(pid=94408) __call__ /opt/stack/placement/placement/requestlog.py:55}}
Jul 05 19:39:50.505877 n-d-799528-1 devstack@placement-api.service[94408]: DEBUG placement.objects.research_context [req-07e338f0-8285-438d-ab23-cfd81eaefdd0 req-6c4e45f2-ef58-439d-837d-4c03c4ebf965 service placement] getting providers with 1 DISK_GB {{(pid=94408) __init__ /opt/stack/placement/placement/objects/research_context.py:126}}
Jul 05 19:39:50.512001 n-d-799528-1 devstack@placement-api.service[94408]: DEBUG placement.objects.research_context [req-07e338f0-8285-438d-ab23-cfd81eaefdd0 req-6c4e45f2-ef58-439d-837d-4c03c4ebf965 service placement] getting providers with 1024 MEMORY_MB {{(pid=94408) __init__ /opt/stack/placement/placement/objects/research_context.py:126}}
Jul 05 19:39:50.518107 n-d-799528-1 devstack@placement-api.service[94408]: DEBUG placement.objects.research_context [req-07e338f0-8285-438d-ab23-cfd81eaefdd0 req-6c4e45f2-ef58-439d-837d-4c03c4ebf965 service placement] getting providers with 1 VCPU {{(pid=94408) __init__ /opt/stack/placement/placement/objects/research_context.py:126}}
Jul 05 19:39:50.526394 n-d-799528-1 devstack@placement-api.service[94408]: DEBUG placement.objects.research_context [req-07e338f0-8285-438d-ab23-cfd81eaefdd0 req-6c4e45f2-ef58-439d-837d-4c03c4ebf965 service placement] found 2 providers with available 1 DISK_GB {{(pid=94408) get_provider_ids_matching /opt/stack/placement/placement/objects/research_context.py:549}}
Jul 05 19:39:50.526826 n-d-799528-1 devstack@placement-api.service[94408]: DEBUG placement.objects.research_context [req-07e338f0-8285-438d-ab23-cfd81eaefdd0 req-6c4e45f2-ef58-439d-837d-4c03c4ebf965 service placement] found 2 providers with available 1024 MEMORY_MB {{(pid=94408) get_provider_ids_matching /opt/stack/placement/placement/objects/research_context.py:549}}
Jul 05 19:39:50.527429 n-d-799528-1 devstack@placement-api.service[94408]: DEBUG placement.objects.research_context [req-07e338f0-8285-438d-ab23-cfd81eaefdd0 req-6c4e45f2-ef58-439d-837d-4c03c4ebf965 service placement] found 2 providers after filtering by previous result {{(pid=94408) get_provider_ids_matching /opt/stack/placement/placement/objects/research_context.py:580}}
Jul 05 19:39:50.528505 n-d-799528-1 devstack@placement-api.service[94408]: DEBUG placement.objects.research_context [req-07e338f0-8285-438d-ab23-cfd81eaefdd0 req-6c4e45f2-ef58-439d-837d-4c03c4ebf965 service placement] found 2 providers with available 1 VCPU {{(pid=94408) get_provider_ids_matching /opt/stack/placement/placement/objects/research_context.py:549}}
Jul 05 19:39:50.528878 n-d-799528-1 devstack@placement-api.service[94408]: DEBUG placement.objects.research_context [req-07e338f0-8285-438d-ab23-cfd81eaefdd0 req-6c4e45f2-ef58-439d-837d-4c03c4ebf965 service placement] found 2 providers after filtering by previous result {{(pid=94408) get_provider_ids_matching /opt/stack/placement/placement/objects/research_context.py:580}}
Jul 05 19:39:50.542318 n-d-799528-1 devstack@placement-api.service[94408]: DEBUG placement.objects.allocation_candidate [req-07e338f0-8285-438d-ab23-cfd81eaefdd0 req-6c4e45f2-ef58-439d-837d-4c03c4ebf965 service placement] RequestGroup(use_same_provider=False, resources={DISK_GB:1, MEMORY_MB:1024, VCPU:1}, traits=[], aggregates=[]) (suffix '') returned 2 matches {{(pid=94408) _get_by_requests /opt/stack/placement/placement/objects/allocation_candidate.py:145}}
Jul 05 19:39:50.543267 n-d-799528-1 devstack@placement-api.service[94408]: DEBUG placement.objects.allocation_candidate [req-07e338f0-8285-438d-ab23-cfd81eaefdd0 req-6c4e45f2-ef58-439d-837d-4c03c4ebf965 service placement] Merging candidates yields 2 allocation requests and 2 provider summaries {{(pid=94408) _merge_candidates /opt/stack/placement/placement/objects/allocation_candidate.py:783}}
Jul 05 19:39:50.545075 n-d-799528-1 devstack@placement-api.service[94408]: INFO placement.requestlog [req-07e338f0-8285-438d-ab23-cfd81eaefdd0 req-6c4e45f2-ef58-439d-837d-4c03c4ebf965 service placement] 10.222.0.50 "GET /placement/allocation_candidates?limit=1000&resources=DISK_GB%3A1%2CMEMORY_MB%3A1024%2CVCPU%3A1&root_required=%21COMPUTE_STATUS_DISABLED" status: 200 len: 1309 microversion: 1.35
Jul 05 19:39:50.549628 n-d-799528-1 devstack@placement-api.service[94408]: [pid: 94408|app: 0|req: 74/147] 10.222.0.50 () {60 vars in 1507 bytes} [Mon Jul 5 19:39:50 2021] GET /placement/allocation_candidates?limit=1000&resources=DISK_GB%3A1%2CMEMORY_MB%3A1024%2CVCPU%3A1&root_required=%21COMPUTE_STATUS_DISABLED => generated 1309 bytes in 82 msecs (HTTP/1.1 200) 8 headers in 297 bytes (1 switches on core 0)
Jul 05 19:39:50.602580 n-d-799528-1 devstack@placement-api.service[94409]: DEBUG placement.requestlog [req-07e338f0-8285-438d-ab23-cfd81eaefdd0 req-d7ed8901-db02-4378-a0ac-999b3d31359b None None] Starting request: 10.222.0.50 "GET /placement/allocations/ac367018-0d09-407b-a3f5-feaf3c207d30" {{(pid=94409) __call__ /opt/stack/placement/placement/requestlog.py:55}}
Jul 05 19:39:50.622864 n-d-799528-1 devstack@placement-api.service[94409]: INFO placement.requestlog [req-07e338f0-8285-438d-ab23-cfd81eaefdd0 req-d7ed8901-db02-4378-a0ac-999b3d31359b service placement] 10.222.0.50 "GET /placement/allocations/ac367018-0d09-407b-a3f5-feaf3c207d30" status: 200 len: 19 microversion: 1.28
Jul 05 19:39:50.623816 n-d-799528-1 devstack@placement-api.service[94409]: [pid: 94409|app: 0|req: 74/148] 10.222.0.50 () {60 vars in 1381 bytes} [Mon Jul 5 19:39:50 2021] GET /placement/allocations/ac367018-0d09-407b-a3f5-feaf3c207d30 => generated 19 bytes in 21 msecs (HTTP/1.1 200) 8 headers in 295 bytes (2 switches on core 0)
Jul 05 19:39:50.629908 n-d-799528-1 devstack@placement-api.service[94408]: DEBUG placement.requestlog [req-07e338f0-8285-438d-ab23-cfd81eaefdd0 req-250afb2c-dec9-42c4-bbe6-1cb310ec2286 None None] Starting request: 10.222.0.50 "PUT /placement/allocations/ac367018-0d09-407b-a3f5-feaf3c207d30" {{(pid=94408) __call__ /opt/stack/placement/placement/requestlog.py:55}}
Jul 05 19:39:50.751817 n-d-799528-1 devstack@placement-api.service[94408]: DEBUG placement.handlers.allocation [req-07e338f0-8285-438d-ab23-cfd81eaefdd0 req-250afb2c-dec9-42c4-bbe6-1cb310ec2286 service placement] Successfully wrote allocations [, , ] {{(pid=94408) _create_allocations /opt/stack/placement/placement/handlers/allocation.py:435}}
Jul 05 19:39:50.752391 n-d-799528-1 devstack@placement-api.service[94408]: INFO placement.requestlog [req-07e338f0-8285-438d-ab23-cfd81eaefdd0 req-250afb2c-dec9-42c4-bbe6-1cb310ec2286 service placement] 10.222.0.50 "PUT /placement/allocations/ac367018-0d09-407b-a3f5-feaf3c207d30" status: 204 len: 0 microversion: 1.35
Jul 05 19:39:50.753710 n-d-799528-1 devstack@placement-api.service[94408]: [pid: 94408|app: 0|req: 75/149] 10.222.0.50 () {64 vars in 1434 bytes} [Mon Jul 5 19:39:50 2021] PUT /placement/allocations/ac367018-0d09-407b-a3f5-feaf3c207d30 => generated 0 bytes in 124 msecs (HTTP/1.1 204) 5 headers in 199 bytes (1 switches on core 0)
Jul 05 19:39:51.305010 n-d-799528-1 devstack@placement-api.service[94409]: DEBUG placement.requestlog [req-07e338f0-8285-438d-ab23-cfd81eaefdd0 req-5df870a8-5f04-4587-b962-e8bb46ad6d07 None None] Starting request: 10.222.0.101 "GET /placement/allocations/ac367018-0d09-407b-a3f5-feaf3c207d30" {{(pid=94409) __call__ /opt/stack/placement/placement/requestlog.py:55}}
Jul 05 19:39:51.321875 n-d-799528-1 devstack@placement-api.service[94409]: INFO placement.requestlog [req-07e338f0-8285-438d-ab23-cfd81eaefdd0 req-5df870a8-5f04-4587-b962-e8bb46ad6d07 service placement] 10.222.0.101 "GET /placement/allocations/ac367018-0d09-407b-a3f5-feaf3c207d30" status: 200 len: 259 microversion: 1.28
Jul 05 19:39:51.322096 n-d-799528-1 devstack@placement-api.service[94409]: [pid: 94409|app: 0|req: 75/150] 10.222.0.101 () {60 vars in 1379 bytes} [Mon Jul 5 19:39:51 2021] GET /placement/allocations/ac367018-0d09-407b-a3f5-feaf3c207d30 => generated 259 bytes in 18 msecs (HTTP/1.1 200) 8 headers in 296 bytes (1 switches on core 0)
Jul 05 19:39:52.458582 n-d-799528-1 devstack@placement-api.service[94408]: DEBUG placement.requestlog [req-4eb35649-b098-419a-be95-ea9dea752a33 req-20ce289b-f7c4-41c9-9dab-698eee68b584 None None] Starting request: 10.222.0.50 "GET /placement/allocation_candidates?limit=1000&resources=DISK_GB%3A1%2CMEMORY_MB%3A1024%2CVCPU%3A1&root_required=%21COMPUTE_STATUS_DISABLED" {{(pid=94408) __call__ /opt/stack/placement/placement/requestlog.py:55}}
Jul 05 19:39:52.496655 n-d-799528-1 devstack@placement-api.service[94408]: DEBUG placement.objects.research_context [req-4eb35649-b098-419a-be95-ea9dea752a33 req-20ce289b-f7c4-41c9-9dab-698eee68b584 service placement] getting providers with 1 DISK_GB {{(pid=94408) __init__ /opt/stack/placement/placement/objects/research_context.py:126}}
Jul 05 19:39:52.507172 n-d-799528-1 devstack@placement-api.service[94408]: DEBUG placement.objects.research_context [req-4eb35649-b098-419a-be95-ea9dea752a33 req-20ce289b-f7c4-41c9-9dab-698eee68b584 service placement] getting providers with 1024 MEMORY_MB {{(pid=94408) __init__ /opt/stack/placement/placement/objects/research_context.py:126}}
Jul 05 19:39:52.514048 n-d-799528-1 devstack@placement-api.service[94408]: DEBUG placement.objects.research_context [req-4eb35649-b098-419a-be95-ea9dea752a33 req-20ce289b-f7c4-41c9-9dab-698eee68b584 service placement] getting providers with 1 VCPU {{(pid=94408) __init__ /opt/stack/placement/placement/objects/research_context.py:126}}
Jul 05 19:39:52.520615 n-d-799528-1 devstack@placement-api.service[94408]: DEBUG placement.objects.research_context [req-4eb35649-b098-419a-be95-ea9dea752a33 req-20ce289b-f7c4-41c9-9dab-698eee68b584 service placement] found 2 providers with available 1 DISK_GB {{(pid=94408) get_provider_ids_matching /opt/stack/placement/placement/objects/research_context.py:549}}
Jul 05 19:39:52.521089 n-d-799528-1 devstack@placement-api.service[94408]: DEBUG placement.objects.research_context [req-4eb35649-b098-419a-be95-ea9dea752a33 req-20ce289b-f7c4-41c9-9dab-698eee68b584 service placement] found 2 providers with available 1024 MEMORY_MB {{(pid=94408) get_provider_ids_matching /opt/stack/placement/placement/objects/research_context.py:549}}
Jul 05 19:39:52.521513 n-d-799528-1 devstack@placement-api.service[94408]: DEBUG placement.objects.research_context [req-4eb35649-b098-419a-be95-ea9dea752a33 req-20ce289b-f7c4-41c9-9dab-698eee68b584 service placement] found 2 providers after filtering by previous result {{(pid=94408) get_provider_ids_matching /opt/stack/placement/placement/objects/research_context.py:580}}
Jul 05 19:39:52.521920 n-d-799528-1 devstack@placement-api.service[94408]: DEBUG placement.objects.research_context [req-4eb35649-b098-419a-be95-ea9dea752a33 req-20ce289b-f7c4-41c9-9dab-698eee68b584 service placement] found 2 providers with available 1 VCPU {{(pid=94408) get_provider_ids_matching /opt/stack/placement/placement/objects/research_context.py:549}}
Jul 05 19:39:52.522356 n-d-799528-1 devstack@placement-api.service[94408]: DEBUG placement.objects.research_context [req-4eb35649-b098-419a-be95-ea9dea752a33 req-20ce289b-f7c4-41c9-9dab-698eee68b584 service placement] found 2 providers after filtering by previous result {{(pid=94408) get_provider_ids_matching /opt/stack/placement/placement/objects/research_context.py:580}}
Jul 05 19:39:52.536091 n-d-799528-1 devstack@placement-api.service[94408]: DEBUG placement.objects.allocation_candidate [req-4eb35649-b098-419a-be95-ea9dea752a33 req-20ce289b-f7c4-41c9-9dab-698eee68b584 service placement] RequestGroup(use_same_provider=False, resources={DISK_GB:1, MEMORY_MB:1024, VCPU:1}, traits=[], aggregates=[]) (suffix '') returned 2 matches {{(pid=94408) _get_by_requests /opt/stack/placement/placement/objects/allocation_candidate.py:145}}
