Aug 06 19:42:03.888832 n-d-799527-5 neutron-server[95898]: DEBUG neutron.plugins.ml2.drivers.mech_agent [req-3ff851fc-c1ef-43c8-928d-83780ebe0ec4 req-bc2136e5-7562-4d1f-913c-ab40e884c0fb service neutron] Checking segment: {'id': 'fc3edaf1-853b-4646-b5f6-247e82f7be3a', 'network_type': 'vlan', 'physical_network': 'physnet1', 'segmentation_id': 197, 'network_id': '8c3022be-bdba-4088-96ff-dfa32cc883ec'} for mappings: {'physnet1$': 'br-data'} with network types: ['local', 'flat', 'vlan'] {{(pid=95898) check_segment_for_agent /opt/stack/neutron/neutron/plugins/ml2/drivers/mech_agent.py:352}}
Aug 06 19:42:03.889963 n-d-799527-5 neutron-server[95898]: DEBUG neutron.plugins.ml2.drivers.mech_agent [req-3ff851fc-c1ef-43c8-928d-83780ebe0ec4 req-bc2136e5-7562-4d1f-913c-ab40e884c0fb service neutron] Bound using segment: {'id': 'fc3edaf1-853b-4646-b5f6-247e82f7be3a', 'network_type': 'vlan', 'physical_network': 'physnet1', 'segmentation_id': 197, 'network_id': '8c3022be-bdba-4088-96ff-dfa32cc883ec'} {{(pid=95898) bind_port /opt/stack/neutron/neutron/plugins/ml2/drivers/mech_agent.py:114}}
Aug 06 19:42:03.890514 n-d-799527-5 neutron-server[95898]: DEBUG neutron.plugins.ml2.managers [req-3ff851fc-c1ef-43c8-928d-83780ebe0ec4 req-bc2136e5-7562-4d1f-913c-ab40e884c0fb service neutron] Bound port: be9a6268-e6b5-4e69-bff8-a49d7a5eeee1, host: n-h1-799527-5, vif_type: hyperv, vif_details: {"connectivity": "legacy", "port_filter": false}, binding_levels: [{'bound_driver': 'hyperv', 'bound_segment': {'id': 'fc3edaf1-853b-4646-b5f6-247e82f7be3a', 'network_type': 'vlan', 'physical_network': 'physnet1', 'segmentation_id': 197, 'network_id': '8c3022be-bdba-4088-96ff-dfa32cc883ec'}}] {{(pid=95898) _bind_port_level /opt/stack/neutron/neutron/plugins/ml2/managers.py:928}}
Aug 06 19:42:03.890884 n-d-799527-5 neutron-server[95898]: DEBUG neutron_lib.callbacks.manager [req-3ff851fc-c1ef-43c8-928d-83780ebe0ec4 req-bc2136e5-7562-4d1f-913c-ab40e884c0fb service neutron] Notify callbacks ['neutron.plugins.ml2.plugin.SecurityGroupDbMixin._ensure_default_security_group_handler-1720437'] for port, before_update {{(pid=95898) _notify_loop /usr/local/lib/python3.8/dist-packages/neutron_lib/callbacks/manager.py:192}}
Aug 06 19:42:03.920922 n-d-799527-5 neutron-server[95897]: DEBUG neutron.pecan_wsgi.hooks.policy_enforcement [req-14b99828-e443-44aa-9f2c-5cdc5d2c968c req-d6b11b72-5270-4b8e-84dc-b78a09a2e068 tempest-MigrationsAdminTest-1191833793 tempest-MigrationsAdminTest-1191833793-project] Attributes excluded by policy engine: ['standard_attr_id', 'binding:profile', 'binding:host_id', 'binding:vif_type', 'binding:vif_details'] {{(pid=95897) _exclude_attributes_by_policy /opt/stack/neutron/neutron/pecan_wsgi/hooks/policy_enforcement.py:255}}
Aug 06 19:42:03.929623 n-d-799527-5 neutron-server[95897]: INFO neutron.wsgi [req-14b99828-e443-44aa-9f2c-5cdc5d2c968c req-d6b11b72-5270-4b8e-84dc-b78a09a2e068 tempest-MigrationsAdminTest-1191833793 tempest-MigrationsAdminTest-1191833793-project] 10.222.0.20 "GET /v2.0/ports?device_id=23fa2b32-c566-4c82-8cf7-de6c26e7ca1d HTTP/1.1" status: 200 len: 949 time: 0.2430234
Aug 06 19:42:03.934025 n-d-799527-5 neutron-server[95897]: DEBUG neutron.db.db_base_plugin_common [req-cc4ce8e4-d632-432d-87a6-2f34590ddc6d req-8221968f-ffbf-42d2-a4c0-2a6ee9938b4a tempest-DeleteServersAdminTestJSON-1000783049 tempest-DeleteServersAdminTestJSON-1000783049-project] Allocated IP 192.168.233.41 (6cacbf09-d4e6-4af1-84a1-81b63399ebd7/856382cb-87cb-4971-849b-e31ba9a44024/0cda15ed-dd5b-418a-831c-c644d441b12f) {{(pid=95897) _store_ip_allocation /opt/stack/neutron/neutron/db/db_base_plugin_common.py:131}}
Aug 06 19:42:03.942699 n-d-799527-5 neutron-server[95898]: INFO neutron.wsgi [req-42619908-9d10-427c-bdc1-1d18e62f1adf req-b6c5c244-7d70-417c-a94a-fe53b9061764 service neutron] 10.222.0.44 "GET /v2.0/security-groups?id=26477149-31ea-4418-be1a-2b0997fe5550&fields=id&fields=name HTTP/1.1" status: 200 len: 312 time: 0.0464003
Aug 06 19:42:04.001853 n-d-799527-5 neutron-server[95898]: DEBUG neutron.plugins.ml2.db [req-3ff851fc-c1ef-43c8-928d-83780ebe0ec4 req-bc2136e5-7562-4d1f-913c-ab40e884c0fb service neutron] For port be9a6268-e6b5-4e69-bff8-a49d7a5eeee1, host n-h1-799527-5, cleared binding levels {{(pid=95898) clear_binding_levels /opt/stack/neutron/neutron/plugins/ml2/db.py:87}}
Aug 06 19:42:04.005389 n-d-799527-5 neutron-server[95898]: DEBUG neutron.plugins.ml2.db [req-3ff851fc-c1ef-43c8-928d-83780ebe0ec4 req-bc2136e5-7562-4d1f-913c-ab40e884c0fb service neutron] For port be9a6268-e6b5-4e69-bff8-a49d7a5eeee1, host n-h1-799527-5, set binding levels [PortBindingLevel(driver='hyperv',host='n-h1-799527-5',level=0,port_id=be9a6268-e6b5-4e69-bff8-a49d7a5eeee1,segment=NetworkSegment(fc3edaf1-853b-4646-b5f6-247e82f7be3a),segment_id=fc3edaf1-853b-4646-b5f6-247e82f7be3a)] {{(pid=95898) set_binding_levels /opt/stack/neutron/neutron/plugins/ml2/db.py:59}}
Aug 06 19:42:04.009953 n-d-799527-5 neutron-server[95898]: DEBUG neutron_lib.callbacks.manager [req-3ff851fc-c1ef-43c8-928d-83780ebe0ec4 req-bc2136e5-7562-4d1f-913c-ab40e884c0fb service neutron] Notify callbacks ['neutron.plugins.ml2.plugin.SecurityGroupServerNotifierRpcMixin._notify_sg_on_port_change-1720374', 'neutron.plugins.ml2.ovo_rpc._ObjectChangeHandler.handle_event-187307', 'neutron.api.rpc.agentnotifiers.dhcp_rpc_agent_api.DhcpAgentNotifyAPI._native_event_send_dhcp_notification-567326', 'neutron.db.l3_db.L3RpcNotifierMixin._notify_gateway_port_ip_changed-8733676221525', 'neutron.db.l3_dvrscheduler_db._notify_l3_agent_port_update-8733675700206', 'neutron.db.l3_hascheduler_db._notify_l3_agent_ha_port_update-8733675702788'] for port, after_update {{(pid=95898) _notify_loop /usr/local/lib/python3.8/dist-packages/neutron_lib/callbacks/manager.py:192}}
Aug 06 19:42:04.020371 n-d-799527-5 neutron-server[95897]: INFO neutron.wsgi [req-14b99828-e443-44aa-9f2c-5cdc5d2c968c req-ea994fed-1f50-465a-86e1-c1e83759b28d tempest-MigrationsAdminTest-1191833793 tempest-MigrationsAdminTest-1191833793-project] 10.222.0.20 "GET /v2.0/security-groups?id=1c3e10c3-e4a1-4fb8-bcd4-406cabe7dbc7&fields=id&fields=name HTTP/1.1" status: 200 len: 286 time: 0.0896354
Aug 06 19:42:04.064987 n-d-799527-5 neutron-server[95898]: DEBUG neutron.pecan_wsgi.hooks.policy_enforcement [req-3ff851fc-c1ef-43c8-928d-83780ebe0ec4 req-bc2136e5-7562-4d1f-913c-ab40e884c0fb service neutron] Attributes excluded by policy engine: ['standard_attr_id'] {{(pid=95898) _exclude_attributes_by_policy /opt/stack/neutron/neutron/pecan_wsgi/hooks/policy_enforcement.py:255}}
Aug 06 19:42:04.070760 n-d-799527-5 neutron-server[95898]: DEBUG neutron_lib.callbacks.manager [req-3ff851fc-c1ef-43c8-928d-83780ebe0ec4 req-bc2136e5-7562-4d1f-913c-ab40e884c0fb service neutron] Notify callbacks ['neutron.notifiers.nova.Notifier._send_nova_notification-159568', 'neutron.api.rpc.agentnotifiers.dhcp_rpc_agent_api.DhcpAgentNotifyAPI._send_dhcp_notification-567296'] for port, before_response {{(pid=95898) _notify_loop /usr/local/lib/python3.8/dist-packages/neutron_lib/callbacks/manager.py:192}}
Aug 06 19:42:04.074226 n-d-799527-5 neutron-server[95898]: INFO neutron.wsgi [req-3ff851fc-c1ef-43c8-928d-83780ebe0ec4 req-bc2136e5-7562-4d1f-913c-ab40e884c0fb service neutron] 10.222.0.63 "PUT /v2.0/ports/be9a6268-e6b5-4e69-bff8-a49d7a5eeee1 HTTP/1.1" status: 200 len: 1091 time: 1.0516992
Aug 06 19:42:04.075269 n-d-799527-5 neutron-server[95898]: DEBUG neutron.notifiers.nova [-] Sending events: [{'name': 'network-changed', 'server_uuid': '1860d2c7-56fb-4c95-8929-857dadc819b6', 'tag': 'be9a6268-e6b5-4e69-bff8-a49d7a5eeee1'}] {{(pid=95898) send_events /opt/stack/neutron/neutron/notifiers/nova.py:262}}
Aug 06 19:42:04.078300 n-d-799527-5 neutron-server[95898]: DEBUG novaclient.v2.client [-] REQ: curl -g -i --cacert "/opt/stack/data/ca-bundle.pem" -X POST http://10.222.0.20/compute/v2.1/os-server-external-events -H "Accept: application/json" -H "Content-Type: application/json" -H "User-Agent: python-novaclient" -H "X-Auth-Token: {SHA256}79343cb22512384d54679ab4219c6b0c64ccf546bdaba3f8e50f4c9049e461c9" -H "X-OpenStack-Nova-API-Version: 2.1" -H "X-OpenStack-Request-ID: req-0b8dfb2a-fcd5-4e1c-9eb1-4242a01c7cf4" -d '{"events": [{"name": "network-changed", "server_uuid": "1860d2c7-56fb-4c95-8929-857dadc819b6", "tag": "be9a6268-e6b5-4e69-bff8-a49d7a5eeee1"}]}' {{(pid=95898) _http_log_request /usr/local/lib/python3.8/dist-packages/keystoneauth1/session.py:519}}
Aug 06 19:42:04.125224 n-d-799527-5 neutron-server[95898]: DEBUG neutron.api.rpc.handlers.resources_rpc [None req-bc2136e5-7562-4d1f-913c-ab40e884c0fb service neutron] Pushing event updated for resources: {'Port': ['ID=be9a6268-e6b5-4e69-bff8-a49d7a5eeee1,revision_number=3']} {{(pid=95898) push /opt/stack/neutron/neutron/api/rpc/handlers/resources_rpc.py:237}}
Aug 06 19:42:04.180452 n-d-799527-5 neutron-server[95898]: DEBUG neutron.pecan_wsgi.hooks.policy_enforcement [req-3ff851fc-c1ef-43c8-928d-83780ebe0ec4 req-d3b821a0-a165-491f-9ef9-6796edc30068 service neutron] Attributes excluded by policy engine: ['standard_attr_id'] {{(pid=95898) _exclude_attributes_by_policy /opt/stack/neutron/neutron/pecan_wsgi/hooks/policy_enforcement.py:255}}
Aug 06 19:42:04.182510 n-d-799527-5 neutron-server[95898]: INFO neutron.wsgi [req-3ff851fc-c1ef-43c8-928d-83780ebe0ec4 req-d3b821a0-a165-491f-9ef9-6796edc30068 service neutron] 10.222.0.63 "GET /v2.0/ports?tenant_id=1d8e12c4f57b4a46aa1f2c3cb3321a30&device_id=1860d2c7-56fb-4c95-8929-857dadc819b6 HTTP/1.1" status: 200 len: 1094 time: 0.0526302
Aug 06 19:42:04.201309 n-d-799527-5 neutron-server[95897]: DEBUG neutron_lib.callbacks.manager [None req-7e9388b6-b468-407a-82b2-3c5255cfb1cc admin admin] Notify callbacks [] for security_group, precommit_create {{(pid=95897) _notify_loop /usr/local/lib/python3.8/dist-packages/neutron_lib/callbacks/manager.py:192}}
Aug 06 19:42:04.210636 n-d-799527-5 neutron-server[95897]: DEBUG neutron_lib.callbacks.manager [None req-7e9388b6-b468-407a-82b2-3c5255cfb1cc admin admin] Notify callbacks ['neutron.plugins.ml2.ovo_rpc._ObjectChangeHandler.handle_event-621791'] for security_group, after_create {{(pid=95897) _notify_loop /usr/local/lib/python3.8/dist-packages/neutron_lib/callbacks/manager.py:192}}
Aug 06 19:42:04.270075 n-d-799527-5 neutron-server[95898]: INFO neutron.wsgi [req-3ff851fc-c1ef-43c8-928d-83780ebe0ec4 req-0ac2340b-ffd7-4c66-8201-5ab4f5fc849b service neutron] 10.222.0.63 "GET /v2.0/floatingips?fixed_ip_address=172.20.0.8&port_id=be9a6268-e6b5-4e69-bff8-a49d7a5eeee1 HTTP/1.1" status: 200 len: 217 time: 0.0525854
Aug 06 19:42:04.287000 n-d-799527-5 neutron-server[95897]: DEBUG neutron.pecan_wsgi.hooks.policy_enforcement [req-f150c906-7092-475e-a60c-0cf10ce38707 req-d91ad139-8a48-4176-a8c7-c66727599883 tempest-ServersWithSpecificFlavorTestJSON-1941174055 tempest-ServersWithSpecificFlavorTestJSON-1941174055-project] Attributes excluded by policy engine: ['standard_attr_id', 'binding:profile', 'binding:host_id', 'binding:vif_type', 'binding:vif_details'] {{(pid=95897) _exclude_attributes_by_policy /opt/stack/neutron/neutron/pecan_wsgi/hooks/policy_enforcement.py:255}}
Aug 06 19:42:04.289001 n-d-799527-5 neutron-server[95897]: INFO neutron.wsgi [req-f150c906-7092-475e-a60c-0cf10ce38707 req-d91ad139-8a48-4176-a8c7-c66727599883 tempest-ServersWithSpecificFlavorTestJSON-1941174055 tempest-ServersWithSpecificFlavorTestJSON-1941174055-project] 10.222.0.20 "GET /v2.0/ports?device_id=cab6444a-75a2-46db-8409-1ef3fafaa35d HTTP/1.1" status: 200 len: 945 time: 0.1652822
Aug 06 19:42:04.312018 n-d-799527-5 neutron-server[95897]: DEBUG neutron.api.rpc.handlers.resources_rpc [None req-7e9388b6-b468-407a-82b2-3c5255cfb1cc admin admin] Pushing event updated for resources: {'SecurityGroup': ['ID=1cbfbd36-2a96-4b2b-975c-b22743386dbe,revision_number=1']} {{(pid=95897) push /opt/stack/neutron/neutron/api/rpc/handlers/resources_rpc.py:237}}
Aug 06 19:42:04.344516 n-d-799527-5 neutron-server[95897]: INFO neutron.wsgi [None req-7e9388b6-b468-407a-82b2-3c5255cfb1cc admin admin] 10.222.0.20 "GET /v2.0/security-groups?tenant_id=cc1a9e8c2c404b44a01e900b3f891624&name=default HTTP/1.1" status: 200 len: 2979 time: 0.6516209
Aug 06 19:42:04.347284 n-d-799527-5 neutron-server[95898]: DEBUG neutron.wsgi [-] (95898) accepted ('10.222.0.20', 48482) {{(pid=95898) server /usr/local/lib/python3.8/dist-packages/eventlet/wsgi.py:982}}
Aug 06 19:42:04.348610 n-d-799527-5 neutron-server[95897]: DEBUG neutron_lib.callbacks.manager [req-cc4ce8e4-d632-432d-87a6-2f34590ddc6d req-8221968f-ffbf-42d2-a4c0-2a6ee9938b4a tempest-DeleteServersAdminTestJSON-1000783049 tempest-DeleteServersAdminTestJSON-1000783049-project] Notify callbacks [] for port, precommit_create {{(pid=95897) _notify_loop /usr/local/lib/python3.8/dist-packages/neutron_lib/callbacks/manager.py:192}}
Aug 06 19:42:04.370368 n-d-799527-5 neutron-server[95897]: INFO neutron.wsgi [req-f150c906-7092-475e-a60c-0cf10ce38707 req-82bba7ba-7683-4d1e-896f-7ec8d25c54be tempest-ServersWithSpecificFlavorTestJSON-1941174055 tempest-ServersWithSpecificFlavorTestJSON-1941174055-project] 10.222.0.20 "GET /v2.0/security-groups?id=26477149-31ea-4418-be1a-2b0997fe5550&fields=id&fields=name HTTP/1.1" status: 200 len: 312 time: 0.0713098
Aug 06 19:42:04.376590 n-d-799527-5 neutron-server[95897]: DEBUG neutron.db.provisioning_blocks [req-cc4ce8e4-d632-432d-87a6-2f34590ddc6d req-8221968f-ffbf-42d2-a4c0-2a6ee9938b4a tempest-DeleteServersAdminTestJSON-1000783049 tempest-DeleteServersAdminTestJSON-1000783049-project] Transition to ACTIVE for port object 0cda15ed-dd5b-418a-831c-c644d441b12f will not be triggered until provisioned by entity DHCP. {{(pid=95897) add_provisioning_component /opt/stack/neutron/neutron/db/provisioning_blocks.py:73}}
Aug 06 19:42:04.385993 n-d-799527-5 neutron-server[95898]: DEBUG neutron.pecan_wsgi.hooks.policy_enforcement [req-3ff851fc-c1ef-43c8-928d-83780ebe0ec4 req-a8bf9041-5378-4c47-aeca-fd9eb05259a9 service neutron] Attributes excluded by policy engine: ['standard_attr_id', 'shared'] {{(pid=95898) _exclude_attributes_by_policy /opt/stack/neutron/neutron/pecan_wsgi/hooks/policy_enforcement.py:255}}
Aug 06 19:42:04.387514 n-d-799527-5 neutron-server[95898]: INFO neutron.wsgi [req-3ff851fc-c1ef-43c8-928d-83780ebe0ec4 req-a8bf9041-5378-4c47-aeca-fd9eb05259a9 service neutron] 10.222.0.63 "GET /v2.0/subnets?id=cc4373a8-1c4d-4dcd-ab7c-0c76b0d533ea HTTP/1.1" status: 200 len: 861 time: 0.1074328
Aug 06 19:42:04.423526 n-d-799527-5 neutron-server[95897]: DEBUG neutron_lib.callbacks.manager [req-cc4ce8e4-d632-432d-87a6-2f34590ddc6d req-8221968f-ffbf-42d2-a4c0-2a6ee9938b4a tempest-DeleteServersAdminTestJSON-1000783049 tempest-DeleteServersAdminTestJSON-1000783049-project] Notify callbacks ['neutron.plugins.ml2.plugin.SecurityGroupServerNotifierRpcMixin._notify_sg_on_port_change-1720374', 'neutron.plugins.ml2.ovo_rpc._ObjectChangeHandler.handle_event-187307', 'neutron.api.rpc.agentnotifiers.dhcp_rpc_agent_api.DhcpAgentNotifyAPI._native_event_send_dhcp_notification-567326', 'neutron.db.l3_dvrscheduler_db._notify_l3_agent_new_port-8733675700188'] for port, after_create {{(pid=95897) _notify_loop /usr/local/lib/python3.8/dist-packages/neutron_lib/callbacks/manager.py:192}}
Aug 06 19:42:04.437812 n-d-799527-5 neutron-server[95898]: INFO neutron.wsgi [req-3ff851fc-c1ef-43c8-928d-83780ebe0ec4 req-90923485-e955-4d3f-99be-2b5ca4ba6627 service neutron] 10.222.0.63 "GET /v2.0/ports?network_id=8c3022be-bdba-4088-96ff-dfa32cc883ec&device_owner=network%3Adhcp HTTP/1.1" status: 200 len: 210 time: 0.0400581
Aug 06 19:42:04.486114 n-d-799527-5 neutron-server[95898]: DEBUG novaclient.v2.client [-] RESP: [200] Connection: close Content-Length: 179 Content-Type: application/json Date: Fri, 06 Aug 2021 19:42:04 GMT OpenStack-API-Version: compute 2.1 Server: Apache/2.4.41 (Ubuntu) Vary: OpenStack-API-Version,X-OpenStack-Nova-API-Version X-OpenStack-Nova-API-Version: 2.1 x-compute-request-id: req-e0b9b849-2183-4643-b5a6-fc3f0bcc7864 x-openstack-request-id: req-e0b9b849-2183-4643-b5a6-fc3f0bcc7864 {{(pid=95898) _http_log_response /usr/local/lib/python3.8/dist-packages/keystoneauth1/session.py:550}}
Aug 06 19:42:04.486398 n-d-799527-5 neutron-server[95898]: DEBUG novaclient.v2.client [-] RESP BODY: {"events": [{"name": "network-changed", "server_uuid": "1860d2c7-56fb-4c95-8929-857dadc819b6", "tag": "be9a6268-e6b5-4e69-bff8-a49d7a5eeee1", "status": "completed", "code": 200}]} {{(pid=95898) _http_log_response /usr/local/lib/python3.8/dist-packages/keystoneauth1/session.py:582}}
Aug 06 19:42:04.486670 n-d-799527-5 neutron-server[95898]: DEBUG novaclient.v2.client [-] POST call to compute for http://10.222.0.20/compute/v2.1/os-server-external-events used request id req-e0b9b849-2183-4643-b5a6-fc3f0bcc7864 {{(pid=95898) request /usr/local/lib/python3.8/dist-packages/keystoneauth1/session.py:954}}
Aug 06 19:42:04.487096 n-d-799527-5 neutron-server[95898]: INFO neutron.notifiers.nova [-] Nova event response: {'name': 'network-changed', 'server_uuid': '1860d2c7-56fb-4c95-8929-857dadc819b6', 'tag': 'be9a6268-e6b5-4e69-bff8-a49d7a5eeee1', 'status': 'completed', 'code': 200}
Aug 06 19:42:04.498271 n-d-799527-5 neutron-server[95897]: DEBUG neutron.api.rpc.handlers.resources_rpc [None req-8221968f-ffbf-42d2-a4c0-2a6ee9938b4a tempest-DeleteServersAdminTestJSON-1000783049 tempest-DeleteServersAdminTestJSON-1000783049-project] Pushing event updated for resources: {'Port': ['ID=0cda15ed-dd5b-418a-831c-c644d441b12f,revision_number=1']} {{(pid=95897) push /opt/stack/neutron/neutron/api/rpc/handlers/resources_rpc.py:237}}
Aug 06 19:42:04.512383 n-d-799527-5 neutron-server[95897]: DEBUG neutron.scheduler.dhcp_agent_scheduler [req-cc4ce8e4-d632-432d-87a6-2f34590ddc6d req-8221968f-ffbf-42d2-a4c0-2a6ee9938b4a tempest-DeleteServersAdminTestJSON-1000783049 tempest-DeleteServersAdminTestJSON-1000783049-project] Network 6cacbf09-d4e6-4af1-84a1-81b63399ebd7 is already hosted by enough agents. {{(pid=95897) _get_dhcp_agents_hosting_network /opt/stack/neutron/neutron/scheduler/dhcp_agent_scheduler.py:275}}
Aug 06 19:42:04.513796 n-d-799527-5 neutron-server[95897]: DEBUG neutron.scheduler.base_scheduler [req-cc4ce8e4-d632-432d-87a6-2f34590ddc6d req-8221968f-ffbf-42d2-a4c0-2a6ee9938b4a tempest-DeleteServersAdminTestJSON-1000783049 tempest-DeleteServersAdminTestJSON-1000783049-project] Resources bound (agent type, host, resource id): {{(pid=95897) schedule /opt/stack/neutron/neutron/scheduler/base_scheduler.py:57}}
Aug 06 19:42:04.516797 n-d-799527-5 neutron-server[95897]: DEBUG neutron.db.l3_dvrscheduler_db [req-cc4ce8e4-d632-432d-87a6-2f34590ddc6d req-8221968f-ffbf-42d2-a4c0-2a6ee9938b4a tempest-DeleteServersAdminTestJSON-1000783049 tempest-DeleteServersAdminTestJSON-1000783049-project] Received port after_create {{(pid=95897) _notify_l3_agent_new_port /opt/stack/neutron/neutron/db/l3_dvrscheduler_db.py:535}}
Aug 06 19:42:04.521298 n-d-799527-5 neutron-server[95898]: DEBUG neutron_lib.callbacks.manager [None req-e3d8825d-5eb0-4ade-b72d-5365cc20129e admin admin] Notify callbacks [] for security_group, precommit_create {{(pid=95898) _notify_loop /usr/local/lib/python3.8/dist-packages/neutron_lib/callbacks/manager.py:192}}
Aug 06 19:42:04.522959 n-d-799527-5 neutron-server[95897]: DEBUG neutron.pecan_wsgi.hooks.policy_enforcement [req-cc4ce8e4-d632-432d-87a6-2f34590ddc6d req-8221968f-ffbf-42d2-a4c0-2a6ee9938b4a tempest-DeleteServersAdminTestJSON-1000783049 tempest-DeleteServersAdminTestJSON-1000783049-project] Attributes excluded by policy engine: ['standard_attr_id', 'binding:profile', 'binding:host_id', 'binding:vif_type', 'binding:vif_details', 'network'] {{(pid=95897) _exclude_attributes_by_policy /opt/stack/neutron/neutron/pecan_wsgi/hooks/policy_enforcement.py:255}}
Aug 06 19:42:04.523902 n-d-799527-5 neutron-server[95897]: DEBUG neutron_lib.callbacks.manager [req-cc4ce8e4-d632-432d-87a6-2f34590ddc6d req-8221968f-ffbf-42d2-a4c0-2a6ee9938b4a tempest-DeleteServersAdminTestJSON-1000783049 tempest-DeleteServersAdminTestJSON-1000783049-project] Notify callbacks ['neutron.notifiers.nova.Notifier._send_nova_notification-159568'] for port, before_response {{(pid=95897) _notify_loop /usr/local/lib/python3.8/dist-packages/neutron_lib/callbacks/manager.py:192}}
Aug 06 19:42:04.542180 n-d-799527-5 neutron-server[95898]: DEBUG neutron_lib.callbacks.manager [None req-e3d8825d-5eb0-4ade-b72d-5365cc20129e admin admin] Notify callbacks ['neutron.plugins.ml2.ovo_rpc._ObjectChangeHandler.handle_event-621791'] for security_group, after_create {{(pid=95898) _notify_loop /usr/local/lib/python3.8/dist-packages/neutron_lib/callbacks/manager.py:192}}
Aug 06 19:42:04.545594 n-d-799527-5 neutron-server[95897]: INFO neutron.wsgi [req-cc4ce8e4-d632-432d-87a6-2f34590ddc6d req-8221968f-ffbf-42d2-a4c0-2a6ee9938b4a tempest-DeleteServersAdminTestJSON-1000783049 tempest-DeleteServersAdminTestJSON-1000783049-project] 10.222.0.63 "POST /v2.0/ports HTTP/1.1" status: 201 len: 937 time: 1.8707919
Aug 06 19:42:04.559280 n-d-799527-5 neutron-server[95897]: DEBUG neutron.api.v2.base [req-cc4ce8e4-d632-432d-87a6-2f34590ddc6d req-4358e2ae-49ec-4135-86a8-3d10e9f08897 service neutron] Request body: {'port': {'device_id': '5ede7b06-169b-4f5a-b498-ad23d986e5db', 'device_owner': 'compute:nova', 'binding:host_id': 'n-h1-799527-5'}} {{(pid=95897) prepare_request_body /opt/stack/neutron/neutron/api/v2/base.py:729}}
Aug 06 19:42:04.594037 n-d-799527-5 neutron-server[95898]: DEBUG neutron_lib.callbacks.manager [None req-84cdf8af-f893-4441-ae09-8dfbc35aeda0 admin admin] Notify callbacks [] for security_group, before_delete {{(pid=95898) _notify_loop /usr/local/lib/python3.8/dist-packages/neutron_lib/callbacks/manager.py:192}}
Aug 06 19:42:04.606515 n-d-799527-5 neutron-server[95897]: DEBUG neutron.wsgi [-] (95897) accepted ('10.222.0.20', 48496) {{(pid=95897) server /usr/local/lib/python3.8/dist-packages/eventlet/wsgi.py:982}}
Aug 06 19:42:04.618629 n-d-799527-5 neutron-server[95898]: DEBUG neutron_lib.callbacks.manager [None req-84cdf8af-f893-4441-ae09-8dfbc35aeda0 admin admin] Notify callbacks [] for security_group, precommit_delete {{(pid=95898) _notify_loop /usr/local/lib/python3.8/dist-packages/neutron_lib/callbacks/manager.py:192}}
Aug 06 19:42:04.649178 n-d-799527-5 neutron-server[95897]: DEBUG neutron.wsgi [-] (95897) accepted ('10.222.0.20', 48500) {{(pid=95897) server /usr/local/lib/python3.8/dist-packages/eventlet/wsgi.py:982}}
Aug 06 19:42:04.714969 n-d-799527-5 neutron-server[95897]: DEBUG neutron_lib.callbacks.manager [req-cc4ce8e4-d632-432d-87a6-2f34590ddc6d req-4358e2ae-49ec-4135-86a8-3d10e9f08897 service neutron] Notify callbacks ['neutron.plugins.ml2.plugin.SecurityGroupDbMixin._ensure_default_security_group_handler-1720437'] for port, before_update {{(pid=95897) _notify_loop /usr/local/lib/python3.8/dist-packages/neutron_lib/callbacks/manager.py:192}}
Aug 06 19:42:04.721188 n-d-799527-5 neutron-server[95898]: INFO neutron.wsgi [None req-e3d8825d-5eb0-4ade-b72d-5365cc20129e admin admin] 10.222.0.20 "GET /v2.0/security-groups?tenant_id=a5c254236c894c5a9c43c912ba80427d&name=default HTTP/1.1" status: 200 len: 2979 time: 1.2880001
Aug 06 19:42:04.724409 n-d-799527-5 neutron-server[95897]: DEBUG neutron.pecan_wsgi.hooks.policy_enforcement [req-748322c4-dd6b-4686-9877-16f132976bff req-f248d00c-1346-4804-a52a-2180ca541208 tempest-DeleteServersAdminTestJSON-1000783049 tempest-DeleteServersAdminTestJSON-1000783049-project] Attributes excluded by policy engine: ['standard_attr_id', 'binding:profile', 'binding:host_id', 'binding:vif_type', 'binding:vif_details'] {{(pid=95897) _exclude_attributes_by_policy /opt/stack/neutron/neutron/pecan_wsgi/hooks/policy_enforcement.py:255}}
Aug 06 19:42:04.725617 n-d-799527-5 neutron-server[95898]: DEBUG neutron.api.rpc.handlers.resources_rpc [None req-e3d8825d-5eb0-4ade-b72d-5365cc20129e admin admin] Pushing event updated for resources: {'SecurityGroup': ['ID=f69a7ec6-cfa6-4197-a94b-07e0af3d1487,revision_number=1']} {{(pid=95898) push /opt/stack/neutron/neutron/api/rpc/handlers/resources_rpc.py:237}}
Aug 06 19:42:04.725742 n-d-799527-5 neutron-server[95897]: INFO neutron.wsgi [req-748322c4-dd6b-4686-9877-16f132976bff req-f248d00c-1346-4804-a52a-2180ca541208 tempest-DeleteServersAdminTestJSON-1000783049 tempest-DeleteServersAdminTestJSON-1000783049-project] 10.222.0.20 "GET /v2.0/ports?device_id=5ede7b06-169b-4f5a-b498-ad23d986e5db HTTP/1.1" status: 200 len: 935 time: 0.1230428
Aug 06 19:42:04.726655 n-d-799527-5 neutron-server[95897]: DEBUG neutron.wsgi [-] (95897) accepted ('10.222.0.20', 48504) {{(pid=95897) server /usr/local/lib/python3.8/dist-packages/eventlet/wsgi.py:982}}
Aug 06 19:42:04.749777 n-d-799527-5 neutron-server[95898]: DEBUG neutron_lib.callbacks.manager [None req-84cdf8af-f893-4441-ae09-8dfbc35aeda0 admin admin] Notify callbacks ['neutron.plugins.ml2.ovo_rpc._ObjectChangeHandler.handle_event-621791'] for security_group, after_delete {{(pid=95898) _notify_loop /usr/local/lib/python3.8/dist-packages/neutron_lib/callbacks/manager.py:192}}
Aug 06 19:42:04.758662 n-d-799527-5 neutron-server[95898]: DEBUG neutron_lib.callbacks.manager [None req-84cdf8af-f893-4441-ae09-8dfbc35aeda0 admin admin] Notify callbacks [] for security_group, before_response {{(pid=95898) _notify_loop /usr/local/lib/python3.8/dist-packages/neutron_lib/callbacks/manager.py:192}}
Aug 06 19:42:04.760129 n-d-799527-5 neutron-server[95898]: INFO neutron.wsgi [None req-84cdf8af-f893-4441-ae09-8dfbc35aeda0 admin admin] 10.222.0.20 "DELETE /v2.0/security-groups/1cbfbd36-2a96-4b2b-975c-b22743386dbe HTTP/1.1" status: 204 len: 168 time: 0.4113896
Aug 06 19:42:04.789878 n-d-799527-5 neutron-server[95898]: DEBUG neutron.api.rpc.handlers.resources_rpc [None req-84cdf8af-f893-4441-ae09-8dfbc35aeda0 admin admin] Pushing event deleted for resources: {'SecurityGroup': ['ID=1cbfbd36-2a96-4b2b-975c-b22743386dbe,revision_number=None']} {{(pid=95898) push /opt/stack/neutron/neutron/api/rpc/handlers/resources_rpc.py:237}}
Aug 06 19:42:04.793937 n-d-799527-5 neutron-server[95898]: INFO neutron.wsgi [req-3ff851fc-c1ef-43c8-928d-83780ebe0ec4 req-eab8f148-f6ea-4685-9e41-312bf206c6f4 service neutron] 10.222.0.63 "GET /v2.0/networks/8c3022be-bdba-4088-96ff-dfa32cc883ec?fields=segments HTTP/1.1" status: 200 len: 212 time: 0.3460965
Aug 06 19:42:04.880023 n-d-799527-5 neutron-server[95897]: INFO neutron.wsgi [req-748322c4-dd6b-4686-9877-16f132976bff req-34c60d2e-bae2-432e-abc0-580798b044b5 tempest-DeleteServersAdminTestJSON-1000783049 tempest-DeleteServersAdminTestJSON-1000783049-project] 10.222.0.20 "GET /v2.0/security-groups?id=792125cf-778e-4021-9d28-161890177ca3&fields=id&fields=name HTTP/1.1" status: 200 len: 286 time: 0.1233044
Aug 06 19:42:04.924670 n-d-799527-5 neutron-server[95897]: DEBUG neutron.api.v2.base [None req-be0341b2-00f3-4222-81ca-f4da18680bab admin admin] Request body: {'network': {'name': 'tempest-LiveMigrationRemoteConsolesV26Test-881367662-network', 'tenant_id': '5e685112e6c54e07a0927a17e18c4f6f'}} {{(pid=95897) prepare_request_body /opt/stack/neutron/neutron/api/v2/base.py:729}}
Aug 06 19:42:04.931038 n-d-799527-5 neutron-server[95898]: INFO neutron.wsgi [req-3ff851fc-c1ef-43c8-928d-83780ebe0ec4 req-2de79b56-e42c-45f3-92d0-c56de7b438b8 service neutron] 10.222.0.63 "GET /v2.0/networks/8c3022be-bdba-4088-96ff-dfa32cc883ec?fields=provider%3Aphysical_network&fields=provider%3Anetwork_type HTTP/1.1" status: 200 len: 281 time: 0.1241307
Aug 06 19:42:04.964875 n-d-799527-5 neutron-server[95899]: DEBUG neutron.db.provisioning_blocks [None req-04f3d80a-c713-4bb6-bf5b-f9101b361846 None None] Provisioning for port 0cda15ed-dd5b-418a-831c-c644d441b12f completed by entity DHCP. {{(pid=95899) provisioning_complete /opt/stack/neutron/neutron/db/provisioning_blocks.py:133}}
Aug 06 19:42:04.972813 n-d-799527-5 neutron-server[95899]: DEBUG neutron.db.provisioning_blocks [None req-04f3d80a-c713-4bb6-bf5b-f9101b361846 None None] Provisioning complete for port 0cda15ed-dd5b-418a-831c-c644d441b12f triggered by entity DHCP. {{(pid=95899) provisioning_complete /opt/stack/neutron/neutron/db/provisioning_blocks.py:139}}
Aug 06 19:42:04.973413 n-d-799527-5 neutron-server[95899]: DEBUG neutron_lib.callbacks.manager [None req-04f3d80a-c713-4bb6-bf5b-f9101b361846 None None] Notify callbacks ['neutron.plugins.ml2.plugin.Ml2Plugin._port_provisioned-1796514'] for port, provisioning_complete {{(pid=95899) _notify_loop /usr/local/lib/python3.8/dist-packages/neutron_lib/callbacks/manager.py:192}}
Aug 06 19:42:05.022483 n-d-799527-5 neutron-server[95897]: DEBUG neutron_lib.callbacks.manager [None req-441d4246-3783-4051-90b2-1e8d67544a43 admin admin] Notify callbacks [] for security_group, before_delete {{(pid=95897) _notify_loop /usr/local/lib/python3.8/dist-packages/neutron_lib/callbacks/manager.py:192}}
Aug 06 19:42:05.032704 n-d-799527-5 neutron-server[95899]: DEBUG neutron.plugins.ml2.plugin [None req-04f3d80a-c713-4bb6-bf5b-f9101b361846 None None] Port 0cda15ed-dd5b-418a-831c-c644d441b12f cannot update to ACTIVE because it is not bound. {{(pid=95899) _port_provisioned /opt/stack/neutron/neutron/plugins/ml2/plugin.py:337}}
Aug 06 19:42:05.041947 n-d-799527-5 neutron-server[95897]: DEBUG neutron.wsgi [req-883d58b5-abbf-4d77-9d38-17f51ceb051b req-352cf3db-a124-4257-afbf-e1067a64d5d0 tempest-LiveMigrationTest-1792870528 tempest-LiveMigrationTest-1792870528-project-admin] http://10.222.0.20:9696/v2.0/extensions returned with HTTP 200 {{(pid=95897) __call__ /opt/stack/neutron/neutron/wsgi.py:729}}
Aug 06 19:42:05.042988 n-d-799527-5 neutron-server[95897]: INFO neutron.wsgi [req-883d58b5-abbf-4d77-9d38-17f51ceb051b req-352cf3db-a124-4257-afbf-e1067a64d5d0 tempest-LiveMigrationTest-1792870528 tempest-LiveMigrationTest-1792870528-project-admin] 10.222.0.20 "GET /v2.0/extensions HTTP/1.1" status: 200 len: 13640 time: 0.4353156
Aug 06 19:42:05.068065 n-d-799527-5 neutron-server[95898]: DEBUG neutron.pecan_wsgi.hooks.policy_enforcement [req-0b8dfb2a-fcd5-4e1c-9eb1-4242a01c7cf4 req-23238e90-efe5-4d6d-88ef-f4a52d40aed1 service neutron] Attributes excluded by policy engine: ['standard_attr_id'] {{(pid=95898) _exclude_attributes_by_policy /opt/stack/neutron/neutron/pecan_wsgi/hooks/policy_enforcement.py:255}}
Aug 06 19:42:05.069857 n-d-799527-5 neutron-server[95898]: INFO neutron.wsgi [req-0b8dfb2a-fcd5-4e1c-9eb1-4242a01c7cf4 req-23238e90-efe5-4d6d-88ef-f4a52d40aed1 service neutron] 10.222.0.63 "GET /v2.0/ports?tenant_id=1d8e12c4f57b4a46aa1f2c3cb3321a30&device_id=1860d2c7-56fb-4c95-8929-857dadc819b6 HTTP/1.1" status: 200 len: 1094 time: 0.0554178
Aug 06 19:42:05.141265 n-d-799527-5 neutron-server[95897]: DEBUG neutron_lib.callbacks.manager [None req-441d4246-3783-4051-90b2-1e8d67544a43 admin admin] Notify callbacks [] for security_group, precommit_delete {{(pid=95897) _notify_loop /usr/local/lib/python3.8/dist-packages/neutron_lib/callbacks/manager.py:192}}
Aug 06 19:42:05.200760 n-d-799527-5 neutron-server[95898]: DEBUG neutron.pecan_wsgi.hooks.policy_enforcement [req-0b8dfb2a-fcd5-4e1c-9eb1-4242a01c7cf4 req-67959fd6-8fe1-484d-ad3b-1c629a416905 service neutron] Attributes excluded by policy engine: ['standard_attr_id', 'vlan_transparent'] {{(pid=95898) _exclude_attributes_by_policy /opt/stack/neutron/neutron/pecan_wsgi/hooks/policy_enforcement.py:255}}
Aug 06 19:42:05.201946 n-d-799527-5 neutron-server[95897]: DEBUG neutron.pecan_wsgi.hooks.quota_enforcement [None req-be0341b2-00f3-4222-81ca-f4da18680bab admin admin] Made reservation on behalf of 5e685112e6c54e07a0927a17e18c4f6f for: {'network': 1} {{(pid=95897) before /opt/stack/neutron/neutron/pecan_wsgi/hooks/quota_enforcement.py:53}}
Aug 06 19:42:05.202445 n-d-799527-5 neutron-server[95898]: INFO neutron.wsgi [req-0b8dfb2a-fcd5-4e1c-9eb1-4242a01c7cf4 req-67959fd6-8fe1-484d-ad3b-1c629a416905 service neutron] 10.222.0.63 "GET /v2.0/networks?id=8c3022be-bdba-4088-96ff-dfa32cc883ec HTTP/1.1" status: 200 len: 922 time: 0.1177828
Aug 06 19:42:05.205077 n-d-799527-5 neutron-server[95897]: DEBUG neutron_lib.callbacks.manager [None req-be0341b2-00f3-4222-81ca-f4da18680bab admin admin] Notify callbacks ['neutron.plugins.ml2.plugin.SecurityGroupDbMixin._ensure_default_security_group_handler-1720437'] for network, before_create {{(pid=95897) _notify_loop /usr/local/lib/python3.8/dist-packages/neutron_lib/callbacks/manager.py:192}}
Aug 06 19:42:05.242588 n-d-799527-5 neutron-server[95897]: DEBUG neutron_lib.callbacks.manager [None req-be0341b2-00f3-4222-81ca-f4da18680bab admin admin] Notify callbacks [] for security_group, before_create {{(pid=95897) _notify_loop /usr/local/lib/python3.8/dist-packages/neutron_lib/callbacks/manager.py:192}}
Aug 06 19:42:05.255211 n-d-799527-5 neutron-server[95897]: DEBUG neutron.pecan_wsgi.hooks.policy_enforcement [req-2b6c697d-4cb4-46e2-9cea-80ceeb3d96d2 req-0edd688f-bac1-4cc5-a7ae-f0f80adc2989 tempest-LiveAutoBlockMigrationV225Test-305461037 tempest-LiveAutoBlockMigrationV225Test-305461037-project] Attributes excluded by policy engine: ['standard_attr_id', 'binding:profile', 'binding:host_id', 'binding:vif_type', 'binding:vif_details'] {{(pid=95897) _exclude_attributes_by_policy /opt/stack/neutron/neutron/pecan_wsgi/hooks/policy_enforcement.py:255}}
Aug 06 19:42:05.256799 n-d-799527-5 neutron-server[95897]: INFO neutron.wsgi [req-2b6c697d-4cb4-46e2-9cea-80ceeb3d96d2 req-0edd688f-bac1-4cc5-a7ae-f0f80adc2989 tempest-LiveAutoBlockMigrationV225Test-305461037 tempest-LiveAutoBlockMigrationV225Test-305461037-project] 10.222.0.20 "GET /v2.0/ports?device_id=1860d2c7-56fb-4c95-8929-857dadc819b6 HTTP/1.1" status: 200 len: 943 time: 0.2410452
Aug 06 19:42:05.270993 n-d-799527-5 neutron-server[95897]: DEBUG neutron.api.v2.base [req-883d58b5-abbf-4d77-9d38-17f51ceb051b req-1adb7d09-186d-4468-bb65-d771d7da6c13 service neutron] Request body: {'binding': {'host': 'n-h2-799527-5', 'vnic_type': 'normal', 'profile': {}}} {{(pid=95897) prepare_request_body /opt/stack/neutron/neutron/api/v2/base.py:729}}
Aug 06 19:42:05.271320 n-d-799527-5 neutron-server[95897]: DEBUG neutron.api.v2.base [req-883d58b5-abbf-4d77-9d38-17f51ceb051b req-1adb7d09-186d-4468-bb65-d771d7da6c13 service neutron] Unknown quota resources ['binding']. {{(pid=95897) _create /opt/stack/neutron/neutron/api/v2/base.py:495}}
Aug 06 19:42:05.282473 n-d-799527-5 neutron-server[95898]: INFO neutron.wsgi [req-0b8dfb2a-fcd5-4e1c-9eb1-4242a01c7cf4 req-af23632c-159c-4d40-8b80-d8f8d0a7856a service neutron] 10.222.0.63 "GET /v2.0/floatingips?fixed_ip_address=172.20.0.8&port_id=be9a6268-e6b5-4e69-bff8-a49d7a5eeee1 HTTP/1.1" status: 200 len: 217 time: 0.0687144
Aug 06 19:42:05.335609 n-d-799527-5 neutron-server[95898]: DEBUG neutron.pecan_wsgi.hooks.policy_enforcement [req-0b8dfb2a-fcd5-4e1c-9eb1-4242a01c7cf4 req-a466e5e1-d75c-49fd-8176-322bd99244c8 service neutron] Attributes excluded by policy engine: ['standard_attr_id', 'shared'] {{(pid=95898) _exclude_attributes_by_policy /opt/stack/neutron/neutron/pecan_wsgi/hooks/policy_enforcement.py:255}}
Aug 06 19:42:05.337229 n-d-799527-5 neutron-server[95898]: INFO neutron.wsgi [req-0b8dfb2a-fcd5-4e1c-9eb1-4242a01c7cf4 req-a466e5e1-d75c-49fd-8176-322bd99244c8 service neutron] 10.222.0.63 "GET /v2.0/subnets?id=cc4373a8-1c4d-4dcd-ab7c-0c76b0d533ea HTTP/1.1" status: 200 len: 861 time: 0.0470848
Aug 06 19:42:05.379085 n-d-799527-5 neutron-server[95898]: INFO neutron.wsgi [req-0b8dfb2a-fcd5-4e1c-9eb1-4242a01c7cf4 req-713e4fdd-9acb-4302-a1cb-7bb9c1ca8ca8 service neutron] 10.222.0.63 "GET /v2.0/ports?network_id=8c3022be-bdba-4088-96ff-dfa32cc883ec&device_owner=network%3Adhcp HTTP/1.1" status: 200 len: 210 time: 0.0314980
Aug 06 19:42:05.379764 n-d-799527-5 neutron-server[95897]: DEBUG neutron_lib.callbacks.manager [None req-441d4246-3783-4051-90b2-1e8d67544a43 admin admin] Notify callbacks ['neutron.plugins.ml2.ovo_rpc._ObjectChangeHandler.handle_event-621791'] for security_group, after_delete {{(pid=95897) _notify_loop /usr/local/lib/python3.8/dist-packages/neutron_lib/callbacks/manager.py:192}}
Aug 06 19:42:05.382261 n-d-799527-5 neutron-server[95897]: DEBUG neutron_lib.callbacks.manager [None req-441d4246-3783-4051-90b2-1e8d67544a43 admin admin] Notify callbacks [] for security_group, before_response {{(pid=95897) _notify_loop /usr/local/lib/python3.8/dist-packages/neutron_lib/callbacks/manager.py:192}}
Aug 06 19:42:05.383393 n-d-799527-5 neutron-server[95897]: INFO neutron.wsgi [None req-441d4246-3783-4051-90b2-1e8d67544a43 admin admin] 10.222.0.20 "DELETE /v2.0/security-groups/f69a7ec6-cfa6-4197-a94b-07e0af3d1487 HTTP/1.1" status: 204 len: 168 time: 0.6551764
Aug 06 19:42:05.475664 n-d-799527-5 neutron-server[95897]: INFO neutron.wsgi [req-2b6c697d-4cb4-46e2-9cea-80ceeb3d96d2 req-0a623fca-d706-417c-b745-b0b64be5ad80 tempest-LiveAutoBlockMigrationV225Test-305461037 tempest-LiveAutoBlockMigrationV225Test-305461037-project] 10.222.0.20 "GET /v2.0/security-groups?id=6365e204-4555-4b92-bf17-2d0fcb24e7a1&fields=id&fields=name HTTP/1.1" status: 200 len: 286 time: 0.2020075
Aug 06 19:42:05.476450 n-d-799527-5 neutron-server[95897]: DEBUG neutron.api.rpc.handlers.resources_rpc [None req-441d4246-3783-4051-90b2-1e8d67544a43 admin admin] Pushing event deleted for resources: {'SecurityGroup': ['ID=f69a7ec6-cfa6-4197-a94b-07e0af3d1487,revision_number=None']} {{(pid=95897) push /opt/stack/neutron/neutron/api/rpc/handlers/resources_rpc.py:237}}
Aug 06 19:42:05.522708 n-d-799527-5 neutron-server[95898]: INFO neutron.wsgi [req-0b8dfb2a-fcd5-4e1c-9eb1-4242a01c7cf4 req-3638f6fd-326f-4d2e-a61b-4a57b53f480f service neutron] 10.222.0.63 "GET /v2.0/networks/8c3022be-bdba-4088-96ff-dfa32cc883ec?fields=segments HTTP/1.1" status: 200 len: 212 time: 0.1352322
Aug 06 19:42:05.553103 n-d-799527-5 neutron-server[95897]: DEBUG neutron.notifiers.nova [req-cc4ce8e4-d632-432d-87a6-2f34590ddc6d req-4358e2ae-49ec-4135-86a8-3d10e9f08897 service neutron] Ignoring state change previous_port_status: DOWN current_port_status: DOWN port_id 0cda15ed-dd5b-418a-831c-c644d441b12f {{(pid=95897) record_port_status_changed /opt/stack/neutron/neutron/notifiers/nova.py:224}}
Aug 06 19:42:05.570411 n-d-799527-5 neutron-server[95897]: DEBUG neutron_lib.callbacks.manager [req-cc4ce8e4-d632-432d-87a6-2f34590ddc6d req-4358e2ae-49ec-4135-86a8-3d10e9f08897 service neutron] Notify callbacks [] for port, precommit_update {{(pid=95897) _notify_loop /usr/local/lib/python3.8/dist-packages/neutron_lib/callbacks/manager.py:192}}
Aug 06 19:42:05.660870 n-d-799527-5 neutron-server[95897]: DEBUG neutron.db.provisioning_blocks [req-cc4ce8e4-d632-432d-87a6-2f34590ddc6d req-4358e2ae-49ec-4135-86a8-3d10e9f08897 service neutron] Transition to ACTIVE for port object 0cda15ed-dd5b-418a-831c-c644d441b12f will not be triggered until provisioned by entity L2. {{(pid=95897) add_provisioning_component /opt/stack/neutron/neutron/db/provisioning_blocks.py:73}}
Aug 06 19:42:05.688788 n-d-799527-5 neutron-server[95898]: INFO neutron.wsgi [req-0b8dfb2a-fcd5-4e1c-9eb1-4242a01c7cf4 req-0348e6b3-b775-4481-b604-5b2ec2479e6a service neutron] 10.222.0.63 "GET /v2.0/networks/8c3022be-bdba-4088-96ff-dfa32cc883ec?fields=provider%3Aphysical_network&fields=provider%3Anetwork_type HTTP/1.1" status: 200 len: 281 time: 0.1529408
Aug 06 19:42:05.690037 n-d-799527-5 neutron-server[95897]: DEBUG neutron_lib.callbacks.manager [req-cc4ce8e4-d632-432d-87a6-2f34590ddc6d req-4358e2ae-49ec-4135-86a8-3d10e9f08897 service neutron] Notify callbacks ['neutron.plugins.ml2.plugin.SecurityGroupServerNotifierRpcMixin._notify_sg_on_port_change-1720374', 'neutron.plugins.ml2.ovo_rpc._ObjectChangeHandler.handle_event-187307', 'neutron.api.rpc.agentnotifiers.dhcp_rpc_agent_api.DhcpAgentNotifyAPI._native_event_send_dhcp_notification-567326', 'neutron.db.l3_db.L3RpcNotifierMixin._notify_gateway_port_ip_changed-8733676221525', 'neutron.db.l3_dvrscheduler_db._notify_l3_agent_port_update-8733675700206', 'neutron.db.l3_hascheduler_db._notify_l3_agent_ha_port_update-8733675702788'] for port, after_update {{(pid=95897) _notify_loop /usr/local/lib/python3.8/dist-packages/neutron_lib/callbacks/manager.py:192}}
Aug 06 19:42:05.725145 n-d-799527-5 neutron-server[95897]: DEBUG neutron_lib.callbacks.manager [None req-be0341b2-00f3-4222-81ca-f4da18680bab admin admin] Notify callbacks [] for security_group, precommit_create {{(pid=95897) _notify_loop /usr/local/lib/python3.8/dist-packages/neutron_lib/callbacks/manager.py:192}}
Aug 06 19:42:05.756461 n-d-799527-5 neutron-server[95897]: DEBUG neutron.plugins.ml2.managers [req-883d58b5-abbf-4d77-9d38-17f51ceb051b req-1adb7d09-186d-4468-bb65-d771d7da6c13 service neutron] Attempting to bind port 47974472-cabb-4468-a5cf-4227f1303c82 on host n-h2-799527-5 for vnic_type normal with profile None {{(pid=95897) bind_port /opt/stack/neutron/neutron/plugins/ml2/managers.py:790}}
Aug 06 19:42:05.756806 n-d-799527-5 neutron-server[95897]: DEBUG neutron.plugins.ml2.managers [req-883d58b5-abbf-4d77-9d38-17f51ceb051b req-1adb7d09-186d-4468-bb65-d771d7da6c13 service neutron] Attempting to bind port 47974472-cabb-4468-a5cf-4227f1303c82 by drivers openvswitch,hyperv on host n-h2-799527-5 at level 0 using segments [{'id': '335b9b2f-be99-4332-a10d-05ce1cf7ca5c', 'network_type': 'vlan', 'physical_network': 'physnet1', 'segmentation_id': 172, 'network_id': '06038cd8-181b-4c94-9ad4-56c2ef9ad0df'}] {{(pid=95897) _bind_port_level /opt/stack/neutron/neutron/plugins/ml2/managers.py:815}}
Aug 06 19:42:05.757157 n-d-799527-5 neutron-server[95897]: DEBUG neutron.plugins.ml2.drivers.mech_agent [req-883d58b5-abbf-4d77-9d38-17f51ceb051b req-1adb7d09-186d-4468-bb65-d771d7da6c13 service neutron] Attempting to bind port 47974472-cabb-4468-a5cf-4227f1303c82 on network 06038cd8-181b-4c94-9ad4-56c2ef9ad0df {{(pid=95897) bind_port /opt/stack/neutron/neutron/plugins/ml2/drivers/mech_agent.py:85}}
Aug 06 19:42:05.762972 n-d-799527-5 neutron-server[95897]: DEBUG neutron_lib.callbacks.manager [None req-be0341b2-00f3-4222-81ca-f4da18680bab admin admin] Notify callbacks ['neutron.plugins.ml2.ovo_rpc._ObjectChangeHandler.handle_event-621791'] for security_group, after_create {{(pid=95897) _notify_loop /usr/local/lib/python3.8/dist-packages/neutron_lib/callbacks/manager.py:192}}
Aug 06 19:42:05.801502 n-d-799527-5 neutron-server[95897]: DEBUG neutron.plugins.ml2.drivers.mech_agent [req-883d58b5-abbf-4d77-9d38-17f51ceb051b req-1adb7d09-186d-4468-bb65-d771d7da6c13 service neutron] Port 47974472-cabb-4468-a5cf-4227f1303c82 on network 06038cd8-181b-4c94-9ad4-56c2ef9ad0df not bound, no agent of type Open vSwitch agent registered on host n-h2-799527-5 {{(pid=95897) bind_port /opt/stack/neutron/neutron/plugins/ml2/drivers/mech_agent.py:97}}
Aug 06 19:42:05.801836 n-d-799527-5 neutron-server[95897]: DEBUG neutron.plugins.ml2.drivers.mech_agent [req-883d58b5-abbf-4d77-9d38-17f51ceb051b req-1adb7d09-186d-4468-bb65-d771d7da6c13 service neutron] Attempting to bind port 47974472-cabb-4468-a5cf-4227f1303c82 on network 06038cd8-181b-4c94-9ad4-56c2ef9ad0df {{(pid=95897) bind_port /opt/stack/neutron/neutron/plugins/ml2/drivers/mech_agent.py:85}}
Aug 06 19:42:05.831230 n-d-799527-5 neutron-server[95899]: DEBUG neutron_lib.callbacks.manager [None req-07da6f07-9d4c-44d6-bec9-8d42ecc15019 None None] Notify callbacks ['neutron.services.segments.db._update_segment_host_mapping_for_agent-8733676169997', 'neutron.plugins.ml2.plugin.Ml2Plugin._retry_binding_revived_agents-1796433'] for agent, after_update {{(pid=95899) _notify_loop /usr/local/lib/python3.8/dist-packages/neutron_lib/callbacks/manager.py:192}}
Aug 06 19:42:05.842909 n-d-799527-5 neutron-server[95897]: DEBUG neutron.pecan_wsgi.hooks.policy_enforcement [req-42e8ab6d-dbe8-48b3-b4ed-7addc5bf139e req-4d99fc6e-78bb-4d79-b365-70c53739bbec tempest-MigrationsAdminTest-1191833793 tempest-MigrationsAdminTest-1191833793-project] Attributes excluded by policy engine: ['standard_attr_id', 'binding:profile', 'binding:host_id', 'binding:vif_type', 'binding:vif_details'] {{(pid=95897) _exclude_attributes_by_policy /opt/stack/neutron/neutron/pecan_wsgi/hooks/policy_enforcement.py:255}}
Aug 06 19:42:05.863100 n-d-799527-5 neutron-server[95897]: INFO neutron.wsgi [req-42e8ab6d-dbe8-48b3-b4ed-7addc5bf139e req-4d99fc6e-78bb-4d79-b365-70c53739bbec tempest-MigrationsAdminTest-1191833793 tempest-MigrationsAdminTest-1191833793-project] 10.222.0.20 "GET /v2.0/ports?device_id=23fa2b32-c566-4c82-8cf7-de6c26e7ca1d HTTP/1.1" status: 200 len: 949 time: 0.2798245
Aug 06 19:42:05.889992 n-d-799527-5 neutron-server[95897]: DEBUG neutron.plugins.ml2.drivers.helpers [None req-be0341b2-00f3-4222-81ca-f4da18680bab admin admin] vlan segment allocate from pool success with {'physical_network': 'physnet1', 'vlan_id': 190} {{(pid=95897) allocate_partially_specified_segment /opt/stack/neutron/neutron/plugins/ml2/drivers/helpers.py:153}}
Aug 06 19:42:05.915405 n-d-799527-5 neutron-server[95897]: DEBUG neutron.plugins.ml2.drivers.mech_agent [req-883d58b5-abbf-4d77-9d38-17f51ceb051b req-1adb7d09-186d-4468-bb65-d771d7da6c13 service neutron] Checking agent: {'id': '192f8ef2-5f09-408c-b8a1-f929783b0fdd', 'agent_type': 'HyperV agent', 'binary': 'neutron-hyperv-agent', 'topic': 'N/A', 'host': 'n-h2-799527-5', 'admin_state_up': True, 'created_at': datetime.datetime(2021, 8, 6, 19, 38, 59), 'started_at': datetime.datetime(2021, 8, 6, 19, 38, 59), 'heartbeat_timestamp': datetime.datetime(2021, 8, 6, 19, 41, 59), 'description': None, 'resources_synced': None, 'availability_zone': None, 'alive': True, 'configurations': {'vswitch_mappings': {'physnet1$': 'br-data'}}, 'resource_versions': {}} {{(pid=95897) bind_port /opt/stack/neutron/neutron/plugins/ml2/drivers/mech_agent.py:104}}
Aug 06 19:42:05.916203 n-d-799527-5 neutron-server[95897]: DEBUG neutron.plugins.ml2.drivers.mech_agent [req-883d58b5-abbf-4d77-9d38-17f51ceb051b req-1adb7d09-186d-4468-bb65-d771d7da6c13 service neutron] Checking segment: {'id': '335b9b2f-be99-4332-a10d-05ce1cf7ca5c', 'network_type': 'vlan', 'physical_network': 'physnet1', 'segmentation_id': 172, 'network_id': '06038cd8-181b-4c94-9ad4-56c2ef9ad0df'} for mappings: {'physnet1$': 'br-data'} with network types: ['local', 'flat', 'vlan'] {{(pid=95897) check_segment_for_agent /opt/stack/neutron/neutron/plugins/ml2/drivers/mech_agent.py:352}}
Aug 06 19:42:05.916459 n-d-799527-5 neutron-server[95897]: DEBUG neutron.plugins.ml2.drivers.mech_agent [req-883d58b5-abbf-4d77-9d38-17f51ceb051b req-1adb7d09-186d-4468-bb65-d771d7da6c13 service neutron] Bound using segment: {'id': '335b9b2f-be99-4332-a10d-05ce1cf7ca5c', 'network_type': 'vlan', 'physical_network': 'physnet1', 'segmentation_id': 172, 'network_id': '06038cd8-181b-4c94-9ad4-56c2ef9ad0df'} {{(pid=95897) bind_port /opt/stack/neutron/neutron/plugins/ml2/drivers/mech_agent.py:114}}
Aug 06 19:42:05.917085 n-d-799527-5 neutron-server[95897]: DEBUG neutron.plugins.ml2.managers [req-883d58b5-abbf-4d77-9d38-17f51ceb051b req-1adb7d09-186d-4468-bb65-d771d7da6c13 service neutron] Bound port: 47974472-cabb-4468-a5cf-4227f1303c82, host: n-h2-799527-5, vif_type: hyperv, vif_details: {"connectivity": "legacy", "port_filter": false}, binding_levels: [{'bound_driver': 'hyperv', 'bound_segment': {'id': '335b9b2f-be99-4332-a10d-05ce1cf7ca5c', 'network_type': 'vlan', 'physical_network': 'physnet1', 'segmentation_id': 172, 'network_id': '06038cd8-181b-4c94-9ad4-56c2ef9ad0df'}}] {{(pid=95897) _bind_port_level /opt/stack/neutron/neutron/plugins/ml2/managers.py:928}}
Aug 06 19:42:05.992184 n-d-799527-5 neutron-server[95897]: DEBUG neutron.api.rpc.handlers.resources_rpc [None req-be0341b2-00f3-4222-81ca-f4da18680bab admin admin] Pushing event updated for resources: {'SecurityGroup': ['ID=1dc75ed9-9c6e-4f13-ac7b-364a91bdf399,revision_number=1']} {{(pid=95897) push /opt/stack/neutron/neutron/api/rpc/handlers/resources_rpc.py:237}}
Aug 06 19:42:06.002728 n-d-799527-5 neutron-server[95899]: DEBUG neutron.plugins.ml2.rpc [None req-285018f3-ff16-4700-af70-84bada67c654 None None] Device adbd63b2-f5e0-421c-b10c-8628de670986 up at agent hyperv_n-h2-799527-5 {{(pid=95899) update_device_up /opt/stack/neutron/neutron/plugins/ml2/rpc.py:296}}
Aug 06 19:42:06.086152 n-d-799527-5 neutron-server[95899]: DEBUG neutron.db.provisioning_blocks [None req-285018f3-ff16-4700-af70-84bada67c654 None None] Provisioning for port adbd63b2-f5e0-421c-b10c-8628de670986 completed by entity L2. {{(pid=95899) provisioning_complete /opt/stack/neutron/neutron/db/provisioning_blocks.py:133}}
Aug 06 19:42:06.090995 n-d-799527-5 neutron-server[95899]: DEBUG neutron.db.provisioning_blocks [None req-285018f3-ff16-4700-af70-84bada67c654 None None] Provisioning complete for port adbd63b2-f5e0-421c-b10c-8628de670986 triggered by entity L2. {{(pid=95899) provisioning_complete /opt/stack/neutron/neutron/db/provisioning_blocks.py:139}}
Aug 06 19:42:06.091422 n-d-799527-5 neutron-server[95899]: DEBUG neutron_lib.callbacks.manager [None req-285018f3-ff16-4700-af70-84bada67c654 None None] Notify callbacks ['neutron.plugins.ml2.plugin.Ml2Plugin._port_provisioned-1796514'] for port, provisioning_complete {{(pid=95899) _notify_loop /usr/local/lib/python3.8/dist-packages/neutron_lib/callbacks/manager.py:192}}
Aug 06 19:42:06.154639 n-d-799527-5 neutron-server[95899]: DEBUG neutron_lib.callbacks.manager [None req-2dee3c12-6ebc-45ec-83ba-c378ba1c46d4 None None] Notify callbacks ['neutron.services.segments.db._update_segment_host_mapping_for_agent-8733676169997', 'neutron.plugins.ml2.plugin.Ml2Plugin._retry_binding_revived_agents-1796433'] for agent, after_update {{(pid=95899) _notify_loop /usr/local/lib/python3.8/dist-packages/neutron_lib/callbacks/manager.py:192}}
Aug 06 19:42:06.211649 n-d-799527-5 neutron-server[95899]: DEBUG neutron_lib.callbacks.manager [None req-285018f3-ff16-4700-af70-84bada67c654 None None] Notify callbacks ['neutron.plugins.ml2.plugin.SecurityGroupDbMixin._ensure_default_security_group_handler-1720437'] for port, before_update {{(pid=95899) _notify_loop /usr/local/lib/python3.8/dist-packages/neutron_lib/callbacks/manager.py:192}}
