Aug 06 19:44:05.409926 n-d-799527-5 devstack@placement-api.service[96380]: DEBUG placement.requestlog [req-07d08c89-3bbf-4637-8a87-385747eafc11 req-186954fc-bd18-47ea-a0f5-a26bc1bf4c65 None None] Starting request: 10.222.0.63 "GET /placement/allocations/4459d260-a94b-415a-b8cf-7bb9144d8b57" {{(pid=96380) __call__ /opt/stack/placement/placement/requestlog.py:55}}
Aug 06 19:44:05.445927 n-d-799527-5 devstack@placement-api.service[96380]: INFO placement.requestlog [req-07d08c89-3bbf-4637-8a87-385747eafc11 req-186954fc-bd18-47ea-a0f5-a26bc1bf4c65 service placement] 10.222.0.63 "GET /placement/allocations/4459d260-a94b-415a-b8cf-7bb9144d8b57" status: 200 len: 258 microversion: 1.28
Aug 06 19:44:05.446597 n-d-799527-5 devstack@placement-api.service[96380]: [pid: 96380|app: 0|req: 129/262] 10.222.0.63 () {60 vars in 1378 bytes} [Fri Aug 6 19:44:05 2021] GET /placement/allocations/4459d260-a94b-415a-b8cf-7bb9144d8b57 => generated 258 bytes in 37 msecs (HTTP/1.1 200) 8 headers in 296 bytes (1 switches on core 0)
Aug 06 19:44:06.306703 n-d-799527-5 devstack@placement-api.service[96379]: DEBUG placement.requestlog [req-3e4ca104-bccf-46c2-9372-202e58bd3cec req-fc344375-f4a6-43c7-8dc1-2ceedfac9fbc None None] Starting request: 10.222.0.44 "GET /placement/resource_providers/b809a5e1-e0ac-4cfa-aa0b-bc3b8d747b5f/allocations" {{(pid=96379) __call__ /opt/stack/placement/placement/requestlog.py:55}}
Aug 06 19:44:06.498829 n-d-799527-5 devstack@placement-api.service[96379]: INFO placement.requestlog [req-3e4ca104-bccf-46c2-9372-202e58bd3cec req-fc344375-f4a6-43c7-8dc1-2ceedfac9fbc service placement] 10.222.0.44 "GET /placement/resource_providers/b809a5e1-e0ac-4cfa-aa0b-bc3b8d747b5f/allocations" status: 200 len: 962 microversion: 1.0
Aug 06 19:44:06.499329 n-d-799527-5 devstack@placement-api.service[96379]: [pid: 96379|app: 0|req: 134/263] 10.222.0.44 () {58 vars in 1391 bytes} [Fri Aug 6 19:44:06 2021] GET /placement/resource_providers/b809a5e1-e0ac-4cfa-aa0b-bc3b8d747b5f/allocations => generated 962 bytes in 193 msecs (HTTP/1.1 200) 6 headers in 224 bytes (1 switches on core 0)
Aug 06 19:44:06.612260 n-d-799527-5 devstack@placement-api.service[96380]: DEBUG placement.requestlog [req-3e4ca104-bccf-46c2-9372-202e58bd3cec req-34c8b78d-e6ac-4c44-89f6-7175a8d2d9d6 None None] Starting request: 10.222.0.44 "GET /placement/resource_providers?in_tree=b809a5e1-e0ac-4cfa-aa0b-bc3b8d747b5f" {{(pid=96380) __call__ /opt/stack/placement/placement/requestlog.py:55}}
Aug 06 19:44:06.639824 n-d-799527-5 devstack@placement-api.service[96380]: INFO placement.requestlog [req-3e4ca104-bccf-46c2-9372-202e58bd3cec req-34c8b78d-e6ac-4c44-89f6-7175a8d2d9d6 service placement] 10.222.0.44 "GET /placement/resource_providers?in_tree=b809a5e1-e0ac-4cfa-aa0b-bc3b8d747b5f" status: 200 len: 863 microversion: 1.14
Aug 06 19:44:06.643295 n-d-799527-5 devstack@placement-api.service[96380]: [pid: 96380|app: 0|req: 130/264] 10.222.0.44 () {60 vars in 1377 bytes} [Fri Aug 6 19:44:06 2021] GET /placement/resource_providers?in_tree=b809a5e1-e0ac-4cfa-aa0b-bc3b8d747b5f => generated 863 bytes in 31 msecs (HTTP/1.1 200) 6 headers in 225 bytes (1 switches on core 0)
Aug 06 19:44:06.655844 n-d-799527-5 devstack@placement-api.service[96379]: DEBUG placement.requestlog [req-3e4ca104-bccf-46c2-9372-202e58bd3cec req-60ba6434-3f53-4a60-b1d8-ccb618b6623d None None] Starting request: 10.222.0.44 "GET /placement/resource_providers/b809a5e1-e0ac-4cfa-aa0b-bc3b8d747b5f/inventories" {{(pid=96379) __call__ /opt/stack/placement/placement/requestlog.py:55}}
Aug 06 19:44:06.691292 n-d-799527-5 devstack@placement-api.service[96379]: INFO placement.requestlog [req-3e4ca104-bccf-46c2-9372-202e58bd3cec req-60ba6434-3f53-4a60-b1d8-ccb618b6623d service placement] 10.222.0.44 "GET /placement/resource_providers/b809a5e1-e0ac-4cfa-aa0b-bc3b8d747b5f/inventories" status: 200 len: 398 microversion: 1.0
Aug 06 19:44:06.692589 n-d-799527-5 devstack@placement-api.service[96379]: [pid: 96379|app: 0|req: 135/265] 10.222.0.44 () {58 vars in 1391 bytes} [Fri Aug 6 19:44:06 2021] GET /placement/resource_providers/b809a5e1-e0ac-4cfa-aa0b-bc3b8d747b5f/inventories => generated 398 bytes in 37 msecs (HTTP/1.1 200) 6 headers in 224 bytes (1 switches on core 0)
Aug 06 19:44:06.713791 n-d-799527-5 devstack@placement-api.service[96380]: DEBUG placement.requestlog [req-3e4ca104-bccf-46c2-9372-202e58bd3cec req-88701454-929f-4c10-8b2e-e28a6f8e04b8 None None] Starting request: 10.222.0.44 "GET /placement/resource_providers/b809a5e1-e0ac-4cfa-aa0b-bc3b8d747b5f/aggregates" {{(pid=96380) __call__ /opt/stack/placement/placement/requestlog.py:55}}
Aug 06 19:44:06.769334 n-d-799527-5 devstack@placement-api.service[96380]: INFO placement.requestlog [req-3e4ca104-bccf-46c2-9372-202e58bd3cec req-88701454-929f-4c10-8b2e-e28a6f8e04b8 service placement] 10.222.0.44 "GET /placement/resource_providers/b809a5e1-e0ac-4cfa-aa0b-bc3b8d747b5f/aggregates" status: 200 len: 54 microversion: 1.19
Aug 06 19:44:06.770365 n-d-799527-5 devstack@placement-api.service[96380]: [pid: 96380|app: 0|req: 131/266] 10.222.0.44 () {60 vars in 1432 bytes} [Fri Aug 6 19:44:06 2021] GET /placement/resource_providers/b809a5e1-e0ac-4cfa-aa0b-bc3b8d747b5f/aggregates => generated 54 bytes in 58 msecs (HTTP/1.1 200) 8 headers in 295 bytes (2 switches on core 0)
Aug 06 19:44:06.781357 n-d-799527-5 devstack@placement-api.service[96379]: DEBUG placement.requestlog [req-3e4ca104-bccf-46c2-9372-202e58bd3cec req-83ba7b5b-5e09-40fa-9b8f-caa2840565fb None None] Starting request: 10.222.0.44 "GET /placement/resource_providers/b809a5e1-e0ac-4cfa-aa0b-bc3b8d747b5f/traits" {{(pid=96379) __call__ /opt/stack/placement/placement/requestlog.py:55}}
Aug 06 19:44:06.814901 n-d-799527-5 devstack@placement-api.service[96379]: INFO placement.requestlog [req-3e4ca104-bccf-46c2-9372-202e58bd3cec req-83ba7b5b-5e09-40fa-9b8f-caa2840565fb service placement] 10.222.0.44 "GET /placement/resource_providers/b809a5e1-e0ac-4cfa-aa0b-bc3b8d747b5f/traits" status: 200 len: 212 microversion: 1.6
Aug 06 19:44:06.815516 n-d-799527-5 devstack@placement-api.service[96379]: [pid: 96379|app: 0|req: 136/267] 10.222.0.44 () {60 vars in 1419 bytes} [Fri Aug 6 19:44:06 2021] GET /placement/resource_providers/b809a5e1-e0ac-4cfa-aa0b-bc3b8d747b5f/traits => generated 212 bytes in 34 msecs (HTTP/1.1 200) 6 headers in 224 bytes (1 switches on core 0)
Aug 06 19:44:12.931713 n-d-799527-5 devstack@placement-api.service[96380]: DEBUG placement.requestlog [req-0caa22a4-d0cf-4c12-9312-7d01a042a58e req-cbc82833-baa8-466c-bd8c-e62ea7955314 None None] Starting request: 10.222.0.63 "GET /placement/resource_providers/913221c4-5ba1-447c-baaf-c85a3471bde7/allocations" {{(pid=96380) __call__ /opt/stack/placement/placement/requestlog.py:55}}
Aug 06 19:44:12.949218 n-d-799527-5 devstack@placement-api.service[96379]: DEBUG placement.requestlog [req-e7b39af7-fd5c-40a8-8023-77e790a73c14 req-46f13feb-f806-4eea-8399-701d6f0de5f9 None None] Starting request: 10.222.0.44 "GET /placement/allocations/632ccc16-2505-4299-8eca-24a994a8deda" {{(pid=96379) __call__ /opt/stack/placement/placement/requestlog.py:55}}
Aug 06 19:44:12.975397 n-d-799527-5 devstack@placement-api.service[96380]: INFO placement.requestlog [req-0caa22a4-d0cf-4c12-9312-7d01a042a58e req-cbc82833-baa8-466c-bd8c-e62ea7955314 service placement] 10.222.0.63 "GET /placement/resource_providers/913221c4-5ba1-447c-baaf-c85a3471bde7/allocations" status: 200 len: 658 microversion: 1.0
Aug 06 19:44:12.975600 n-d-799527-5 devstack@placement-api.service[96380]: [pid: 96380|app: 0|req: 132/268] 10.222.0.63 () {58 vars in 1391 bytes} [Fri Aug 6 19:44:12 2021] GET /placement/resource_providers/913221c4-5ba1-447c-baaf-c85a3471bde7/allocations => generated 658 bytes in 45 msecs (HTTP/1.1 200) 6 headers in 224 bytes (1 switches on core 0)
Aug 06 19:44:13.015540 n-d-799527-5 devstack@placement-api.service[96379]: INFO placement.requestlog [req-e7b39af7-fd5c-40a8-8023-77e790a73c14 req-46f13feb-f806-4eea-8399-701d6f0de5f9 service placement] 10.222.0.44 "GET /placement/allocations/632ccc16-2505-4299-8eca-24a994a8deda" status: 200 len: 259 microversion: 1.28
Aug 06 19:44:13.016349 n-d-799527-5 devstack@placement-api.service[96379]: [pid: 96379|app: 0|req: 137/269] 10.222.0.44 () {60 vars in 1378 bytes} [Fri Aug 6 19:44:12 2021] GET /placement/allocations/632ccc16-2505-4299-8eca-24a994a8deda => generated 259 bytes in 67 msecs (HTTP/1.1 200) 8 headers in 296 bytes (2 switches on core 0)
Aug 06 19:44:13.025780 n-d-799527-5 devstack@placement-api.service[96380]: DEBUG placement.requestlog [req-e7b39af7-fd5c-40a8-8023-77e790a73c14 req-8633eec9-7018-4ede-b2ac-393998d0f004 None None] Starting request: 10.222.0.44 "PUT /placement/allocations/632ccc16-2505-4299-8eca-24a994a8deda" {{(pid=96380) __call__ /opt/stack/placement/placement/requestlog.py:55}}
Aug 06 19:44:13.080329 n-d-799527-5 devstack@placement-api.service[96380]: DEBUG placement.handlers.allocation [req-e7b39af7-fd5c-40a8-8023-77e790a73c14 req-8633eec9-7018-4ede-b2ac-393998d0f004 service placement] Successfully wrote allocations [, , ] {{(pid=96380) _create_allocations /opt/stack/placement/placement/handlers/allocation.py:435}}
Aug 06 19:44:13.080880 n-d-799527-5 devstack@placement-api.service[96380]: INFO placement.requestlog [req-e7b39af7-fd5c-40a8-8023-77e790a73c14 req-8633eec9-7018-4ede-b2ac-393998d0f004 service placement] 10.222.0.44 "PUT /placement/allocations/632ccc16-2505-4299-8eca-24a994a8deda" status: 204 len: 0 microversion: 1.28
Aug 06 19:44:13.082012 n-d-799527-5 devstack@placement-api.service[96380]: [pid: 96380|app: 0|req: 133/270] 10.222.0.44 () {64 vars in 1431 bytes} [Fri Aug 6 19:44:13 2021] PUT /placement/allocations/632ccc16-2505-4299-8eca-24a994a8deda => generated 0 bytes in 57 msecs (HTTP/1.1 204) 5 headers in 199 bytes (1 switches on core 0)
Aug 06 19:44:13.445320 n-d-799527-5 devstack@placement-api.service[96379]: DEBUG placement.requestlog [req-0caa22a4-d0cf-4c12-9312-7d01a042a58e req-25bc1220-09ce-4780-9d14-40d681740999 None None] Starting request: 10.222.0.63 "GET /placement/allocations/6f2431b0-dad8-4656-826b-df473ff2d539" {{(pid=96379) __call__ /opt/stack/placement/placement/requestlog.py:55}}
Aug 06 19:44:13.460300 n-d-799527-5 devstack@placement-api.service[96379]: INFO placement.requestlog [req-0caa22a4-d0cf-4c12-9312-7d01a042a58e req-25bc1220-09ce-4780-9d14-40d681740999 service placement] 10.222.0.63 "GET /placement/allocations/6f2431b0-dad8-4656-826b-df473ff2d539" status: 200 len: 259 microversion: 1.28
Aug 06 19:44:13.460525 n-d-799527-5 devstack@placement-api.service[96379]: [pid: 96379|app: 0|req: 138/271] 10.222.0.63 () {60 vars in 1378 bytes} [Fri Aug 6 19:44:13 2021] GET /placement/allocations/6f2431b0-dad8-4656-826b-df473ff2d539 => generated 259 bytes in 15 msecs (HTTP/1.1 200) 8 headers in 296 bytes (1 switches on core 0)
Aug 06 19:44:13.478422 n-d-799527-5 devstack@placement-api.service[96380]: DEBUG placement.requestlog [req-0caa22a4-d0cf-4c12-9312-7d01a042a58e req-4219064e-ee8f-4d5b-aab9-ba3dc9def48f None None] Starting request: 10.222.0.63 "PUT /placement/allocations/6f2431b0-dad8-4656-826b-df473ff2d539" {{(pid=96380) __call__ /opt/stack/placement/placement/requestlog.py:55}}
Aug 06 19:44:13.537536 n-d-799527-5 devstack@placement-api.service[96380]: DEBUG placement.handlers.allocation [req-0caa22a4-d0cf-4c12-9312-7d01a042a58e req-4219064e-ee8f-4d5b-aab9-ba3dc9def48f service placement] Successfully wrote allocations [, , ] {{(pid=96380) _create_allocations /opt/stack/placement/placement/handlers/allocation.py:435}}
Aug 06 19:44:13.538283 n-d-799527-5 devstack@placement-api.service[96380]: INFO placement.requestlog [req-0caa22a4-d0cf-4c12-9312-7d01a042a58e req-4219064e-ee8f-4d5b-aab9-ba3dc9def48f service placement] 10.222.0.63 "PUT /placement/allocations/6f2431b0-dad8-4656-826b-df473ff2d539" status: 204 len: 0 microversion: 1.28
Aug 06 19:44:13.538771 n-d-799527-5 devstack@placement-api.service[96380]: [pid: 96380|app: 0|req: 134/272] 10.222.0.63 () {64 vars in 1431 bytes} [Fri Aug 6 19:44:13 2021] PUT /placement/allocations/6f2431b0-dad8-4656-826b-df473ff2d539 => generated 0 bytes in 61 msecs (HTTP/1.1 204) 5 headers in 199 bytes (1 switches on core 0)
Aug 06 19:44:14.272247 n-d-799527-5 devstack@placement-api.service[96379]: DEBUG placement.requestlog [req-ebdf0bdc-c457-47e4-81df-3d993373c8f0 req-e61180e0-8f7b-4b94-b6c7-483b17a4d285 None None] Starting request: 10.222.0.44 "GET /placement/allocations/6e2705ad-fa76-4fd3-adde-4465dc7d453a" {{(pid=96379) __call__ /opt/stack/placement/placement/requestlog.py:55}}
Aug 06 19:44:14.295266 n-d-799527-5 devstack@placement-api.service[96379]: INFO placement.requestlog [req-ebdf0bdc-c457-47e4-81df-3d993373c8f0 req-e61180e0-8f7b-4b94-b6c7-483b17a4d285 service placement] 10.222.0.44 "GET /placement/allocations/6e2705ad-fa76-4fd3-adde-4465dc7d453a" status: 200 len: 259 microversion: 1.28
Aug 06 19:44:14.297597 n-d-799527-5 devstack@placement-api.service[96379]: [pid: 96379|app: 0|req: 139/273] 10.222.0.44 () {60 vars in 1378 bytes} [Fri Aug 6 19:44:14 2021] GET /placement/allocations/6e2705ad-fa76-4fd3-adde-4465dc7d453a => generated 259 bytes in 24 msecs (HTTP/1.1 200) 8 headers in 296 bytes (2 switches on core 0)
Aug 06 19:44:14.306562 n-d-799527-5 devstack@placement-api.service[96380]: DEBUG placement.requestlog [req-ebdf0bdc-c457-47e4-81df-3d993373c8f0 req-74e9b402-adf0-4331-a5eb-f041cc0f621b None None] Starting request: 10.222.0.44 "PUT /placement/allocations/6e2705ad-fa76-4fd3-adde-4465dc7d453a" {{(pid=96380) __call__ /opt/stack/placement/placement/requestlog.py:55}}
Aug 06 19:44:14.448859 n-d-799527-5 devstack@placement-api.service[96380]: DEBUG placement.handlers.allocation [req-ebdf0bdc-c457-47e4-81df-3d993373c8f0 req-74e9b402-adf0-4331-a5eb-f041cc0f621b service placement] Successfully wrote allocations [, , ] {{(pid=96380) _create_allocations /opt/stack/placement/placement/handlers/allocation.py:435}}
Aug 06 19:44:14.449617 n-d-799527-5 devstack@placement-api.service[96380]: INFO placement.requestlog [req-ebdf0bdc-c457-47e4-81df-3d993373c8f0 req-74e9b402-adf0-4331-a5eb-f041cc0f621b service placement] 10.222.0.44 "PUT /placement/allocations/6e2705ad-fa76-4fd3-adde-4465dc7d453a" status: 204 len: 0 microversion: 1.28
Aug 06 19:44:14.450273 n-d-799527-5 devstack@placement-api.service[96380]: [pid: 96380|app: 0|req: 135/274] 10.222.0.44 () {64 vars in 1431 bytes} [Fri Aug 6 19:44:14 2021] PUT /placement/allocations/6e2705ad-fa76-4fd3-adde-4465dc7d453a => generated 0 bytes in 145 msecs (HTTP/1.1 204) 5 headers in 199 bytes (1 switches on core 0)
Aug 06 19:44:16.355824 n-d-799527-5 devstack@placement-api.service[96379]: DEBUG placement.requestlog [req-eadd91aa-b555-41a4-8eb3-a6e1b338e357 req-d589efc6-3f60-4aa2-92f9-5dc0cd9222aa None None] Starting request: 10.222.0.20 "GET /placement/allocation_candidates?limit=1000&resources=DISK_GB%3A1%2CMEMORY_MB%3A1024%2CVCPU%3A1&root_required=%21COMPUTE_STATUS_DISABLED" {{(pid=96379) __call__ /opt/stack/placement/placement/requestlog.py:55}}
Aug 06 19:44:16.416088 n-d-799527-5 devstack@placement-api.service[96379]: DEBUG placement.objects.research_context [req-eadd91aa-b555-41a4-8eb3-a6e1b338e357 req-d589efc6-3f60-4aa2-92f9-5dc0cd9222aa service placement] getting providers with 1 DISK_GB {{(pid=96379) __init__ /opt/stack/placement/placement/objects/research_context.py:126}}
Aug 06 19:44:16.434351 n-d-799527-5 devstack@placement-api.service[96379]: DEBUG placement.objects.research_context [req-eadd91aa-b555-41a4-8eb3-a6e1b338e357 req-d589efc6-3f60-4aa2-92f9-5dc0cd9222aa service placement] getting providers with 1024 MEMORY_MB {{(pid=96379) __init__ /opt/stack/placement/placement/objects/research_context.py:126}}
Aug 06 19:44:16.448271 n-d-799527-5 devstack@placement-api.service[96379]: DEBUG placement.objects.research_context [req-eadd91aa-b555-41a4-8eb3-a6e1b338e357 req-d589efc6-3f60-4aa2-92f9-5dc0cd9222aa service placement] getting providers with 1 VCPU {{(pid=96379) __init__ /opt/stack/placement/placement/objects/research_context.py:126}}
Aug 06 19:44:16.472230 n-d-799527-5 devstack@placement-api.service[96379]: DEBUG placement.objects.research_context [req-eadd91aa-b555-41a4-8eb3-a6e1b338e357 req-d589efc6-3f60-4aa2-92f9-5dc0cd9222aa service placement] found 2 providers with available 1 DISK_GB {{(pid=96379) get_provider_ids_matching /opt/stack/placement/placement/objects/research_context.py:549}}
Aug 06 19:44:16.472601 n-d-799527-5 devstack@placement-api.service[96379]: DEBUG placement.objects.research_context [req-eadd91aa-b555-41a4-8eb3-a6e1b338e357 req-d589efc6-3f60-4aa2-92f9-5dc0cd9222aa service placement] found 2 providers with available 1024 MEMORY_MB {{(pid=96379) get_provider_ids_matching /opt/stack/placement/placement/objects/research_context.py:549}}
Aug 06 19:44:16.473047 n-d-799527-5 devstack@placement-api.service[96379]: DEBUG placement.objects.research_context [req-eadd91aa-b555-41a4-8eb3-a6e1b338e357 req-d589efc6-3f60-4aa2-92f9-5dc0cd9222aa service placement] found 2 providers after filtering by previous result {{(pid=96379) get_provider_ids_matching /opt/stack/placement/placement/objects/research_context.py:580}}
Aug 06 19:44:16.473316 n-d-799527-5 devstack@placement-api.service[96379]: DEBUG placement.objects.research_context [req-eadd91aa-b555-41a4-8eb3-a6e1b338e357 req-d589efc6-3f60-4aa2-92f9-5dc0cd9222aa service placement] found 2 providers with available 1 VCPU {{(pid=96379) get_provider_ids_matching /opt/stack/placement/placement/objects/research_context.py:549}}
Aug 06 19:44:16.473584 n-d-799527-5 devstack@placement-api.service[96379]: DEBUG placement.objects.research_context [req-eadd91aa-b555-41a4-8eb3-a6e1b338e357 req-d589efc6-3f60-4aa2-92f9-5dc0cd9222aa service placement] found 2 providers after filtering by previous result {{(pid=96379) get_provider_ids_matching /opt/stack/placement/placement/objects/research_context.py:580}}
Aug 06 19:44:16.500790 n-d-799527-5 devstack@placement-api.service[96379]: DEBUG placement.objects.allocation_candidate [req-eadd91aa-b555-41a4-8eb3-a6e1b338e357 req-d589efc6-3f60-4aa2-92f9-5dc0cd9222aa service placement] RequestGroup(use_same_provider=False, resources={DISK_GB:1, MEMORY_MB:1024, VCPU:1}, traits=[], aggregates=[]) (suffix '') returned 2 matches {{(pid=96379) _get_by_requests /opt/stack/placement/placement/objects/allocation_candidate.py:145}}
Aug 06 19:44:16.501889 n-d-799527-5 devstack@placement-api.service[96379]: DEBUG placement.objects.allocation_candidate [req-eadd91aa-b555-41a4-8eb3-a6e1b338e357 req-d589efc6-3f60-4aa2-92f9-5dc0cd9222aa service placement] Merging candidates yields 2 allocation requests and 2 provider summaries {{(pid=96379) _merge_candidates /opt/stack/placement/placement/objects/allocation_candidate.py:783}}
Aug 06 19:44:16.506894 n-d-799527-5 devstack@placement-api.service[96379]: INFO placement.requestlog [req-eadd91aa-b555-41a4-8eb3-a6e1b338e357 req-d589efc6-3f60-4aa2-92f9-5dc0cd9222aa service placement] 10.222.0.20 "GET /placement/allocation_candidates?limit=1000&resources=DISK_GB%3A1%2CMEMORY_MB%3A1024%2CVCPU%3A1&root_required=%21COMPUTE_STATUS_DISABLED" status: 200 len: 1309 microversion: 1.35
Aug 06 19:44:16.507132 n-d-799527-5 devstack@placement-api.service[96379]: [pid: 96379|app: 0|req: 140/275] 10.222.0.20 () {60 vars in 1507 bytes} [Fri Aug 6 19:44:16 2021] GET /placement/allocation_candidates?limit=1000&resources=DISK_GB%3A1%2CMEMORY_MB%3A1024%2CVCPU%3A1&root_required=%21COMPUTE_STATUS_DISABLED => generated 1309 bytes in 152 msecs (HTTP/1.1 200) 8 headers in 297 bytes (1 switches on core 0)
Aug 06 19:44:16.595026 n-d-799527-5 devstack@placement-api.service[96380]: DEBUG placement.requestlog [req-eadd91aa-b555-41a4-8eb3-a6e1b338e357 req-b3c7d846-7533-43c2-8dba-6b1d7d6ca3f4 None None] Starting request: 10.222.0.20 "GET /placement/allocations/2e7efc80-b15c-431a-9194-49afade95e3a" {{(pid=96380) __call__ /opt/stack/placement/placement/requestlog.py:55}}
Aug 06 19:44:16.623524 n-d-799527-5 devstack@placement-api.service[96380]: INFO placement.requestlog [req-eadd91aa-b555-41a4-8eb3-a6e1b338e357 req-b3c7d846-7533-43c2-8dba-6b1d7d6ca3f4 service placement] 10.222.0.20 "GET /placement/allocations/2e7efc80-b15c-431a-9194-49afade95e3a" status: 200 len: 19 microversion: 1.28
Aug 06 19:44:16.631659 n-d-799527-5 devstack@placement-api.service[96380]: [pid: 96380|app: 0|req: 136/276] 10.222.0.20 () {60 vars in 1381 bytes} [Fri Aug 6 19:44:16 2021] GET /placement/allocations/2e7efc80-b15c-431a-9194-49afade95e3a => generated 19 bytes in 37 msecs (HTTP/1.1 200) 8 headers in 295 bytes (1 switches on core 0)
Aug 06 19:44:16.632173 n-d-799527-5 devstack@placement-api.service[96379]: DEBUG placement.requestlog [req-eadd91aa-b555-41a4-8eb3-a6e1b338e357 req-c2884cd0-9d4a-48d5-895f-c050cce81d3f None None] Starting request: 10.222.0.20 "PUT /placement/allocations/2e7efc80-b15c-431a-9194-49afade95e3a" {{(pid=96379) __call__ /opt/stack/placement/placement/requestlog.py:55}}
Aug 06 19:44:16.737634 n-d-799527-5 devstack@placement-api.service[96379]: DEBUG placement.handlers.allocation [req-eadd91aa-b555-41a4-8eb3-a6e1b338e357 req-c2884cd0-9d4a-48d5-895f-c050cce81d3f service placement] Successfully wrote allocations [, , ] {{(pid=96379) _create_allocations /opt/stack/placement/placement/handlers/allocation.py:435}}
Aug 06 19:44:16.738235 n-d-799527-5 devstack@placement-api.service[96379]: INFO placement.requestlog [req-eadd91aa-b555-41a4-8eb3-a6e1b338e357 req-c2884cd0-9d4a-48d5-895f-c050cce81d3f service placement] 10.222.0.20 "PUT /placement/allocations/2e7efc80-b15c-431a-9194-49afade95e3a" status: 204 len: 0 microversion: 1.35
Aug 06 19:44:16.738566 n-d-799527-5 devstack@placement-api.service[96379]: [pid: 96379|app: 0|req: 141/277] 10.222.0.20 () {64 vars in 1434 bytes} [Fri Aug 6 19:44:16 2021] PUT /placement/allocations/2e7efc80-b15c-431a-9194-49afade95e3a => generated 0 bytes in 107 msecs (HTTP/1.1 204) 5 headers in 199 bytes (1 switches on core 0)
Aug 06 19:44:17.357615 n-d-799527-5 devstack@placement-api.service[96380]: DEBUG placement.requestlog [req-eadd91aa-b555-41a4-8eb3-a6e1b338e357 req-d18f04ac-2b6e-4fea-9a03-73a48ea143df None None] Starting request: 10.222.0.63 "GET /placement/allocations/2e7efc80-b15c-431a-9194-49afade95e3a" {{(pid=96380) __call__ /opt/stack/placement/placement/requestlog.py:55}}
Aug 06 19:44:17.376123 n-d-799527-5 devstack@placement-api.service[96380]: INFO placement.requestlog [req-eadd91aa-b555-41a4-8eb3-a6e1b338e357 req-d18f04ac-2b6e-4fea-9a03-73a48ea143df service placement] 10.222.0.63 "GET /placement/allocations/2e7efc80-b15c-431a-9194-49afade95e3a" status: 200 len: 259 microversion: 1.28
Aug 06 19:44:17.377031 n-d-799527-5 devstack@placement-api.service[96380]: [pid: 96380|app: 0|req: 137/278] 10.222.0.63 () {60 vars in 1378 bytes} [Fri Aug 6 19:44:17 2021] GET /placement/allocations/2e7efc80-b15c-431a-9194-49afade95e3a => generated 259 bytes in 20 msecs (HTTP/1.1 200) 8 headers in 296 bytes (1 switches on core 0)
Aug 06 19:44:31.061423 n-d-799527-5 devstack@placement-api.service[96379]: DEBUG placement.requestlog [None req-49987bbd-28bc-4bd1-b3df-3ca871905b4d None None] Starting request: 10.222.0.20 "GET /placement/" {{(pid=96379) __call__ /opt/stack/placement/placement/requestlog.py:55}}
Aug 06 19:44:31.062840 n-d-799527-5 devstack@placement-api.service[96379]: INFO placement.requestlog [None req-49987bbd-28bc-4bd1-b3df-3ca871905b4d None None] 10.222.0.20 "GET /placement/" status: 200 len: 136 microversion: 1.0
Aug 06 19:44:31.063022 n-d-799527-5 devstack@placement-api.service[96379]: [pid: 96379|app: 0|req: 142/279] 10.222.0.20 () {54 vars in 916 bytes} [Fri Aug 6 19:44:31 2021] GET /placement => generated 136 bytes in 2 msecs (HTTP/1.1 200) 6 headers in 224 bytes (1 switches on core 0)
Aug 06 19:44:31.076032 n-d-799527-5 devstack@placement-api.service[96380]: DEBUG placement.requestlog [req-db15b435-0864-40f3-b479-93a1edf03589 req-0404937b-4939-4a9d-a645-a80b6065cd23 None None] Starting request: 10.222.0.20 "GET /placement/allocations/2e7efc80-b15c-431a-9194-49afade95e3a" {{(pid=96380) __call__ /opt/stack/placement/placement/requestlog.py:55}}
Aug 06 19:44:31.163526 n-d-799527-5 devstack@placement-api.service[96380]: INFO placement.requestlog [req-db15b435-0864-40f3-b479-93a1edf03589 req-0404937b-4939-4a9d-a645-a80b6065cd23 service placement] 10.222.0.20 "GET /placement/allocations/2e7efc80-b15c-431a-9194-49afade95e3a" status: 200 len: 259 microversion: 1.28
Aug 06 19:44:31.164967 n-d-799527-5 devstack@placement-api.service[96380]: [pid: 96380|app: 0|req: 138/280] 10.222.0.20 () {60 vars in 1381 bytes} [Fri Aug 6 19:44:31 2021] GET /placement/allocations/2e7efc80-b15c-431a-9194-49afade95e3a => generated 259 bytes in 89 msecs (HTTP/1.1 200) 8 headers in 296 bytes (1 switches on core 0)
Aug 06 19:44:31.170077 n-d-799527-5 devstack@placement-api.service[96379]: DEBUG placement.requestlog [req-db15b435-0864-40f3-b479-93a1edf03589 req-f37f285a-460f-4f94-93ba-efd1a009d8dd None None] Starting request: 10.222.0.20 "GET /placement/allocations/2e7efc80-b15c-431a-9194-49afade95e3a" {{(pid=96379) __call__ /opt/stack/placement/placement/requestlog.py:55}}
Aug 06 19:44:31.185640 n-d-799527-5 devstack@placement-api.service[96379]: INFO placement.requestlog [req-db15b435-0864-40f3-b479-93a1edf03589 req-f37f285a-460f-4f94-93ba-efd1a009d8dd service placement] 10.222.0.20 "GET /placement/allocations/2e7efc80-b15c-431a-9194-49afade95e3a" status: 200 len: 259 microversion: 1.28
Aug 06 19:44:31.186075 n-d-799527-5 devstack@placement-api.service[96379]: [pid: 96379|app: 0|req: 143/281] 10.222.0.20 () {60 vars in 1381 bytes} [Fri Aug 6 19:44:31 2021] GET /placement/allocations/2e7efc80-b15c-431a-9194-49afade95e3a => generated 259 bytes in 16 msecs (HTTP/1.1 200) 8 headers in 296 bytes (2 switches on core 0)
Aug 06 19:44:31.191961 n-d-799527-5 devstack@placement-api.service[96380]: DEBUG placement.requestlog [req-db15b435-0864-40f3-b479-93a1edf03589 req-6f4adc96-c875-400d-8f14-c23702f852a1 None None] Starting request: 10.222.0.20 "GET /placement/allocations/db6eeb89-6934-4c4d-bbe6-7f6a236b428b" {{(pid=96380) __call__ /opt/stack/placement/placement/requestlog.py:55}}
Aug 06 19:44:31.205875 n-d-799527-5 devstack@placement-api.service[96380]: INFO placement.requestlog [req-db15b435-0864-40f3-b479-93a1edf03589 req-6f4adc96-c875-400d-8f14-c23702f852a1 service placement] 10.222.0.20 "GET /placement/allocations/db6eeb89-6934-4c4d-bbe6-7f6a236b428b" status: 200 len: 19 microversion: 1.28
Aug 06 19:44:31.212714 n-d-799527-5 devstack@placement-api.service[96380]: [pid: 96380|app: 0|req: 139/282] 10.222.0.20 () {60 vars in 1381 bytes} [Fri Aug 6 19:44:31 2021] GET /placement/allocations/db6eeb89-6934-4c4d-bbe6-7f6a236b428b => generated 19 bytes in 21 msecs (HTTP/1.1 200) 8 headers in 295 bytes (1 switches on core 0)
Aug 06 19:44:31.213622 n-d-799527-5 devstack@placement-api.service[96379]: DEBUG placement.requestlog [req-db15b435-0864-40f3-b479-93a1edf03589 req-3a609901-7958-4dbf-a8f5-63d0f3ec01f5 None None] Starting request: 10.222.0.20 "POST /placement/allocations" {{(pid=96379) __call__ /opt/stack/placement/placement/requestlog.py:55}}
Aug 06 19:44:31.300838 n-d-799527-5 devstack@placement-api.service[96379]: DEBUG placement.handlers.allocation [req-db15b435-0864-40f3-b479-93a1edf03589 req-3a609901-7958-4dbf-a8f5-63d0f3ec01f5 service placement] Successfully wrote allocations [, , , , , ] {{(pid=96379) _create_allocations /opt/stack/placement/placement/handlers/allocation.py:524}}
Aug 06 19:44:31.301483 n-d-799527-5 devstack@placement-api.service[96379]: INFO placement.requestlog [req-db15b435-0864-40f3-b479-93a1edf03589 req-3a609901-7958-4dbf-a8f5-63d0f3ec01f5 service placement] 10.222.0.20 "POST /placement/allocations" status: 204 len: 0 microversion: 1.28
Aug 06 19:44:31.301993 n-d-799527-5 devstack@placement-api.service[96379]: [pid: 96379|app: 0|req: 144/283] 10.222.0.20 () {64 vars in 1324 bytes} [Fri Aug 6 19:44:31 2021] POST /placement/allocations => generated 0 bytes in 89 msecs (HTTP/1.1 204) 5 headers in 199 bytes (2 switches on core 0)
Aug 06 19:44:31.327377 n-d-799527-5 devstack@placement-api.service[96380]: DEBUG placement.requestlog [req-db15b435-0864-40f3-b479-93a1edf03589 req-3b15c3e5-aa21-436f-bd3d-2c50320f19be None None] Starting request: 10.222.0.20 "GET /placement/allocation_candidates?limit=1000&resources=DISK_GB%3A1%2CMEMORY_MB%3A512%2CVCPU%3A1&root_required=%21COMPUTE_STATUS_DISABLED" {{(pid=96380) __call__ /opt/stack/placement/placement/requestlog.py:55}}
Aug 06 19:44:31.363522 n-d-799527-5 devstack@placement-api.service[96380]: DEBUG placement.objects.research_context [req-db15b435-0864-40f3-b479-93a1edf03589 req-3b15c3e5-aa21-436f-bd3d-2c50320f19be service placement] getting providers with 1 DISK_GB {{(pid=96380) __init__ /opt/stack/placement/placement/objects/research_context.py:126}}
Aug 06 19:44:31.369068 n-d-799527-5 devstack@placement-api.service[96380]: DEBUG placement.objects.research_context [req-db15b435-0864-40f3-b479-93a1edf03589 req-3b15c3e5-aa21-436f-bd3d-2c50320f19be service placement] getting providers with 512 MEMORY_MB {{(pid=96380) __init__ /opt/stack/placement/placement/objects/research_context.py:126}}
Aug 06 19:44:31.375293 n-d-799527-5 devstack@placement-api.service[96380]: DEBUG placement.objects.research_context [req-db15b435-0864-40f3-b479-93a1edf03589 req-3b15c3e5-aa21-436f-bd3d-2c50320f19be service placement] getting providers with 1 VCPU {{(pid=96380) __init__ /opt/stack/placement/placement/objects/research_context.py:126}}
Aug 06 19:44:31.381985 n-d-799527-5 devstack@placement-api.service[96380]: DEBUG placement.objects.research_context [req-db15b435-0864-40f3-b479-93a1edf03589 req-3b15c3e5-aa21-436f-bd3d-2c50320f19be service placement] found 2 providers with available 1 DISK_GB {{(pid=96380) get_provider_ids_matching /opt/stack/placement/placement/objects/research_context.py:549}}
Aug 06 19:44:31.382269 n-d-799527-5 devstack@placement-api.service[96380]: DEBUG placement.objects.research_context [req-db15b435-0864-40f3-b479-93a1edf03589 req-3b15c3e5-aa21-436f-bd3d-2c50320f19be service placement] found 2 providers with available 512 MEMORY_MB {{(pid=96380) get_provider_ids_matching /opt/stack/placement/placement/objects/research_context.py:549}}
Aug 06 19:44:31.382596 n-d-799527-5 devstack@placement-api.service[96380]: DEBUG placement.objects.research_context [req-db15b435-0864-40f3-b479-93a1edf03589 req-3b15c3e5-aa21-436f-bd3d-2c50320f19be service placement] found 2 providers after filtering by previous result {{(pid=96380) get_provider_ids_matching /opt/stack/placement/placement/objects/research_context.py:580}}
Aug 06 19:44:31.382919 n-d-799527-5 devstack@placement-api.service[96380]: DEBUG placement.objects.research_context [req-db15b435-0864-40f3-b479-93a1edf03589 req-3b15c3e5-aa21-436f-bd3d-2c50320f19be service placement] found 2 providers with available 1 VCPU {{(pid=96380) get_provider_ids_matching /opt/stack/placement/placement/objects/research_context.py:549}}
Aug 06 19:44:31.383463 n-d-799527-5 devstack@placement-api.service[96380]: DEBUG placement.objects.research_context [req-db15b435-0864-40f3-b479-93a1edf03589 req-3b15c3e5-aa21-436f-bd3d-2c50320f19be service placement] found 2 providers after filtering by previous result {{(pid=96380) get_provider_ids_matching /opt/stack/placement/placement/objects/research_context.py:580}}
Aug 06 19:44:31.394442 n-d-799527-5 devstack@placement-api.service[96380]: DEBUG placement.objects.allocation_candidate [req-db15b435-0864-40f3-b479-93a1edf03589 req-3b15c3e5-aa21-436f-bd3d-2c50320f19be service placement] RequestGroup(use_same_provider=False, resources={DISK_GB:1, MEMORY_MB:512, VCPU:1}, traits=[], aggregates=[]) (suffix '') returned 2 matches {{(pid=96380) _get_by_requests /opt/stack/placement/placement/objects/allocation_candidate.py:145}}
Aug 06 19:44:31.394813 n-d-799527-5 devstack@placement-api.service[96380]: DEBUG placement.objects.allocation_candidate [req-db15b435-0864-40f3-b479-93a1edf03589 req-3b15c3e5-aa21-436f-bd3d-2c50320f19be service placement] Merging candidates yields 2 allocation requests and 2 provider summaries {{(pid=96380) _merge_candidates /opt/stack/placement/placement/objects/allocation_candidate.py:783}}
Aug 06 19:44:31.396345 n-d-799527-5 devstack@placement-api.service[96380]: INFO placement.requestlog [req-db15b435-0864-40f3-b479-93a1edf03589 req-3b15c3e5-aa21-436f-bd3d-2c50320f19be service placement] 10.222.0.20 "GET /placement/allocation_candidates?limit=1000&resources=DISK_GB%3A1%2CMEMORY_MB%3A512%2CVCPU%3A1&root_required=%21COMPUTE_STATUS_DISABLED" status: 200 len: 1307 microversion: 1.35
Aug 06 19:44:31.396580 n-d-799527-5 devstack@placement-api.service[96380]: [pid: 96380|app: 0|req: 140/284] 10.222.0.20 () {60 vars in 1505 bytes} [Fri Aug 6 19:44:31 2021] GET /placement/allocation_candidates?limit=1000&resources=DISK_GB%3A1%2CMEMORY_MB%3A512%2CVCPU%3A1&root_required=%21COMPUTE_STATUS_DISABLED => generated 1307 bytes in 71 msecs (HTTP/1.1 200) 8 headers in 297 bytes (2 switches on core 0)
Aug 06 19:44:31.449679 n-d-799527-5 devstack@placement-api.service[96379]: DEBUG placement.requestlog [req-db15b435-0864-40f3-b479-93a1edf03589 req-54e4a669-00db-4be6-a404-fa162152dfb5 None None] Starting request: 10.222.0.20 "GET /placement/allocations/2e7efc80-b15c-431a-9194-49afade95e3a" {{(pid=96379) __call__ /opt/stack/placement/placement/requestlog.py:55}}
Aug 06 19:44:31.462336 n-d-799527-5 devstack@placement-api.service[96379]: INFO placement.requestlog [req-db15b435-0864-40f3-b479-93a1edf03589 req-54e4a669-00db-4be6-a404-fa162152dfb5 service placement] 10.222.0.20 "GET /placement/allocations/2e7efc80-b15c-431a-9194-49afade95e3a" status: 200 len: 19 microversion: 1.28
Aug 06 19:44:31.467849 n-d-799527-5 devstack@placement-api.service[96379]: [pid: 96379|app: 0|req: 145/285] 10.222.0.20 () {60 vars in 1381 bytes} [Fri Aug 6 19:44:31 2021] GET /placement/allocations/2e7efc80-b15c-431a-9194-49afade95e3a => generated 19 bytes in 18 msecs (HTTP/1.1 200) 8 headers in 295 bytes (1 switches on core 0)
Aug 06 19:44:31.468571 n-d-799527-5 devstack@placement-api.service[96380]: DEBUG placement.requestlog [req-db15b435-0864-40f3-b479-93a1edf03589 req-8c82a077-61cf-4161-9ebc-5bbe9761a235 None None] Starting request: 10.222.0.20 "PUT /placement/allocations/2e7efc80-b15c-431a-9194-49afade95e3a" {{(pid=96380) __call__ /opt/stack/placement/placement/requestlog.py:55}}
Aug 06 19:44:31.532647 n-d-799527-5 devstack@placement-api.service[96380]: DEBUG placement.handlers.allocation [req-db15b435-0864-40f3-b479-93a1edf03589 req-8c82a077-61cf-4161-9ebc-5bbe9761a235 service placement] Successfully wrote allocations [, , ] {{(pid=96380) _create_allocations /opt/stack/placement/placement/handlers/allocation.py:435}}
Aug 06 19:44:31.532647 n-d-799527-5 devstack@placement-api.service[96380]: INFO placement.requestlog [req-db15b435-0864-40f3-b479-93a1edf03589 req-8c82a077-61cf-4161-9ebc-5bbe9761a235 service placement] 10.222.0.20 "PUT /placement/allocations/2e7efc80-b15c-431a-9194-49afade95e3a" status: 204 len: 0 microversion: 1.35
Aug 06 19:44:31.532647 n-d-799527-5 devstack@placement-api.service[96380]: [pid: 96380|app: 0|req: 141/286] 10.222.0.20 () {64 vars in 1434 bytes} [Fri Aug 6 19:44:31 2021] PUT /placement/allocations/2e7efc80-b15c-431a-9194-49afade95e3a => generated 0 bytes in 63 msecs (HTTP/1.1 204) 5 headers in 199 bytes (1 switches on core 0)
Aug 06 19:44:31.668520 n-d-799527-5 devstack@placement-api.service[96379]: DEBUG placement.requestlog [req-db15b435-0864-40f3-b479-93a1edf03589 req-2c15521a-0f13-4d8a-a122-d286f575f8c9 None None] Starting request: 10.222.0.44 "GET /placement/allocations/2e7efc80-b15c-431a-9194-49afade95e3a" {{(pid=96379) __call__ /opt/stack/placement/placement/requestlog.py:55}}
Aug 06 19:44:31.687975 n-d-799527-5 devstack@placement-api.service[96379]: INFO placement.requestlog [req-db15b435-0864-40f3-b479-93a1edf03589 req-2c15521a-0f13-4d8a-a122-d286f575f8c9 service placement] 10.222.0.44 "GET /placement/allocations/2e7efc80-b15c-431a-9194-49afade95e3a" status: 200 len: 258 microversion: 1.28
Aug 06 19:44:31.688714 n-d-799527-5 devstack@placement-api.service[96379]: [pid: 96379|app: 0|req: 146/287] 10.222.0.44 () {60 vars in 1378 bytes} [Fri Aug 6 19:44:31 2021] GET /placement/allocations/2e7efc80-b15c-431a-9194-49afade95e3a => generated 258 bytes in 20 msecs (HTTP/1.1 200) 8 headers in 296 bytes (1 switches on core 0)
Aug 06 19:44:47.783090 n-d-799527-5 devstack@placement-api.service[96380]: DEBUG placement.requestlog [req-0a07e465-a907-4ce7-b51d-9bee4f455a03 req-4dccd582-1686-4ac2-872a-518f5cb77881 None None] Starting request: 10.222.0.20 "GET /placement/allocation_candidates?limit=1000&resources=MEMORY_MB%3A1024%2CVCPU%3A1&root_required=%21COMPUTE_STATUS_DISABLED" {{(pid=96380) __call__ /opt/stack/placement/placement/requestlog.py:55}}
Aug 06 19:44:47.814335 n-d-799527-5 devstack@placement-api.service[96380]: DEBUG placement.objects.research_context [req-0a07e465-a907-4ce7-b51d-9bee4f455a03 req-4dccd582-1686-4ac2-872a-518f5cb77881 service placement] getting providers with 1024 MEMORY_MB {{(pid=96380) __init__ /opt/stack/placement/placement/objects/research_context.py:126}}
Aug 06 19:44:47.820411 n-d-799527-5 devstack@placement-api.service[96380]: DEBUG placement.objects.research_context [req-0a07e465-a907-4ce7-b51d-9bee4f455a03 req-4dccd582-1686-4ac2-872a-518f5cb77881 service placement] getting providers with 1 VCPU {{(pid=96380) __init__ /opt/stack/placement/placement/objects/research_context.py:126}}
Aug 06 19:44:47.827350 n-d-799527-5 devstack@placement-api.service[96380]: DEBUG placement.objects.research_context [req-0a07e465-a907-4ce7-b51d-9bee4f455a03 req-4dccd582-1686-4ac2-872a-518f5cb77881 service placement] found 2 providers with available 1024 MEMORY_MB {{(pid=96380) get_provider_ids_matching /opt/stack/placement/placement/objects/research_context.py:549}}
Aug 06 19:44:47.827728 n-d-799527-5 devstack@placement-api.service[96380]: DEBUG placement.objects.research_context [req-0a07e465-a907-4ce7-b51d-9bee4f455a03 req-4dccd582-1686-4ac2-872a-518f5cb77881 service placement] found 2 providers with available 1 VCPU {{(pid=96380) get_provider_ids_matching /opt/stack/placement/placement/objects/research_context.py:549}}
Aug 06 19:44:47.827848 n-d-799527-5 devstack@placement-api.service[96380]: DEBUG placement.objects.research_context [req-0a07e465-a907-4ce7-b51d-9bee4f455a03 req-4dccd582-1686-4ac2-872a-518f5cb77881 service placement] found 2 providers after filtering by previous result {{(pid=96380) get_provider_ids_matching /opt/stack/placement/placement/objects/research_context.py:580}}
Aug 06 19:44:47.844444 n-d-799527-5 devstack@placement-api.service[96380]: DEBUG placement.objects.allocation_candidate [req-0a07e465-a907-4ce7-b51d-9bee4f455a03 req-4dccd582-1686-4ac2-872a-518f5cb77881 service placement] RequestGroup(use_same_provider=False, resources={MEMORY_MB:1024, VCPU:1}, traits=[], aggregates=[]) (suffix '') returned 2 matches {{(pid=96380) _get_by_requests /opt/stack/placement/placement/objects/allocation_candidate.py:145}}
Aug 06 19:44:47.845033 n-d-799527-5 devstack@placement-api.service[96380]: DEBUG placement.objects.allocation_candidate [req-0a07e465-a907-4ce7-b51d-9bee4f455a03 req-4dccd582-1686-4ac2-872a-518f5cb77881 service placement] Merging candidates yields 2 allocation requests and 2 provider summaries {{(pid=96380) _merge_candidates /opt/stack/placement/placement/objects/allocation_candidate.py:783}}
Aug 06 19:44:47.846944 n-d-799527-5 devstack@placement-api.service[96380]: INFO placement.requestlog [req-0a07e465-a907-4ce7-b51d-9bee4f455a03 req-4dccd582-1686-4ac2-872a-518f5cb77881 service placement] 10.222.0.20 "GET /placement/allocation_candidates?limit=1000&resources=MEMORY_MB%3A1024%2CVCPU%3A1&root_required=%21COMPUTE_STATUS_DISABLED" status: 200 len: 1281 microversion: 1.35
Aug 06 19:44:47.847499 n-d-799527-5 devstack@placement-api.service[96380]: [pid: 96380|app: 0|req: 142/288] 10.222.0.20 () {60 vars in 1479 bytes} [Fri Aug 6 19:44:47 2021] GET /placement/allocation_candidates?limit=1000&resources=MEMORY_MB%3A1024%2CVCPU%3A1&root_required=%21COMPUTE_STATUS_DISABLED => generated 1281 bytes in 64 msecs (HTTP/1.1 200) 8 headers in 297 bytes (1 switches on core 0)
Aug 06 19:44:47.932143 n-d-799527-5 devstack@placement-api.service[96379]: DEBUG placement.requestlog [req-0a07e465-a907-4ce7-b51d-9bee4f455a03 req-97d6658a-6129-4488-b5b4-49ede77be542 None None] Starting request: 10.222.0.20 "GET /placement/allocations/81c1c4c5-b62d-4b7b-a2fa-55b4e3f7dd68" {{(pid=96379) __call__ /opt/stack/placement/placement/requestlog.py:55}}
Aug 06 19:44:47.943873 n-d-799527-5 devstack@placement-api.service[96379]: INFO placement.requestlog [req-0a07e465-a907-4ce7-b51d-9bee4f455a03 req-97d6658a-6129-4488-b5b4-49ede77be542 service placement] 10.222.0.20 "GET /placement/allocations/81c1c4c5-b62d-4b7b-a2fa-55b4e3f7dd68" status: 200 len: 19 microversion: 1.28
Aug 06 19:44:47.950484 n-d-799527-5 devstack@placement-api.service[96379]: [pid: 96379|app: 0|req: 147/289] 10.222.0.20 () {60 vars in 1381 bytes} [Fri Aug 6 19:44:47 2021] GET /placement/allocations/81c1c4c5-b62d-4b7b-a2fa-55b4e3f7dd68 => generated 19 bytes in 18 msecs (HTTP/1.1 200) 8 headers in 295 bytes (1 switches on core 0)
Aug 06 19:44:47.951175 n-d-799527-5 devstack@placement-api.service[96380]: DEBUG placement.requestlog [req-0a07e465-a907-4ce7-b51d-9bee4f455a03 req-69bc9414-8091-4ad4-85ec-09ddde8116c3 None None] Starting request: 10.222.0.20 "PUT /placement/allocations/81c1c4c5-b62d-4b7b-a2fa-55b4e3f7dd68" {{(pid=96380) __call__ /opt/stack/placement/placement/requestlog.py:55}}
Aug 06 19:44:48.018018 n-d-799527-5 devstack@placement-api.service[96380]: DEBUG placement.handlers.allocation [req-0a07e465-a907-4ce7-b51d-9bee4f455a03 req-69bc9414-8091-4ad4-85ec-09ddde8116c3 service placement] Successfully wrote allocations [, ] {{(pid=96380) _create_allocations /opt/stack/placement/placement/handlers/allocation.py:435}}
Aug 06 19:44:48.018683 n-d-799527-5 devstack@placement-api.service[96380]: INFO placement.requestlog [req-0a07e465-a907-4ce7-b51d-9bee4f455a03 req-69bc9414-8091-4ad4-85ec-09ddde8116c3 service placement] 10.222.0.20 "PUT /placement/allocations/81c1c4c5-b62d-4b7b-a2fa-55b4e3f7dd68" status: 204 len: 0 microversion: 1.35
Aug 06 19:44:48.018927 n-d-799527-5 devstack@placement-api.service[96380]: [pid: 96380|app: 0|req: 143/290] 10.222.0.20 () {64 vars in 1434 bytes} [Fri Aug 6 19:44:47 2021] PUT /placement/allocations/81c1c4c5-b62d-4b7b-a2fa-55b4e3f7dd68 => generated 0 bytes in 68 msecs (HTTP/1.1 204) 5 headers in 199 bytes (2 switches on core 0)
Aug 06 19:44:48.425062 n-d-799527-5 devstack@placement-api.service[96379]: DEBUG placement.requestlog [req-0a07e465-a907-4ce7-b51d-9bee4f455a03 req-3ea059c4-4572-4570-89dc-7d535a481c40 None None] Starting request: 10.222.0.44 "GET /placement/allocations/81c1c4c5-b62d-4b7b-a2fa-55b4e3f7dd68" {{(pid=96379) __call__ /opt/stack/placement/placement/requestlog.py:55}}
Aug 06 19:44:48.448753 n-d-799527-5 devstack@placement-api.service[96379]: INFO placement.requestlog [req-0a07e465-a907-4ce7-b51d-9bee4f455a03 req-3ea059c4-4572-4570-89dc-7d535a481c40 service placement] 10.222.0.44 "GET /placement/allocations/81c1c4c5-b62d-4b7b-a2fa-55b4e3f7dd68" status: 200 len: 245 microversion: 1.28
Aug 06 19:44:48.449699 n-d-799527-5 devstack@placement-api.service[96379]: [pid: 96379|app: 0|req: 148/291] 10.222.0.44 () {60 vars in 1378 bytes} [Fri Aug 6 19:44:48 2021] GET /placement/allocations/81c1c4c5-b62d-4b7b-a2fa-55b4e3f7dd68 => generated 245 bytes in 25 msecs (HTTP/1.1 200) 8 headers in 296 bytes (1 switches on core 0)
Aug 06 19:44:48.469016 n-d-799527-5 devstack@placement-api.service[96380]: DEBUG placement.requestlog [req-1213d90c-9dce-4dbe-beae-88376c773184 req-beaefb3d-382e-4c9d-8173-456f73aac31b None None] Starting request: 10.222.0.20 "GET /placement/allocation_candidates?limit=1000&resources=MEMORY_MB%3A1024%2CVCPU%3A1&root_required=%21COMPUTE_STATUS_DISABLED" {{(pid=96380) __call__ /opt/stack/placement/placement/requestlog.py:55}}
Aug 06 19:44:48.519314 n-d-799527-5 devstack@placement-api.service[96380]: DEBUG placement.objects.research_context [req-1213d90c-9dce-4dbe-beae-88376c773184 req-beaefb3d-382e-4c9d-8173-456f73aac31b service placement] getting providers with 1024 MEMORY_MB {{(pid=96380) __init__ /opt/stack/placement/placement/objects/research_context.py:126}}
Aug 06 19:44:48.525671 n-d-799527-5 devstack@placement-api.service[96380]: DEBUG placement.objects.research_context [req-1213d90c-9dce-4dbe-beae-88376c773184 req-beaefb3d-382e-4c9d-8173-456f73aac31b service placement] getting providers with 1 VCPU {{(pid=96380) __init__ /opt/stack/placement/placement/objects/research_context.py:126}}
Aug 06 19:44:48.531901 n-d-799527-5 devstack@placement-api.service[96380]: DEBUG placement.objects.research_context [req-1213d90c-9dce-4dbe-beae-88376c773184 req-beaefb3d-382e-4c9d-8173-456f73aac31b service placement] found 2 providers with available 1024 MEMORY_MB {{(pid=96380) get_provider_ids_matching /opt/stack/placement/placement/objects/research_context.py:549}}
Aug 06 19:44:48.533190 n-d-799527-5 devstack@placement-api.service[96380]: DEBUG placement.objects.research_context [req-1213d90c-9dce-4dbe-beae-88376c773184 req-beaefb3d-382e-4c9d-8173-456f73aac31b service placement] found 2 providers with available 1 VCPU {{(pid=96380) get_provider_ids_matching /opt/stack/placement/placement/objects/research_context.py:549}}
Aug 06 19:44:48.533654 n-d-799527-5 devstack@placement-api.service[96380]: DEBUG placement.objects.research_context [req-1213d90c-9dce-4dbe-beae-88376c773184 req-beaefb3d-382e-4c9d-8173-456f73aac31b service placement] found 2 providers after filtering by previous result {{(pid=96380) get_provider_ids_matching /opt/stack/placement/placement/objects/research_context.py:580}}
Aug 06 19:44:48.552233 n-d-799527-5 devstack@placement-api.service[96380]: DEBUG placement.objects.allocation_candidate [req-1213d90c-9dce-4dbe-beae-88376c773184 req-beaefb3d-382e-4c9d-8173-456f73aac31b service placement] RequestGroup(use_same_provider=False, resources={MEMORY_MB:1024, VCPU:1}, traits=[], aggregates=[]) (suffix '') returned 2 matches {{(pid=96380) _get_by_requests /opt/stack/placement/placement/objects/allocation_candidate.py:145}}
Aug 06 19:44:48.552902 n-d-799527-5 devstack@placement-api.service[96380]: DEBUG placement.objects.allocation_candidate [req-1213d90c-9dce-4dbe-beae-88376c773184 req-beaefb3d-382e-4c9d-8173-456f73aac31b service placement] Merging candidates yields 2 allocation requests and 2 provider summaries {{(pid=96380) _merge_candidates /opt/stack/placement/placement/objects/allocation_candidate.py:783}}
Aug 06 19:44:48.556740 n-d-799527-5 devstack@placement-api.service[96380]: INFO placement.requestlog [req-1213d90c-9dce-4dbe-beae-88376c773184 req-beaefb3d-382e-4c9d-8173-456f73aac31b service placement] 10.222.0.20 "GET /placement/allocation_candidates?limit=1000&resources=MEMORY_MB%3A1024%2CVCPU%3A1&root_required=%21COMPUTE_STATUS_DISABLED" status: 200 len: 1281 microversion: 1.35
Aug 06 19:44:48.558148 n-d-799527-5 devstack@placement-api.service[96380]: [pid: 96380|app: 0|req: 144/292] 10.222.0.20 () {60 vars in 1479 bytes} [Fri Aug 6 19:44:48 2021] GET /placement/allocation_candidates?limit=1000&resources=MEMORY_MB%3A1024%2CVCPU%3A1&root_required=%21COMPUTE_STATUS_DISABLED => generated 1281 bytes in 89 msecs (HTTP/1.1 200) 8 headers in 297 bytes (1 switches on core 0)
Aug 06 19:44:48.655167 n-d-799527-5 devstack@placement-api.service[96379]: DEBUG placement.requestlog [req-1213d90c-9dce-4dbe-beae-88376c773184 req-67a1e5da-455e-48ae-a2ec-82fd807434cd None None] Starting request: 10.222.0.20 "GET /placement/allocations/7020df00-fd5a-40e8-a682-2c3c0382ec2d" {{(pid=96379) __call__ /opt/stack/placement/placement/requestlog.py:55}}
Aug 06 19:44:48.676537 n-d-799527-5 devstack@placement-api.service[96379]: INFO placement.requestlog [req-1213d90c-9dce-4dbe-beae-88376c773184 req-67a1e5da-455e-48ae-a2ec-82fd807434cd service placement] 10.222.0.20 "GET /placement/allocations/7020df00-fd5a-40e8-a682-2c3c0382ec2d" status: 200 len: 19 microversion: 1.28
Aug 06 19:44:48.677284 n-d-799527-5 devstack@placement-api.service[96379]: [pid: 96379|app: 0|req: 149/293] 10.222.0.20 () {60 vars in 1381 bytes} [Fri Aug 6 19:44:48 2021] GET /placement/allocations/7020df00-fd5a-40e8-a682-2c3c0382ec2d => generated 19 bytes in 22 msecs (HTTP/1.1 200) 8 headers in 295 bytes (1 switches on core 0)
Aug 06 19:44:48.692203 n-d-799527-5 devstack@placement-api.service[96380]: DEBUG placement.requestlog [req-1213d90c-9dce-4dbe-beae-88376c773184 req-dff464ba-3f96-42ec-a4a4-fdff93f68052 None None] Starting request: 10.222.0.20 "PUT /placement/allocations/7020df00-fd5a-40e8-a682-2c3c0382ec2d" {{(pid=96380) __call__ /opt/stack/placement/placement/requestlog.py:55}}
Aug 06 19:44:48.786246 n-d-799527-5 devstack@placement-api.service[96380]: DEBUG placement.handlers.allocation [req-1213d90c-9dce-4dbe-beae-88376c773184 req-dff464ba-3f96-42ec-a4a4-fdff93f68052 service placement] Successfully wrote allocations [, ] {{(pid=96380) _create_allocations /opt/stack/placement/placement/handlers/allocation.py:435}}
Aug 06 19:44:48.787190 n-d-799527-5 devstack@placement-api.service[96380]: INFO placement.requestlog [req-1213d90c-9dce-4dbe-beae-88376c773184 req-dff464ba-3f96-42ec-a4a4-fdff93f68052 service placement] 10.222.0.20 "PUT /placement/allocations/7020df00-fd5a-40e8-a682-2c3c0382ec2d" status: 204 len: 0 microversion: 1.35
Aug 06 19:44:48.789956 n-d-799527-5 devstack@placement-api.service[96380]: [pid: 96380|app: 0|req: 145/294] 10.222.0.20 () {64 vars in 1434 bytes} [Fri Aug 6 19:44:48 2021] PUT /placement/allocations/7020df00-fd5a-40e8-a682-2c3c0382ec2d => generated 0 bytes in 98 msecs (HTTP/1.1 204) 5 headers in 199 bytes (1 switches on core 0)
