Aug 06 19:41:45.764878 n-d-799527-5 devstack@placement-api.service[96380]: [pid: 96380|app: 0|req: 31/62] 10.222.0.20 () {58 vars in 1275 bytes} [Fri Aug 6 19:41:45 2021] GET /placement/resource_providers?name=n-h1-799527-5 => generated 441 bytes in 23 msecs (HTTP/1.1 200) 6 headers in 224 bytes (1 switches on core 0)
Aug 06 19:41:45.765614 n-d-799527-5 devstack@placement-api.service[96379]: DEBUG placement.requestlog [req-8abd8dbb-f631-4bee-83de-ba03289b0606 req-c5a3f117-3038-41c2-80b9-670290084856 None None] Starting request: 10.222.0.20 "GET /placement/resource_providers/913221c4-5ba1-447c-baaf-c85a3471bde7/aggregates" {{(pid=96379) __call__ /opt/stack/placement/placement/requestlog.py:55}}
Aug 06 19:41:45.791078 n-d-799527-5 devstack@placement-api.service[96379]: INFO placement.requestlog [req-8abd8dbb-f631-4bee-83de-ba03289b0606 req-c5a3f117-3038-41c2-80b9-670290084856 service placement] 10.222.0.20 "GET /placement/resource_providers/913221c4-5ba1-447c-baaf-c85a3471bde7/aggregates" status: 200 len: 92 microversion: 1.19
Aug 06 19:41:45.791354 n-d-799527-5 devstack@placement-api.service[96379]: [pid: 96379|app: 0|req: 32/63] 10.222.0.20 () {60 vars in 1426 bytes} [Fri Aug 6 19:41:45 2021] GET /placement/resource_providers/913221c4-5ba1-447c-baaf-c85a3471bde7/aggregates => generated 92 bytes in 26 msecs (HTTP/1.1 200) 8 headers in 295 bytes (2 switches on core 0)
Aug 06 19:41:45.802555 n-d-799527-5 devstack@placement-api.service[96380]: DEBUG placement.requestlog [req-8abd8dbb-f631-4bee-83de-ba03289b0606 req-e5e7d6db-cfb1-4634-a950-419a7697a92d None None] Starting request: 10.222.0.20 "PUT /placement/resource_providers/913221c4-5ba1-447c-baaf-c85a3471bde7/aggregates" {{(pid=96380) __call__ /opt/stack/placement/placement/requestlog.py:55}}
Aug 06 19:41:45.831405 n-d-799527-5 devstack@placement-api.service[96380]: DEBUG placement.objects.resource_provider [req-8abd8dbb-f631-4bee-83de-ba03289b0606 req-e5e7d6db-cfb1-4634-a950-419a7697a92d service placement] Setting aggregates for provider 913221c4-5ba1-447c-baaf-c85a3471bde7. Successfully disassociated aggregate 7a1554dc-d96a-4812-a410-cd21cb785698. {{(pid=96380) _set_aggregates /opt/stack/placement/placement/objects/resource_provider.py:403}}
Aug 06 19:41:45.837254 n-d-799527-5 devstack@placement-api.service[96380]: INFO placement.requestlog [req-8abd8dbb-f631-4bee-83de-ba03289b0606 req-e5e7d6db-cfb1-4634-a950-419a7697a92d service placement] 10.222.0.20 "PUT /placement/resource_providers/913221c4-5ba1-447c-baaf-c85a3471bde7/aggregates" status: 200 len: 54 microversion: 1.19
Aug 06 19:41:45.848044 n-d-799527-5 devstack@placement-api.service[96380]: [pid: 96380|app: 0|req: 32/64] 10.222.0.20 () {64 vars in 1478 bytes} [Fri Aug 6 19:41:45 2021] PUT /placement/resource_providers/913221c4-5ba1-447c-baaf-c85a3471bde7/aggregates => generated 54 bytes in 46 msecs (HTTP/1.1 200) 8 headers in 295 bytes (1 switches on core 0)
Aug 06 19:41:46.037591 n-d-799527-5 devstack@placement-api.service[96379]: DEBUG placement.requestlog [req-98df8b18-1497-449f-b3d7-c02ab0a8053b req-f1687ec2-d07d-4afd-b36d-7ad336d09417 None None] Starting request: 10.222.0.63 "GET /placement/allocations/1127f146-6a4f-460b-8bd7-d7daeead7dfe" {{(pid=96379) __call__ /opt/stack/placement/placement/requestlog.py:55}}
Aug 06 19:41:46.069715 n-d-799527-5 devstack@placement-api.service[96379]: INFO placement.requestlog [req-98df8b18-1497-449f-b3d7-c02ab0a8053b req-f1687ec2-d07d-4afd-b36d-7ad336d09417 service placement] 10.222.0.63 "GET /placement/allocations/1127f146-6a4f-460b-8bd7-d7daeead7dfe" status: 200 len: 259 microversion: 1.28
Aug 06 19:41:46.072717 n-d-799527-5 devstack@placement-api.service[96379]: [pid: 96379|app: 0|req: 33/65] 10.222.0.63 () {60 vars in 1378 bytes} [Fri Aug 6 19:41:46 2021] GET /placement/allocations/1127f146-6a4f-460b-8bd7-d7daeead7dfe => generated 259 bytes in 35 msecs (HTTP/1.1 200) 8 headers in 296 bytes (1 switches on core 0)
Aug 06 19:41:46.264847 n-d-799527-5 devstack@placement-api.service[96380]: DEBUG placement.requestlog [req-e7b43f06-619c-46d3-966b-9be6f458e75e req-50582f87-423d-46c6-967d-845aa1fab229 None None] Starting request: 10.222.0.20 "GET /placement/resource_providers?name=n-h1-799527-5" {{(pid=96380) __call__ /opt/stack/placement/placement/requestlog.py:55}}
Aug 06 19:41:46.281717 n-d-799527-5 devstack@placement-api.service[96380]: INFO placement.requestlog [req-e7b43f06-619c-46d3-966b-9be6f458e75e req-50582f87-423d-46c6-967d-845aa1fab229 service placement] 10.222.0.20 "GET /placement/resource_providers?name=n-h1-799527-5" status: 200 len: 441 microversion: 1.0
Aug 06 19:41:46.282523 n-d-799527-5 devstack@placement-api.service[96380]: [pid: 96380|app: 0|req: 33/66] 10.222.0.20 () {58 vars in 1275 bytes} [Fri Aug 6 19:41:46 2021] GET /placement/resource_providers?name=n-h1-799527-5 => generated 441 bytes in 18 msecs (HTTP/1.1 200) 6 headers in 224 bytes (1 switches on core 0)
Aug 06 19:41:46.289485 n-d-799527-5 devstack@placement-api.service[96379]: DEBUG placement.requestlog [req-e7b43f06-619c-46d3-966b-9be6f458e75e req-a98949fc-67c4-469d-a73a-0a2a9278e8e8 None None] Starting request: 10.222.0.20 "GET /placement/resource_providers/913221c4-5ba1-447c-baaf-c85a3471bde7/aggregates" {{(pid=96379) __call__ /opt/stack/placement/placement/requestlog.py:55}}
Aug 06 19:41:46.302781 n-d-799527-5 devstack@placement-api.service[96379]: INFO placement.requestlog [req-e7b43f06-619c-46d3-966b-9be6f458e75e req-a98949fc-67c4-469d-a73a-0a2a9278e8e8 service placement] 10.222.0.20 "GET /placement/resource_providers/913221c4-5ba1-447c-baaf-c85a3471bde7/aggregates" status: 200 len: 54 microversion: 1.19
Aug 06 19:41:46.307470 n-d-799527-5 devstack@placement-api.service[96379]: [pid: 96379|app: 0|req: 34/67] 10.222.0.20 () {60 vars in 1426 bytes} [Fri Aug 6 19:41:46 2021] GET /placement/resource_providers/913221c4-5ba1-447c-baaf-c85a3471bde7/aggregates => generated 54 bytes in 18 msecs (HTTP/1.1 200) 8 headers in 295 bytes (1 switches on core 0)
Aug 06 19:41:46.310419 n-d-799527-5 devstack@placement-api.service[96380]: DEBUG placement.requestlog [req-e7b43f06-619c-46d3-966b-9be6f458e75e req-d9fa28a2-4536-4d3a-8407-23636b839cdf None None] Starting request: 10.222.0.20 "PUT /placement/resource_providers/913221c4-5ba1-447c-baaf-c85a3471bde7/aggregates" {{(pid=96380) __call__ /opt/stack/placement/placement/requestlog.py:55}}
Aug 06 19:41:46.326049 n-d-799527-5 devstack@placement-api.service[96380]: DEBUG placement.objects.resource_provider [req-e7b43f06-619c-46d3-966b-9be6f458e75e req-d9fa28a2-4536-4d3a-8407-23636b839cdf service placement] _ensure_aggregate() did not find aggregate 6d650f19-44bf-4b03-bd65-f55ba1e8adce. Attempting to create it. {{(pid=96380) _ensure_aggregate /opt/stack/placement/placement/objects/resource_provider.py:320}}
Aug 06 19:41:46.327839 n-d-799527-5 devstack@placement-api.service[96380]: DEBUG placement.objects.resource_provider [req-e7b43f06-619c-46d3-966b-9be6f458e75e req-d9fa28a2-4536-4d3a-8407-23636b839cdf service placement] _ensure_aggregate() created new aggregate 6d650f19-44bf-4b03-bd65-f55ba1e8adce (id=5). {{(pid=96380) _ensure_aggregate /opt/stack/placement/placement/objects/resource_provider.py:326}}
Aug 06 19:41:46.329313 n-d-799527-5 devstack@placement-api.service[96380]: DEBUG placement.objects.resource_provider [req-e7b43f06-619c-46d3-966b-9be6f458e75e req-d9fa28a2-4536-4d3a-8407-23636b839cdf service placement] Setting aggregates for provider 913221c4-5ba1-447c-baaf-c85a3471bde7. Successfully associated aggregate 6d650f19-44bf-4b03-bd65-f55ba1e8adce. {{(pid=96380) _set_aggregates /opt/stack/placement/placement/objects/resource_provider.py:388}}
Aug 06 19:41:46.339268 n-d-799527-5 devstack@placement-api.service[96380]: INFO placement.requestlog [req-e7b43f06-619c-46d3-966b-9be6f458e75e req-d9fa28a2-4536-4d3a-8407-23636b839cdf service placement] 10.222.0.20 "PUT /placement/resource_providers/913221c4-5ba1-447c-baaf-c85a3471bde7/aggregates" status: 200 len: 92 microversion: 1.19
Aug 06 19:41:46.339903 n-d-799527-5 devstack@placement-api.service[96380]: [pid: 96380|app: 0|req: 34/68] 10.222.0.20 () {64 vars in 1478 bytes} [Fri Aug 6 19:41:46 2021] PUT /placement/resource_providers/913221c4-5ba1-447c-baaf-c85a3471bde7/aggregates => generated 92 bytes in 30 msecs (HTTP/1.1 200) 8 headers in 295 bytes (1 switches on core 0)
Aug 06 19:41:46.537650 n-d-799527-5 devstack@placement-api.service[96379]: DEBUG placement.requestlog [req-7c7e7590-ea62-429f-afc9-04003168c7e8 req-e0ed025e-edb7-43a1-99a0-218f0ad81de4 None None] Starting request: 10.222.0.20 "GET /placement/resource_providers?name=n-h1-799527-5" {{(pid=96379) __call__ /opt/stack/placement/placement/requestlog.py:55}}
Aug 06 19:41:46.563348 n-d-799527-5 devstack@placement-api.service[96379]: INFO placement.requestlog [req-7c7e7590-ea62-429f-afc9-04003168c7e8 req-e0ed025e-edb7-43a1-99a0-218f0ad81de4 service placement] 10.222.0.20 "GET /placement/resource_providers?name=n-h1-799527-5" status: 200 len: 441 microversion: 1.0
Aug 06 19:41:46.564431 n-d-799527-5 devstack@placement-api.service[96379]: [pid: 96379|app: 0|req: 35/69] 10.222.0.20 () {58 vars in 1275 bytes} [Fri Aug 6 19:41:46 2021] GET /placement/resource_providers?name=n-h1-799527-5 => generated 441 bytes in 27 msecs (HTTP/1.1 200) 6 headers in 224 bytes (1 switches on core 0)
Aug 06 19:41:46.576330 n-d-799527-5 devstack@placement-api.service[96380]: DEBUG placement.requestlog [req-7c7e7590-ea62-429f-afc9-04003168c7e8 req-7b30f2c0-9e97-4dc2-8d3a-3185449fac33 None None] Starting request: 10.222.0.20 "GET /placement/resource_providers/913221c4-5ba1-447c-baaf-c85a3471bde7/aggregates" {{(pid=96380) __call__ /opt/stack/placement/placement/requestlog.py:55}}
Aug 06 19:41:46.614374 n-d-799527-5 devstack@placement-api.service[96380]: INFO placement.requestlog [req-7c7e7590-ea62-429f-afc9-04003168c7e8 req-7b30f2c0-9e97-4dc2-8d3a-3185449fac33 service placement] 10.222.0.20 "GET /placement/resource_providers/913221c4-5ba1-447c-baaf-c85a3471bde7/aggregates" status: 200 len: 92 microversion: 1.19
Aug 06 19:41:46.614995 n-d-799527-5 devstack@placement-api.service[96380]: [pid: 96380|app: 0|req: 35/70] 10.222.0.20 () {60 vars in 1426 bytes} [Fri Aug 6 19:41:46 2021] GET /placement/resource_providers/913221c4-5ba1-447c-baaf-c85a3471bde7/aggregates => generated 92 bytes in 39 msecs (HTTP/1.1 200) 8 headers in 295 bytes (1 switches on core 0)
Aug 06 19:41:46.622828 n-d-799527-5 devstack@placement-api.service[96379]: DEBUG placement.requestlog [req-7c7e7590-ea62-429f-afc9-04003168c7e8 req-b5de6888-944e-4337-a081-85320faf432b None None] Starting request: 10.222.0.20 "PUT /placement/resource_providers/913221c4-5ba1-447c-baaf-c85a3471bde7/aggregates" {{(pid=96379) __call__ /opt/stack/placement/placement/requestlog.py:55}}
Aug 06 19:41:46.640592 n-d-799527-5 devstack@placement-api.service[96379]: DEBUG placement.objects.resource_provider [req-7c7e7590-ea62-429f-afc9-04003168c7e8 req-b5de6888-944e-4337-a081-85320faf432b service placement] Setting aggregates for provider 913221c4-5ba1-447c-baaf-c85a3471bde7. Successfully disassociated aggregate 6d650f19-44bf-4b03-bd65-f55ba1e8adce. {{(pid=96379) _set_aggregates /opt/stack/placement/placement/objects/resource_provider.py:403}}
Aug 06 19:41:46.646962 n-d-799527-5 devstack@placement-api.service[96379]: INFO placement.requestlog [req-7c7e7590-ea62-429f-afc9-04003168c7e8 req-b5de6888-944e-4337-a081-85320faf432b service placement] 10.222.0.20 "PUT /placement/resource_providers/913221c4-5ba1-447c-baaf-c85a3471bde7/aggregates" status: 200 len: 54 microversion: 1.19
Aug 06 19:41:46.647219 n-d-799527-5 devstack@placement-api.service[96379]: [pid: 96379|app: 0|req: 36/71] 10.222.0.20 () {64 vars in 1478 bytes} [Fri Aug 6 19:41:46 2021] PUT /placement/resource_providers/913221c4-5ba1-447c-baaf-c85a3471bde7/aggregates => generated 54 bytes in 25 msecs (HTTP/1.1 200) 8 headers in 295 bytes (1 switches on core 0)
Aug 06 19:41:47.286760 n-d-799527-5 devstack@placement-api.service[96380]: DEBUG placement.requestlog [req-476cb23c-da8c-41f9-9e2a-f909190cfedc req-269b488d-75b0-4acf-aaba-19a69262e269 None None] Starting request: 10.222.0.20 "GET /placement/resource_providers?name=n-h1-799527-5" {{(pid=96380) __call__ /opt/stack/placement/placement/requestlog.py:55}}
Aug 06 19:41:47.299359 n-d-799527-5 devstack@placement-api.service[96380]: INFO placement.requestlog [req-476cb23c-da8c-41f9-9e2a-f909190cfedc req-269b488d-75b0-4acf-aaba-19a69262e269 service placement] 10.222.0.20 "GET /placement/resource_providers?name=n-h1-799527-5" status: 200 len: 441 microversion: 1.0
Aug 06 19:41:47.303530 n-d-799527-5 devstack@placement-api.service[96380]: [pid: 96380|app: 0|req: 36/72] 10.222.0.20 () {58 vars in 1275 bytes} [Fri Aug 6 19:41:47 2021] GET /placement/resource_providers?name=n-h1-799527-5 => generated 441 bytes in 17 msecs (HTTP/1.1 200) 6 headers in 224 bytes (1 switches on core 0)
Aug 06 19:41:47.306819 n-d-799527-5 devstack@placement-api.service[96379]: DEBUG placement.requestlog [req-476cb23c-da8c-41f9-9e2a-f909190cfedc req-fec71320-aff8-4861-b4b2-b94cc0eb8353 None None] Starting request: 10.222.0.20 "GET /placement/resource_providers/913221c4-5ba1-447c-baaf-c85a3471bde7/aggregates" {{(pid=96379) __call__ /opt/stack/placement/placement/requestlog.py:55}}
Aug 06 19:41:47.339227 n-d-799527-5 devstack@placement-api.service[96379]: INFO placement.requestlog [req-476cb23c-da8c-41f9-9e2a-f909190cfedc req-fec71320-aff8-4861-b4b2-b94cc0eb8353 service placement] 10.222.0.20 "GET /placement/resource_providers/913221c4-5ba1-447c-baaf-c85a3471bde7/aggregates" status: 200 len: 54 microversion: 1.19
Aug 06 19:41:47.340282 n-d-799527-5 devstack@placement-api.service[96379]: [pid: 96379|app: 0|req: 37/73] 10.222.0.20 () {60 vars in 1426 bytes} [Fri Aug 6 19:41:47 2021] GET /placement/resource_providers/913221c4-5ba1-447c-baaf-c85a3471bde7/aggregates => generated 54 bytes in 33 msecs (HTTP/1.1 200) 8 headers in 295 bytes (1 switches on core 0)
Aug 06 19:41:47.350386 n-d-799527-5 devstack@placement-api.service[96380]: DEBUG placement.requestlog [req-476cb23c-da8c-41f9-9e2a-f909190cfedc req-b4c8c021-19b9-4c5a-a302-7f95035a9414 None None] Starting request: 10.222.0.20 "PUT /placement/resource_providers/913221c4-5ba1-447c-baaf-c85a3471bde7/aggregates" {{(pid=96380) __call__ /opt/stack/placement/placement/requestlog.py:55}}
Aug 06 19:41:47.374013 n-d-799527-5 devstack@placement-api.service[96380]: DEBUG placement.objects.resource_provider [req-476cb23c-da8c-41f9-9e2a-f909190cfedc req-b4c8c021-19b9-4c5a-a302-7f95035a9414 service placement] _ensure_aggregate() did not find aggregate c9d3d7ae-917c-4a2f-95dd-03c643f78306. Attempting to create it. {{(pid=96380) _ensure_aggregate /opt/stack/placement/placement/objects/resource_provider.py:320}}
Aug 06 19:41:47.377257 n-d-799527-5 devstack@placement-api.service[96380]: DEBUG placement.objects.resource_provider [req-476cb23c-da8c-41f9-9e2a-f909190cfedc req-b4c8c021-19b9-4c5a-a302-7f95035a9414 service placement] _ensure_aggregate() created new aggregate c9d3d7ae-917c-4a2f-95dd-03c643f78306 (id=6). {{(pid=96380) _ensure_aggregate /opt/stack/placement/placement/objects/resource_provider.py:326}}
Aug 06 19:41:47.378047 n-d-799527-5 devstack@placement-api.service[96380]: DEBUG placement.objects.resource_provider [req-476cb23c-da8c-41f9-9e2a-f909190cfedc req-b4c8c021-19b9-4c5a-a302-7f95035a9414 service placement] Setting aggregates for provider 913221c4-5ba1-447c-baaf-c85a3471bde7. Successfully associated aggregate c9d3d7ae-917c-4a2f-95dd-03c643f78306. {{(pid=96380) _set_aggregates /opt/stack/placement/placement/objects/resource_provider.py:388}}
Aug 06 19:41:47.386338 n-d-799527-5 devstack@placement-api.service[96380]: INFO placement.requestlog [req-476cb23c-da8c-41f9-9e2a-f909190cfedc req-b4c8c021-19b9-4c5a-a302-7f95035a9414 service placement] 10.222.0.20 "PUT /placement/resource_providers/913221c4-5ba1-447c-baaf-c85a3471bde7/aggregates" status: 200 len: 92 microversion: 1.19
Aug 06 19:41:47.386739 n-d-799527-5 devstack@placement-api.service[96380]: [pid: 96380|app: 0|req: 37/74] 10.222.0.20 () {64 vars in 1478 bytes} [Fri Aug 6 19:41:47 2021] PUT /placement/resource_providers/913221c4-5ba1-447c-baaf-c85a3471bde7/aggregates => generated 92 bytes in 36 msecs (HTTP/1.1 200) 8 headers in 295 bytes (1 switches on core 0)
Aug 06 19:41:47.487121 n-d-799527-5 devstack@placement-api.service[96379]: DEBUG placement.requestlog [req-80c3ae4d-fdd7-48be-a3c8-94a17a9343e9 req-404bcf3a-a2ca-4226-a7a6-bad2723647d4 None None] Starting request: 10.222.0.20 "GET /placement/resource_providers?name=n-h1-799527-5" {{(pid=96379) __call__ /opt/stack/placement/placement/requestlog.py:55}}
Aug 06 19:41:47.506688 n-d-799527-5 devstack@placement-api.service[96379]: INFO placement.requestlog [req-80c3ae4d-fdd7-48be-a3c8-94a17a9343e9 req-404bcf3a-a2ca-4226-a7a6-bad2723647d4 service placement] 10.222.0.20 "GET /placement/resource_providers?name=n-h1-799527-5" status: 200 len: 441 microversion: 1.0
Aug 06 19:41:47.507336 n-d-799527-5 devstack@placement-api.service[96379]: [pid: 96379|app: 0|req: 38/75] 10.222.0.20 () {58 vars in 1275 bytes} [Fri Aug 6 19:41:47 2021] GET /placement/resource_providers?name=n-h1-799527-5 => generated 441 bytes in 22 msecs (HTTP/1.1 200) 6 headers in 224 bytes (1 switches on core 0)
Aug 06 19:41:47.514433 n-d-799527-5 devstack@placement-api.service[96380]: DEBUG placement.requestlog [req-80c3ae4d-fdd7-48be-a3c8-94a17a9343e9 req-e41caa72-2ca1-41d8-9a17-620771c489e3 None None] Starting request: 10.222.0.20 "GET /placement/resource_providers/913221c4-5ba1-447c-baaf-c85a3471bde7/aggregates" {{(pid=96380) __call__ /opt/stack/placement/placement/requestlog.py:55}}
Aug 06 19:41:47.543424 n-d-799527-5 devstack@placement-api.service[96380]: INFO placement.requestlog [req-80c3ae4d-fdd7-48be-a3c8-94a17a9343e9 req-e41caa72-2ca1-41d8-9a17-620771c489e3 service placement] 10.222.0.20 "GET /placement/resource_providers/913221c4-5ba1-447c-baaf-c85a3471bde7/aggregates" status: 200 len: 92 microversion: 1.19
Aug 06 19:41:47.544116 n-d-799527-5 devstack@placement-api.service[96380]: [pid: 96380|app: 0|req: 38/76] 10.222.0.20 () {60 vars in 1426 bytes} [Fri Aug 6 19:41:47 2021] GET /placement/resource_providers/913221c4-5ba1-447c-baaf-c85a3471bde7/aggregates => generated 92 bytes in 30 msecs (HTTP/1.1 200) 8 headers in 295 bytes (1 switches on core 0)
Aug 06 19:41:47.554270 n-d-799527-5 devstack@placement-api.service[96379]: DEBUG placement.requestlog [req-80c3ae4d-fdd7-48be-a3c8-94a17a9343e9 req-cfdfb184-e22d-4afc-9c8a-4dfd8b2c2c8f None None] Starting request: 10.222.0.20 "PUT /placement/resource_providers/913221c4-5ba1-447c-baaf-c85a3471bde7/aggregates" {{(pid=96379) __call__ /opt/stack/placement/placement/requestlog.py:55}}
Aug 06 19:41:47.581912 n-d-799527-5 devstack@placement-api.service[96379]: DEBUG placement.objects.resource_provider [req-80c3ae4d-fdd7-48be-a3c8-94a17a9343e9 req-cfdfb184-e22d-4afc-9c8a-4dfd8b2c2c8f service placement] Setting aggregates for provider 913221c4-5ba1-447c-baaf-c85a3471bde7. Successfully disassociated aggregate c9d3d7ae-917c-4a2f-95dd-03c643f78306. {{(pid=96379) _set_aggregates /opt/stack/placement/placement/objects/resource_provider.py:403}}
Aug 06 19:41:47.592048 n-d-799527-5 devstack@placement-api.service[96379]: INFO placement.requestlog [req-80c3ae4d-fdd7-48be-a3c8-94a17a9343e9 req-cfdfb184-e22d-4afc-9c8a-4dfd8b2c2c8f service placement] 10.222.0.20 "PUT /placement/resource_providers/913221c4-5ba1-447c-baaf-c85a3471bde7/aggregates" status: 200 len: 54 microversion: 1.19
Aug 06 19:41:47.593529 n-d-799527-5 devstack@placement-api.service[96379]: [pid: 96379|app: 0|req: 39/77] 10.222.0.20 () {64 vars in 1478 bytes} [Fri Aug 6 19:41:47 2021] PUT /placement/resource_providers/913221c4-5ba1-447c-baaf-c85a3471bde7/aggregates => generated 54 bytes in 41 msecs (HTTP/1.1 200) 8 headers in 295 bytes (1 switches on core 0)
Aug 06 19:41:49.065284 n-d-799527-5 devstack@placement-api.service[96380]: DEBUG placement.requestlog [req-66e9b500-f7f5-4473-afcf-d30df9b71927 req-86a71616-1b02-4c44-9722-6134adbc3695 None None] Starting request: 10.222.0.20 "GET /placement/resource_providers?name=n-h1-799527-5" {{(pid=96380) __call__ /opt/stack/placement/placement/requestlog.py:55}}
Aug 06 19:41:49.102138 n-d-799527-5 devstack@placement-api.service[96380]: INFO placement.requestlog [req-66e9b500-f7f5-4473-afcf-d30df9b71927 req-86a71616-1b02-4c44-9722-6134adbc3695 service placement] 10.222.0.20 "GET /placement/resource_providers?name=n-h1-799527-5" status: 200 len: 441 microversion: 1.0
Aug 06 19:41:49.102354 n-d-799527-5 devstack@placement-api.service[96380]: [pid: 96380|app: 0|req: 39/78] 10.222.0.20 () {58 vars in 1275 bytes} [Fri Aug 6 19:41:49 2021] GET /placement/resource_providers?name=n-h1-799527-5 => generated 441 bytes in 37 msecs (HTTP/1.1 200) 6 headers in 224 bytes (2 switches on core 0)
Aug 06 19:41:49.113429 n-d-799527-5 devstack@placement-api.service[96379]: DEBUG placement.requestlog [req-66e9b500-f7f5-4473-afcf-d30df9b71927 req-e645702b-053f-46b9-88e8-8d42e573a62a None None] Starting request: 10.222.0.20 "GET /placement/resource_providers/913221c4-5ba1-447c-baaf-c85a3471bde7/aggregates" {{(pid=96379) __call__ /opt/stack/placement/placement/requestlog.py:55}}
Aug 06 19:41:49.127614 n-d-799527-5 devstack@placement-api.service[96379]: INFO placement.requestlog [req-66e9b500-f7f5-4473-afcf-d30df9b71927 req-e645702b-053f-46b9-88e8-8d42e573a62a service placement] 10.222.0.20 "GET /placement/resource_providers/913221c4-5ba1-447c-baaf-c85a3471bde7/aggregates" status: 200 len: 54 microversion: 1.19
Aug 06 19:41:49.135088 n-d-799527-5 devstack@placement-api.service[96380]: DEBUG placement.requestlog [req-66e9b500-f7f5-4473-afcf-d30df9b71927 req-15eea885-fa9a-461d-827e-84d4c51858c7 None None] Starting request: 10.222.0.20 "PUT /placement/resource_providers/913221c4-5ba1-447c-baaf-c85a3471bde7/aggregates" {{(pid=96380) __call__ /opt/stack/placement/placement/requestlog.py:55}}
Aug 06 19:41:49.142772 n-d-799527-5 devstack@placement-api.service[96379]: [pid: 96379|app: 0|req: 40/79] 10.222.0.20 () {60 vars in 1426 bytes} [Fri Aug 6 19:41:49 2021] GET /placement/resource_providers/913221c4-5ba1-447c-baaf-c85a3471bde7/aggregates => generated 54 bytes in 32 msecs (HTTP/1.1 200) 8 headers in 295 bytes (1 switches on core 0)
Aug 06 19:41:49.152043 n-d-799527-5 devstack@placement-api.service[96380]: DEBUG placement.objects.resource_provider [req-66e9b500-f7f5-4473-afcf-d30df9b71927 req-15eea885-fa9a-461d-827e-84d4c51858c7 service placement] _ensure_aggregate() did not find aggregate 4a25a9be-3189-4ac5-8016-abd5811198a9. Attempting to create it. {{(pid=96380) _ensure_aggregate /opt/stack/placement/placement/objects/resource_provider.py:320}}
Aug 06 19:41:49.153481 n-d-799527-5 devstack@placement-api.service[96380]: DEBUG placement.objects.resource_provider [req-66e9b500-f7f5-4473-afcf-d30df9b71927 req-15eea885-fa9a-461d-827e-84d4c51858c7 service placement] _ensure_aggregate() created new aggregate 4a25a9be-3189-4ac5-8016-abd5811198a9 (id=7). {{(pid=96380) _ensure_aggregate /opt/stack/placement/placement/objects/resource_provider.py:326}}
Aug 06 19:41:49.154833 n-d-799527-5 devstack@placement-api.service[96380]: DEBUG placement.objects.resource_provider [req-66e9b500-f7f5-4473-afcf-d30df9b71927 req-15eea885-fa9a-461d-827e-84d4c51858c7 service placement] Setting aggregates for provider 913221c4-5ba1-447c-baaf-c85a3471bde7. Successfully associated aggregate 4a25a9be-3189-4ac5-8016-abd5811198a9. {{(pid=96380) _set_aggregates /opt/stack/placement/placement/objects/resource_provider.py:388}}
Aug 06 19:41:49.162545 n-d-799527-5 devstack@placement-api.service[96380]: INFO placement.requestlog [req-66e9b500-f7f5-4473-afcf-d30df9b71927 req-15eea885-fa9a-461d-827e-84d4c51858c7 service placement] 10.222.0.20 "PUT /placement/resource_providers/913221c4-5ba1-447c-baaf-c85a3471bde7/aggregates" status: 200 len: 92 microversion: 1.19
Aug 06 19:41:49.175456 n-d-799527-5 devstack@placement-api.service[96380]: [pid: 96380|app: 0|req: 40/80] 10.222.0.20 () {64 vars in 1478 bytes} [Fri Aug 6 19:41:49 2021] PUT /placement/resource_providers/913221c4-5ba1-447c-baaf-c85a3471bde7/aggregates => generated 92 bytes in 41 msecs (HTTP/1.1 200) 8 headers in 295 bytes (2 switches on core 0)
Aug 06 19:41:49.414285 n-d-799527-5 devstack@placement-api.service[96379]: DEBUG placement.requestlog [req-0dcc5e3e-2933-4b3a-bae5-6c94f76e095c req-68eb0504-7499-4ed9-9771-64f5e1b375f4 None None] Starting request: 10.222.0.20 "GET /placement/resource_providers?name=n-h1-799527-5" {{(pid=96379) __call__ /opt/stack/placement/placement/requestlog.py:55}}
Aug 06 19:41:49.444738 n-d-799527-5 devstack@placement-api.service[96379]: INFO placement.requestlog [req-0dcc5e3e-2933-4b3a-bae5-6c94f76e095c req-68eb0504-7499-4ed9-9771-64f5e1b375f4 service placement] 10.222.0.20 "GET /placement/resource_providers?name=n-h1-799527-5" status: 200 len: 441 microversion: 1.0
Aug 06 19:41:49.454014 n-d-799527-5 devstack@placement-api.service[96380]: DEBUG placement.requestlog [req-0dcc5e3e-2933-4b3a-bae5-6c94f76e095c req-6f748088-c223-459e-9cc1-ffe38ff8436c None None] Starting request: 10.222.0.20 "GET /placement/resource_providers/913221c4-5ba1-447c-baaf-c85a3471bde7/aggregates" {{(pid=96380) __call__ /opt/stack/placement/placement/requestlog.py:55}}
Aug 06 19:41:49.462988 n-d-799527-5 devstack@placement-api.service[96379]: [pid: 96379|app: 0|req: 41/81] 10.222.0.20 () {58 vars in 1275 bytes} [Fri Aug 6 19:41:49 2021] GET /placement/resource_providers?name=n-h1-799527-5 => generated 441 bytes in 39 msecs (HTTP/1.1 200) 6 headers in 224 bytes (1 switches on core 0)
Aug 06 19:41:49.469343 n-d-799527-5 devstack@placement-api.service[96380]: INFO placement.requestlog [req-0dcc5e3e-2933-4b3a-bae5-6c94f76e095c req-6f748088-c223-459e-9cc1-ffe38ff8436c service placement] 10.222.0.20 "GET /placement/resource_providers/913221c4-5ba1-447c-baaf-c85a3471bde7/aggregates" status: 200 len: 92 microversion: 1.19
Aug 06 19:41:49.475598 n-d-799527-5 devstack@placement-api.service[96380]: [pid: 96380|app: 0|req: 41/82] 10.222.0.20 () {60 vars in 1426 bytes} [Fri Aug 6 19:41:49 2021] GET /placement/resource_providers/913221c4-5ba1-447c-baaf-c85a3471bde7/aggregates => generated 92 bytes in 22 msecs (HTTP/1.1 200) 8 headers in 295 bytes (2 switches on core 0)
Aug 06 19:41:49.478231 n-d-799527-5 devstack@placement-api.service[96379]: DEBUG placement.requestlog [req-0dcc5e3e-2933-4b3a-bae5-6c94f76e095c req-4c4211fe-ffed-4c27-b797-ed9051d94008 None None] Starting request: 10.222.0.20 "PUT /placement/resource_providers/913221c4-5ba1-447c-baaf-c85a3471bde7/aggregates" {{(pid=96379) __call__ /opt/stack/placement/placement/requestlog.py:55}}
Aug 06 19:41:49.496737 n-d-799527-5 devstack@placement-api.service[96379]: DEBUG placement.objects.resource_provider [req-0dcc5e3e-2933-4b3a-bae5-6c94f76e095c req-4c4211fe-ffed-4c27-b797-ed9051d94008 service placement] Setting aggregates for provider 913221c4-5ba1-447c-baaf-c85a3471bde7. Successfully disassociated aggregate 4a25a9be-3189-4ac5-8016-abd5811198a9. {{(pid=96379) _set_aggregates /opt/stack/placement/placement/objects/resource_provider.py:403}}
Aug 06 19:41:49.505327 n-d-799527-5 devstack@placement-api.service[96379]: INFO placement.requestlog [req-0dcc5e3e-2933-4b3a-bae5-6c94f76e095c req-4c4211fe-ffed-4c27-b797-ed9051d94008 service placement] 10.222.0.20 "PUT /placement/resource_providers/913221c4-5ba1-447c-baaf-c85a3471bde7/aggregates" status: 200 len: 54 microversion: 1.19
Aug 06 19:41:49.515318 n-d-799527-5 devstack@placement-api.service[96379]: [pid: 96379|app: 0|req: 42/83] 10.222.0.20 () {64 vars in 1478 bytes} [Fri Aug 6 19:41:49 2021] PUT /placement/resource_providers/913221c4-5ba1-447c-baaf-c85a3471bde7/aggregates => generated 54 bytes in 37 msecs (HTTP/1.1 200) 8 headers in 295 bytes (2 switches on core 0)
Aug 06 19:41:51.960029 n-d-799527-5 devstack@placement-api.service[96380]: DEBUG placement.requestlog [req-c5974872-077c-4ecc-81bb-1b78778aae09 req-0430caf7-5838-495d-9bbe-f8f98996faf9 None None] Starting request: 10.222.0.63 "GET /placement/allocations/72f4f8b4-7053-4fff-a721-449f01830b9f" {{(pid=96380) __call__ /opt/stack/placement/placement/requestlog.py:55}}
Aug 06 19:41:51.988282 n-d-799527-5 devstack@placement-api.service[96380]: INFO placement.requestlog [req-c5974872-077c-4ecc-81bb-1b78778aae09 req-0430caf7-5838-495d-9bbe-f8f98996faf9 service placement] 10.222.0.63 "GET /placement/allocations/72f4f8b4-7053-4fff-a721-449f01830b9f" status: 200 len: 259 microversion: 1.28
Aug 06 19:41:51.988985 n-d-799527-5 devstack@placement-api.service[96380]: [pid: 96380|app: 0|req: 42/84] 10.222.0.63 () {60 vars in 1378 bytes} [Fri Aug 6 19:41:51 2021] GET /placement/allocations/72f4f8b4-7053-4fff-a721-449f01830b9f => generated 259 bytes in 29 msecs (HTTP/1.1 200) 8 headers in 296 bytes (1 switches on core 0)
Aug 06 19:41:51.998135 n-d-799527-5 devstack@placement-api.service[96379]: DEBUG placement.requestlog [req-c5974872-077c-4ecc-81bb-1b78778aae09 req-b652a4ab-2af1-4e72-9b94-96fc9bb6f92b None None] Starting request: 10.222.0.63 "PUT /placement/allocations/72f4f8b4-7053-4fff-a721-449f01830b9f" {{(pid=96379) __call__ /opt/stack/placement/placement/requestlog.py:55}}
Aug 06 19:41:52.086979 n-d-799527-5 devstack@placement-api.service[96379]: DEBUG placement.handlers.allocation [req-c5974872-077c-4ecc-81bb-1b78778aae09 req-b652a4ab-2af1-4e72-9b94-96fc9bb6f92b service placement] Successfully wrote allocations [, , ] {{(pid=96379) _create_allocations /opt/stack/placement/placement/handlers/allocation.py:435}}
Aug 06 19:41:52.087491 n-d-799527-5 devstack@placement-api.service[96379]: INFO placement.requestlog [req-c5974872-077c-4ecc-81bb-1b78778aae09 req-b652a4ab-2af1-4e72-9b94-96fc9bb6f92b service placement] 10.222.0.63 "PUT /placement/allocations/72f4f8b4-7053-4fff-a721-449f01830b9f" status: 204 len: 0 microversion: 1.28
Aug 06 19:41:52.088127 n-d-799527-5 devstack@placement-api.service[96379]: [pid: 96379|app: 0|req: 43/85] 10.222.0.63 () {64 vars in 1431 bytes} [Fri Aug 6 19:41:51 2021] PUT /placement/allocations/72f4f8b4-7053-4fff-a721-449f01830b9f => generated 0 bytes in 90 msecs (HTTP/1.1 204) 5 headers in 199 bytes (1 switches on core 0)
Aug 06 19:41:58.836312 n-d-799527-5 devstack@placement-api.service[96380]: DEBUG placement.requestlog [req-3563fd2c-08c4-404b-9e8d-d9dc170b359e req-b1964a06-932f-49d1-873c-c14519852d27 None None] Starting request: 10.222.0.63 "GET /placement/resource_providers/913221c4-5ba1-447c-baaf-c85a3471bde7/allocations" {{(pid=96380) __call__ /opt/stack/placement/placement/requestlog.py:55}}
Aug 06 19:41:58.864954 n-d-799527-5 devstack@placement-api.service[96380]: INFO placement.requestlog [req-3563fd2c-08c4-404b-9e8d-d9dc170b359e req-b1964a06-932f-49d1-873c-c14519852d27 service placement] 10.222.0.63 "GET /placement/resource_providers/913221c4-5ba1-447c-baaf-c85a3471bde7/allocations" status: 200 len: 154 microversion: 1.0
Aug 06 19:41:58.865460 n-d-799527-5 devstack@placement-api.service[96380]: [pid: 96380|app: 0|req: 43/86] 10.222.0.63 () {58 vars in 1391 bytes} [Fri Aug 6 19:41:58 2021] GET /placement/resource_providers/913221c4-5ba1-447c-baaf-c85a3471bde7/allocations => generated 154 bytes in 29 msecs (HTTP/1.1 200) 6 headers in 224 bytes (1 switches on core 0)
Aug 06 19:41:59.916165 n-d-799527-5 devstack@placement-api.service[96379]: DEBUG placement.requestlog [req-3ff851fc-c1ef-43c8-928d-83780ebe0ec4 req-28ac1827-0ea9-457a-8f8f-43023e2b9863 None None] Starting request: 10.222.0.20 "GET /placement/allocation_candidates?limit=1000&resources=DISK_GB%3A1%2CMEMORY_MB%3A1024%2CVCPU%3A1&root_required=%21COMPUTE_STATUS_DISABLED" {{(pid=96379) __call__ /opt/stack/placement/placement/requestlog.py:55}}
Aug 06 19:41:59.949634 n-d-799527-5 devstack@placement-api.service[96379]: DEBUG placement.objects.research_context [req-3ff851fc-c1ef-43c8-928d-83780ebe0ec4 req-28ac1827-0ea9-457a-8f8f-43023e2b9863 service placement] getting providers with 1 DISK_GB {{(pid=96379) __init__ /opt/stack/placement/placement/objects/research_context.py:126}}
Aug 06 19:41:59.964608 n-d-799527-5 devstack@placement-api.service[96379]: DEBUG placement.objects.research_context [req-3ff851fc-c1ef-43c8-928d-83780ebe0ec4 req-28ac1827-0ea9-457a-8f8f-43023e2b9863 service placement] getting providers with 1024 MEMORY_MB {{(pid=96379) __init__ /opt/stack/placement/placement/objects/research_context.py:126}}
Aug 06 19:41:59.972644 n-d-799527-5 devstack@placement-api.service[96379]: DEBUG placement.objects.research_context [req-3ff851fc-c1ef-43c8-928d-83780ebe0ec4 req-28ac1827-0ea9-457a-8f8f-43023e2b9863 service placement] getting providers with 1 VCPU {{(pid=96379) __init__ /opt/stack/placement/placement/objects/research_context.py:126}}
Aug 06 19:41:59.979247 n-d-799527-5 devstack@placement-api.service[96379]: DEBUG placement.objects.research_context [req-3ff851fc-c1ef-43c8-928d-83780ebe0ec4 req-28ac1827-0ea9-457a-8f8f-43023e2b9863 service placement] found 2 providers with available 1 DISK_GB {{(pid=96379) get_provider_ids_matching /opt/stack/placement/placement/objects/research_context.py:549}}
Aug 06 19:41:59.979722 n-d-799527-5 devstack@placement-api.service[96379]: DEBUG placement.objects.research_context [req-3ff851fc-c1ef-43c8-928d-83780ebe0ec4 req-28ac1827-0ea9-457a-8f8f-43023e2b9863 service placement] found 2 providers with available 1024 MEMORY_MB {{(pid=96379) get_provider_ids_matching /opt/stack/placement/placement/objects/research_context.py:549}}
Aug 06 19:41:59.980486 n-d-799527-5 devstack@placement-api.service[96379]: DEBUG placement.objects.research_context [req-3ff851fc-c1ef-43c8-928d-83780ebe0ec4 req-28ac1827-0ea9-457a-8f8f-43023e2b9863 service placement] found 2 providers after filtering by previous result {{(pid=96379) get_provider_ids_matching /opt/stack/placement/placement/objects/research_context.py:580}}
Aug 06 19:41:59.980958 n-d-799527-5 devstack@placement-api.service[96379]: DEBUG placement.objects.research_context [req-3ff851fc-c1ef-43c8-928d-83780ebe0ec4 req-28ac1827-0ea9-457a-8f8f-43023e2b9863 service placement] found 2 providers with available 1 VCPU {{(pid=96379) get_provider_ids_matching /opt/stack/placement/placement/objects/research_context.py:549}}
Aug 06 19:41:59.981478 n-d-799527-5 devstack@placement-api.service[96379]: DEBUG placement.objects.research_context [req-3ff851fc-c1ef-43c8-928d-83780ebe0ec4 req-28ac1827-0ea9-457a-8f8f-43023e2b9863 service placement] found 2 providers after filtering by previous result {{(pid=96379) get_provider_ids_matching /opt/stack/placement/placement/objects/research_context.py:580}}
Aug 06 19:42:00.004166 n-d-799527-5 devstack@placement-api.service[96379]: DEBUG placement.objects.allocation_candidate [req-3ff851fc-c1ef-43c8-928d-83780ebe0ec4 req-28ac1827-0ea9-457a-8f8f-43023e2b9863 service placement] RequestGroup(use_same_provider=False, resources={DISK_GB:1, MEMORY_MB:1024, VCPU:1}, traits=[], aggregates=[]) (suffix '') returned 2 matches {{(pid=96379) _get_by_requests /opt/stack/placement/placement/objects/allocation_candidate.py:145}}
Aug 06 19:42:00.004655 n-d-799527-5 devstack@placement-api.service[96379]: DEBUG placement.objects.allocation_candidate [req-3ff851fc-c1ef-43c8-928d-83780ebe0ec4 req-28ac1827-0ea9-457a-8f8f-43023e2b9863 service placement] Merging candidates yields 2 allocation requests and 2 provider summaries {{(pid=96379) _merge_candidates /opt/stack/placement/placement/objects/allocation_candidate.py:783}}
Aug 06 19:42:00.006355 n-d-799527-5 devstack@placement-api.service[96379]: INFO placement.requestlog [req-3ff851fc-c1ef-43c8-928d-83780ebe0ec4 req-28ac1827-0ea9-457a-8f8f-43023e2b9863 service placement] 10.222.0.20 "GET /placement/allocation_candidates?limit=1000&resources=DISK_GB%3A1%2CMEMORY_MB%3A1024%2CVCPU%3A1&root_required=%21COMPUTE_STATUS_DISABLED" status: 200 len: 1309 microversion: 1.35
Aug 06 19:42:00.006698 n-d-799527-5 devstack@placement-api.service[96379]: [pid: 96379|app: 0|req: 44/87] 10.222.0.20 () {60 vars in 1507 bytes} [Fri Aug 6 19:41:59 2021] GET /placement/allocation_candidates?limit=1000&resources=DISK_GB%3A1%2CMEMORY_MB%3A1024%2CVCPU%3A1&root_required=%21COMPUTE_STATUS_DISABLED => generated 1309 bytes in 91 msecs (HTTP/1.1 200) 8 headers in 297 bytes (1 switches on core 0)
Aug 06 19:42:00.070287 n-d-799527-5 devstack@placement-api.service[96380]: DEBUG placement.requestlog [req-3ff851fc-c1ef-43c8-928d-83780ebe0ec4 req-1934aee5-a61f-4450-a4ae-a3c085560a25 None None] Starting request: 10.222.0.20 "GET /placement/allocations/1860d2c7-56fb-4c95-8929-857dadc819b6" {{(pid=96380) __call__ /opt/stack/placement/placement/requestlog.py:55}}
Aug 06 19:42:00.083187 n-d-799527-5 devstack@placement-api.service[96380]: INFO placement.requestlog [req-3ff851fc-c1ef-43c8-928d-83780ebe0ec4 req-1934aee5-a61f-4450-a4ae-a3c085560a25 service placement] 10.222.0.20 "GET /placement/allocations/1860d2c7-56fb-4c95-8929-857dadc819b6" status: 200 len: 19 microversion: 1.28
Aug 06 19:42:00.089559 n-d-799527-5 devstack@placement-api.service[96380]: [pid: 96380|app: 0|req: 44/88] 10.222.0.20 () {60 vars in 1381 bytes} [Fri Aug 6 19:42:00 2021] GET /placement/allocations/1860d2c7-56fb-4c95-8929-857dadc819b6 => generated 19 bytes in 19 msecs (HTTP/1.1 200) 8 headers in 295 bytes (1 switches on core 0)
Aug 06 19:42:00.090293 n-d-799527-5 devstack@placement-api.service[96379]: DEBUG placement.requestlog [req-3ff851fc-c1ef-43c8-928d-83780ebe0ec4 req-c6ea0f25-7949-43e9-894c-a67e662a8932 None None] Starting request: 10.222.0.20 "PUT /placement/allocations/1860d2c7-56fb-4c95-8929-857dadc819b6" {{(pid=96379) __call__ /opt/stack/placement/placement/requestlog.py:55}}
Aug 06 19:42:00.234785 n-d-799527-5 devstack@placement-api.service[96379]: DEBUG placement.handlers.allocation [req-3ff851fc-c1ef-43c8-928d-83780ebe0ec4 req-c6ea0f25-7949-43e9-894c-a67e662a8932 service placement] Successfully wrote allocations [, , ] {{(pid=96379) _create_allocations /opt/stack/placement/placement/handlers/allocation.py:435}}
Aug 06 19:42:00.235672 n-d-799527-5 devstack@placement-api.service[96379]: INFO placement.requestlog [req-3ff851fc-c1ef-43c8-928d-83780ebe0ec4 req-c6ea0f25-7949-43e9-894c-a67e662a8932 service placement] 10.222.0.20 "PUT /placement/allocations/1860d2c7-56fb-4c95-8929-857dadc819b6" status: 204 len: 0 microversion: 1.35
Aug 06 19:42:00.236329 n-d-799527-5 devstack@placement-api.service[96379]: [pid: 96379|app: 0|req: 45/89] 10.222.0.20 () {64 vars in 1434 bytes} [Fri Aug 6 19:42:00 2021] PUT /placement/allocations/1860d2c7-56fb-4c95-8929-857dadc819b6 => generated 0 bytes in 146 msecs (HTTP/1.1 204) 5 headers in 199 bytes (1 switches on core 0)
Aug 06 19:42:00.623411 n-d-799527-5 devstack@placement-api.service[96380]: DEBUG placement.requestlog [req-3ff851fc-c1ef-43c8-928d-83780ebe0ec4 req-7e26b4f8-b29b-4bca-8a12-7d8b67d43e38 None None] Starting request: 10.222.0.63 "GET /placement/allocations/1860d2c7-56fb-4c95-8929-857dadc819b6" {{(pid=96380) __call__ /opt/stack/placement/placement/requestlog.py:55}}
Aug 06 19:42:00.644631 n-d-799527-5 devstack@placement-api.service[96380]: INFO placement.requestlog [req-3ff851fc-c1ef-43c8-928d-83780ebe0ec4 req-7e26b4f8-b29b-4bca-8a12-7d8b67d43e38 service placement] 10.222.0.63 "GET /placement/allocations/1860d2c7-56fb-4c95-8929-857dadc819b6" status: 200 len: 259 microversion: 1.28
Aug 06 19:42:00.645329 n-d-799527-5 devstack@placement-api.service[96380]: [pid: 96380|app: 0|req: 45/90] 10.222.0.63 () {60 vars in 1378 bytes} [Fri Aug 6 19:42:00 2021] GET /placement/allocations/1860d2c7-56fb-4c95-8929-857dadc819b6 => generated 259 bytes in 22 msecs (HTTP/1.1 200) 8 headers in 296 bytes (1 switches on core 0)
Aug 06 19:42:00.732126 n-d-799527-5 devstack@placement-api.service[96379]: DEBUG placement.requestlog [req-cc4ce8e4-d632-432d-87a6-2f34590ddc6d req-22fadf6e-18c8-4cc3-a996-6ec0e3b87d67 None None] Starting request: 10.222.0.20 "GET /placement/allocation_candidates?limit=1000&resources=DISK_GB%3A1%2CMEMORY_MB%3A1024%2CVCPU%3A1&root_required=%21COMPUTE_STATUS_DISABLED" {{(pid=96379) __call__ /opt/stack/placement/placement/requestlog.py:55}}
Aug 06 19:42:00.769563 n-d-799527-5 devstack@placement-api.service[96379]: DEBUG placement.objects.research_context [req-cc4ce8e4-d632-432d-87a6-2f34590ddc6d req-22fadf6e-18c8-4cc3-a996-6ec0e3b87d67 service placement] getting providers with 1 DISK_GB {{(pid=96379) __init__ /opt/stack/placement/placement/objects/research_context.py:126}}
Aug 06 19:42:00.777968 n-d-799527-5 devstack@placement-api.service[96379]: DEBUG placement.objects.research_context [req-cc4ce8e4-d632-432d-87a6-2f34590ddc6d req-22fadf6e-18c8-4cc3-a996-6ec0e3b87d67 service placement] getting providers with 1024 MEMORY_MB {{(pid=96379) __init__ /opt/stack/placement/placement/objects/research_context.py:126}}
Aug 06 19:42:00.785245 n-d-799527-5 devstack@placement-api.service[96379]: DEBUG placement.objects.research_context [req-cc4ce8e4-d632-432d-87a6-2f34590ddc6d req-22fadf6e-18c8-4cc3-a996-6ec0e3b87d67 service placement] getting providers with 1 VCPU {{(pid=96379) __init__ /opt/stack/placement/placement/objects/research_context.py:126}}
Aug 06 19:42:00.790757 n-d-799527-5 devstack@placement-api.service[96379]: DEBUG placement.objects.research_context [req-cc4ce8e4-d632-432d-87a6-2f34590ddc6d req-22fadf6e-18c8-4cc3-a996-6ec0e3b87d67 service placement] found 2 providers with available 1 DISK_GB {{(pid=96379) get_provider_ids_matching /opt/stack/placement/placement/objects/research_context.py:549}}
Aug 06 19:42:00.791036 n-d-799527-5 devstack@placement-api.service[96379]: DEBUG placement.objects.research_context [req-cc4ce8e4-d632-432d-87a6-2f34590ddc6d req-22fadf6e-18c8-4cc3-a996-6ec0e3b87d67 service placement] found 2 providers with available 1024 MEMORY_MB {{(pid=96379) get_provider_ids_matching /opt/stack/placement/placement/objects/research_context.py:549}}
Aug 06 19:42:00.791508 n-d-799527-5 devstack@placement-api.service[96379]: DEBUG placement.objects.research_context [req-cc4ce8e4-d632-432d-87a6-2f34590ddc6d req-22fadf6e-18c8-4cc3-a996-6ec0e3b87d67 service placement] found 2 providers after filtering by previous result {{(pid=96379) get_provider_ids_matching /opt/stack/placement/placement/objects/research_context.py:580}}
Aug 06 19:42:00.791944 n-d-799527-5 devstack@placement-api.service[96379]: DEBUG placement.objects.research_context [req-cc4ce8e4-d632-432d-87a6-2f34590ddc6d req-22fadf6e-18c8-4cc3-a996-6ec0e3b87d67 service placement] found 2 providers with available 1 VCPU {{(pid=96379) get_provider_ids_matching /opt/stack/placement/placement/objects/research_context.py:549}}
Aug 06 19:42:00.792355 n-d-799527-5 devstack@placement-api.service[96379]: DEBUG placement.objects.research_context [req-cc4ce8e4-d632-432d-87a6-2f34590ddc6d req-22fadf6e-18c8-4cc3-a996-6ec0e3b87d67 service placement] found 2 providers after filtering by previous result {{(pid=96379) get_provider_ids_matching /opt/stack/placement/placement/objects/research_context.py:580}}
Aug 06 19:42:00.804546 n-d-799527-5 devstack@placement-api.service[96379]: DEBUG placement.objects.allocation_candidate [req-cc4ce8e4-d632-432d-87a6-2f34590ddc6d req-22fadf6e-18c8-4cc3-a996-6ec0e3b87d67 service placement] RequestGroup(use_same_provider=False, resources={DISK_GB:1, MEMORY_MB:1024, VCPU:1}, traits=[], aggregates=[]) (suffix '') returned 2 matches {{(pid=96379) _get_by_requests /opt/stack/placement/placement/objects/allocation_candidate.py:145}}
Aug 06 19:42:00.805378 n-d-799527-5 devstack@placement-api.service[96379]: DEBUG placement.objects.allocation_candidate [req-cc4ce8e4-d632-432d-87a6-2f34590ddc6d req-22fadf6e-18c8-4cc3-a996-6ec0e3b87d67 service placement] Merging candidates yields 2 allocation requests and 2 provider summaries {{(pid=96379) _merge_candidates /opt/stack/placement/placement/objects/allocation_candidate.py:783}}
Aug 06 19:42:00.807135 n-d-799527-5 devstack@placement-api.service[96379]: INFO placement.requestlog [req-cc4ce8e4-d632-432d-87a6-2f34590ddc6d req-22fadf6e-18c8-4cc3-a996-6ec0e3b87d67 service placement] 10.222.0.20 "GET /placement/allocation_candidates?limit=1000&resources=DISK_GB%3A1%2CMEMORY_MB%3A1024%2CVCPU%3A1&root_required=%21COMPUTE_STATUS_DISABLED" status: 200 len: 1309 microversion: 1.35
Aug 06 19:42:00.807526 n-d-799527-5 devstack@placement-api.service[96379]: [pid: 96379|app: 0|req: 46/91] 10.222.0.20 () {60 vars in 1507 bytes} [Fri Aug 6 19:42:00 2021] GET /placement/allocation_candidates?limit=1000&resources=DISK_GB%3A1%2CMEMORY_MB%3A1024%2CVCPU%3A1&root_required=%21COMPUTE_STATUS_DISABLED => generated 1309 bytes in 76 msecs (HTTP/1.1 200) 8 headers in 297 bytes (1 switches on core 0)
Aug 06 19:42:00.866377 n-d-799527-5 devstack@placement-api.service[96380]: DEBUG placement.requestlog [req-cc4ce8e4-d632-432d-87a6-2f34590ddc6d req-b3858603-78d1-4e97-94f8-48913cb21bc9 None None] Starting request: 10.222.0.20 "GET /placement/allocations/5ede7b06-169b-4f5a-b498-ad23d986e5db" {{(pid=96380) __call__ /opt/stack/placement/placement/requestlog.py:55}}
Aug 06 19:42:00.883953 n-d-799527-5 devstack@placement-api.service[96380]: INFO placement.requestlog [req-cc4ce8e4-d632-432d-87a6-2f34590ddc6d req-b3858603-78d1-4e97-94f8-48913cb21bc9 service placement] 10.222.0.20 "GET /placement/allocations/5ede7b06-169b-4f5a-b498-ad23d986e5db" status: 200 len: 19 microversion: 1.28
Aug 06 19:42:00.884243 n-d-799527-5 devstack@placement-api.service[96380]: [pid: 96380|app: 0|req: 46/92] 10.222.0.20 () {60 vars in 1381 bytes} [Fri Aug 6 19:42:00 2021] GET /placement/allocations/5ede7b06-169b-4f5a-b498-ad23d986e5db => generated 19 bytes in 19 msecs (HTTP/1.1 200) 8 headers in 295 bytes (1 switches on core 0)
Aug 06 19:42:00.891988 n-d-799527-5 devstack@placement-api.service[96379]: DEBUG placement.requestlog [req-cc4ce8e4-d632-432d-87a6-2f34590ddc6d req-e03586de-6003-48fb-b0ef-cb44dcb4c860 None None] Starting request: 10.222.0.20 "PUT /placement/allocations/5ede7b06-169b-4f5a-b498-ad23d986e5db" {{(pid=96379) __call__ /opt/stack/placement/placement/requestlog.py:55}}
Aug 06 19:42:00.988815 n-d-799527-5 devstack@placement-api.service[96379]: DEBUG placement.handlers.allocation [req-cc4ce8e4-d632-432d-87a6-2f34590ddc6d req-e03586de-6003-48fb-b0ef-cb44dcb4c860 service placement] Successfully wrote allocations [, , ] {{(pid=96379) _create_allocations /opt/stack/placement/placement/handlers/allocation.py:435}}
Aug 06 19:42:00.989541 n-d-799527-5 devstack@placement-api.service[96379]: INFO placement.requestlog [req-cc4ce8e4-d632-432d-87a6-2f34590ddc6d req-e03586de-6003-48fb-b0ef-cb44dcb4c860 service placement] 10.222.0.20 "PUT /placement/allocations/5ede7b06-169b-4f5a-b498-ad23d986e5db" status: 204 len: 0 microversion: 1.35
Aug 06 19:42:00.989789 n-d-799527-5 devstack@placement-api.service[96379]: [pid: 96379|app: 0|req: 47/93] 10.222.0.20 () {64 vars in 1434 bytes} [Fri Aug 6 19:42:00 2021] PUT /placement/allocations/5ede7b06-169b-4f5a-b498-ad23d986e5db => generated 0 bytes in 99 msecs (HTTP/1.1 204) 5 headers in 199 bytes (1 switches on core 0)
Aug 06 19:42:01.567107 n-d-799527-5 devstack@placement-api.service[96380]: DEBUG placement.requestlog [req-cc4ce8e4-d632-432d-87a6-2f34590ddc6d req-f4a750f6-ead8-435f-8124-551269fc26a4 None None] Starting request: 10.222.0.63 "GET /placement/allocations/5ede7b06-169b-4f5a-b498-ad23d986e5db" {{(pid=96380) __call__ /opt/stack/placement/placement/requestlog.py:55}}
Aug 06 19:42:01.585916 n-d-799527-5 devstack@placement-api.service[96380]: INFO placement.requestlog [req-cc4ce8e4-d632-432d-87a6-2f34590ddc6d req-f4a750f6-ead8-435f-8124-551269fc26a4 service placement] 10.222.0.63 "GET /placement/allocations/5ede7b06-169b-4f5a-b498-ad23d986e5db" status: 200 len: 259 microversion: 1.28
Aug 06 19:42:01.586267 n-d-799527-5 devstack@placement-api.service[96380]: [pid: 96380|app: 0|req: 47/94] 10.222.0.63 () {60 vars in 1378 bytes} [Fri Aug 6 19:42:01 2021] GET /placement/allocations/5ede7b06-169b-4f5a-b498-ad23d986e5db => generated 259 bytes in 19 msecs (HTTP/1.1 200) 8 headers in 296 bytes (1 switches on core 0)
Aug 06 19:42:02.056973 n-d-799527-5 devstack@placement-api.service[96379]: DEBUG placement.requestlog [req-c6ed2491-b265-4cd9-8b92-de2524218f7b req-962dfd4c-b849-4281-a0ac-0d0ce15918d6 None None] Starting request: 10.222.0.44 "GET /placement/resource_providers/b809a5e1-e0ac-4cfa-aa0b-bc3b8d747b5f/allocations" {{(pid=96379) __call__ /opt/stack/placement/placement/requestlog.py:55}}
Aug 06 19:42:02.101610 n-d-799527-5 devstack@placement-api.service[96379]: INFO placement.requestlog [req-c6ed2491-b265-4cd9-8b92-de2524218f7b req-962dfd4c-b849-4281-a0ac-0d0ce15918d6 service placement] 10.222.0.44 "GET /placement/resource_providers/b809a5e1-e0ac-4cfa-aa0b-bc3b8d747b5f/allocations" status: 200 len: 254 microversion: 1.0
Aug 06 19:42:02.103852 n-d-799527-5 devstack@placement-api.service[96379]: [pid: 96379|app: 0|req: 48/95] 10.222.0.44 () {58 vars in 1391 bytes} [Fri Aug 6 19:42:02 2021] GET /placement/resource_providers/b809a5e1-e0ac-4cfa-aa0b-bc3b8d747b5f/allocations => generated 254 bytes in 47 msecs (HTTP/1.1 200) 6 headers in 224 bytes (1 switches on core 0)
Aug 06 19:42:02.859196 n-d-799527-5 devstack@placement-api.service[96380]: DEBUG placement.requestlog [None req-3f99e201-f9d4-4d3d-b701-00a8dfe2c41a None None] Starting request: 10.222.0.20 "GET /placement/" {{(pid=96380) __call__ /opt/stack/placement/placement/requestlog.py:55}}
Aug 06 19:42:02.861466 n-d-799527-5 devstack@placement-api.service[96380]: INFO placement.requestlog [None req-3f99e201-f9d4-4d3d-b701-00a8dfe2c41a None None] 10.222.0.20 "GET /placement/" status: 200 len: 136 microversion: 1.0
Aug 06 19:42:02.862132 n-d-799527-5 devstack@placement-api.service[96380]: [pid: 96380|app: 0|req: 48/96] 10.222.0.20 () {54 vars in 916 bytes} [Fri Aug 6 19:42:02 2021] GET /placement => generated 136 bytes in 3 msecs (HTTP/1.1 200) 6 headers in 224 bytes (2 switches on core 0)
