Jul 08 17:26:14.611414 n-d-799527-4 devstack@placement-api.service[94426]: DEBUG placement.requestlog [req-8c0d8ea7-3ae9-40f7-89c3-9d833278ea7c req-aae06b56-dbf1-4f43-867d-3705fbf89798 None None] Starting request: 10.222.0.53 "GET /placement/allocations/d0190417-0b45-4119-be13-99b89d81acd9" {{(pid=94426) __call__ /opt/stack/placement/placement/requestlog.py:55}}
Jul 08 17:26:14.635496 n-d-799527-4 devstack@placement-api.service[94426]: INFO placement.requestlog [req-8c0d8ea7-3ae9-40f7-89c3-9d833278ea7c req-aae06b56-dbf1-4f43-867d-3705fbf89798 service placement] 10.222.0.53 "GET /placement/allocations/d0190417-0b45-4119-be13-99b89d81acd9" status: 200 len: 260 microversion: 1.28
Jul 08 17:26:14.636857 n-d-799527-4 devstack@placement-api.service[94426]: [pid: 94426|app: 0|req: 422/842] 10.222.0.53 () {60 vars in 1378 bytes} [Thu Jul 8 17:26:14 2021] GET /placement/allocations/d0190417-0b45-4119-be13-99b89d81acd9 => generated 260 bytes in 26 msecs (HTTP/1.1 200) 8 headers in 296 bytes (1 switches on core 0)
Jul 08 17:26:15.938381 n-d-799527-4 devstack@placement-api.service[94427]: DEBUG placement.requestlog [req-f74b8b4f-6ecb-42f2-84ef-2490fd5509fb req-593800b3-038e-4588-9f1d-9db1ad5017f6 None None] Starting request: 10.222.0.53 "GET /placement/allocations/3e70d26e-ed2e-497e-8011-186228679ae6" {{(pid=94427) __call__ /opt/stack/placement/placement/requestlog.py:55}}
Jul 08 17:26:15.959557 n-d-799527-4 devstack@placement-api.service[94427]: INFO placement.requestlog [req-f74b8b4f-6ecb-42f2-84ef-2490fd5509fb req-593800b3-038e-4588-9f1d-9db1ad5017f6 service placement] 10.222.0.53 "GET /placement/allocations/3e70d26e-ed2e-497e-8011-186228679ae6" status: 200 len: 260 microversion: 1.28
Jul 08 17:26:15.960438 n-d-799527-4 devstack@placement-api.service[94427]: [pid: 94427|app: 0|req: 421/843] 10.222.0.53 () {60 vars in 1378 bytes} [Thu Jul 8 17:26:15 2021] GET /placement/allocations/3e70d26e-ed2e-497e-8011-186228679ae6 => generated 260 bytes in 22 msecs (HTTP/1.1 200) 8 headers in 296 bytes (2 switches on core 0)
Jul 08 17:26:15.968364 n-d-799527-4 devstack@placement-api.service[94426]: DEBUG placement.requestlog [req-f74b8b4f-6ecb-42f2-84ef-2490fd5509fb req-0de0eca5-dc79-4a4d-b26c-c869cf409048 None None] Starting request: 10.222.0.53 "PUT /placement/allocations/3e70d26e-ed2e-497e-8011-186228679ae6" {{(pid=94426) __call__ /opt/stack/placement/placement/requestlog.py:55}}
Jul 08 17:26:16.078990 n-d-799527-4 devstack@placement-api.service[94426]: DEBUG placement.handlers.allocation [req-f74b8b4f-6ecb-42f2-84ef-2490fd5509fb req-0de0eca5-dc79-4a4d-b26c-c869cf409048 service placement] Successfully wrote allocations [, , ] {{(pid=94426) _create_allocations /opt/stack/placement/placement/handlers/allocation.py:435}}
Jul 08 17:26:16.079725 n-d-799527-4 devstack@placement-api.service[94426]: INFO placement.requestlog [req-f74b8b4f-6ecb-42f2-84ef-2490fd5509fb req-0de0eca5-dc79-4a4d-b26c-c869cf409048 service placement] 10.222.0.53 "PUT /placement/allocations/3e70d26e-ed2e-497e-8011-186228679ae6" status: 204 len: 0 microversion: 1.28
Jul 08 17:26:16.080387 n-d-799527-4 devstack@placement-api.service[94426]: [pid: 94426|app: 0|req: 423/844] 10.222.0.53 () {64 vars in 1431 bytes} [Thu Jul 8 17:26:15 2021] PUT /placement/allocations/3e70d26e-ed2e-497e-8011-186228679ae6 => generated 0 bytes in 113 msecs (HTTP/1.1 204) 5 headers in 199 bytes (1 switches on core 0)
Jul 08 17:26:27.197837 n-d-799527-4 devstack@placement-api.service[94427]: DEBUG placement.requestlog [req-985978e1-7938-4815-8e4e-116b4df9737e req-1c5d506f-38aa-47cf-8c8d-f2d87f0980d2 None None] Starting request: 10.222.0.21 "GET /placement/resource_providers/f307af01-10c2-4fa2-bfe6-70776b84f249/allocations" {{(pid=94427) __call__ /opt/stack/placement/placement/requestlog.py:55}}
Jul 08 17:26:27.242974 n-d-799527-4 devstack@placement-api.service[94427]: INFO placement.requestlog [req-985978e1-7938-4815-8e4e-116b4df9737e req-1c5d506f-38aa-47cf-8c8d-f2d87f0980d2 service placement] 10.222.0.21 "GET /placement/resource_providers/f307af01-10c2-4fa2-bfe6-70776b84f249/allocations" status: 200 len: 55 microversion: 1.0
Jul 08 17:26:27.244272 n-d-799527-4 devstack@placement-api.service[94427]: [pid: 94427|app: 0|req: 422/845] 10.222.0.21 () {58 vars in 1391 bytes} [Thu Jul 8 17:26:27 2021] GET /placement/resource_providers/f307af01-10c2-4fa2-bfe6-70776b84f249/allocations => generated 55 bytes in 47 msecs (HTTP/1.1 200) 6 headers in 223 bytes (2 switches on core 0)
Jul 08 17:26:27.430327 n-d-799527-4 devstack@placement-api.service[94426]: DEBUG placement.requestlog [req-d609b2c8-5180-48ef-950d-5c3ce6a391d7 req-138f78ea-b6ba-4b06-b2b8-0ab0d4e5e52b None None] Starting request: 10.222.0.53 "GET /placement/allocations/f000f04c-75dd-4e31-a5a2-0229ea537876" {{(pid=94426) __call__ /opt/stack/placement/placement/requestlog.py:55}}
Jul 08 17:26:27.456261 n-d-799527-4 devstack@placement-api.service[94426]: INFO placement.requestlog [req-d609b2c8-5180-48ef-950d-5c3ce6a391d7 req-138f78ea-b6ba-4b06-b2b8-0ab0d4e5e52b service placement] 10.222.0.53 "GET /placement/allocations/f000f04c-75dd-4e31-a5a2-0229ea537876" status: 200 len: 260 microversion: 1.28
Jul 08 17:26:27.457252 n-d-799527-4 devstack@placement-api.service[94426]: [pid: 94426|app: 0|req: 424/846] 10.222.0.53 () {60 vars in 1378 bytes} [Thu Jul 8 17:26:27 2021] GET /placement/allocations/f000f04c-75dd-4e31-a5a2-0229ea537876 => generated 260 bytes in 27 msecs (HTTP/1.1 200) 8 headers in 296 bytes (1 switches on core 0)
Jul 08 17:26:27.476720 n-d-799527-4 devstack@placement-api.service[94427]: DEBUG placement.requestlog [req-d609b2c8-5180-48ef-950d-5c3ce6a391d7 req-8b9b7bea-5d0a-4e89-b07b-d8319fd2e58b None None] Starting request: 10.222.0.53 "PUT /placement/allocations/f000f04c-75dd-4e31-a5a2-0229ea537876" {{(pid=94427) __call__ /opt/stack/placement/placement/requestlog.py:55}}
Jul 08 17:26:27.585039 n-d-799527-4 devstack@placement-api.service[94427]: DEBUG placement.handlers.allocation [req-d609b2c8-5180-48ef-950d-5c3ce6a391d7 req-8b9b7bea-5d0a-4e89-b07b-d8319fd2e58b service placement] Successfully wrote allocations [, , ] {{(pid=94427) _create_allocations /opt/stack/placement/placement/handlers/allocation.py:435}}
Jul 08 17:26:27.585534 n-d-799527-4 devstack@placement-api.service[94427]: INFO placement.requestlog [req-d609b2c8-5180-48ef-950d-5c3ce6a391d7 req-8b9b7bea-5d0a-4e89-b07b-d8319fd2e58b service placement] 10.222.0.53 "PUT /placement/allocations/f000f04c-75dd-4e31-a5a2-0229ea537876" status: 204 len: 0 microversion: 1.28
Jul 08 17:26:27.586130 n-d-799527-4 devstack@placement-api.service[94427]: [pid: 94427|app: 0|req: 423/847] 10.222.0.53 () {64 vars in 1431 bytes} [Thu Jul 8 17:26:27 2021] PUT /placement/allocations/f000f04c-75dd-4e31-a5a2-0229ea537876 => generated 0 bytes in 109 msecs (HTTP/1.1 204) 5 headers in 199 bytes (1 switches on core 0)
Jul 08 17:26:32.333959 n-d-799527-4 devstack@placement-api.service[94426]: DEBUG placement.requestlog [req-7fa7ab36-41be-4ec2-a0e9-cb0d92c0a51b req-3ea48044-8c8e-4010-af92-c9fb182c32d0 None None] Starting request: 10.222.0.53 "GET /placement/allocations/8fac0a7d-61b0-408d-ae10-d9fb29319a02" {{(pid=94426) __call__ /opt/stack/placement/placement/requestlog.py:55}}
Jul 08 17:26:32.360813 n-d-799527-4 devstack@placement-api.service[94426]: INFO placement.requestlog [req-7fa7ab36-41be-4ec2-a0e9-cb0d92c0a51b req-3ea48044-8c8e-4010-af92-c9fb182c32d0 service placement] 10.222.0.53 "GET /placement/allocations/8fac0a7d-61b0-408d-ae10-d9fb29319a02" status: 200 len: 260 microversion: 1.28
Jul 08 17:26:32.361085 n-d-799527-4 devstack@placement-api.service[94426]: [pid: 94426|app: 0|req: 425/848] 10.222.0.53 () {60 vars in 1378 bytes} [Thu Jul 8 17:26:32 2021] GET /placement/allocations/8fac0a7d-61b0-408d-ae10-d9fb29319a02 => generated 260 bytes in 27 msecs (HTTP/1.1 200) 8 headers in 296 bytes (2 switches on core 0)
Jul 08 17:26:32.370294 n-d-799527-4 devstack@placement-api.service[94427]: DEBUG placement.requestlog [req-7fa7ab36-41be-4ec2-a0e9-cb0d92c0a51b req-f49d63e7-ab05-4db9-aa0d-0ce3afc6f63b None None] Starting request: 10.222.0.53 "PUT /placement/allocations/8fac0a7d-61b0-408d-ae10-d9fb29319a02" {{(pid=94427) __call__ /opt/stack/placement/placement/requestlog.py:55}}
Jul 08 17:26:32.447998 n-d-799527-4 devstack@placement-api.service[94427]: DEBUG placement.handlers.allocation [req-7fa7ab36-41be-4ec2-a0e9-cb0d92c0a51b req-f49d63e7-ab05-4db9-aa0d-0ce3afc6f63b service placement] Successfully wrote allocations [, , ] {{(pid=94427) _create_allocations /opt/stack/placement/placement/handlers/allocation.py:435}}
Jul 08 17:26:32.448665 n-d-799527-4 devstack@placement-api.service[94427]: INFO placement.requestlog [req-7fa7ab36-41be-4ec2-a0e9-cb0d92c0a51b req-f49d63e7-ab05-4db9-aa0d-0ce3afc6f63b service placement] 10.222.0.53 "PUT /placement/allocations/8fac0a7d-61b0-408d-ae10-d9fb29319a02" status: 204 len: 0 microversion: 1.28
Jul 08 17:26:32.449469 n-d-799527-4 devstack@placement-api.service[94427]: [pid: 94427|app: 0|req: 424/849] 10.222.0.53 () {64 vars in 1431 bytes} [Thu Jul 8 17:26:32 2021] PUT /placement/allocations/8fac0a7d-61b0-408d-ae10-d9fb29319a02 => generated 0 bytes in 79 msecs (HTTP/1.1 204) 5 headers in 199 bytes (1 switches on core 0)
Jul 08 17:26:34.473010 n-d-799527-4 devstack@placement-api.service[94426]: DEBUG placement.requestlog [req-5abb0f05-68af-41c4-9d00-af99c3b48608 req-acb505bc-0dba-488a-a725-70d431981bb7 None None] Starting request: 10.222.0.53 "GET /placement/allocations/d0190417-0b45-4119-be13-99b89d81acd9" {{(pid=94426) __call__ /opt/stack/placement/placement/requestlog.py:55}}
Jul 08 17:26:34.500556 n-d-799527-4 devstack@placement-api.service[94426]: INFO placement.requestlog [req-5abb0f05-68af-41c4-9d00-af99c3b48608 req-acb505bc-0dba-488a-a725-70d431981bb7 service placement] 10.222.0.53 "GET /placement/allocations/d0190417-0b45-4119-be13-99b89d81acd9" status: 200 len: 260 microversion: 1.28
Jul 08 17:26:34.501139 n-d-799527-4 devstack@placement-api.service[94426]: [pid: 94426|app: 0|req: 426/850] 10.222.0.53 () {60 vars in 1378 bytes} [Thu Jul 8 17:26:34 2021] GET /placement/allocations/d0190417-0b45-4119-be13-99b89d81acd9 => generated 260 bytes in 28 msecs (HTTP/1.1 200) 8 headers in 296 bytes (1 switches on core 0)
Jul 08 17:26:37.043447 n-d-799527-4 devstack@placement-api.service[94427]: DEBUG placement.requestlog [req-517fd6f6-8d23-40e4-9ff9-2b333bd41443 req-5a100f2c-8f7c-447c-8da9-2699503cea0d None None] Starting request: 10.222.0.53 "GET /placement/allocations/7eb963cd-b7f2-4636-809c-3588927b2a18" {{(pid=94427) __call__ /opt/stack/placement/placement/requestlog.py:55}}
Jul 08 17:26:37.059234 n-d-799527-4 devstack@placement-api.service[94427]: INFO placement.requestlog [req-517fd6f6-8d23-40e4-9ff9-2b333bd41443 req-5a100f2c-8f7c-447c-8da9-2699503cea0d service placement] 10.222.0.53 "GET /placement/allocations/7eb963cd-b7f2-4636-809c-3588927b2a18" status: 200 len: 260 microversion: 1.28
Jul 08 17:26:37.059797 n-d-799527-4 devstack@placement-api.service[94427]: [pid: 94427|app: 0|req: 425/851] 10.222.0.53 () {60 vars in 1378 bytes} [Thu Jul 8 17:26:37 2021] GET /placement/allocations/7eb963cd-b7f2-4636-809c-3588927b2a18 => generated 260 bytes in 16 msecs (HTTP/1.1 200) 8 headers in 296 bytes (1 switches on core 0)
Jul 08 17:26:37.069406 n-d-799527-4 devstack@placement-api.service[94426]: DEBUG placement.requestlog [req-517fd6f6-8d23-40e4-9ff9-2b333bd41443 req-d35d7281-8a74-4b46-afbb-0f389504aed4 None None] Starting request: 10.222.0.53 "PUT /placement/allocations/7eb963cd-b7f2-4636-809c-3588927b2a18" {{(pid=94426) __call__ /opt/stack/placement/placement/requestlog.py:55}}
Jul 08 17:26:37.152392 n-d-799527-4 devstack@placement-api.service[94426]: DEBUG placement.handlers.allocation [req-517fd6f6-8d23-40e4-9ff9-2b333bd41443 req-d35d7281-8a74-4b46-afbb-0f389504aed4 service placement] Successfully wrote allocations [, , ] {{(pid=94426) _create_allocations /opt/stack/placement/placement/handlers/allocation.py:435}}
Jul 08 17:26:37.153267 n-d-799527-4 devstack@placement-api.service[94426]: INFO placement.requestlog [req-517fd6f6-8d23-40e4-9ff9-2b333bd41443 req-d35d7281-8a74-4b46-afbb-0f389504aed4 service placement] 10.222.0.53 "PUT /placement/allocations/7eb963cd-b7f2-4636-809c-3588927b2a18" status: 204 len: 0 microversion: 1.28
Jul 08 17:26:37.155488 n-d-799527-4 devstack@placement-api.service[94426]: [pid: 94426|app: 0|req: 427/852] 10.222.0.53 () {64 vars in 1431 bytes} [Thu Jul 8 17:26:37 2021] PUT /placement/allocations/7eb963cd-b7f2-4636-809c-3588927b2a18 => generated 0 bytes in 86 msecs (HTTP/1.1 204) 5 headers in 199 bytes (2 switches on core 0)
Jul 08 17:26:40.500251 n-d-799527-4 devstack@placement-api.service[94427]: DEBUG placement.requestlog [req-c8122d21-cdba-4f15-8705-0f1ebf76c82d req-3dcf7527-a884-4d3d-9645-c1faa09b2410 None None] Starting request: 10.222.0.53 "GET /placement/resource_providers/239bbf7a-7cc8-4478-8c7f-371ba00d7f1f/allocations" {{(pid=94427) __call__ /opt/stack/placement/placement/requestlog.py:55}}
Jul 08 17:26:40.542668 n-d-799527-4 devstack@placement-api.service[94427]: INFO placement.requestlog [req-c8122d21-cdba-4f15-8705-0f1ebf76c82d req-3dcf7527-a884-4d3d-9645-c1faa09b2410 service placement] 10.222.0.53 "GET /placement/resource_providers/239bbf7a-7cc8-4478-8c7f-371ba00d7f1f/allocations" status: 200 len: 343 microversion: 1.0
Jul 08 17:26:40.543560 n-d-799527-4 devstack@placement-api.service[94427]: [pid: 94427|app: 0|req: 426/853] 10.222.0.53 () {58 vars in 1391 bytes} [Thu Jul 8 17:26:40 2021] GET /placement/resource_providers/239bbf7a-7cc8-4478-8c7f-371ba00d7f1f/allocations => generated 343 bytes in 43 msecs (HTTP/1.1 200) 6 headers in 224 bytes (1 switches on core 0)
Jul 08 17:26:57.878624 n-d-799527-4 devstack@placement-api.service[94426]: DEBUG placement.requestlog [req-72e159fe-29fb-4edd-ba8f-72834e2f6a98 req-9c5d317c-ebfc-4986-adfd-358d917fe158 None None] Starting request: 10.222.0.53 "GET /placement/allocations/b85e6312-ca52-42f1-a72d-93e1b28d7769" {{(pid=94426) __call__ /opt/stack/placement/placement/requestlog.py:55}}
Jul 08 17:26:57.902498 n-d-799527-4 devstack@placement-api.service[94426]: INFO placement.requestlog [req-72e159fe-29fb-4edd-ba8f-72834e2f6a98 req-9c5d317c-ebfc-4986-adfd-358d917fe158 service placement] 10.222.0.53 "GET /placement/allocations/b85e6312-ca52-42f1-a72d-93e1b28d7769" status: 200 len: 260 microversion: 1.28
Jul 08 17:26:57.902639 n-d-799527-4 devstack@placement-api.service[94426]: [pid: 94426|app: 0|req: 428/854] 10.222.0.53 () {60 vars in 1378 bytes} [Thu Jul 8 17:26:57 2021] GET /placement/allocations/b85e6312-ca52-42f1-a72d-93e1b28d7769 => generated 260 bytes in 25 msecs (HTTP/1.1 200) 8 headers in 296 bytes (1 switches on core 0)
Jul 08 17:26:57.912817 n-d-799527-4 devstack@placement-api.service[94427]: DEBUG placement.requestlog [req-72e159fe-29fb-4edd-ba8f-72834e2f6a98 req-2454ed0f-bf7a-4fc1-af23-fbc23a034799 None None] Starting request: 10.222.0.53 "PUT /placement/allocations/b85e6312-ca52-42f1-a72d-93e1b28d7769" {{(pid=94427) __call__ /opt/stack/placement/placement/requestlog.py:55}}
Jul 08 17:26:58.023361 n-d-799527-4 devstack@placement-api.service[94427]: DEBUG placement.handlers.allocation [req-72e159fe-29fb-4edd-ba8f-72834e2f6a98 req-2454ed0f-bf7a-4fc1-af23-fbc23a034799 service placement] Successfully wrote allocations [, , ] {{(pid=94427) _create_allocations /opt/stack/placement/placement/handlers/allocation.py:435}}
Jul 08 17:26:58.029215 n-d-799527-4 devstack@placement-api.service[94427]: INFO placement.requestlog [req-72e159fe-29fb-4edd-ba8f-72834e2f6a98 req-2454ed0f-bf7a-4fc1-af23-fbc23a034799 service placement] 10.222.0.53 "PUT /placement/allocations/b85e6312-ca52-42f1-a72d-93e1b28d7769" status: 204 len: 0 microversion: 1.28
Jul 08 17:26:58.030821 n-d-799527-4 devstack@placement-api.service[94427]: [pid: 94427|app: 0|req: 427/855] 10.222.0.53 () {64 vars in 1431 bytes} [Thu Jul 8 17:26:57 2021] PUT /placement/allocations/b85e6312-ca52-42f1-a72d-93e1b28d7769 => generated 0 bytes in 118 msecs (HTTP/1.1 204) 5 headers in 199 bytes (1 switches on core 0)
Jul 08 17:27:03.489246 n-d-799527-4 devstack@placement-api.service[94426]: DEBUG placement.requestlog [req-e662e4e7-295d-4ec3-8da7-81b3fe70d0ae req-8489a375-5595-434d-8c09-5e4a53ab662d None None] Starting request: 10.222.0.48 "GET /placement/allocation_candidates?limit=1000&resources=DISK_GB%3A1%2CMEMORY_MB%3A1024%2CVCPU%3A1&root_required=%21COMPUTE_STATUS_DISABLED" {{(pid=94426) __call__ /opt/stack/placement/placement/requestlog.py:55}}
Jul 08 17:27:03.526241 n-d-799527-4 devstack@placement-api.service[94427]: DEBUG placement.requestlog [req-bd120af5-86d8-4942-9758-fe0fee7dd51f req-191e2156-c668-4df8-8b93-41c6b68f8e1a None None] Starting request: 10.222.0.48 "GET /placement/allocation_candidates?limit=1000&resources=DISK_GB%3A1%2CMEMORY_MB%3A1024%2CVCPU%3A1&root_required=%21COMPUTE_STATUS_DISABLED" {{(pid=94427) __call__ /opt/stack/placement/placement/requestlog.py:55}}
Jul 08 17:27:03.549871 n-d-799527-4 devstack@placement-api.service[94426]: DEBUG placement.objects.research_context [req-e662e4e7-295d-4ec3-8da7-81b3fe70d0ae req-8489a375-5595-434d-8c09-5e4a53ab662d service placement] getting providers with 1 DISK_GB {{(pid=94426) __init__ /opt/stack/placement/placement/objects/research_context.py:126}}
Jul 08 17:27:03.568918 n-d-799527-4 devstack@placement-api.service[94426]: DEBUG placement.objects.research_context [req-e662e4e7-295d-4ec3-8da7-81b3fe70d0ae req-8489a375-5595-434d-8c09-5e4a53ab662d service placement] getting providers with 1024 MEMORY_MB {{(pid=94426) __init__ /opt/stack/placement/placement/objects/research_context.py:126}}
Jul 08 17:27:03.591253 n-d-799527-4 devstack@placement-api.service[94426]: DEBUG placement.objects.research_context [req-e662e4e7-295d-4ec3-8da7-81b3fe70d0ae req-8489a375-5595-434d-8c09-5e4a53ab662d service placement] getting providers with 1 VCPU {{(pid=94426) __init__ /opt/stack/placement/placement/objects/research_context.py:126}}
Jul 08 17:27:03.605495 n-d-799527-4 devstack@placement-api.service[94426]: DEBUG placement.objects.research_context [req-e662e4e7-295d-4ec3-8da7-81b3fe70d0ae req-8489a375-5595-434d-8c09-5e4a53ab662d service placement] found 2 providers with available 1 DISK_GB {{(pid=94426) get_provider_ids_matching /opt/stack/placement/placement/objects/research_context.py:549}}
Jul 08 17:27:03.607847 n-d-799527-4 devstack@placement-api.service[94426]: DEBUG placement.objects.research_context [req-e662e4e7-295d-4ec3-8da7-81b3fe70d0ae req-8489a375-5595-434d-8c09-5e4a53ab662d service placement] found 2 providers with available 1024 MEMORY_MB {{(pid=94426) get_provider_ids_matching /opt/stack/placement/placement/objects/research_context.py:549}}
Jul 08 17:27:03.608205 n-d-799527-4 devstack@placement-api.service[94426]: DEBUG placement.objects.research_context [req-e662e4e7-295d-4ec3-8da7-81b3fe70d0ae req-8489a375-5595-434d-8c09-5e4a53ab662d service placement] found 2 providers after filtering by previous result {{(pid=94426) get_provider_ids_matching /opt/stack/placement/placement/objects/research_context.py:580}}
Jul 08 17:27:03.608855 n-d-799527-4 devstack@placement-api.service[94426]: DEBUG placement.objects.research_context [req-e662e4e7-295d-4ec3-8da7-81b3fe70d0ae req-8489a375-5595-434d-8c09-5e4a53ab662d service placement] found 2 providers with available 1 VCPU {{(pid=94426) get_provider_ids_matching /opt/stack/placement/placement/objects/research_context.py:549}}
Jul 08 17:27:03.609273 n-d-799527-4 devstack@placement-api.service[94426]: DEBUG placement.objects.research_context [req-e662e4e7-295d-4ec3-8da7-81b3fe70d0ae req-8489a375-5595-434d-8c09-5e4a53ab662d service placement] found 2 providers after filtering by previous result {{(pid=94426) get_provider_ids_matching /opt/stack/placement/placement/objects/research_context.py:580}}
Jul 08 17:27:03.618364 n-d-799527-4 devstack@placement-api.service[94427]: DEBUG placement.objects.research_context [req-bd120af5-86d8-4942-9758-fe0fee7dd51f req-191e2156-c668-4df8-8b93-41c6b68f8e1a service placement] getting providers with 1 DISK_GB {{(pid=94427) __init__ /opt/stack/placement/placement/objects/research_context.py:126}}
Jul 08 17:27:03.637788 n-d-799527-4 devstack@placement-api.service[94426]: DEBUG placement.objects.allocation_candidate [req-e662e4e7-295d-4ec3-8da7-81b3fe70d0ae req-8489a375-5595-434d-8c09-5e4a53ab662d service placement] RequestGroup(use_same_provider=False, resources={DISK_GB:1, MEMORY_MB:1024, VCPU:1}, traits=[], aggregates=[]) (suffix '') returned 2 matches {{(pid=94426) _get_by_requests /opt/stack/placement/placement/objects/allocation_candidate.py:145}}
Jul 08 17:27:03.638594 n-d-799527-4 devstack@placement-api.service[94426]: DEBUG placement.objects.allocation_candidate [req-e662e4e7-295d-4ec3-8da7-81b3fe70d0ae req-8489a375-5595-434d-8c09-5e4a53ab662d service placement] Merging candidates yields 2 allocation requests and 2 provider summaries {{(pid=94426) _merge_candidates /opt/stack/placement/placement/objects/allocation_candidate.py:783}}
Jul 08 17:27:03.641140 n-d-799527-4 devstack@placement-api.service[94427]: DEBUG placement.objects.research_context [req-bd120af5-86d8-4942-9758-fe0fee7dd51f req-191e2156-c668-4df8-8b93-41c6b68f8e1a service placement] getting providers with 1024 MEMORY_MB {{(pid=94427) __init__ /opt/stack/placement/placement/objects/research_context.py:126}}
Jul 08 17:27:03.641716 n-d-799527-4 devstack@placement-api.service[94426]: INFO placement.requestlog [req-e662e4e7-295d-4ec3-8da7-81b3fe70d0ae req-8489a375-5595-434d-8c09-5e4a53ab662d service placement] 10.222.0.48 "GET /placement/allocation_candidates?limit=1000&resources=DISK_GB%3A1%2CMEMORY_MB%3A1024%2CVCPU%3A1&root_required=%21COMPUTE_STATUS_DISABLED" status: 200 len: 1306 microversion: 1.35
Jul 08 17:27:03.642194 n-d-799527-4 devstack@placement-api.service[94426]: [pid: 94426|app: 0|req: 429/856] 10.222.0.48 () {60 vars in 1507 bytes} [Thu Jul 8 17:27:03 2021] GET /placement/allocation_candidates?limit=1000&resources=DISK_GB%3A1%2CMEMORY_MB%3A1024%2CVCPU%3A1&root_required=%21COMPUTE_STATUS_DISABLED => generated 1306 bytes in 154 msecs (HTTP/1.1 200) 8 headers in 297 bytes (1 switches on core 0)
Jul 08 17:27:03.680179 n-d-799527-4 devstack@placement-api.service[94427]: DEBUG placement.objects.research_context [req-bd120af5-86d8-4942-9758-fe0fee7dd51f req-191e2156-c668-4df8-8b93-41c6b68f8e1a service placement] getting providers with 1 VCPU {{(pid=94427) __init__ /opt/stack/placement/placement/objects/research_context.py:126}}
Jul 08 17:27:03.703530 n-d-799527-4 devstack@placement-api.service[94427]: DEBUG placement.objects.research_context [req-bd120af5-86d8-4942-9758-fe0fee7dd51f req-191e2156-c668-4df8-8b93-41c6b68f8e1a service placement] found 2 providers with available 1 DISK_GB {{(pid=94427) get_provider_ids_matching /opt/stack/placement/placement/objects/research_context.py:549}}
Jul 08 17:27:03.704021 n-d-799527-4 devstack@placement-api.service[94427]: DEBUG placement.objects.research_context [req-bd120af5-86d8-4942-9758-fe0fee7dd51f req-191e2156-c668-4df8-8b93-41c6b68f8e1a service placement] found 2 providers with available 1024 MEMORY_MB {{(pid=94427) get_provider_ids_matching /opt/stack/placement/placement/objects/research_context.py:549}}
Jul 08 17:27:03.704482 n-d-799527-4 devstack@placement-api.service[94427]: DEBUG placement.objects.research_context [req-bd120af5-86d8-4942-9758-fe0fee7dd51f req-191e2156-c668-4df8-8b93-41c6b68f8e1a service placement] found 2 providers after filtering by previous result {{(pid=94427) get_provider_ids_matching /opt/stack/placement/placement/objects/research_context.py:580}}
Jul 08 17:27:03.704900 n-d-799527-4 devstack@placement-api.service[94427]: DEBUG placement.objects.research_context [req-bd120af5-86d8-4942-9758-fe0fee7dd51f req-191e2156-c668-4df8-8b93-41c6b68f8e1a service placement] found 2 providers with available 1 VCPU {{(pid=94427) get_provider_ids_matching /opt/stack/placement/placement/objects/research_context.py:549}}
Jul 08 17:27:03.705325 n-d-799527-4 devstack@placement-api.service[94427]: DEBUG placement.objects.research_context [req-bd120af5-86d8-4942-9758-fe0fee7dd51f req-191e2156-c668-4df8-8b93-41c6b68f8e1a service placement] found 2 providers after filtering by previous result {{(pid=94427) get_provider_ids_matching /opt/stack/placement/placement/objects/research_context.py:580}}
Jul 08 17:27:03.748085 n-d-799527-4 devstack@placement-api.service[94427]: DEBUG placement.objects.allocation_candidate [req-bd120af5-86d8-4942-9758-fe0fee7dd51f req-191e2156-c668-4df8-8b93-41c6b68f8e1a service placement] RequestGroup(use_same_provider=False, resources={DISK_GB:1, MEMORY_MB:1024, VCPU:1}, traits=[], aggregates=[]) (suffix '') returned 2 matches {{(pid=94427) _get_by_requests /opt/stack/placement/placement/objects/allocation_candidate.py:145}}
Jul 08 17:27:03.748488 n-d-799527-4 devstack@placement-api.service[94427]: DEBUG placement.objects.allocation_candidate [req-bd120af5-86d8-4942-9758-fe0fee7dd51f req-191e2156-c668-4df8-8b93-41c6b68f8e1a service placement] Merging candidates yields 2 allocation requests and 2 provider summaries {{(pid=94427) _merge_candidates /opt/stack/placement/placement/objects/allocation_candidate.py:783}}
Jul 08 17:27:03.750214 n-d-799527-4 devstack@placement-api.service[94427]: INFO placement.requestlog [req-bd120af5-86d8-4942-9758-fe0fee7dd51f req-191e2156-c668-4df8-8b93-41c6b68f8e1a service placement] 10.222.0.48 "GET /placement/allocation_candidates?limit=1000&resources=DISK_GB%3A1%2CMEMORY_MB%3A1024%2CVCPU%3A1&root_required=%21COMPUTE_STATUS_DISABLED" status: 200 len: 1306 microversion: 1.35
Jul 08 17:27:03.750737 n-d-799527-4 devstack@placement-api.service[94427]: [pid: 94427|app: 0|req: 428/857] 10.222.0.48 () {60 vars in 1507 bytes} [Thu Jul 8 17:27:03 2021] GET /placement/allocation_candidates?limit=1000&resources=DISK_GB%3A1%2CMEMORY_MB%3A1024%2CVCPU%3A1&root_required=%21COMPUTE_STATUS_DISABLED => generated 1306 bytes in 225 msecs (HTTP/1.1 200) 8 headers in 297 bytes (2 switches on core 0)
Jul 08 17:27:03.802751 n-d-799527-4 devstack@placement-api.service[94426]: DEBUG placement.requestlog [req-e662e4e7-295d-4ec3-8da7-81b3fe70d0ae req-694ad15f-a71d-47f5-ab68-ef0e502cb911 None None] Starting request: 10.222.0.48 "GET /placement/allocations/686148f2-d4c9-47cc-b9c2-d111d11cee28" {{(pid=94426) __call__ /opt/stack/placement/placement/requestlog.py:55}}
Jul 08 17:27:03.820658 n-d-799527-4 devstack@placement-api.service[94426]: INFO placement.requestlog [req-e662e4e7-295d-4ec3-8da7-81b3fe70d0ae req-694ad15f-a71d-47f5-ab68-ef0e502cb911 service placement] 10.222.0.48 "GET /placement/allocations/686148f2-d4c9-47cc-b9c2-d111d11cee28" status: 200 len: 19 microversion: 1.28
Jul 08 17:27:03.821758 n-d-799527-4 devstack@placement-api.service[94426]: [pid: 94426|app: 0|req: 430/858] 10.222.0.48 () {60 vars in 1381 bytes} [Thu Jul 8 17:27:03 2021] GET /placement/allocations/686148f2-d4c9-47cc-b9c2-d111d11cee28 => generated 19 bytes in 19 msecs (HTTP/1.1 200) 8 headers in 295 bytes (1 switches on core 0)
Jul 08 17:27:03.829652 n-d-799527-4 devstack@placement-api.service[94427]: DEBUG placement.requestlog [req-e662e4e7-295d-4ec3-8da7-81b3fe70d0ae req-f0eeb78c-9c48-4425-ae17-179b5c1f68e7 None None] Starting request: 10.222.0.48 "PUT /placement/allocations/686148f2-d4c9-47cc-b9c2-d111d11cee28" {{(pid=94427) __call__ /opt/stack/placement/placement/requestlog.py:55}}
Jul 08 17:27:03.875127 n-d-799527-4 devstack@placement-api.service[94426]: DEBUG placement.requestlog [req-bd120af5-86d8-4942-9758-fe0fee7dd51f req-9866f86a-38fc-45d4-b874-7c391df66bac None None] Starting request: 10.222.0.48 "GET /placement/allocations/b85e6312-ca52-42f1-a72d-93e1b28d7769" {{(pid=94426) __call__ /opt/stack/placement/placement/requestlog.py:55}}
Jul 08 17:27:03.899720 n-d-799527-4 devstack@placement-api.service[94426]: INFO placement.requestlog [req-bd120af5-86d8-4942-9758-fe0fee7dd51f req-9866f86a-38fc-45d4-b874-7c391df66bac service placement] 10.222.0.48 "GET /placement/allocations/b85e6312-ca52-42f1-a72d-93e1b28d7769" status: 200 len: 19 microversion: 1.28
Jul 08 17:27:03.904621 n-d-799527-4 devstack@placement-api.service[94426]: [pid: 94426|app: 0|req: 431/859] 10.222.0.48 () {60 vars in 1381 bytes} [Thu Jul 8 17:27:03 2021] GET /placement/allocations/b85e6312-ca52-42f1-a72d-93e1b28d7769 => generated 19 bytes in 29 msecs (HTTP/1.1 200) 8 headers in 295 bytes (1 switches on core 0)
Jul 08 17:27:03.906946 n-d-799527-4 devstack@placement-api.service[94426]: DEBUG placement.requestlog [req-bd120af5-86d8-4942-9758-fe0fee7dd51f req-400464de-cd57-4acb-9c24-5b46ca2395b1 None None] Starting request: 10.222.0.48 "PUT /placement/allocations/b85e6312-ca52-42f1-a72d-93e1b28d7769" {{(pid=94426) __call__ /opt/stack/placement/placement/requestlog.py:55}}
Jul 08 17:27:03.946915 n-d-799527-4 devstack@placement-api.service[94427]: DEBUG placement.handlers.allocation [req-e662e4e7-295d-4ec3-8da7-81b3fe70d0ae req-f0eeb78c-9c48-4425-ae17-179b5c1f68e7 service placement] Successfully wrote allocations [, , ] {{(pid=94427) _create_allocations /opt/stack/placement/placement/handlers/allocation.py:435}}
Jul 08 17:27:03.947410 n-d-799527-4 devstack@placement-api.service[94427]: INFO placement.requestlog [req-e662e4e7-295d-4ec3-8da7-81b3fe70d0ae req-f0eeb78c-9c48-4425-ae17-179b5c1f68e7 service placement] 10.222.0.48 "PUT /placement/allocations/686148f2-d4c9-47cc-b9c2-d111d11cee28" status: 204 len: 0 microversion: 1.35
Jul 08 17:27:03.948635 n-d-799527-4 devstack@placement-api.service[94427]: [pid: 94427|app: 0|req: 429/860] 10.222.0.48 () {64 vars in 1434 bytes} [Thu Jul 8 17:27:03 2021] PUT /placement/allocations/686148f2-d4c9-47cc-b9c2-d111d11cee28 => generated 0 bytes in 119 msecs (HTTP/1.1 204) 5 headers in 199 bytes (1 switches on core 0)
Jul 08 17:27:04.015123 n-d-799527-4 devstack@placement-api.service[94426]: DEBUG placement.objects.allocation [req-bd120af5-86d8-4942-9758-fe0fee7dd51f req-400464de-cd57-4acb-9c24-5b46ca2395b1 service placement] Retrying allocations write on resource provider generation conflict {{(pid=94426) replace_all /opt/stack/placement/placement/objects/allocation.py:505}}
Jul 08 17:27:04.098392 n-d-799527-4 devstack@placement-api.service[94426]: DEBUG placement.handlers.allocation [req-bd120af5-86d8-4942-9758-fe0fee7dd51f req-400464de-cd57-4acb-9c24-5b46ca2395b1 service placement] Successfully wrote allocations [, , ] {{(pid=94426) _create_allocations /opt/stack/placement/placement/handlers/allocation.py:435}}
Jul 08 17:27:04.099507 n-d-799527-4 devstack@placement-api.service[94426]: INFO placement.requestlog [req-bd120af5-86d8-4942-9758-fe0fee7dd51f req-400464de-cd57-4acb-9c24-5b46ca2395b1 service placement] 10.222.0.48 "PUT /placement/allocations/b85e6312-ca52-42f1-a72d-93e1b28d7769" status: 204 len: 0 microversion: 1.35
Jul 08 17:27:04.104821 n-d-799527-4 devstack@placement-api.service[94426]: [pid: 94426|app: 0|req: 432/861] 10.222.0.48 () {64 vars in 1434 bytes} [Thu Jul 8 17:27:03 2021] PUT /placement/allocations/b85e6312-ca52-42f1-a72d-93e1b28d7769 => generated 0 bytes in 194 msecs (HTTP/1.1 204) 5 headers in 199 bytes (1 switches on core 0)
Jul 08 17:27:04.764019 n-d-799527-4 devstack@placement-api.service[94427]: DEBUG placement.requestlog [req-e662e4e7-295d-4ec3-8da7-81b3fe70d0ae req-0f70cb3d-08f1-4943-a406-74362923d49d None None] Starting request: 10.222.0.53 "GET /placement/allocations/686148f2-d4c9-47cc-b9c2-d111d11cee28" {{(pid=94427) __call__ /opt/stack/placement/placement/requestlog.py:55}}
Jul 08 17:27:04.789725 n-d-799527-4 devstack@placement-api.service[94427]: INFO placement.requestlog [req-e662e4e7-295d-4ec3-8da7-81b3fe70d0ae req-0f70cb3d-08f1-4943-a406-74362923d49d service placement] 10.222.0.53 "GET /placement/allocations/686148f2-d4c9-47cc-b9c2-d111d11cee28" status: 200 len: 260 microversion: 1.28
Jul 08 17:27:04.790027 n-d-799527-4 devstack@placement-api.service[94427]: [pid: 94427|app: 0|req: 430/862] 10.222.0.53 () {60 vars in 1378 bytes} [Thu Jul 8 17:27:04 2021] GET /placement/allocations/686148f2-d4c9-47cc-b9c2-d111d11cee28 => generated 260 bytes in 26 msecs (HTTP/1.1 200) 8 headers in 296 bytes (1 switches on core 0)
Jul 08 17:27:05.627468 n-d-799527-4 devstack@placement-api.service[94426]: DEBUG placement.requestlog [req-6db9c848-f50b-4e9d-9632-6b8dd73c2611 req-eeb7d82d-329c-42bc-aca5-811896c21c47 None None] Starting request: 10.222.0.53 "GET /placement/allocations/d0190417-0b45-4119-be13-99b89d81acd9" {{(pid=94426) __call__ /opt/stack/placement/placement/requestlog.py:55}}
Jul 08 17:27:05.675226 n-d-799527-4 devstack@placement-api.service[94426]: INFO placement.requestlog [req-6db9c848-f50b-4e9d-9632-6b8dd73c2611 req-eeb7d82d-329c-42bc-aca5-811896c21c47 service placement] 10.222.0.53 "GET /placement/allocations/d0190417-0b45-4119-be13-99b89d81acd9" status: 200 len: 260 microversion: 1.28
Jul 08 17:27:05.676217 n-d-799527-4 devstack@placement-api.service[94426]: [pid: 94426|app: 0|req: 433/863] 10.222.0.53 () {60 vars in 1378 bytes} [Thu Jul 8 17:27:05 2021] GET /placement/allocations/d0190417-0b45-4119-be13-99b89d81acd9 => generated 260 bytes in 49 msecs (HTTP/1.1 200) 8 headers in 296 bytes (1 switches on core 0)
Jul 08 17:27:05.683184 n-d-799527-4 devstack@placement-api.service[94427]: DEBUG placement.requestlog [req-6db9c848-f50b-4e9d-9632-6b8dd73c2611 req-5d2f4461-7e50-431a-814d-2640d2a53010 None None] Starting request: 10.222.0.53 "PUT /placement/allocations/d0190417-0b45-4119-be13-99b89d81acd9" {{(pid=94427) __call__ /opt/stack/placement/placement/requestlog.py:55}}
Jul 08 17:27:05.821285 n-d-799527-4 devstack@placement-api.service[94427]: DEBUG placement.handlers.allocation [req-6db9c848-f50b-4e9d-9632-6b8dd73c2611 req-5d2f4461-7e50-431a-814d-2640d2a53010 service placement] Successfully wrote allocations [, , ] {{(pid=94427) _create_allocations /opt/stack/placement/placement/handlers/allocation.py:435}}
Jul 08 17:27:05.822077 n-d-799527-4 devstack@placement-api.service[94427]: INFO placement.requestlog [req-6db9c848-f50b-4e9d-9632-6b8dd73c2611 req-5d2f4461-7e50-431a-814d-2640d2a53010 service placement] 10.222.0.53 "PUT /placement/allocations/d0190417-0b45-4119-be13-99b89d81acd9" status: 204 len: 0 microversion: 1.28
Jul 08 17:27:05.823006 n-d-799527-4 devstack@placement-api.service[94427]: [pid: 94427|app: 0|req: 431/864] 10.222.0.53 () {64 vars in 1431 bytes} [Thu Jul 8 17:27:05 2021] PUT /placement/allocations/d0190417-0b45-4119-be13-99b89d81acd9 => generated 0 bytes in 140 msecs (HTTP/1.1 204) 5 headers in 199 bytes (1 switches on core 0)
Jul 08 17:27:13.464252 n-d-799527-4 devstack@placement-api.service[94426]: DEBUG placement.requestlog [req-bd120af5-86d8-4942-9758-fe0fee7dd51f req-4d502b50-f2b8-4313-b16c-052608fb075a None None] Starting request: 10.222.0.53 "GET /placement/allocations/b85e6312-ca52-42f1-a72d-93e1b28d7769" {{(pid=94426) __call__ /opt/stack/placement/placement/requestlog.py:55}}
Jul 08 17:27:13.501995 n-d-799527-4 devstack@placement-api.service[94426]: INFO placement.requestlog [req-bd120af5-86d8-4942-9758-fe0fee7dd51f req-4d502b50-f2b8-4313-b16c-052608fb075a service placement] 10.222.0.53 "GET /placement/allocations/b85e6312-ca52-42f1-a72d-93e1b28d7769" status: 200 len: 260 microversion: 1.28
Jul 08 17:27:13.502555 n-d-799527-4 devstack@placement-api.service[94426]: [pid: 94426|app: 0|req: 434/865] 10.222.0.53 () {60 vars in 1378 bytes} [Thu Jul 8 17:27:13 2021] GET /placement/allocations/b85e6312-ca52-42f1-a72d-93e1b28d7769 => generated 260 bytes in 38 msecs (HTTP/1.1 200) 8 headers in 296 bytes (1 switches on core 0)
Jul 08 17:27:18.343233 n-d-799527-4 devstack@placement-api.service[94427]: DEBUG placement.requestlog [req-02fdbcf8-5427-4584-af86-5e7006ae1235 req-96c68fcc-7cf2-4f5a-8bd9-38969ec55e81 None None] Starting request: 10.222.0.48 "GET /placement/allocation_candidates?limit=1000&resources=DISK_GB%3A1%2CMEMORY_MB%3A1024%2CVCPU%3A1&root_required=%21COMPUTE_STATUS_DISABLED" {{(pid=94427) __call__ /opt/stack/placement/placement/requestlog.py:55}}
Jul 08 17:27:18.411100 n-d-799527-4 devstack@placement-api.service[94427]: DEBUG placement.objects.research_context [req-02fdbcf8-5427-4584-af86-5e7006ae1235 req-96c68fcc-7cf2-4f5a-8bd9-38969ec55e81 service placement] getting providers with 1 DISK_GB {{(pid=94427) __init__ /opt/stack/placement/placement/objects/research_context.py:126}}
Jul 08 17:27:18.425686 n-d-799527-4 devstack@placement-api.service[94427]: DEBUG placement.objects.research_context [req-02fdbcf8-5427-4584-af86-5e7006ae1235 req-96c68fcc-7cf2-4f5a-8bd9-38969ec55e81 service placement] getting providers with 1024 MEMORY_MB {{(pid=94427) __init__ /opt/stack/placement/placement/objects/research_context.py:126}}
Jul 08 17:27:18.441310 n-d-799527-4 devstack@placement-api.service[94427]: DEBUG placement.objects.research_context [req-02fdbcf8-5427-4584-af86-5e7006ae1235 req-96c68fcc-7cf2-4f5a-8bd9-38969ec55e81 service placement] getting providers with 1 VCPU {{(pid=94427) __init__ /opt/stack/placement/placement/objects/research_context.py:126}}
Jul 08 17:27:18.478672 n-d-799527-4 devstack@placement-api.service[94427]: DEBUG placement.objects.research_context [req-02fdbcf8-5427-4584-af86-5e7006ae1235 req-96c68fcc-7cf2-4f5a-8bd9-38969ec55e81 service placement] found 2 providers with available 1 DISK_GB {{(pid=94427) get_provider_ids_matching /opt/stack/placement/placement/objects/research_context.py:549}}
Jul 08 17:27:18.479639 n-d-799527-4 devstack@placement-api.service[94427]: DEBUG placement.objects.research_context [req-02fdbcf8-5427-4584-af86-5e7006ae1235 req-96c68fcc-7cf2-4f5a-8bd9-38969ec55e81 service placement] found 2 providers with available 1024 MEMORY_MB {{(pid=94427) get_provider_ids_matching /opt/stack/placement/placement/objects/research_context.py:549}}
Jul 08 17:27:18.480189 n-d-799527-4 devstack@placement-api.service[94427]: DEBUG placement.objects.research_context [req-02fdbcf8-5427-4584-af86-5e7006ae1235 req-96c68fcc-7cf2-4f5a-8bd9-38969ec55e81 service placement] found 2 providers after filtering by previous result {{(pid=94427) get_provider_ids_matching /opt/stack/placement/placement/objects/research_context.py:580}}
Jul 08 17:27:18.482570 n-d-799527-4 devstack@placement-api.service[94427]: DEBUG placement.objects.research_context [req-02fdbcf8-5427-4584-af86-5e7006ae1235 req-96c68fcc-7cf2-4f5a-8bd9-38969ec55e81 service placement] found 2 providers with available 1 VCPU {{(pid=94427) get_provider_ids_matching /opt/stack/placement/placement/objects/research_context.py:549}}
Jul 08 17:27:18.483179 n-d-799527-4 devstack@placement-api.service[94427]: DEBUG placement.objects.research_context [req-02fdbcf8-5427-4584-af86-5e7006ae1235 req-96c68fcc-7cf2-4f5a-8bd9-38969ec55e81 service placement] found 2 providers after filtering by previous result {{(pid=94427) get_provider_ids_matching /opt/stack/placement/placement/objects/research_context.py:580}}
Jul 08 17:27:18.515192 n-d-799527-4 devstack@placement-api.service[94427]: DEBUG placement.objects.allocation_candidate [req-02fdbcf8-5427-4584-af86-5e7006ae1235 req-96c68fcc-7cf2-4f5a-8bd9-38969ec55e81 service placement] RequestGroup(use_same_provider=False, resources={DISK_GB:1, MEMORY_MB:1024, VCPU:1}, traits=[], aggregates=[]) (suffix '') returned 2 matches {{(pid=94427) _get_by_requests /opt/stack/placement/placement/objects/allocation_candidate.py:145}}
Jul 08 17:27:18.521182 n-d-799527-4 devstack@placement-api.service[94427]: DEBUG placement.objects.allocation_candidate [req-02fdbcf8-5427-4584-af86-5e7006ae1235 req-96c68fcc-7cf2-4f5a-8bd9-38969ec55e81 service placement] Merging candidates yields 2 allocation requests and 2 provider summaries {{(pid=94427) _merge_candidates /opt/stack/placement/placement/objects/allocation_candidate.py:783}}
Jul 08 17:27:18.524607 n-d-799527-4 devstack@placement-api.service[94427]: INFO placement.requestlog [req-02fdbcf8-5427-4584-af86-5e7006ae1235 req-96c68fcc-7cf2-4f5a-8bd9-38969ec55e81 service placement] 10.222.0.48 "GET /placement/allocation_candidates?limit=1000&resources=DISK_GB%3A1%2CMEMORY_MB%3A1024%2CVCPU%3A1&root_required=%21COMPUTE_STATUS_DISABLED" status: 200 len: 1306 microversion: 1.35
Jul 08 17:27:18.526323 n-d-799527-4 devstack@placement-api.service[94427]: [pid: 94427|app: 0|req: 432/866] 10.222.0.48 () {60 vars in 1507 bytes} [Thu Jul 8 17:27:18 2021] GET /placement/allocation_candidates?limit=1000&resources=DISK_GB%3A1%2CMEMORY_MB%3A1024%2CVCPU%3A1&root_required=%21COMPUTE_STATUS_DISABLED => generated 1306 bytes in 183 msecs (HTTP/1.1 200) 8 headers in 297 bytes (1 switches on core 0)
Jul 08 17:27:18.668995 n-d-799527-4 devstack@placement-api.service[94426]: DEBUG placement.requestlog [req-02fdbcf8-5427-4584-af86-5e7006ae1235 req-9d903adc-a846-4254-bb7d-bd80bd82f316 None None] Starting request: 10.222.0.48 "GET /placement/allocations/39cdf91a-1d7c-4a26-8718-b2d5daedbff7" {{(pid=94426) __call__ /opt/stack/placement/placement/requestlog.py:55}}
Jul 08 17:27:18.692629 n-d-799527-4 devstack@placement-api.service[94426]: INFO placement.requestlog [req-02fdbcf8-5427-4584-af86-5e7006ae1235 req-9d903adc-a846-4254-bb7d-bd80bd82f316 service placement] 10.222.0.48 "GET /placement/allocations/39cdf91a-1d7c-4a26-8718-b2d5daedbff7" status: 200 len: 19 microversion: 1.28
Jul 08 17:27:18.693491 n-d-799527-4 devstack@placement-api.service[94426]: [pid: 94426|app: 0|req: 435/867] 10.222.0.48 () {60 vars in 1381 bytes} [Thu Jul 8 17:27:18 2021] GET /placement/allocations/39cdf91a-1d7c-4a26-8718-b2d5daedbff7 => generated 19 bytes in 26 msecs (HTTP/1.1 200) 8 headers in 295 bytes (1 switches on core 0)
Jul 08 17:27:18.699266 n-d-799527-4 devstack@placement-api.service[94427]: DEBUG placement.requestlog [req-02fdbcf8-5427-4584-af86-5e7006ae1235 req-3d89bf27-33d2-4752-8a62-dba59b1a31ef None None] Starting request: 10.222.0.48 "PUT /placement/allocations/39cdf91a-1d7c-4a26-8718-b2d5daedbff7" {{(pid=94427) __call__ /opt/stack/placement/placement/requestlog.py:55}}
Jul 08 17:27:18.896808 n-d-799527-4 devstack@placement-api.service[94427]: DEBUG placement.handlers.allocation [req-02fdbcf8-5427-4584-af86-5e7006ae1235 req-3d89bf27-33d2-4752-8a62-dba59b1a31ef service placement] Successfully wrote allocations [, , ] {{(pid=94427) _create_allocations /opt/stack/placement/placement/handlers/allocation.py:435}}
Jul 08 17:27:18.898466 n-d-799527-4 devstack@placement-api.service[94427]: INFO placement.requestlog [req-02fdbcf8-5427-4584-af86-5e7006ae1235 req-3d89bf27-33d2-4752-8a62-dba59b1a31ef service placement] 10.222.0.48 "PUT /placement/allocations/39cdf91a-1d7c-4a26-8718-b2d5daedbff7" status: 204 len: 0 microversion: 1.35
Jul 08 17:27:18.899628 n-d-799527-4 devstack@placement-api.service[94427]: [pid: 94427|app: 0|req: 433/868] 10.222.0.48 () {64 vars in 1434 bytes} [Thu Jul 8 17:27:18 2021] PUT /placement/allocations/39cdf91a-1d7c-4a26-8718-b2d5daedbff7 => generated 0 bytes in 200 msecs (HTTP/1.1 204) 5 headers in 199 bytes (1 switches on core 0)
Jul 08 17:27:18.914563 n-d-799527-4 devstack@placement-api.service[94426]: DEBUG placement.requestlog [req-02fdbcf8-5427-4584-af86-5e7006ae1235 req-5a60ee78-5007-442d-920c-e73995ec3e91 None None] Starting request: 10.222.0.48 "GET /placement/allocations/f42e01a0-5fff-4b44-bd41-e3613dd97f37" {{(pid=94426) __call__ /opt/stack/placement/placement/requestlog.py:55}}
Jul 08 17:27:18.930648 n-d-799527-4 devstack@placement-api.service[94426]: INFO placement.requestlog [req-02fdbcf8-5427-4584-af86-5e7006ae1235 req-5a60ee78-5007-442d-920c-e73995ec3e91 service placement] 10.222.0.48 "GET /placement/allocations/f42e01a0-5fff-4b44-bd41-e3613dd97f37" status: 200 len: 19 microversion: 1.28
Jul 08 17:27:18.931470 n-d-799527-4 devstack@placement-api.service[94426]: [pid: 94426|app: 0|req: 436/869] 10.222.0.48 () {60 vars in 1381 bytes} [Thu Jul 8 17:27:18 2021] GET /placement/allocations/f42e01a0-5fff-4b44-bd41-e3613dd97f37 => generated 19 bytes in 17 msecs (HTTP/1.1 200) 8 headers in 295 bytes (2 switches on core 0)
Jul 08 17:27:18.938154 n-d-799527-4 devstack@placement-api.service[94427]: DEBUG placement.requestlog [req-02fdbcf8-5427-4584-af86-5e7006ae1235 req-b1881841-964f-4419-8b0f-aad09b0fa7ea None None] Starting request: 10.222.0.48 "PUT /placement/allocations/f42e01a0-5fff-4b44-bd41-e3613dd97f37" {{(pid=94427) __call__ /opt/stack/placement/placement/requestlog.py:55}}
Jul 08 17:27:19.050587 n-d-799527-4 devstack@placement-api.service[94427]: DEBUG placement.handlers.allocation [req-02fdbcf8-5427-4584-af86-5e7006ae1235 req-b1881841-964f-4419-8b0f-aad09b0fa7ea service placement] Successfully wrote allocations [, , ] {{(pid=94427) _create_allocations /opt/stack/placement/placement/handlers/allocation.py:435}}
Jul 08 17:27:19.051075 n-d-799527-4 devstack@placement-api.service[94427]: INFO placement.requestlog [req-02fdbcf8-5427-4584-af86-5e7006ae1235 req-b1881841-964f-4419-8b0f-aad09b0fa7ea service placement] 10.222.0.48 "PUT /placement/allocations/f42e01a0-5fff-4b44-bd41-e3613dd97f37" status: 204 len: 0 microversion: 1.35
Jul 08 17:27:19.057126 n-d-799527-4 devstack@placement-api.service[94427]: [pid: 94427|app: 0|req: 434/870] 10.222.0.48 () {64 vars in 1434 bytes} [Thu Jul 8 17:27:18 2021] PUT /placement/allocations/f42e01a0-5fff-4b44-bd41-e3613dd97f37 => generated 0 bytes in 114 msecs (HTTP/1.1 204) 5 headers in 199 bytes (1 switches on core 0)
Jul 08 17:27:19.066646 n-d-799527-4 devstack@placement-api.service[94426]: DEBUG placement.requestlog [req-02fdbcf8-5427-4584-af86-5e7006ae1235 req-657a4c9d-7078-45d3-a79a-fe200d5e5783 None None] Starting request: 10.222.0.48 "GET /placement/allocations/31d7e77e-0832-4c90-a9ea-3f14b440c229" {{(pid=94426) __call__ /opt/stack/placement/placement/requestlog.py:55}}
Jul 08 17:27:19.089598 n-d-799527-4 devstack@placement-api.service[94426]: INFO placement.requestlog [req-02fdbcf8-5427-4584-af86-5e7006ae1235 req-657a4c9d-7078-45d3-a79a-fe200d5e5783 service placement] 10.222.0.48 "GET /placement/allocations/31d7e77e-0832-4c90-a9ea-3f14b440c229" status: 200 len: 19 microversion: 1.28
Jul 08 17:27:19.092599 n-d-799527-4 devstack@placement-api.service[94426]: [pid: 94426|app: 0|req: 437/871] 10.222.0.48 () {60 vars in 1381 bytes} [Thu Jul 8 17:27:19 2021] GET /placement/allocations/31d7e77e-0832-4c90-a9ea-3f14b440c229 => generated 19 bytes in 26 msecs (HTTP/1.1 200) 8 headers in 295 bytes (1 switches on core 0)
Jul 08 17:27:19.098145 n-d-799527-4 devstack@placement-api.service[94427]: DEBUG placement.requestlog [req-02fdbcf8-5427-4584-af86-5e7006ae1235 req-d7fb8db1-fd56-49ee-bfc9-e2c985d3b260 None None] Starting request: 10.222.0.48 "PUT /placement/allocations/31d7e77e-0832-4c90-a9ea-3f14b440c229" {{(pid=94427) __call__ /opt/stack/placement/placement/requestlog.py:55}}
Jul 08 17:27:19.198342 n-d-799527-4 devstack@placement-api.service[94427]: DEBUG placement.handlers.allocation [req-02fdbcf8-5427-4584-af86-5e7006ae1235 req-d7fb8db1-fd56-49ee-bfc9-e2c985d3b260 service placement] Successfully wrote allocations [, , ] {{(pid=94427) _create_allocations /opt/stack/placement/placement/handlers/allocation.py:435}}
Jul 08 17:27:19.199487 n-d-799527-4 devstack@placement-api.service[94427]: INFO placement.requestlog [req-02fdbcf8-5427-4584-af86-5e7006ae1235 req-d7fb8db1-fd56-49ee-bfc9-e2c985d3b260 service placement] 10.222.0.48 "PUT /placement/allocations/31d7e77e-0832-4c90-a9ea-3f14b440c229" status: 204 len: 0 microversion: 1.35
Jul 08 17:27:19.200927 n-d-799527-4 devstack@placement-api.service[94427]: [pid: 94427|app: 0|req: 435/872] 10.222.0.48 () {64 vars in 1434 bytes} [Thu Jul 8 17:27:19 2021] PUT /placement/allocations/31d7e77e-0832-4c90-a9ea-3f14b440c229 => generated 0 bytes in 103 msecs (HTTP/1.1 204) 5 headers in 199 bytes (1 switches on core 0)
Jul 08 17:27:20.345666 n-d-799527-4 devstack@placement-api.service[94426]: DEBUG placement.requestlog [req-02fdbcf8-5427-4584-af86-5e7006ae1235 req-55055620-5a24-4a38-ba5d-2823e2ef034e None None] Starting request: 10.222.0.53 "GET /placement/allocations/39cdf91a-1d7c-4a26-8718-b2d5daedbff7" {{(pid=94426) __call__ /opt/stack/placement/placement/requestlog.py:55}}
Jul 08 17:27:20.373952 n-d-799527-4 devstack@placement-api.service[94426]: INFO placement.requestlog [req-02fdbcf8-5427-4584-af86-5e7006ae1235 req-55055620-5a24-4a38-ba5d-2823e2ef034e service placement] 10.222.0.53 "GET /placement/allocations/39cdf91a-1d7c-4a26-8718-b2d5daedbff7" status: 200 len: 260 microversion: 1.28
Jul 08 17:27:20.374910 n-d-799527-4 devstack@placement-api.service[94426]: [pid: 94426|app: 0|req: 438/873] 10.222.0.53 () {60 vars in 1378 bytes} [Thu Jul 8 17:27:20 2021] GET /placement/allocations/39cdf91a-1d7c-4a26-8718-b2d5daedbff7 => generated 260 bytes in 29 msecs (HTTP/1.1 200) 8 headers in 296 bytes (1 switches on core 0)
Jul 08 17:27:20.605409 n-d-799527-4 devstack@placement-api.service[94427]: DEBUG placement.requestlog [req-02fdbcf8-5427-4584-af86-5e7006ae1235 req-b6c35808-c2f1-4112-bc09-32882fef57b8 None None] Starting request: 10.222.0.53 "GET /placement/allocations/f42e01a0-5fff-4b44-bd41-e3613dd97f37" {{(pid=94427) __call__ /opt/stack/placement/placement/requestlog.py:55}}
Jul 08 17:27:20.657158 n-d-799527-4 devstack@placement-api.service[94427]: INFO placement.requestlog [req-02fdbcf8-5427-4584-af86-5e7006ae1235 req-b6c35808-c2f1-4112-bc09-32882fef57b8 service placement] 10.222.0.53 "GET /placement/allocations/f42e01a0-5fff-4b44-bd41-e3613dd97f37" status: 200 len: 260 microversion: 1.28
Jul 08 17:27:20.657809 n-d-799527-4 devstack@placement-api.service[94427]: [pid: 94427|app: 0|req: 436/874] 10.222.0.53 () {60 vars in 1378 bytes} [Thu Jul 8 17:27:20 2021] GET /placement/allocations/f42e01a0-5fff-4b44-bd41-e3613dd97f37 => generated 260 bytes in 53 msecs (HTTP/1.1 200) 8 headers in 296 bytes (1 switches on core 0)
