Jul 06 11:24:22.347890 n-d-799527-2 neutron-server[93814]: INFO neutron.wsgi [req-8e0b3f45-32ae-4097-921b-5778492930b4 req-75e99215-e5ba-4460-9aa4-75dccfd3a82c service neutron] 10.222.0.21 "GET /v2.0/networks/b3a19eba-5cff-4a79-8bb0-e4710c338a59?fields=provider%3Aphysical_network&fields=provider%3Anetwork_type HTTP/1.1" status: 200 len: 281 time: 0.1459434
Jul 06 11:24:22.904863 n-d-799527-2 neutron-server[93814]: DEBUG neutron.pecan_wsgi.hooks.policy_enforcement [req-c1327b71-eaba-4819-9775-5a87622566d9 req-21cd67b1-6b4e-4243-a351-640d4c01461a tempest-DeleteServersAdminTestJSON-1519542770 tempest-DeleteServersAdminTestJSON-1519542770-project] Attributes excluded by policy engine: ['standard_attr_id', 'binding:profile', 'binding:host_id', 'binding:vif_type', 'binding:vif_details'] {{(pid=93814) _exclude_attributes_by_policy /opt/stack/neutron/neutron/pecan_wsgi/hooks/policy_enforcement.py:255}}
Jul 06 11:24:22.907662 n-d-799527-2 neutron-server[93814]: INFO neutron.wsgi [req-c1327b71-eaba-4819-9775-5a87622566d9 req-21cd67b1-6b4e-4243-a351-640d4c01461a tempest-DeleteServersAdminTestJSON-1519542770 tempest-DeleteServersAdminTestJSON-1519542770-project] 10.222.0.21 "GET /v2.0/ports?device_id=a453a454-a231-412b-b668-e55cf4e51329 HTTP/1.1" status: 200 len: 948 time: 0.1555889
Jul 06 11:24:22.957373 n-d-799527-2 neutron-server[93814]: INFO neutron.wsgi [req-d3580e4b-a057-43c2-8296-f4ebb11a72da req-426db1f3-7b0e-4363-bd06-fc6d02d5abbc tempest-LiveMigrationTest-202807802 tempest-LiveMigrationTest-202807802-project] 10.222.0.21 "GET /v2.0/ports?device_id=395a505d-77ed-4db6-b38e-b9112a4b4f5f HTTP/1.1" status: 200 len: 210 time: 0.0480900
Jul 06 11:24:23.037583 n-d-799527-2 neutron-server[93814]: INFO neutron.wsgi [req-c1327b71-eaba-4819-9775-5a87622566d9 req-f31ad057-c42f-4d21-ba72-515f218935f3 tempest-DeleteServersAdminTestJSON-1519542770 tempest-DeleteServersAdminTestJSON-1519542770-project] 10.222.0.21 "GET /v2.0/security-groups?id=9d0c63d5-a55f-40bf-b26a-3c14d7558dff&fields=id&fields=name HTTP/1.1" status: 200 len: 286 time: 0.1151605
Jul 06 11:24:23.061036 n-d-799527-2 neutron-server[93816]: DEBUG neutron.plugins.ml2.rpc [None req-6eb59e07-94c1-42eb-abcc-d170ca426a53 None None] Device b00614aa-5e9c-4f1a-a8bb-c3651069d68e details requested by agent hyperv_n-h1-799527-2 with host n-h1-799527-2 {{(pid=93816) get_device_details /opt/stack/neutron/neutron/plugins/ml2/rpc.py:102}}
Jul 06 11:24:23.198915 n-d-799527-2 neutron-server[93816]: DEBUG neutron.plugins.ml2.db [None req-6eb59e07-94c1-42eb-abcc-d170ca426a53 None None] For port b00614aa-5e9c-4f1a-a8bb-c3651069d68e, host n-h1-799527-2, got binding levels [PortBindingLevel(driver='hyperv',host='n-h1-799527-2',level=0,port_id=b00614aa-5e9c-4f1a-a8bb-c3651069d68e,segment=NetworkSegment(40a59314-cebe-4194-b93d-9ea620764cb1),segment_id=40a59314-cebe-4194-b93d-9ea620764cb1)] {{(pid=93816) get_binding_level_objs /opt/stack/neutron/neutron/plugins/ml2/db.py:74}}
Jul 06 11:24:23.226096 n-d-799527-2 neutron-server[93816]: DEBUG neutron.plugins.ml2.rpc [None req-6eb59e07-94c1-42eb-abcc-d170ca426a53 None None] Returning: {'device': 'b00614aa-5e9c-4f1a-a8bb-c3651069d68e', 'network_id': 'b5c9b943-3aeb-4f98-8272-3d49e9f3239d', 'port_id': 'b00614aa-5e9c-4f1a-a8bb-c3651069d68e', 'mac_address': 'fa:16:3e:2d:8a:21', 'admin_state_up': True, 'network_type': 'vlan', 'segmentation_id': 523, 'physical_network': 'physnet1', 'mtu': 1500, 'fixed_ips': [{'subnet_id': '28c01b0f-4415-40cd-bdbf-82b35b2a295c', 'ip_address': '192.168.233.172'}], 'device_owner': 'compute:nova', 'allowed_address_pairs': [], 'port_security_enabled': True, 'qos_policy_id': None, 'network_qos_policy_id': None, 'profile': {}, 'propagate_uplink_status': False} {{(pid=93816) _get_device_details /opt/stack/neutron/neutron/plugins/ml2/rpc.py:184}}
Jul 06 11:24:23.302737 n-d-799527-2 neutron-server[93816]: DEBUG neutron_lib.callbacks.manager [None req-6eb59e07-94c1-42eb-abcc-d170ca426a53 None None] Notify callbacks ['neutron.plugins.ml2.plugin.SecurityGroupDbMixin._ensure_default_security_group_handler-754429'] for port, before_update {{(pid=93816) _notify_loop /usr/local/lib/python3.8/dist-packages/neutron_lib/callbacks/manager.py:192}}
Jul 06 11:24:23.331691 n-d-799527-2 neutron-server[93816]: DEBUG neutron.notifiers.nova [None req-6eb59e07-94c1-42eb-abcc-d170ca426a53 None None] Ignoring state change previous_port_status: DOWN current_port_status: BUILD port_id b00614aa-5e9c-4f1a-a8bb-c3651069d68e {{(pid=93816) record_port_status_changed /opt/stack/neutron/neutron/notifiers/nova.py:224}}
Jul 06 11:24:23.381954 n-d-799527-2 neutron-server[93816]: DEBUG neutron.plugins.ml2.db [None req-6eb59e07-94c1-42eb-abcc-d170ca426a53 None None] For port b00614aa-5e9c-4f1a-a8bb-c3651069d68e, host n-h1-799527-2, got binding levels [PortBindingLevel(driver='hyperv',host='n-h1-799527-2',level=0,port_id=b00614aa-5e9c-4f1a-a8bb-c3651069d68e,segment=NetworkSegment(40a59314-cebe-4194-b93d-9ea620764cb1),segment_id=40a59314-cebe-4194-b93d-9ea620764cb1)] {{(pid=93816) get_binding_level_objs /opt/stack/neutron/neutron/plugins/ml2/db.py:74}}
Jul 06 11:24:23.395964 n-d-799527-2 neutron-server[93816]: DEBUG neutron_lib.callbacks.manager [None req-6eb59e07-94c1-42eb-abcc-d170ca426a53 None None] Notify callbacks ['neutron.plugins.ml2.plugin.SecurityGroupServerNotifierRpcMixin.notify_sg_on_port_change-754481', 'neutron.plugins.ml2.ovo_rpc._ObjectChangeHandler.handle_event-8269468', 'neutron.api.rpc.agentnotifiers.dhcp_rpc_agent_api.DhcpAgentNotifyAPI._native_event_send_dhcp_notification-7925438', 'neutron.db.l3_db.L3RpcNotifierMixin._notify_gateway_port_ip_changed-8763113365288', 'neutron.db.l3_dvrscheduler_db._notify_l3_agent_port_update-8763112807671', 'neutron.db.l3_hascheduler_db._notify_l3_agent_ha_port_update-8763112810792'] for port, after_update {{(pid=93816) _notify_loop /usr/local/lib/python3.8/dist-packages/neutron_lib/callbacks/manager.py:192}}
Jul 06 11:24:23.399090 n-d-799527-2 neutron-server[93816]: DEBUG neutron.plugins.ml2.rpc [None req-6eb59e07-94c1-42eb-abcc-d170ca426a53 None None] Device 211a10da-e49a-45f7-b42c-6504756aa2dc details requested by agent hyperv_n-h1-799527-2 with host n-h1-799527-2 {{(pid=93816) get_device_details /opt/stack/neutron/neutron/plugins/ml2/rpc.py:102}}
Jul 06 11:24:23.475034 n-d-799527-2 neutron-server[93816]: DEBUG neutron.plugins.ml2.db [None req-6eb59e07-94c1-42eb-abcc-d170ca426a53 None None] For port 211a10da-e49a-45f7-b42c-6504756aa2dc, host n-h1-799527-2, got binding levels [PortBindingLevel(driver='hyperv',host='n-h1-799527-2',level=0,port_id=211a10da-e49a-45f7-b42c-6504756aa2dc,segment=NetworkSegment(40a59314-cebe-4194-b93d-9ea620764cb1),segment_id=40a59314-cebe-4194-b93d-9ea620764cb1)] {{(pid=93816) get_binding_level_objs /opt/stack/neutron/neutron/plugins/ml2/db.py:74}}
Jul 06 11:24:23.506920 n-d-799527-2 neutron-server[93816]: DEBUG neutron.plugins.ml2.rpc [None req-6eb59e07-94c1-42eb-abcc-d170ca426a53 None None] Returning: {'device': '211a10da-e49a-45f7-b42c-6504756aa2dc', 'network_id': 'b5c9b943-3aeb-4f98-8272-3d49e9f3239d', 'port_id': '211a10da-e49a-45f7-b42c-6504756aa2dc', 'mac_address': 'fa:16:3e:a1:10:93', 'admin_state_up': True, 'network_type': 'vlan', 'segmentation_id': 523, 'physical_network': 'physnet1', 'mtu': 1500, 'fixed_ips': [{'subnet_id': '28c01b0f-4415-40cd-bdbf-82b35b2a295c', 'ip_address': '192.168.233.133'}], 'device_owner': 'compute:tempest-test_az-1865251824', 'allowed_address_pairs': [], 'port_security_enabled': True, 'qos_policy_id': None, 'network_qos_policy_id': None, 'profile': {}, 'propagate_uplink_status': False} {{(pid=93816) _get_device_details /opt/stack/neutron/neutron/plugins/ml2/rpc.py:184}}
Jul 06 11:24:23.623049 n-d-799527-2 neutron-server[93817]: DEBUG neutron.db.agents_db [None req-ebbbc73c-853d-4661-be16-f539f31c87ad None None] Agent healthcheck: found 7 active agents {{(pid=93817) agent_health_check /opt/stack/neutron/neutron/db/agents_db.py:317}}
Jul 06 11:24:23.655377 n-d-799527-2 neutron-server[93814]: DEBUG neutron.pecan_wsgi.hooks.policy_enforcement [req-2053b3e6-3429-492f-91f6-dd6c7dce0a90 req-d41f68ac-4cb4-4b59-9052-507947e3415f tempest-AggregatesAdminTestJSON-724589425 tempest-AggregatesAdminTestJSON-724589425-project] Attributes excluded by policy engine: ['standard_attr_id', 'binding:profile', 'binding:host_id', 'binding:vif_type', 'binding:vif_details'] {{(pid=93814) _exclude_attributes_by_policy /opt/stack/neutron/neutron/pecan_wsgi/hooks/policy_enforcement.py:255}}
Jul 06 11:24:23.660012 n-d-799527-2 neutron-server[93814]: INFO neutron.wsgi [req-2053b3e6-3429-492f-91f6-dd6c7dce0a90 req-d41f68ac-4cb4-4b59-9052-507947e3415f tempest-AggregatesAdminTestJSON-724589425 tempest-AggregatesAdminTestJSON-724589425-project] 10.222.0.21 "GET /v2.0/ports?device_id=6abae4ba-e653-4d8d-a800-ee9677a8874c HTTP/1.1" status: 200 len: 970 time: 0.1470480
Jul 06 11:24:23.689983 n-d-799527-2 neutron-server[93816]: DEBUG neutron_lib.callbacks.manager [None req-6eb59e07-94c1-42eb-abcc-d170ca426a53 None None] Notify callbacks ['neutron.plugins.ml2.plugin.SecurityGroupDbMixin._ensure_default_security_group_handler-754429'] for port, before_update {{(pid=93816) _notify_loop /usr/local/lib/python3.8/dist-packages/neutron_lib/callbacks/manager.py:192}}
Jul 06 11:24:23.709847 n-d-799527-2 neutron-server[93816]: DEBUG neutron.notifiers.nova [None req-6eb59e07-94c1-42eb-abcc-d170ca426a53 None None] Ignoring state change previous_port_status: DOWN current_port_status: BUILD port_id 211a10da-e49a-45f7-b42c-6504756aa2dc {{(pid=93816) record_port_status_changed /opt/stack/neutron/neutron/notifiers/nova.py:224}}
Jul 06 11:24:23.718287 n-d-799527-2 neutron-server[93816]: DEBUG neutron.api.rpc.handlers.resources_rpc [None req-6eb59e07-94c1-42eb-abcc-d170ca426a53 None None] Pushing event updated for resources: {'Port': ['ID=b00614aa-5e9c-4f1a-a8bb-c3651069d68e,revision_number=4']} {{(pid=93816) push /opt/stack/neutron/neutron/api/rpc/handlers/resources_rpc.py:237}}
Jul 06 11:24:23.731416 n-d-799527-2 neutron-server[93816]: DEBUG neutron.api.rpc.callbacks.version_manager [None req-6eb59e07-94c1-42eb-abcc-d170ca426a53 None None] Version for resource type AddressGroup changed None to 1.2 on consumer Open vSwitch agent@n-d-799527-2 {{(pid=93816) _set_version /opt/stack/neutron/neutron/api/rpc/callbacks/version_manager.py:113}}
Jul 06 11:24:23.732186 n-d-799527-2 neutron-server[93816]: DEBUG neutron.api.rpc.callbacks.version_manager [None req-6eb59e07-94c1-42eb-abcc-d170ca426a53 None None] Version for resource type ConntrackHelper changed None to 1.0 on consumer Open vSwitch agent@n-d-799527-2 {{(pid=93816) _set_version /opt/stack/neutron/neutron/api/rpc/callbacks/version_manager.py:113}}
Jul 06 11:24:23.732671 n-d-799527-2 neutron-server[93816]: DEBUG neutron.api.rpc.callbacks.version_manager [None req-6eb59e07-94c1-42eb-abcc-d170ca426a53 None None] Version for resource type Log changed None to 1.0 on consumer Open vSwitch agent@n-d-799527-2 {{(pid=93816) _set_version /opt/stack/neutron/neutron/api/rpc/callbacks/version_manager.py:113}}
Jul 06 11:24:23.733178 n-d-799527-2 neutron-server[93816]: DEBUG neutron.api.rpc.callbacks.version_manager [None req-6eb59e07-94c1-42eb-abcc-d170ca426a53 None None] Version for resource type Network changed None to 1.1 on consumer Open vSwitch agent@n-d-799527-2 {{(pid=93816) _set_version /opt/stack/neutron/neutron/api/rpc/callbacks/version_manager.py:113}}
Jul 06 11:24:23.733667 n-d-799527-2 neutron-server[93816]: DEBUG neutron.api.rpc.callbacks.version_manager [None req-6eb59e07-94c1-42eb-abcc-d170ca426a53 None None] Version for resource type Port changed None to 1.7 on consumer Open vSwitch agent@n-d-799527-2 {{(pid=93816) _set_version /opt/stack/neutron/neutron/api/rpc/callbacks/version_manager.py:113}}
Jul 06 11:24:23.734143 n-d-799527-2 neutron-server[93816]: DEBUG neutron.api.rpc.callbacks.version_manager [None req-6eb59e07-94c1-42eb-abcc-d170ca426a53 None None] Version for resource type PortForwarding changed None to 1.2 on consumer Open vSwitch agent@n-d-799527-2 {{(pid=93816) _set_version /opt/stack/neutron/neutron/api/rpc/callbacks/version_manager.py:113}}
Jul 06 11:24:23.734615 n-d-799527-2 neutron-server[93816]: DEBUG neutron.api.rpc.callbacks.version_manager [None req-6eb59e07-94c1-42eb-abcc-d170ca426a53 None None] Version for resource type QosPolicy changed None to 1.8 on consumer Open vSwitch agent@n-d-799527-2 {{(pid=93816) _set_version /opt/stack/neutron/neutron/api/rpc/callbacks/version_manager.py:113}}
Jul 06 11:24:23.735080 n-d-799527-2 neutron-server[93816]: DEBUG neutron.api.rpc.callbacks.version_manager [None req-6eb59e07-94c1-42eb-abcc-d170ca426a53 None None] Version for resource type SecurityGroup changed None to 1.4 on consumer Open vSwitch agent@n-d-799527-2 {{(pid=93816) _set_version /opt/stack/neutron/neutron/api/rpc/callbacks/version_manager.py:113}}
Jul 06 11:24:23.735713 n-d-799527-2 neutron-server[93816]: DEBUG neutron.api.rpc.callbacks.version_manager [None req-6eb59e07-94c1-42eb-abcc-d170ca426a53 None None] Version for resource type SecurityGroupRule changed None to 1.2 on consumer Open vSwitch agent@n-d-799527-2 {{(pid=93816) _set_version /opt/stack/neutron/neutron/api/rpc/callbacks/version_manager.py:113}}
Jul 06 11:24:23.736183 n-d-799527-2 neutron-server[93816]: DEBUG neutron.api.rpc.callbacks.version_manager [None req-6eb59e07-94c1-42eb-abcc-d170ca426a53 None None] Version for resource type SubPort changed None to 1.0 on consumer Open vSwitch agent@n-d-799527-2 {{(pid=93816) _set_version /opt/stack/neutron/neutron/api/rpc/callbacks/version_manager.py:113}}
Jul 06 11:24:23.736807 n-d-799527-2 neutron-server[93816]: DEBUG neutron.api.rpc.callbacks.version_manager [None req-6eb59e07-94c1-42eb-abcc-d170ca426a53 None None] Version for resource type Subnet changed None to 1.1 on consumer Open vSwitch agent@n-d-799527-2 {{(pid=93816) _set_version /opt/stack/neutron/neutron/api/rpc/callbacks/version_manager.py:113}}
Jul 06 11:24:23.737361 n-d-799527-2 neutron-server[93816]: DEBUG neutron.api.rpc.callbacks.version_manager [None req-6eb59e07-94c1-42eb-abcc-d170ca426a53 None None] Version for resource type Trunk changed None to 1.1 on consumer Open vSwitch agent@n-d-799527-2 {{(pid=93816) _set_version /opt/stack/neutron/neutron/api/rpc/callbacks/version_manager.py:113}}
Jul 06 11:24:23.739008 n-d-799527-2 neutron-server[93816]: DEBUG neutron.api.rpc.callbacks.version_manager [None req-6eb59e07-94c1-42eb-abcc-d170ca426a53 None None] Tracked resource versions report:
Jul 06 11:24:23.739008 n-d-799527-2 neutron-server[93816]: pushed versions:
Jul 06 11:24:23.739008 n-d-799527-2 neutron-server[93816]: { 'AddressGroup': {'1.2'},
Jul 06 11:24:23.739008 n-d-799527-2 neutron-server[93816]: 'ConntrackHelper': {'1.0'},
Jul 06 11:24:23.739008 n-d-799527-2 neutron-server[93816]: 'Log': {'1.0'},
Jul 06 11:24:23.739008 n-d-799527-2 neutron-server[93816]: 'Network': {'1.1'},
Jul 06 11:24:23.739008 n-d-799527-2 neutron-server[93816]: 'Port': {'1.7'},
Jul 06 11:24:23.739008 n-d-799527-2 neutron-server[93816]: 'PortForwarding': {'1.2'},
Jul 06 11:24:23.739008 n-d-799527-2 neutron-server[93816]: 'QosPolicy': {'1.8'},
Jul 06 11:24:23.739008 n-d-799527-2 neutron-server[93816]: 'SecurityGroup': {'1.4'},
Jul 06 11:24:23.739008 n-d-799527-2 neutron-server[93816]: 'SecurityGroupRule': {'1.2'},
Jul 06 11:24:23.739008 n-d-799527-2 neutron-server[93816]: 'SubPort': {'1.0'},
Jul 06 11:24:23.739008 n-d-799527-2 neutron-server[93816]: 'Subnet': {'1.1'},
Jul 06 11:24:23.739008 n-d-799527-2 neutron-server[93816]: 'Trunk': {'1.1'}}
Jul 06 11:24:23.739008 n-d-799527-2 neutron-server[93816]: consumer versions:
Jul 06 11:24:23.739008 n-d-799527-2 neutron-server[93816]: { DHCP agent@n-d-799527-2: {},
Jul 06 11:24:23.739008 n-d-799527-2 neutron-server[93816]: HyperV agent@n-h1-799527-2: {},
Jul 06 11:24:23.739008 n-d-799527-2 neutron-server[93816]: HyperV agent@n-h2-799527-2: {},
Jul 06 11:24:23.739008 n-d-799527-2 neutron-server[93816]: L3 agent@n-d-799527-2: {},
Jul 06 11:24:23.739008 n-d-799527-2 neutron-server[93816]: Metadata agent@n-d-799527-2: {},
Jul 06 11:24:23.739008 n-d-799527-2 neutron-server[93816]: Metering agent@n-d-799527-2: {},
Jul 06 11:24:23.739008 n-d-799527-2 neutron-server[93816]: Open vSwitch agent@n-d-799527-2: { 'AddressGroup': '1.2',
Jul 06 11:24:23.739008 n-d-799527-2 neutron-server[93816]: 'ConntrackHelper': '1.0',
Jul 06 11:24:23.739008 n-d-799527-2 neutron-server[93816]: 'Log': '1.0',
Jul 06 11:24:23.739008 n-d-799527-2 neutron-server[93816]: 'Network': '1.1',
Jul 06 11:24:23.739008 n-d-799527-2 neutron-server[93816]: 'Port': '1.7',
Jul 06 11:24:23.739008 n-d-799527-2 neutron-server[93816]: 'PortForwarding': '1.2',
Jul 06 11:24:23.739008 n-d-799527-2 neutron-server[93816]: 'QosPolicy': '1.8',
Jul 06 11:24:23.739008 n-d-799527-2 neutron-server[93816]: 'SecurityGroup': '1.4',
Jul 06 11:24:23.739008 n-d-799527-2 neutron-server[93816]: 'SecurityGroupRule': '1.2',
Jul 06 11:24:23.739008 n-d-799527-2 neutron-server[93816]: 'SubPort': '1.0',
Jul 06 11:24:23.739008 n-d-799527-2 neutron-server[93816]: 'Subnet': '1.1',
Jul 06 11:24:23.739008 n-d-799527-2 neutron-server[93816]: 'Trunk': '1.1'}}
Jul 06 11:24:23.739008 n-d-799527-2 neutron-server[93816]: {{(pid=93816) report /opt/stack/neutron/neutron/api/rpc/callbacks/version_manager.py:175}}
Jul 06 11:24:23.767580 n-d-799527-2 neutron-server[93816]: DEBUG neutron.plugins.ml2.db [None req-6eb59e07-94c1-42eb-abcc-d170ca426a53 None None] For port 211a10da-e49a-45f7-b42c-6504756aa2dc, host n-h1-799527-2, got binding levels [PortBindingLevel(driver='hyperv',host='n-h1-799527-2',level=0,port_id=211a10da-e49a-45f7-b42c-6504756aa2dc,segment=NetworkSegment(40a59314-cebe-4194-b93d-9ea620764cb1),segment_id=40a59314-cebe-4194-b93d-9ea620764cb1)] {{(pid=93816) get_binding_level_objs /opt/stack/neutron/neutron/plugins/ml2/db.py:74}}
Jul 06 11:24:23.780140 n-d-799527-2 neutron-server[93816]: DEBUG neutron_lib.callbacks.manager [None req-6eb59e07-94c1-42eb-abcc-d170ca426a53 None None] Notify callbacks ['neutron.plugins.ml2.plugin.SecurityGroupServerNotifierRpcMixin.notify_sg_on_port_change-754481', 'neutron.plugins.ml2.ovo_rpc._ObjectChangeHandler.handle_event-8269468', 'neutron.api.rpc.agentnotifiers.dhcp_rpc_agent_api.DhcpAgentNotifyAPI._native_event_send_dhcp_notification-7925438', 'neutron.db.l3_db.L3RpcNotifierMixin._notify_gateway_port_ip_changed-8763113365288', 'neutron.db.l3_dvrscheduler_db._notify_l3_agent_port_update-8763112807671', 'neutron.db.l3_hascheduler_db._notify_l3_agent_ha_port_update-8763112810792'] for port, after_update {{(pid=93816) _notify_loop /usr/local/lib/python3.8/dist-packages/neutron_lib/callbacks/manager.py:192}}
Jul 06 11:24:23.808591 n-d-799527-2 neutron-server[93814]: INFO neutron.wsgi [req-2053b3e6-3429-492f-91f6-dd6c7dce0a90 req-3f4b370f-ca1f-49a8-9795-60041660eefa tempest-AggregatesAdminTestJSON-724589425 tempest-AggregatesAdminTestJSON-724589425-project] 10.222.0.21 "GET /v2.0/security-groups?id=4997c041-185f-404c-8094-1ea9ea7c0791&fields=id&fields=name HTTP/1.1" status: 200 len: 286 time: 0.1361794
Jul 06 11:24:23.926176 n-d-799527-2 neutron-server[93816]: DEBUG neutron.api.rpc.handlers.resources_rpc [None req-6eb59e07-94c1-42eb-abcc-d170ca426a53 None None] Pushing event updated for resources: {'Port': ['ID=211a10da-e49a-45f7-b42c-6504756aa2dc,revision_number=4']} {{(pid=93816) push /opt/stack/neutron/neutron/api/rpc/handlers/resources_rpc.py:237}}
Jul 06 11:24:24.092129 n-d-799527-2 neutron-server[93815]: DEBUG neutron.wsgi [-] (93815) accepted ('10.222.0.21', 52944) {{(pid=93815) server /usr/local/lib/python3.8/dist-packages/eventlet/wsgi.py:982}}
Jul 06 11:24:24.141386 n-d-799527-2 neutron-server[93815]: DEBUG neutron.wsgi [-] (93815) accepted ('10.222.0.21', 52950) {{(pid=93815) server /usr/local/lib/python3.8/dist-packages/eventlet/wsgi.py:982}}
Jul 06 11:24:24.278555 n-d-799527-2 neutron-server[93814]: INFO neutron.wsgi [req-f04fa4a2-e4b9-4cba-8aa6-14696ef757ff req-b676b440-7942-4112-9e09-918b85224f9a tempest-LiveMigrationTest-202807802 tempest-LiveMigrationTest-202807802-project] 10.222.0.21 "GET /v2.0/ports?device_id=395a505d-77ed-4db6-b38e-b9112a4b4f5f HTTP/1.1" status: 200 len: 210 time: 0.0355532
Jul 06 11:24:24.288297 n-d-799527-2 neutron-server[93816]: DEBUG neutron.plugins.ml2.db [None req-6eb59e07-94c1-42eb-abcc-d170ca426a53 None None] get_ports_and_sgs() called for port_ids ['211a10da-e49a-45f7-b42c-6504756aa2dc'] {{(pid=93816) get_ports_and_sgs /opt/stack/neutron/neutron/plugins/ml2/db.py:156}}
Jul 06 11:24:24.370096 n-d-799527-2 neutron-server[93816]: DEBUG neutron.plugins.ml2.db [None req-6eb59e07-94c1-42eb-abcc-d170ca426a53 None None] get_ports_and_sgs() called for port_ids ['b00614aa-5e9c-4f1a-a8bb-c3651069d68e'] {{(pid=93816) get_ports_and_sgs /opt/stack/neutron/neutron/plugins/ml2/db.py:156}}
Jul 06 11:24:24.633869 n-d-799527-2 neutron-server[93815]: DEBUG neutron.wsgi [-] (93815) accepted ('10.222.0.86', 64351) {{(pid=93815) server /usr/local/lib/python3.8/dist-packages/eventlet/wsgi.py:982}}
Jul 06 11:24:24.762247 n-d-799527-2 neutron-server[93814]: DEBUG neutron.pecan_wsgi.hooks.policy_enforcement [req-ac294352-6a23-4570-92ef-cba7e09d1fc6 req-bf470d61-3a28-4820-aba0-87f6fd8681d3 tempest-DeleteServersAdminTestJSON-1519542770 tempest-DeleteServersAdminTestJSON-1519542770-project] Attributes excluded by policy engine: ['standard_attr_id', 'binding:profile', 'binding:host_id', 'binding:vif_type', 'binding:vif_details'] {{(pid=93814) _exclude_attributes_by_policy /opt/stack/neutron/neutron/pecan_wsgi/hooks/policy_enforcement.py:255}}
Jul 06 11:24:24.769513 n-d-799527-2 neutron-server[93814]: INFO neutron.wsgi [req-ac294352-6a23-4570-92ef-cba7e09d1fc6 req-bf470d61-3a28-4820-aba0-87f6fd8681d3 tempest-DeleteServersAdminTestJSON-1519542770 tempest-DeleteServersAdminTestJSON-1519542770-project] 10.222.0.21 "GET /v2.0/ports?device_id=a453a454-a231-412b-b668-e55cf4e51329 HTTP/1.1" status: 200 len: 949 time: 0.1913419
Jul 06 11:24:24.896151 n-d-799527-2 neutron-server[93814]: INFO neutron.wsgi [req-ac294352-6a23-4570-92ef-cba7e09d1fc6 req-a45424de-f111-4cf6-b505-506f60bf8c23 tempest-DeleteServersAdminTestJSON-1519542770 tempest-DeleteServersAdminTestJSON-1519542770-project] 10.222.0.21 "GET /v2.0/security-groups?id=9d0c63d5-a55f-40bf-b26a-3c14d7558dff&fields=id&fields=name HTTP/1.1" status: 200 len: 286 time: 0.1171658
Jul 06 11:24:24.906225 n-d-799527-2 neutron-server[93815]: DEBUG neutron_lib.callbacks.manager [None req-5655c5e0-065d-41a0-9e98-60c227610c34 admin admin] Notify callbacks [] for security_group, before_create {{(pid=93815) _notify_loop /usr/local/lib/python3.8/dist-packages/neutron_lib/callbacks/manager.py:192}}
Jul 06 11:24:24.956656 n-d-799527-2 neutron-server[93814]: DEBUG neutron.wsgi [-] (93814) accepted ('10.222.0.21', 52966) {{(pid=93814) server /usr/local/lib/python3.8/dist-packages/eventlet/wsgi.py:982}}
Jul 06 11:24:24.977196 n-d-799527-2 neutron-server[93815]: DEBUG neutron_lib.callbacks.manager [None req-181dbf29-59c0-4fc7-a2ab-3221340153dc admin admin] Notify callbacks [] for security_group, before_create {{(pid=93815) _notify_loop /usr/local/lib/python3.8/dist-packages/neutron_lib/callbacks/manager.py:192}}
Jul 06 11:24:25.177129 n-d-799527-2 neutron-server[93814]: DEBUG neutron_lib.callbacks.manager [None req-b19b6835-0f99-4d83-809a-15782c26be78 admin admin] Notify callbacks [] for security_group, before_create {{(pid=93814) _notify_loop /usr/local/lib/python3.8/dist-packages/neutron_lib/callbacks/manager.py:192}}
Jul 06 11:24:25.229593 n-d-799527-2 neutron-server[93815]: DEBUG neutron.pecan_wsgi.hooks.policy_enforcement [req-8e0b3f45-32ae-4097-921b-5778492930b4 req-c2ade1bf-bc9c-4354-83b5-86c66db6da25 tempest-LiveMigrationTest-202807802 tempest-LiveMigrationTest-202807802-project] Attributes excluded by policy engine: ['standard_attr_id', 'vlan_transparent', 'provider:network_type', 'provider:physical_network', 'provider:segmentation_id'] {{(pid=93815) _exclude_attributes_by_policy /opt/stack/neutron/neutron/pecan_wsgi/hooks/policy_enforcement.py:255}}
Jul 06 11:24:25.231938 n-d-799527-2 neutron-server[93815]: INFO neutron.wsgi [req-8e0b3f45-32ae-4097-921b-5778492930b4 req-c2ade1bf-bc9c-4354-83b5-86c66db6da25 tempest-LiveMigrationTest-202807802 tempest-LiveMigrationTest-202807802-project] 10.222.0.86 "GET /v2.0/networks?id=b3a19eba-5cff-4a79-8bb0-e4710c338a59 HTTP/1.1" status: 200 len: 807 time: 0.5959771
Jul 06 11:24:25.296697 n-d-799527-2 neutron-server[93815]: DEBUG neutron.api.v2.base [req-8e0b3f45-32ae-4097-921b-5778492930b4 req-5a199d03-c602-4e14-8852-cabdb182454f tempest-LiveMigrationTest-202807802 tempest-LiveMigrationTest-202807802-project] Request body: {'port': {'device_id': '395a505d-77ed-4db6-b38e-b9112a4b4f5f', 'network_id': 'b3a19eba-5cff-4a79-8bb0-e4710c338a59', 'admin_state_up': True, 'tenant_id': '07789db484674e1da7cc9ccb7d200675'}} {{(pid=93815) prepare_request_body /opt/stack/neutron/neutron/api/v2/base.py:729}}
Jul 06 11:24:25.457793 n-d-799527-2 neutron-server[93814]: DEBUG neutron.wsgi [-] (93814) accepted ('10.222.0.21', 52980) {{(pid=93814) server /usr/local/lib/python3.8/dist-packages/eventlet/wsgi.py:982}}
Jul 06 11:24:25.468262 n-d-799527-2 neutron-server[93815]: DEBUG neutron_lib.callbacks.manager [None req-5655c5e0-065d-41a0-9e98-60c227610c34 admin admin] Notify callbacks [] for security_group, precommit_create {{(pid=93815) _notify_loop /usr/local/lib/python3.8/dist-packages/neutron_lib/callbacks/manager.py:192}}
Jul 06 11:24:25.494631 n-d-799527-2 neutron-server[93815]: DEBUG neutron_lib.callbacks.manager [None req-5655c5e0-065d-41a0-9e98-60c227610c34 admin admin] Notify callbacks ['neutron.plugins.ml2.ovo_rpc._ObjectChangeHandler.handle_payload_event-8040556'] for security_group, after_create {{(pid=93815) _notify_loop /usr/local/lib/python3.8/dist-packages/neutron_lib/callbacks/manager.py:192}}
Jul 06 11:24:25.505496 n-d-799527-2 neutron-server[93814]: DEBUG neutron.pecan_wsgi.hooks.policy_enforcement [req-fd8f2112-380f-4e9b-bf80-6da568479ad8 req-f9381417-3059-4a06-bcb8-d35162146ef1 tempest-AggregatesAdminTestJSON-724589425 tempest-AggregatesAdminTestJSON-724589425-project] Attributes excluded by policy engine: ['standard_attr_id', 'binding:profile', 'binding:host_id', 'binding:vif_type', 'binding:vif_details'] {{(pid=93814) _exclude_attributes_by_policy /opt/stack/neutron/neutron/pecan_wsgi/hooks/policy_enforcement.py:255}}
Jul 06 11:24:25.510018 n-d-799527-2 neutron-server[93814]: INFO neutron.wsgi [req-fd8f2112-380f-4e9b-bf80-6da568479ad8 req-f9381417-3059-4a06-bcb8-d35162146ef1 tempest-AggregatesAdminTestJSON-724589425 tempest-AggregatesAdminTestJSON-724589425-project] 10.222.0.21 "GET /v2.0/ports?device_id=6abae4ba-e653-4d8d-a800-ee9677a8874c HTTP/1.1" status: 200 len: 971 time: 0.1815290
Jul 06 11:24:25.557083 n-d-799527-2 neutron-server[93814]: DEBUG neutron.wsgi [-] (93814) accepted ('10.222.0.21', 52984) {{(pid=93814) server /usr/local/lib/python3.8/dist-packages/eventlet/wsgi.py:982}}
Jul 06 11:24:25.557503 n-d-799527-2 neutron-server[93815]: INFO neutron.wsgi [None req-5655c5e0-065d-41a0-9e98-60c227610c34 admin admin] 10.222.0.21 "GET /v2.0/security-groups?tenant_id=6fbd2ce3e566445d8bd1ee93d5031669&name=default HTTP/1.1" status: 200 len: 2979 time: 1.4546311
Jul 06 11:24:25.649323 n-d-799527-2 neutron-server[93814]: DEBUG neutron_lib.db.api [None req-b19b6835-0f99-4d83-809a-15782c26be78 admin admin] Retry wrapper got retriable exception: (pymysql.err.OperationalError) (1213, 'Deadlock found when trying to get lock; try restarting transaction')
Jul 06 11:24:25.649323 n-d-799527-2 neutron-server[93814]: [SQL: DELETE FROM reservations WHERE reservations.project_id = %(project_id_1)s AND reservations.expiration < %(expiration_1)s]
Jul 06 11:24:25.649323 n-d-799527-2 neutron-server[93814]: [parameters: {'project_id_1': 'df4ec2aa3d40434ea28835aa4fdd76af', 'expiration_1': datetime.datetime(2021, 7, 6, 11, 24, 25, 205599)}]
Jul 06 11:24:25.649323 n-d-799527-2 neutron-server[93814]: (Background on this error at: http://sqlalche.me/e/14/e3q8) {{(pid=93814) wrapped /usr/local/lib/python3.8/dist-packages/neutron_lib/db/api.py:183}}
Jul 06 11:24:25.650189 n-d-799527-2 neutron-server[93814]: DEBUG oslo_db.api [None req-b19b6835-0f99-4d83-809a-15782c26be78 admin admin] Performing DB retry for function neutron.db.securitygroups_db.SecurityGroupDbMixin.create_security_group {{(pid=93814) wrapper /usr/local/lib/python3.8/dist-packages/oslo_db/api.py:155}}
Jul 06 11:24:25.722665 n-d-799527-2 neutron-server[93814]: INFO neutron.wsgi [req-fd8f2112-380f-4e9b-bf80-6da568479ad8 req-f683a686-c789-4b8d-9258-bab2336bcef2 tempest-AggregatesAdminTestJSON-724589425 tempest-AggregatesAdminTestJSON-724589425-project] 10.222.0.21 "GET /v2.0/security-groups?id=4997c041-185f-404c-8094-1ea9ea7c0791&fields=id&fields=name HTTP/1.1" status: 200 len: 286 time: 0.1999097
Jul 06 11:24:25.767996 n-d-799527-2 neutron-server[93814]: DEBUG neutron_lib.callbacks.manager [None req-839f304e-cc8e-449b-b78a-f1f68eae60b8 admin admin] Notify callbacks [] for security_group, before_delete {{(pid=93814) _notify_loop /usr/local/lib/python3.8/dist-packages/neutron_lib/callbacks/manager.py:192}}
Jul 06 11:24:25.769880 n-d-799527-2 neutron-server[93815]: DEBUG neutron.api.rpc.handlers.resources_rpc [None req-5655c5e0-065d-41a0-9e98-60c227610c34 admin admin] Pushing event updated for resources: {'SecurityGroup': ['ID=ff15a73c-065a-42b9-9db4-09cf3c18c0bd,revision_number=1']} {{(pid=93815) push /opt/stack/neutron/neutron/api/rpc/handlers/resources_rpc.py:237}}
Jul 06 11:24:25.813915 n-d-799527-2 neutron-server[93814]: DEBUG neutron_lib.callbacks.manager [None req-98a30ca4-f504-429c-b7c6-641cb79274a1 admin admin] Notify callbacks [] for security_group, before_create {{(pid=93814) _notify_loop /usr/local/lib/python3.8/dist-packages/neutron_lib/callbacks/manager.py:192}}
Jul 06 11:24:25.831613 n-d-799527-2 neutron-server[93814]: DEBUG neutron_lib.callbacks.manager [None req-839f304e-cc8e-449b-b78a-f1f68eae60b8 admin admin] Notify callbacks [] for security_group, precommit_delete {{(pid=93814) _notify_loop /usr/local/lib/python3.8/dist-packages/neutron_lib/callbacks/manager.py:192}}
Jul 06 11:24:25.982227 n-d-799527-2 neutron-server[93815]: DEBUG neutron_lib.callbacks.manager [None req-181dbf29-59c0-4fc7-a2ab-3221340153dc admin admin] Notify callbacks [] for security_group, precommit_create {{(pid=93815) _notify_loop /usr/local/lib/python3.8/dist-packages/neutron_lib/callbacks/manager.py:192}}
Jul 06 11:24:26.004858 n-d-799527-2 neutron-server[93815]: DEBUG neutron_lib.callbacks.manager [None req-181dbf29-59c0-4fc7-a2ab-3221340153dc admin admin] Notify callbacks ['neutron.plugins.ml2.ovo_rpc._ObjectChangeHandler.handle_payload_event-8040556'] for security_group, after_create {{(pid=93815) _notify_loop /usr/local/lib/python3.8/dist-packages/neutron_lib/callbacks/manager.py:192}}
Jul 06 11:24:26.066273 n-d-799527-2 neutron-server[93814]: INFO neutron.wsgi [req-76d17550-17c7-4a0d-bbc0-6cb8adf88c2b req-712f2e0b-1090-40cd-897d-c8e4cee9a1e5 tempest-LiveMigrationTest-202807802 tempest-LiveMigrationTest-202807802-project] 10.222.0.21 "GET /v2.0/ports?device_id=395a505d-77ed-4db6-b38e-b9112a4b4f5f HTTP/1.1" status: 200 len: 210 time: 0.0876672
Jul 06 11:24:26.068713 n-d-799527-2 neutron-server[93814]: DEBUG neutron_lib.callbacks.manager [None req-839f304e-cc8e-449b-b78a-f1f68eae60b8 admin admin] Notify callbacks ['neutron.plugins.ml2.ovo_rpc._ObjectChangeHandler.handle_payload_event-8040556'] for security_group, after_delete {{(pid=93814) _notify_loop /usr/local/lib/python3.8/dist-packages/neutron_lib/callbacks/manager.py:192}}
Jul 06 11:24:26.075946 n-d-799527-2 neutron-server[93814]: DEBUG neutron_lib.callbacks.manager [None req-839f304e-cc8e-449b-b78a-f1f68eae60b8 admin admin] Notify callbacks [] for security_group, before_response {{(pid=93814) _notify_loop /usr/local/lib/python3.8/dist-packages/neutron_lib/callbacks/manager.py:192}}
Jul 06 11:24:26.078081 n-d-799527-2 neutron-server[93814]: INFO neutron.wsgi [None req-839f304e-cc8e-449b-b78a-f1f68eae60b8 admin admin] 10.222.0.21 "DELETE /v2.0/security-groups/ff15a73c-065a-42b9-9db4-09cf3c18c0bd HTTP/1.1" status: 204 len: 168 time: 0.5184462
Jul 06 11:24:26.139554 n-d-799527-2 neutron-server[93815]: DEBUG neutron.api.rpc.handlers.resources_rpc [None req-181dbf29-59c0-4fc7-a2ab-3221340153dc admin admin] Pushing event updated for resources: {'SecurityGroup': ['ID=2fb010eb-b522-4f8a-ab10-de26580c432e,revision_number=1']} {{(pid=93815) push /opt/stack/neutron/neutron/api/rpc/handlers/resources_rpc.py:237}}
Jul 06 11:24:26.186562 n-d-799527-2 neutron-server[93815]: DEBUG neutron.pecan_wsgi.hooks.quota_enforcement [req-8e0b3f45-32ae-4097-921b-5778492930b4 req-5a199d03-c602-4e14-8852-cabdb182454f tempest-LiveMigrationTest-202807802 tempest-LiveMigrationTest-202807802-project] Made reservation on behalf of 07789db484674e1da7cc9ccb7d200675 for: {'port': 1} {{(pid=93815) before /opt/stack/neutron/neutron/pecan_wsgi/hooks/quota_enforcement.py:53}}
Jul 06 11:24:26.204598 n-d-799527-2 neutron-server[93815]: DEBUG neutron_lib.callbacks.manager [req-8e0b3f45-32ae-4097-921b-5778492930b4 req-5a199d03-c602-4e14-8852-cabdb182454f tempest-LiveMigrationTest-202807802 tempest-LiveMigrationTest-202807802-project] Notify callbacks ['neutron.plugins.ml2.plugin.SecurityGroupDbMixin._ensure_default_security_group_handler-754429'] for port, before_create {{(pid=93815) _notify_loop /usr/local/lib/python3.8/dist-packages/neutron_lib/callbacks/manager.py:192}}
Jul 06 11:24:26.255667 n-d-799527-2 neutron-server[93814]: DEBUG neutron_lib.callbacks.manager [None req-98a30ca4-f504-429c-b7c6-641cb79274a1 admin admin] Notify callbacks [] for security_group, precommit_create {{(pid=93814) _notify_loop /usr/local/lib/python3.8/dist-packages/neutron_lib/callbacks/manager.py:192}}
Jul 06 11:24:26.259005 n-d-799527-2 neutron-server[93814]: DEBUG neutron_lib.callbacks.manager [None req-b19b6835-0f99-4d83-809a-15782c26be78 admin admin] Notify callbacks [] for security_group, before_create {{(pid=93814) _notify_loop /usr/local/lib/python3.8/dist-packages/neutron_lib/callbacks/manager.py:192}}
Jul 06 11:24:26.276198 n-d-799527-2 neutron-server[93814]: DEBUG neutron_lib.callbacks.manager [None req-98a30ca4-f504-429c-b7c6-641cb79274a1 admin admin] Notify callbacks ['neutron.plugins.ml2.ovo_rpc._ObjectChangeHandler.handle_payload_event-8040556'] for security_group, after_create {{(pid=93814) _notify_loop /usr/local/lib/python3.8/dist-packages/neutron_lib/callbacks/manager.py:192}}
Jul 06 11:24:26.285497 n-d-799527-2 neutron-server[93814]: DEBUG neutron.api.rpc.handlers.resources_rpc [None req-839f304e-cc8e-449b-b78a-f1f68eae60b8 admin admin] Pushing event deleted for resources: {'SecurityGroup': ['ID=ff15a73c-065a-42b9-9db4-09cf3c18c0bd,revision_number=None']} {{(pid=93814) push /opt/stack/neutron/neutron/api/rpc/handlers/resources_rpc.py:237}}
Jul 06 11:24:26.306032 n-d-799527-2 neutron-server[93815]: INFO neutron.wsgi [None req-181dbf29-59c0-4fc7-a2ab-3221340153dc admin admin] 10.222.0.21 "GET /v2.0/security-groups?tenant_id=7166fdabfaf64a1fae7d3d05f636b91d&name=default HTTP/1.1" status: 200 len: 2979 time: 2.1585350
Jul 06 11:24:26.308747 n-d-799527-2 neutron-server[93815]: DEBUG neutron.wsgi [-] (93815) accepted ('10.222.0.21', 52996) {{(pid=93815) server /usr/local/lib/python3.8/dist-packages/eventlet/wsgi.py:982}}
Jul 06 11:24:26.391246 n-d-799527-2 neutron-server[93814]: INFO neutron.wsgi [None req-98a30ca4-f504-429c-b7c6-641cb79274a1 admin admin] 10.222.0.21 "GET /v2.0/security-groups?tenant_id=769dd7dff1354e27b94da4992dc5240a&name=default HTTP/1.1" status: 200 len: 2979 time: 0.9319820
Jul 06 11:24:26.406148 n-d-799527-2 neutron-server[93814]: DEBUG neutron.wsgi [-] (93814) accepted ('10.222.0.21', 53002) {{(pid=93814) server /usr/local/lib/python3.8/dist-packages/eventlet/wsgi.py:982}}
Jul 06 11:24:26.460073 n-d-799527-2 neutron-server[93814]: DEBUG neutron.api.rpc.handlers.resources_rpc [None req-98a30ca4-f504-429c-b7c6-641cb79274a1 admin admin] Pushing event updated for resources: {'SecurityGroup': ['ID=8b36ac71-1319-4a55-8327-5194d0443b2f,revision_number=1']} {{(pid=93814) push /opt/stack/neutron/neutron/api/rpc/handlers/resources_rpc.py:237}}
Jul 06 11:24:26.709266 n-d-799527-2 neutron-server[93814]: DEBUG neutron.pecan_wsgi.hooks.policy_enforcement [req-4c72a427-a72c-46ee-87a2-0e2a0743810c req-641b988d-d218-42fe-8eb8-20a0aa54abac tempest-DeleteServersAdminTestJSON-1519542770 tempest-DeleteServersAdminTestJSON-1519542770-project] Attributes excluded by policy engine: ['standard_attr_id', 'binding:profile', 'binding:host_id', 'binding:vif_type', 'binding:vif_details'] {{(pid=93814) _exclude_attributes_by_policy /opt/stack/neutron/neutron/pecan_wsgi/hooks/policy_enforcement.py:255}}
Jul 06 11:24:26.720012 n-d-799527-2 neutron-server[93814]: INFO neutron.wsgi [req-4c72a427-a72c-46ee-87a2-0e2a0743810c req-641b988d-d218-42fe-8eb8-20a0aa54abac tempest-DeleteServersAdminTestJSON-1519542770 tempest-DeleteServersAdminTestJSON-1519542770-project] 10.222.0.21 "GET /v2.0/ports?device_id=a453a454-a231-412b-b668-e55cf4e51329 HTTP/1.1" status: 200 len: 949 time: 0.3086727
Jul 06 11:24:26.737972 n-d-799527-2 neutron-server[93814]: DEBUG neutron_lib.callbacks.manager [None req-62790043-2195-4213-ac94-50bf6ab8e353 admin admin] Notify callbacks [] for security_group, before_delete {{(pid=93814) _notify_loop /usr/local/lib/python3.8/dist-packages/neutron_lib/callbacks/manager.py:192}}
Jul 06 11:24:26.756680 n-d-799527-2 neutron-server[93815]: DEBUG neutron_lib.callbacks.manager [None req-122ab004-8d58-49d2-ad1e-b677041c2de0 admin admin] Notify callbacks [] for security_group, before_delete {{(pid=93815) _notify_loop /usr/local/lib/python3.8/dist-packages/neutron_lib/callbacks/manager.py:192}}
Jul 06 11:24:26.851322 n-d-799527-2 neutron-server[93814]: DEBUG neutron_lib.callbacks.manager [None req-62790043-2195-4213-ac94-50bf6ab8e353 admin admin] Notify callbacks [] for security_group, precommit_delete {{(pid=93814) _notify_loop /usr/local/lib/python3.8/dist-packages/neutron_lib/callbacks/manager.py:192}}
Jul 06 11:24:26.854948 n-d-799527-2 neutron-server[93815]: DEBUG neutron_lib.callbacks.manager [None req-122ab004-8d58-49d2-ad1e-b677041c2de0 admin admin] Notify callbacks [] for security_group, precommit_delete {{(pid=93815) _notify_loop /usr/local/lib/python3.8/dist-packages/neutron_lib/callbacks/manager.py:192}}
Jul 06 11:24:26.875561 n-d-799527-2 neutron-server[93814]: DEBUG neutron_lib.callbacks.manager [None req-b19b6835-0f99-4d83-809a-15782c26be78 admin admin] Notify callbacks [] for security_group, precommit_create {{(pid=93814) _notify_loop /usr/local/lib/python3.8/dist-packages/neutron_lib/callbacks/manager.py:192}}
Jul 06 11:24:26.878510 n-d-799527-2 neutron-server[93815]: DEBUG neutron.db.db_base_plugin_common [req-8e0b3f45-32ae-4097-921b-5778492930b4 req-5a199d03-c602-4e14-8852-cabdb182454f tempest-LiveMigrationTest-202807802 tempest-LiveMigrationTest-202807802-project] Allocated IP 172.20.0.11 (b3a19eba-5cff-4a79-8bb0-e4710c338a59/cf76e788-9096-4a29-a54c-95736c762e71/70be238f-b9a4-460c-a58c-0e459e098ebc) {{(pid=93815) _store_ip_allocation /opt/stack/neutron/neutron/db/db_base_plugin_common.py:131}}
Jul 06 11:24:26.900804 n-d-799527-2 neutron-server[93814]: DEBUG neutron_lib.callbacks.manager [None req-b19b6835-0f99-4d83-809a-15782c26be78 admin admin] Notify callbacks ['neutron.plugins.ml2.ovo_rpc._ObjectChangeHandler.handle_payload_event-8040556'] for security_group, after_create {{(pid=93814) _notify_loop /usr/local/lib/python3.8/dist-packages/neutron_lib/callbacks/manager.py:192}}
Jul 06 11:24:26.950181 n-d-799527-2 neutron-server[93814]: INFO neutron.wsgi [req-4c72a427-a72c-46ee-87a2-0e2a0743810c req-3db20666-db90-4363-91d7-4a5e78c22e8f tempest-DeleteServersAdminTestJSON-1519542770 tempest-DeleteServersAdminTestJSON-1519542770-project] 10.222.0.21 "GET /v2.0/security-groups?id=9d0c63d5-a55f-40bf-b26a-3c14d7558dff&fields=id&fields=name HTTP/1.1" status: 200 len: 286 time: 0.2044990
Jul 06 11:24:26.966399 n-d-799527-2 neutron-server[93814]: DEBUG neutron.wsgi [-] (93814) accepted ('10.222.0.21', 53016) {{(pid=93814) server /usr/local/lib/python3.8/dist-packages/eventlet/wsgi.py:982}}
Jul 06 11:24:26.981710 n-d-799527-2 neutron-server[93814]: INFO neutron.wsgi [None req-b19b6835-0f99-4d83-809a-15782c26be78 admin admin] 10.222.0.21 "GET /v2.0/security-groups?tenant_id=df4ec2aa3d40434ea28835aa4fdd76af&name=default HTTP/1.1" status: 200 len: 2979 time: 2.0215707
Jul 06 11:24:26.986694 n-d-799527-2 neutron-server[93814]: DEBUG neutron.wsgi [-] (93814) accepted ('10.222.0.21', 53018) {{(pid=93814) server /usr/local/lib/python3.8/dist-packages/eventlet/wsgi.py:982}}
Jul 06 11:24:26.988174 n-d-799527-2 neutron-server[93814]: DEBUG neutron.api.rpc.handlers.resources_rpc [None req-b19b6835-0f99-4d83-809a-15782c26be78 admin admin] Pushing event updated for resources: {'SecurityGroup': ['ID=23d63769-8836-48cd-9ba3-921cdec1319f,revision_number=1']} {{(pid=93814) push /opt/stack/neutron/neutron/api/rpc/handlers/resources_rpc.py:237}}
Jul 06 11:24:27.032887 n-d-799527-2 neutron-server[93814]: DEBUG neutron_lib.callbacks.manager [None req-cc356c3a-78c4-43a9-aa1a-526be2e44371 admin admin] Notify callbacks [] for security_group, before_create {{(pid=93814) _notify_loop /usr/local/lib/python3.8/dist-packages/neutron_lib/callbacks/manager.py:192}}
Jul 06 11:24:27.036509 n-d-799527-2 neutron-server[93816]: DEBUG neutron.plugins.ml2.rpc [None req-6eb59e07-94c1-42eb-abcc-d170ca426a53 None None] Device b00614aa-5e9c-4f1a-a8bb-c3651069d68e up at agent hyperv_n-h1-799527-2 {{(pid=93816) update_device_up /opt/stack/neutron/neutron/plugins/ml2/rpc.py:296}}
Jul 06 11:24:27.115404 n-d-799527-2 neutron-server[93814]: DEBUG neutron_lib.callbacks.manager [None req-62790043-2195-4213-ac94-50bf6ab8e353 admin admin] Notify callbacks ['neutron.plugins.ml2.ovo_rpc._ObjectChangeHandler.handle_payload_event-8040556'] for security_group, after_delete {{(pid=93814) _notify_loop /usr/local/lib/python3.8/dist-packages/neutron_lib/callbacks/manager.py:192}}
Jul 06 11:24:27.121863 n-d-799527-2 neutron-server[93815]: DEBUG neutron_lib.callbacks.manager [None req-122ab004-8d58-49d2-ad1e-b677041c2de0 admin admin] Notify callbacks ['neutron.plugins.ml2.ovo_rpc._ObjectChangeHandler.handle_payload_event-8040556'] for security_group, after_delete {{(pid=93815) _notify_loop /usr/local/lib/python3.8/dist-packages/neutron_lib/callbacks/manager.py:192}}
Jul 06 11:24:27.127128 n-d-799527-2 neutron-server[93814]: DEBUG neutron_lib.callbacks.manager [None req-62790043-2195-4213-ac94-50bf6ab8e353 admin admin] Notify callbacks [] for security_group, before_response {{(pid=93814) _notify_loop /usr/local/lib/python3.8/dist-packages/neutron_lib/callbacks/manager.py:192}}
Jul 06 11:24:27.128530 n-d-799527-2 neutron-server[93814]: INFO neutron.wsgi [None req-62790043-2195-4213-ac94-50bf6ab8e353 admin admin] 10.222.0.21 "DELETE /v2.0/security-groups/8b36ac71-1319-4a55-8327-5194d0443b2f HTTP/1.1" status: 204 len: 168 time: 0.7212057
Jul 06 11:24:27.137069 n-d-799527-2 neutron-server[93815]: DEBUG neutron_lib.callbacks.manager [None req-122ab004-8d58-49d2-ad1e-b677041c2de0 admin admin] Notify callbacks [] for security_group, before_response {{(pid=93815) _notify_loop /usr/local/lib/python3.8/dist-packages/neutron_lib/callbacks/manager.py:192}}
Jul 06 11:24:27.142042 n-d-799527-2 neutron-server[93815]: INFO neutron.wsgi [None req-122ab004-8d58-49d2-ad1e-b677041c2de0 admin admin] 10.222.0.21 "DELETE /v2.0/security-groups/2fb010eb-b522-4f8a-ab10-de26580c432e HTTP/1.1" status: 204 len: 168 time: 0.8274090
Jul 06 11:24:27.161005 n-d-799527-2 neutron-server[93816]: DEBUG neutron.db.provisioning_blocks [None req-6eb59e07-94c1-42eb-abcc-d170ca426a53 None None] Provisioning for port b00614aa-5e9c-4f1a-a8bb-c3651069d68e completed by entity L2. {{(pid=93816) provisioning_complete /opt/stack/neutron/neutron/db/provisioning_blocks.py:133}}
Jul 06 11:24:27.169897 n-d-799527-2 neutron-server[93816]: DEBUG neutron.db.provisioning_blocks [None req-6eb59e07-94c1-42eb-abcc-d170ca426a53 None None] Provisioning complete for port b00614aa-5e9c-4f1a-a8bb-c3651069d68e triggered by entity L2. {{(pid=93816) provisioning_complete /opt/stack/neutron/neutron/db/provisioning_blocks.py:139}}
Jul 06 11:24:27.170671 n-d-799527-2 neutron-server[93816]: DEBUG neutron_lib.callbacks.manager [None req-6eb59e07-94c1-42eb-abcc-d170ca426a53 None None] Notify callbacks ['neutron.plugins.ml2.plugin.Ml2Plugin._port_provisioned-7676784'] for port, provisioning_complete {{(pid=93816) _notify_loop /usr/local/lib/python3.8/dist-packages/neutron_lib/callbacks/manager.py:192}}
Jul 06 11:24:27.176666 n-d-799527-2 neutron-server[93814]: DEBUG neutron.api.rpc.handlers.resources_rpc [None req-62790043-2195-4213-ac94-50bf6ab8e353 admin admin] Pushing event deleted for resources: {'SecurityGroup': ['ID=8b36ac71-1319-4a55-8327-5194d0443b2f,revision_number=None']} {{(pid=93814) push /opt/stack/neutron/neutron/api/rpc/handlers/resources_rpc.py:237}}
Jul 06 11:24:27.263097 n-d-799527-2 neutron-server[93814]: DEBUG neutron_lib.callbacks.manager [None req-a871a5c0-9519-4ef1-9709-26781dcff396 admin admin] Notify callbacks [] for security_group, before_delete {{(pid=93814) _notify_loop /usr/local/lib/python3.8/dist-packages/neutron_lib/callbacks/manager.py:192}}
Jul 06 11:24:27.401517 n-d-799527-2 neutron-server[93815]: DEBUG neutron.api.rpc.handlers.resources_rpc [None req-122ab004-8d58-49d2-ad1e-b677041c2de0 admin admin] Pushing event deleted for resources: {'SecurityGroup': ['ID=2fb010eb-b522-4f8a-ab10-de26580c432e,revision_number=None']} {{(pid=93815) push /opt/stack/neutron/neutron/api/rpc/handlers/resources_rpc.py:237}}
Jul 06 11:24:27.407008 n-d-799527-2 neutron-server[93814]: DEBUG neutron_lib.callbacks.manager [None req-a871a5c0-9519-4ef1-9709-26781dcff396 admin admin] Notify callbacks [] for security_group, precommit_delete {{(pid=93814) _notify_loop /usr/local/lib/python3.8/dist-packages/neutron_lib/callbacks/manager.py:192}}
Jul 06 11:24:27.629193 n-d-799527-2 neutron-server[93815]: DEBUG neutron_lib.callbacks.manager [req-8e0b3f45-32ae-4097-921b-5778492930b4 req-5a199d03-c602-4e14-8852-cabdb182454f tempest-LiveMigrationTest-202807802 tempest-LiveMigrationTest-202807802-project] Notify callbacks [] for port, precommit_create {{(pid=93815) _notify_loop /usr/local/lib/python3.8/dist-packages/neutron_lib/callbacks/manager.py:192}}
Jul 06 11:24:27.729463 n-d-799527-2 neutron-server[93815]: DEBUG neutron_lib.callbacks.manager [req-8e0b3f45-32ae-4097-921b-5778492930b4 req-5a199d03-c602-4e14-8852-cabdb182454f tempest-LiveMigrationTest-202807802 tempest-LiveMigrationTest-202807802-project] Notify callbacks ['neutron.plugins.ml2.plugin.SecurityGroupServerNotifierRpcMixin._notify_sg_on_port_after_update-754488', 'neutron.plugins.ml2.ovo_rpc._ObjectChangeHandler.handle_payload_event-8269479', 'neutron.api.rpc.agentnotifiers.dhcp_rpc_agent_api.DhcpAgentNotifyAPI._native_event_send_dhcp_notification_payload-7925447', 'neutron.db.l3_dvrscheduler_db._notify_l3_agent_new_port-8763112807653'] for port, after_create {{(pid=93815) _notify_loop /usr/local/lib/python3.8/dist-packages/neutron_lib/callbacks/manager.py:192}}
Jul 06 11:24:27.774494 n-d-799527-2 neutron-server[93816]: DEBUG neutron_lib.callbacks.manager [None req-6eb59e07-94c1-42eb-abcc-d170ca426a53 None None] Notify callbacks ['neutron.plugins.ml2.plugin.SecurityGroupDbMixin._ensure_default_security_group_handler-754429'] for port, before_update {{(pid=93816) _notify_loop /usr/local/lib/python3.8/dist-packages/neutron_lib/callbacks/manager.py:192}}
Jul 06 11:24:27.803618 n-d-799527-2 neutron-server[93815]: DEBUG neutron.scheduler.dhcp_agent_scheduler [req-8e0b3f45-32ae-4097-921b-5778492930b4 req-5a199d03-c602-4e14-8852-cabdb182454f tempest-LiveMigrationTest-202807802 tempest-LiveMigrationTest-202807802-project] Network b3a19eba-5cff-4a79-8bb0-e4710c338a59 is already hosted by enough agents. {{(pid=93815) _get_dhcp_agents_hosting_network /opt/stack/neutron/neutron/scheduler/dhcp_agent_scheduler.py:275}}
Jul 06 11:24:27.808773 n-d-799527-2 neutron-server[93815]: DEBUG neutron.scheduler.base_scheduler [req-8e0b3f45-32ae-4097-921b-5778492930b4 req-5a199d03-c602-4e14-8852-cabdb182454f tempest-LiveMigrationTest-202807802 tempest-LiveMigrationTest-202807802-project] Resources bound (agent type, host, resource id): {{(pid=93815) schedule /opt/stack/neutron/neutron/scheduler/base_scheduler.py:57}}
Jul 06 11:24:27.818098 n-d-799527-2 neutron-server[93815]: DEBUG neutron.db.l3_dvrscheduler_db [req-8e0b3f45-32ae-4097-921b-5778492930b4 req-5a199d03-c602-4e14-8852-cabdb182454f tempest-LiveMigrationTest-202807802 tempest-LiveMigrationTest-202807802-project] Received port after_create {{(pid=93815) _notify_l3_agent_new_port /opt/stack/neutron/neutron/db/l3_dvrscheduler_db.py:535}}
Jul 06 11:24:27.823731 n-d-799527-2 neutron-server[93815]: DEBUG neutron.pecan_wsgi.hooks.policy_enforcement [req-8e0b3f45-32ae-4097-921b-5778492930b4 req-5a199d03-c602-4e14-8852-cabdb182454f tempest-LiveMigrationTest-202807802 tempest-LiveMigrationTest-202807802-project] Attributes excluded by policy engine: ['standard_attr_id', 'binding:profile', 'binding:host_id', 'binding:vif_type', 'binding:vif_details', 'network'] {{(pid=93815) _exclude_attributes_by_policy /opt/stack/neutron/neutron/pecan_wsgi/hooks/policy_enforcement.py:255}}
