Jul 05 19:47:23.828035 n-d-799527-1 devstack@placement-api.service[94238]: INFO placement.requestlog [req-d76e0fc1-13b4-4427-a198-1c93f3f1104a req-2dd2b6f3-16e4-4831-842d-0b34e0ad0d7c service placement] 10.222.0.10 "GET /placement/allocation_candidates?limit=1000&resources=DISK_GB%3A1%2CMEMORY_MB%3A1024%2CVCPU%3A1&root_required=%21COMPUTE_STATUS_DISABLED" status: 200 len: 1309 microversion: 1.35
Jul 05 19:47:23.828713 n-d-799527-1 devstack@placement-api.service[94238]: [pid: 94238|app: 0|req: 346/690] 10.222.0.10 () {60 vars in 1507 bytes} [Mon Jul 5 19:47:23 2021] GET /placement/allocation_candidates?limit=1000&resources=DISK_GB%3A1%2CMEMORY_MB%3A1024%2CVCPU%3A1&root_required=%21COMPUTE_STATUS_DISABLED => generated 1309 bytes in 171 msecs (HTTP/1.1 200) 8 headers in 297 bytes (2 switches on core 0)
Jul 05 19:47:24.026052 n-d-799527-1 devstack@placement-api.service[94239]: DEBUG placement.requestlog [req-d76e0fc1-13b4-4427-a198-1c93f3f1104a req-b76a8f64-3ef5-437d-974f-ccdd99ac33ad None None] Starting request: 10.222.0.10 "GET /placement/allocations/43bdb244-cabd-498b-9f78-eab0794a0057" {{(pid=94239) __call__ /opt/stack/placement/placement/requestlog.py:55}}
Jul 05 19:47:24.043554 n-d-799527-1 devstack@placement-api.service[94239]: INFO placement.requestlog [req-d76e0fc1-13b4-4427-a198-1c93f3f1104a req-b76a8f64-3ef5-437d-974f-ccdd99ac33ad service placement] 10.222.0.10 "GET /placement/allocations/43bdb244-cabd-498b-9f78-eab0794a0057" status: 200 len: 19 microversion: 1.28
Jul 05 19:47:24.044026 n-d-799527-1 devstack@placement-api.service[94239]: [pid: 94239|app: 0|req: 345/691] 10.222.0.10 () {60 vars in 1381 bytes} [Mon Jul 5 19:47:24 2021] GET /placement/allocations/43bdb244-cabd-498b-9f78-eab0794a0057 => generated 19 bytes in 18 msecs (HTTP/1.1 200) 8 headers in 295 bytes (1 switches on core 0)
Jul 05 19:47:24.051884 n-d-799527-1 devstack@placement-api.service[94238]: DEBUG placement.requestlog [req-d76e0fc1-13b4-4427-a198-1c93f3f1104a req-e36c5e7d-401d-482e-b216-fe6633b179df None None] Starting request: 10.222.0.10 "PUT /placement/allocations/43bdb244-cabd-498b-9f78-eab0794a0057" {{(pid=94238) __call__ /opt/stack/placement/placement/requestlog.py:55}}
Jul 05 19:47:24.174857 n-d-799527-1 devstack@placement-api.service[94238]: DEBUG placement.handlers.allocation [req-d76e0fc1-13b4-4427-a198-1c93f3f1104a req-e36c5e7d-401d-482e-b216-fe6633b179df service placement] Successfully wrote allocations [, , ] {{(pid=94238) _create_allocations /opt/stack/placement/placement/handlers/allocation.py:435}}
Jul 05 19:47:24.175266 n-d-799527-1 devstack@placement-api.service[94238]: INFO placement.requestlog [req-d76e0fc1-13b4-4427-a198-1c93f3f1104a req-e36c5e7d-401d-482e-b216-fe6633b179df service placement] 10.222.0.10 "PUT /placement/allocations/43bdb244-cabd-498b-9f78-eab0794a0057" status: 204 len: 0 microversion: 1.35
Jul 05 19:47:24.175967 n-d-799527-1 devstack@placement-api.service[94238]: [pid: 94238|app: 0|req: 347/692] 10.222.0.10 () {64 vars in 1434 bytes} [Mon Jul 5 19:47:24 2021] PUT /placement/allocations/43bdb244-cabd-498b-9f78-eab0794a0057 => generated 0 bytes in 124 msecs (HTTP/1.1 204) 5 headers in 199 bytes (1 switches on core 0)
Jul 05 19:47:29.675876 n-d-799527-1 devstack@placement-api.service[94239]: DEBUG placement.requestlog [req-d76e0fc1-13b4-4427-a198-1c93f3f1104a req-26151884-4ef1-4c15-9603-fab37402a521 None None] Starting request: 10.222.0.95 "GET /placement/allocations/43bdb244-cabd-498b-9f78-eab0794a0057" {{(pid=94239) __call__ /opt/stack/placement/placement/requestlog.py:55}}
Jul 05 19:47:29.694906 n-d-799527-1 devstack@placement-api.service[94239]: INFO placement.requestlog [req-d76e0fc1-13b4-4427-a198-1c93f3f1104a req-26151884-4ef1-4c15-9603-fab37402a521 service placement] 10.222.0.95 "GET /placement/allocations/43bdb244-cabd-498b-9f78-eab0794a0057" status: 200 len: 260 microversion: 1.28
Jul 05 19:47:29.695708 n-d-799527-1 devstack@placement-api.service[94239]: [pid: 94239|app: 0|req: 346/693] 10.222.0.95 () {60 vars in 1378 bytes} [Mon Jul 5 19:47:29 2021] GET /placement/allocations/43bdb244-cabd-498b-9f78-eab0794a0057 => generated 260 bytes in 20 msecs (HTTP/1.1 200) 8 headers in 296 bytes (1 switches on core 0)
Jul 05 19:47:31.038112 n-d-799527-1 devstack@placement-api.service[94238]: DEBUG placement.requestlog [req-6449ba04-1b64-4a28-8af6-d59ef69b6c80 req-bf6acaed-df6e-4b32-9922-5e51c467b6bf None None] Starting request: 10.222.0.95 "GET /placement/resource_providers/a8ef9074-9739-4180-82ed-8e4852ac3ec2/allocations" {{(pid=94238) __call__ /opt/stack/placement/placement/requestlog.py:55}}
Jul 05 19:47:31.066426 n-d-799527-1 devstack@placement-api.service[94238]: INFO placement.requestlog [req-6449ba04-1b64-4a28-8af6-d59ef69b6c80 req-bf6acaed-df6e-4b32-9922-5e51c467b6bf service placement] 10.222.0.95 "GET /placement/resource_providers/a8ef9074-9739-4180-82ed-8e4852ac3ec2/allocations" status: 200 len: 659 microversion: 1.0
Jul 05 19:47:31.067245 n-d-799527-1 devstack@placement-api.service[94238]: [pid: 94238|app: 0|req: 348/694] 10.222.0.95 () {58 vars in 1391 bytes} [Mon Jul 5 19:47:31 2021] GET /placement/resource_providers/a8ef9074-9739-4180-82ed-8e4852ac3ec2/allocations => generated 659 bytes in 30 msecs (HTTP/1.1 200) 6 headers in 224 bytes (1 switches on core 0)
Jul 05 19:47:33.469741 n-d-799527-1 devstack@placement-api.service[94239]: DEBUG placement.requestlog [req-0bc0ebc7-0b5f-49c1-85a1-152b708ab305 req-b25403d1-16c8-47ac-ab1b-07197a65f198 None None] Starting request: 10.222.0.64 "GET /placement/resource_providers/245786a3-f88b-46a2-b870-21849a120f66/allocations" {{(pid=94239) __call__ /opt/stack/placement/placement/requestlog.py:55}}
Jul 05 19:47:33.512174 n-d-799527-1 devstack@placement-api.service[94239]: INFO placement.requestlog [req-0bc0ebc7-0b5f-49c1-85a1-152b708ab305 req-b25403d1-16c8-47ac-ab1b-07197a65f198 service placement] 10.222.0.64 "GET /placement/resource_providers/245786a3-f88b-46a2-b870-21849a120f66/allocations" status: 200 len: 443 microversion: 1.0
Jul 05 19:47:33.513412 n-d-799527-1 devstack@placement-api.service[94239]: [pid: 94239|app: 0|req: 347/695] 10.222.0.64 () {58 vars in 1391 bytes} [Mon Jul 5 19:47:33 2021] GET /placement/resource_providers/245786a3-f88b-46a2-b870-21849a120f66/allocations => generated 443 bytes in 44 msecs (HTTP/1.1 200) 6 headers in 224 bytes (1 switches on core 0)
Jul 05 19:47:33.596733 n-d-799527-1 devstack@placement-api.service[94238]: DEBUG placement.requestlog [req-aeb4e52b-7494-45f1-813b-3e85140194fe req-c7bb460b-e864-493d-9adf-a27efc8ab5f5 None None] Starting request: 10.222.0.95 "GET /placement/allocations/791a04c3-8f51-4a0c-b9e1-b474e53fa96d" {{(pid=94238) __call__ /opt/stack/placement/placement/requestlog.py:55}}
Jul 05 19:47:33.620917 n-d-799527-1 devstack@placement-api.service[94238]: INFO placement.requestlog [req-aeb4e52b-7494-45f1-813b-3e85140194fe req-c7bb460b-e864-493d-9adf-a27efc8ab5f5 service placement] 10.222.0.95 "GET /placement/allocations/791a04c3-8f51-4a0c-b9e1-b474e53fa96d" status: 200 len: 260 microversion: 1.28
Jul 05 19:47:33.621808 n-d-799527-1 devstack@placement-api.service[94238]: [pid: 94238|app: 0|req: 349/696] 10.222.0.95 () {60 vars in 1378 bytes} [Mon Jul 5 19:47:33 2021] GET /placement/allocations/791a04c3-8f51-4a0c-b9e1-b474e53fa96d => generated 260 bytes in 26 msecs (HTTP/1.1 200) 8 headers in 296 bytes (1 switches on core 0)
Jul 05 19:47:33.631434 n-d-799527-1 devstack@placement-api.service[94239]: DEBUG placement.requestlog [req-aeb4e52b-7494-45f1-813b-3e85140194fe req-8f90e263-36da-4d98-8c43-6e455a243f58 None None] Starting request: 10.222.0.95 "PUT /placement/allocations/791a04c3-8f51-4a0c-b9e1-b474e53fa96d" {{(pid=94239) __call__ /opt/stack/placement/placement/requestlog.py:55}}
Jul 05 19:47:33.720891 n-d-799527-1 devstack@placement-api.service[94239]: DEBUG placement.handlers.allocation [req-aeb4e52b-7494-45f1-813b-3e85140194fe req-8f90e263-36da-4d98-8c43-6e455a243f58 service placement] Successfully wrote allocations [, , ] {{(pid=94239) _create_allocations /opt/stack/placement/placement/handlers/allocation.py:435}}
Jul 05 19:47:33.721983 n-d-799527-1 devstack@placement-api.service[94239]: INFO placement.requestlog [req-aeb4e52b-7494-45f1-813b-3e85140194fe req-8f90e263-36da-4d98-8c43-6e455a243f58 service placement] 10.222.0.95 "PUT /placement/allocations/791a04c3-8f51-4a0c-b9e1-b474e53fa96d" status: 204 len: 0 microversion: 1.28
Jul 05 19:47:33.722774 n-d-799527-1 devstack@placement-api.service[94239]: [pid: 94239|app: 0|req: 348/697] 10.222.0.95 () {64 vars in 1431 bytes} [Mon Jul 5 19:47:33 2021] PUT /placement/allocations/791a04c3-8f51-4a0c-b9e1-b474e53fa96d => generated 0 bytes in 92 msecs (HTTP/1.1 204) 5 headers in 199 bytes (1 switches on core 0)
Jul 05 19:47:34.573218 n-d-799527-1 devstack@placement-api.service[94238]: DEBUG placement.requestlog [req-f84f150b-f48f-4964-a093-2a837c39a7bc req-025eb9d8-50ff-4507-9c91-bd7987d16c73 None None] Starting request: 10.222.0.95 "GET /placement/allocations/cdb46309-f41a-48db-a787-29ade44a1374" {{(pid=94238) __call__ /opt/stack/placement/placement/requestlog.py:55}}
Jul 05 19:47:34.590824 n-d-799527-1 devstack@placement-api.service[94238]: INFO placement.requestlog [req-f84f150b-f48f-4964-a093-2a837c39a7bc req-025eb9d8-50ff-4507-9c91-bd7987d16c73 service placement] 10.222.0.95 "GET /placement/allocations/cdb46309-f41a-48db-a787-29ade44a1374" status: 200 len: 260 microversion: 1.28
Jul 05 19:47:34.591809 n-d-799527-1 devstack@placement-api.service[94238]: [pid: 94238|app: 0|req: 350/698] 10.222.0.95 () {60 vars in 1378 bytes} [Mon Jul 5 19:47:34 2021] GET /placement/allocations/cdb46309-f41a-48db-a787-29ade44a1374 => generated 260 bytes in 19 msecs (HTTP/1.1 200) 8 headers in 296 bytes (1 switches on core 0)
Jul 05 19:47:34.600592 n-d-799527-1 devstack@placement-api.service[94239]: DEBUG placement.requestlog [req-f84f150b-f48f-4964-a093-2a837c39a7bc req-3a961ba6-2f27-4750-9b03-08f51d92976e None None] Starting request: 10.222.0.95 "PUT /placement/allocations/cdb46309-f41a-48db-a787-29ade44a1374" {{(pid=94239) __call__ /opt/stack/placement/placement/requestlog.py:55}}
Jul 05 19:47:34.670734 n-d-799527-1 devstack@placement-api.service[94239]: DEBUG placement.handlers.allocation [req-f84f150b-f48f-4964-a093-2a837c39a7bc req-3a961ba6-2f27-4750-9b03-08f51d92976e service placement] Successfully wrote allocations [, , ] {{(pid=94239) _create_allocations /opt/stack/placement/placement/handlers/allocation.py:435}}
Jul 05 19:47:34.671488 n-d-799527-1 devstack@placement-api.service[94239]: INFO placement.requestlog [req-f84f150b-f48f-4964-a093-2a837c39a7bc req-3a961ba6-2f27-4750-9b03-08f51d92976e service placement] 10.222.0.95 "PUT /placement/allocations/cdb46309-f41a-48db-a787-29ade44a1374" status: 204 len: 0 microversion: 1.28
Jul 05 19:47:34.671907 n-d-799527-1 devstack@placement-api.service[94239]: [pid: 94239|app: 0|req: 349/699] 10.222.0.95 () {64 vars in 1431 bytes} [Mon Jul 5 19:47:34 2021] PUT /placement/allocations/cdb46309-f41a-48db-a787-29ade44a1374 => generated 0 bytes in 72 msecs (HTTP/1.1 204) 5 headers in 199 bytes (1 switches on core 0)
Jul 05 19:47:42.416108 n-d-799527-1 devstack@placement-api.service[94238]: DEBUG placement.requestlog [req-ee49eec6-a72d-441c-9097-adc82f4cc21d req-2475ec3d-e210-4a99-9bf7-90a584b5b0e1 None None] Starting request: 10.222.0.10 "GET /placement/allocation_candidates?limit=1000&resources=DISK_GB%3A1%2CMEMORY_MB%3A1024%2CVCPU%3A1&root_required=%21COMPUTE_STATUS_DISABLED" {{(pid=94238) __call__ /opt/stack/placement/placement/requestlog.py:55}}
Jul 05 19:47:42.460970 n-d-799527-1 devstack@placement-api.service[94238]: DEBUG placement.objects.research_context [req-ee49eec6-a72d-441c-9097-adc82f4cc21d req-2475ec3d-e210-4a99-9bf7-90a584b5b0e1 service placement] getting providers with 1 DISK_GB {{(pid=94238) __init__ /opt/stack/placement/placement/objects/research_context.py:126}}
Jul 05 19:47:42.468288 n-d-799527-1 devstack@placement-api.service[94238]: DEBUG placement.objects.research_context [req-ee49eec6-a72d-441c-9097-adc82f4cc21d req-2475ec3d-e210-4a99-9bf7-90a584b5b0e1 service placement] getting providers with 1024 MEMORY_MB {{(pid=94238) __init__ /opt/stack/placement/placement/objects/research_context.py:126}}
Jul 05 19:47:42.479366 n-d-799527-1 devstack@placement-api.service[94238]: DEBUG placement.objects.research_context [req-ee49eec6-a72d-441c-9097-adc82f4cc21d req-2475ec3d-e210-4a99-9bf7-90a584b5b0e1 service placement] getting providers with 1 VCPU {{(pid=94238) __init__ /opt/stack/placement/placement/objects/research_context.py:126}}
Jul 05 19:47:42.486489 n-d-799527-1 devstack@placement-api.service[94238]: DEBUG placement.objects.research_context [req-ee49eec6-a72d-441c-9097-adc82f4cc21d req-2475ec3d-e210-4a99-9bf7-90a584b5b0e1 service placement] found 2 providers with available 1 DISK_GB {{(pid=94238) get_provider_ids_matching /opt/stack/placement/placement/objects/research_context.py:549}}
Jul 05 19:47:42.486762 n-d-799527-1 devstack@placement-api.service[94238]: DEBUG placement.objects.research_context [req-ee49eec6-a72d-441c-9097-adc82f4cc21d req-2475ec3d-e210-4a99-9bf7-90a584b5b0e1 service placement] found 2 providers with available 1024 MEMORY_MB {{(pid=94238) get_provider_ids_matching /opt/stack/placement/placement/objects/research_context.py:549}}
Jul 05 19:47:42.487273 n-d-799527-1 devstack@placement-api.service[94238]: DEBUG placement.objects.research_context [req-ee49eec6-a72d-441c-9097-adc82f4cc21d req-2475ec3d-e210-4a99-9bf7-90a584b5b0e1 service placement] found 2 providers after filtering by previous result {{(pid=94238) get_provider_ids_matching /opt/stack/placement/placement/objects/research_context.py:580}}
Jul 05 19:47:42.488458 n-d-799527-1 devstack@placement-api.service[94238]: DEBUG placement.objects.research_context [req-ee49eec6-a72d-441c-9097-adc82f4cc21d req-2475ec3d-e210-4a99-9bf7-90a584b5b0e1 service placement] found 2 providers with available 1 VCPU {{(pid=94238) get_provider_ids_matching /opt/stack/placement/placement/objects/research_context.py:549}}
Jul 05 19:47:42.489251 n-d-799527-1 devstack@placement-api.service[94238]: DEBUG placement.objects.research_context [req-ee49eec6-a72d-441c-9097-adc82f4cc21d req-2475ec3d-e210-4a99-9bf7-90a584b5b0e1 service placement] found 2 providers after filtering by previous result {{(pid=94238) get_provider_ids_matching /opt/stack/placement/placement/objects/research_context.py:580}}
Jul 05 19:47:42.506377 n-d-799527-1 devstack@placement-api.service[94238]: DEBUG placement.objects.allocation_candidate [req-ee49eec6-a72d-441c-9097-adc82f4cc21d req-2475ec3d-e210-4a99-9bf7-90a584b5b0e1 service placement] RequestGroup(use_same_provider=False, resources={DISK_GB:1, MEMORY_MB:1024, VCPU:1}, traits=[], aggregates=[]) (suffix '') returned 2 matches {{(pid=94238) _get_by_requests /opt/stack/placement/placement/objects/allocation_candidate.py:145}}
Jul 05 19:47:42.506889 n-d-799527-1 devstack@placement-api.service[94238]: DEBUG placement.objects.allocation_candidate [req-ee49eec6-a72d-441c-9097-adc82f4cc21d req-2475ec3d-e210-4a99-9bf7-90a584b5b0e1 service placement] Merging candidates yields 2 allocation requests and 2 provider summaries {{(pid=94238) _merge_candidates /opt/stack/placement/placement/objects/allocation_candidate.py:783}}
Jul 05 19:47:42.509721 n-d-799527-1 devstack@placement-api.service[94238]: INFO placement.requestlog [req-ee49eec6-a72d-441c-9097-adc82f4cc21d req-2475ec3d-e210-4a99-9bf7-90a584b5b0e1 service placement] 10.222.0.10 "GET /placement/allocation_candidates?limit=1000&resources=DISK_GB%3A1%2CMEMORY_MB%3A1024%2CVCPU%3A1&root_required=%21COMPUTE_STATUS_DISABLED" status: 200 len: 1309 microversion: 1.35
Jul 05 19:47:42.510630 n-d-799527-1 devstack@placement-api.service[94238]: [pid: 94238|app: 0|req: 351/700] 10.222.0.10 () {60 vars in 1507 bytes} [Mon Jul 5 19:47:42 2021] GET /placement/allocation_candidates?limit=1000&resources=DISK_GB%3A1%2CMEMORY_MB%3A1024%2CVCPU%3A1&root_required=%21COMPUTE_STATUS_DISABLED => generated 1309 bytes in 95 msecs (HTTP/1.1 200) 8 headers in 297 bytes (1 switches on core 0)
Jul 05 19:47:42.571606 n-d-799527-1 devstack@placement-api.service[94239]: DEBUG placement.requestlog [req-ee49eec6-a72d-441c-9097-adc82f4cc21d req-7fd54b33-3c43-42d0-a764-7c76b6e2decd None None] Starting request: 10.222.0.10 "GET /placement/allocations/950acc5c-fc27-4790-94c8-ce0a641d429b" {{(pid=94239) __call__ /opt/stack/placement/placement/requestlog.py:55}}
Jul 05 19:47:42.590588 n-d-799527-1 devstack@placement-api.service[94239]: INFO placement.requestlog [req-ee49eec6-a72d-441c-9097-adc82f4cc21d req-7fd54b33-3c43-42d0-a764-7c76b6e2decd service placement] 10.222.0.10 "GET /placement/allocations/950acc5c-fc27-4790-94c8-ce0a641d429b" status: 200 len: 19 microversion: 1.28
Jul 05 19:47:42.592831 n-d-799527-1 devstack@placement-api.service[94239]: [pid: 94239|app: 0|req: 350/701] 10.222.0.10 () {60 vars in 1381 bytes} [Mon Jul 5 19:47:42 2021] GET /placement/allocations/950acc5c-fc27-4790-94c8-ce0a641d429b => generated 19 bytes in 21 msecs (HTTP/1.1 200) 8 headers in 295 bytes (1 switches on core 0)
Jul 05 19:47:42.597624 n-d-799527-1 devstack@placement-api.service[94238]: DEBUG placement.requestlog [req-ee49eec6-a72d-441c-9097-adc82f4cc21d req-27ed5ea0-bb81-42f9-8506-1b474dc9094d None None] Starting request: 10.222.0.10 "PUT /placement/allocations/950acc5c-fc27-4790-94c8-ce0a641d429b" {{(pid=94238) __call__ /opt/stack/placement/placement/requestlog.py:55}}
Jul 05 19:47:42.722671 n-d-799527-1 devstack@placement-api.service[94238]: DEBUG placement.handlers.allocation [req-ee49eec6-a72d-441c-9097-adc82f4cc21d req-27ed5ea0-bb81-42f9-8506-1b474dc9094d service placement] Successfully wrote allocations [, , ] {{(pid=94238) _create_allocations /opt/stack/placement/placement/handlers/allocation.py:435}}
Jul 05 19:47:42.723177 n-d-799527-1 devstack@placement-api.service[94238]: INFO placement.requestlog [req-ee49eec6-a72d-441c-9097-adc82f4cc21d req-27ed5ea0-bb81-42f9-8506-1b474dc9094d service placement] 10.222.0.10 "PUT /placement/allocations/950acc5c-fc27-4790-94c8-ce0a641d429b" status: 204 len: 0 microversion: 1.35
Jul 05 19:47:42.723876 n-d-799527-1 devstack@placement-api.service[94238]: [pid: 94238|app: 0|req: 352/702] 10.222.0.10 () {64 vars in 1434 bytes} [Mon Jul 5 19:47:42 2021] PUT /placement/allocations/950acc5c-fc27-4790-94c8-ce0a641d429b => generated 0 bytes in 127 msecs (HTTP/1.1 204) 5 headers in 199 bytes (2 switches on core 0)
Jul 05 19:47:43.404840 n-d-799527-1 devstack@placement-api.service[94239]: DEBUG placement.requestlog [req-ee49eec6-a72d-441c-9097-adc82f4cc21d req-d62ad961-2aa4-4e64-9641-6ce57a5b4118 None None] Starting request: 10.222.0.95 "GET /placement/allocations/950acc5c-fc27-4790-94c8-ce0a641d429b" {{(pid=94239) __call__ /opt/stack/placement/placement/requestlog.py:55}}
Jul 05 19:47:43.450138 n-d-799527-1 devstack@placement-api.service[94239]: INFO placement.requestlog [req-ee49eec6-a72d-441c-9097-adc82f4cc21d req-d62ad961-2aa4-4e64-9641-6ce57a5b4118 service placement] 10.222.0.95 "GET /placement/allocations/950acc5c-fc27-4790-94c8-ce0a641d429b" status: 200 len: 260 microversion: 1.28
Jul 05 19:47:43.452862 n-d-799527-1 devstack@placement-api.service[94239]: [pid: 94239|app: 0|req: 351/703] 10.222.0.95 () {60 vars in 1378 bytes} [Mon Jul 5 19:47:43 2021] GET /placement/allocations/950acc5c-fc27-4790-94c8-ce0a641d429b => generated 260 bytes in 48 msecs (HTTP/1.1 200) 8 headers in 296 bytes (1 switches on core 0)
Jul 05 19:47:44.853325 n-d-799527-1 devstack@placement-api.service[94238]: DEBUG placement.requestlog [None req-8d35202e-b6c0-48ec-926e-04e24ce2233f None None] Starting request: 10.222.0.10 "GET /placement/" {{(pid=94238) __call__ /opt/stack/placement/placement/requestlog.py:55}}
Jul 05 19:47:44.854378 n-d-799527-1 devstack@placement-api.service[94238]: INFO placement.requestlog [None req-8d35202e-b6c0-48ec-926e-04e24ce2233f None None] 10.222.0.10 "GET /placement/" status: 200 len: 136 microversion: 1.0
Jul 05 19:47:44.854843 n-d-799527-1 devstack@placement-api.service[94238]: [pid: 94238|app: 0|req: 353/704] 10.222.0.10 () {54 vars in 916 bytes} [Mon Jul 5 19:47:44 2021] GET /placement => generated 136 bytes in 2 msecs (HTTP/1.1 200) 6 headers in 224 bytes (1 switches on core 0)
Jul 05 19:47:44.873244 n-d-799527-1 devstack@placement-api.service[94239]: DEBUG placement.requestlog [req-2d07c4cd-b389-4102-81b0-8ab46bac089d req-731f773d-9406-42dd-9cfb-16ae36447914 None None] Starting request: 10.222.0.10 "GET /placement/allocations/43bdb244-cabd-498b-9f78-eab0794a0057" {{(pid=94239) __call__ /opt/stack/placement/placement/requestlog.py:55}}
Jul 05 19:47:44.999767 n-d-799527-1 devstack@placement-api.service[94239]: INFO placement.requestlog [req-2d07c4cd-b389-4102-81b0-8ab46bac089d req-731f773d-9406-42dd-9cfb-16ae36447914 service placement] 10.222.0.10 "GET /placement/allocations/43bdb244-cabd-498b-9f78-eab0794a0057" status: 200 len: 260 microversion: 1.28
Jul 05 19:47:45.000933 n-d-799527-1 devstack@placement-api.service[94239]: [pid: 94239|app: 0|req: 352/705] 10.222.0.10 () {60 vars in 1381 bytes} [Mon Jul 5 19:47:44 2021] GET /placement/allocations/43bdb244-cabd-498b-9f78-eab0794a0057 => generated 260 bytes in 128 msecs (HTTP/1.1 200) 8 headers in 296 bytes (2 switches on core 0)
Jul 05 19:47:45.011558 n-d-799527-1 devstack@placement-api.service[94238]: DEBUG placement.requestlog [req-2d07c4cd-b389-4102-81b0-8ab46bac089d req-bbd1966e-756d-4aa7-ab35-0fa3d4a37609 None None] Starting request: 10.222.0.10 "GET /placement/allocations/43bdb244-cabd-498b-9f78-eab0794a0057" {{(pid=94238) __call__ /opt/stack/placement/placement/requestlog.py:55}}
Jul 05 19:47:45.039368 n-d-799527-1 devstack@placement-api.service[94238]: INFO placement.requestlog [req-2d07c4cd-b389-4102-81b0-8ab46bac089d req-bbd1966e-756d-4aa7-ab35-0fa3d4a37609 service placement] 10.222.0.10 "GET /placement/allocations/43bdb244-cabd-498b-9f78-eab0794a0057" status: 200 len: 260 microversion: 1.28
Jul 05 19:47:45.042517 n-d-799527-1 devstack@placement-api.service[94238]: [pid: 94238|app: 0|req: 354/706] 10.222.0.10 () {60 vars in 1381 bytes} [Mon Jul 5 19:47:45 2021] GET /placement/allocations/43bdb244-cabd-498b-9f78-eab0794a0057 => generated 260 bytes in 31 msecs (HTTP/1.1 200) 8 headers in 296 bytes (1 switches on core 0)
Jul 05 19:47:45.068619 n-d-799527-1 devstack@placement-api.service[94239]: DEBUG placement.requestlog [req-2d07c4cd-b389-4102-81b0-8ab46bac089d req-571ce76a-8cdb-446c-934f-633165ac0728 None None] Starting request: 10.222.0.10 "GET /placement/allocations/2243fa98-9d5f-4a94-84c7-08bddb37ef1c" {{(pid=94239) __call__ /opt/stack/placement/placement/requestlog.py:55}}
Jul 05 19:47:45.088579 n-d-799527-1 devstack@placement-api.service[94239]: INFO placement.requestlog [req-2d07c4cd-b389-4102-81b0-8ab46bac089d req-571ce76a-8cdb-446c-934f-633165ac0728 service placement] 10.222.0.10 "GET /placement/allocations/2243fa98-9d5f-4a94-84c7-08bddb37ef1c" status: 200 len: 19 microversion: 1.28
Jul 05 19:47:45.089995 n-d-799527-1 devstack@placement-api.service[94239]: [pid: 94239|app: 0|req: 353/707] 10.222.0.10 () {60 vars in 1381 bytes} [Mon Jul 5 19:47:45 2021] GET /placement/allocations/2243fa98-9d5f-4a94-84c7-08bddb37ef1c => generated 19 bytes in 22 msecs (HTTP/1.1 200) 8 headers in 295 bytes (1 switches on core 0)
Jul 05 19:47:45.097120 n-d-799527-1 devstack@placement-api.service[94238]: DEBUG placement.requestlog [req-2d07c4cd-b389-4102-81b0-8ab46bac089d req-6716fa3b-9ede-4846-aa4b-66de7ab34e44 None None] Starting request: 10.222.0.10 "POST /placement/allocations" {{(pid=94238) __call__ /opt/stack/placement/placement/requestlog.py:55}}
Jul 05 19:47:45.281515 n-d-799527-1 devstack@placement-api.service[94238]: DEBUG placement.handlers.allocation [req-2d07c4cd-b389-4102-81b0-8ab46bac089d req-6716fa3b-9ede-4846-aa4b-66de7ab34e44 service placement] Successfully wrote allocations [, , , , , ] {{(pid=94238) _create_allocations /opt/stack/placement/placement/handlers/allocation.py:524}}
Jul 05 19:47:45.282222 n-d-799527-1 devstack@placement-api.service[94238]: INFO placement.requestlog [req-2d07c4cd-b389-4102-81b0-8ab46bac089d req-6716fa3b-9ede-4846-aa4b-66de7ab34e44 service placement] 10.222.0.10 "POST /placement/allocations" status: 204 len: 0 microversion: 1.28
Jul 05 19:47:45.282858 n-d-799527-1 devstack@placement-api.service[94238]: [pid: 94238|app: 0|req: 355/708] 10.222.0.10 () {64 vars in 1324 bytes} [Mon Jul 5 19:47:45 2021] POST /placement/allocations => generated 0 bytes in 186 msecs (HTTP/1.1 204) 5 headers in 199 bytes (1 switches on core 0)
Jul 05 19:47:45.308889 n-d-799527-1 devstack@placement-api.service[94239]: DEBUG placement.requestlog [req-2d07c4cd-b389-4102-81b0-8ab46bac089d req-5faea888-52ad-4654-8ea3-118f330189b6 None None] Starting request: 10.222.0.10 "GET /placement/allocation_candidates?limit=1000&resources=DISK_GB%3A1%2CMEMORY_MB%3A512%2CVCPU%3A1&root_required=%21COMPUTE_STATUS_DISABLED" {{(pid=94239) __call__ /opt/stack/placement/placement/requestlog.py:55}}
Jul 05 19:47:45.375908 n-d-799527-1 devstack@placement-api.service[94238]: DEBUG placement.requestlog [req-97123de6-b8e1-4c98-a38b-ee0602262f47 req-8636d3ae-198e-4aa4-bcf5-569a1dababa9 None None] Starting request: 10.222.0.10 "GET /placement/allocation_candidates?limit=1000&resources=DISK_GB%3A1%2CMEMORY_MB%3A1024%2CVCPU%3A1&root_required=%21COMPUTE_STATUS_DISABLED" {{(pid=94238) __call__ /opt/stack/placement/placement/requestlog.py:55}}
Jul 05 19:47:45.380754 n-d-799527-1 devstack@placement-api.service[94239]: DEBUG placement.objects.research_context [req-2d07c4cd-b389-4102-81b0-8ab46bac089d req-5faea888-52ad-4654-8ea3-118f330189b6 service placement] getting providers with 1 DISK_GB {{(pid=94239) __init__ /opt/stack/placement/placement/objects/research_context.py:126}}
Jul 05 19:47:45.395158 n-d-799527-1 devstack@placement-api.service[94239]: DEBUG placement.objects.research_context [req-2d07c4cd-b389-4102-81b0-8ab46bac089d req-5faea888-52ad-4654-8ea3-118f330189b6 service placement] getting providers with 512 MEMORY_MB {{(pid=94239) __init__ /opt/stack/placement/placement/objects/research_context.py:126}}
Jul 05 19:47:45.408551 n-d-799527-1 devstack@placement-api.service[94239]: DEBUG placement.objects.research_context [req-2d07c4cd-b389-4102-81b0-8ab46bac089d req-5faea888-52ad-4654-8ea3-118f330189b6 service placement] getting providers with 1 VCPU {{(pid=94239) __init__ /opt/stack/placement/placement/objects/research_context.py:126}}
Jul 05 19:47:45.415647 n-d-799527-1 devstack@placement-api.service[94239]: DEBUG placement.objects.research_context [req-2d07c4cd-b389-4102-81b0-8ab46bac089d req-5faea888-52ad-4654-8ea3-118f330189b6 service placement] found 2 providers with available 1 DISK_GB {{(pid=94239) get_provider_ids_matching /opt/stack/placement/placement/objects/research_context.py:549}}
Jul 05 19:47:45.415918 n-d-799527-1 devstack@placement-api.service[94239]: DEBUG placement.objects.research_context [req-2d07c4cd-b389-4102-81b0-8ab46bac089d req-5faea888-52ad-4654-8ea3-118f330189b6 service placement] found 2 providers with available 512 MEMORY_MB {{(pid=94239) get_provider_ids_matching /opt/stack/placement/placement/objects/research_context.py:549}}
Jul 05 19:47:45.416181 n-d-799527-1 devstack@placement-api.service[94239]: DEBUG placement.objects.research_context [req-2d07c4cd-b389-4102-81b0-8ab46bac089d req-5faea888-52ad-4654-8ea3-118f330189b6 service placement] found 2 providers after filtering by previous result {{(pid=94239) get_provider_ids_matching /opt/stack/placement/placement/objects/research_context.py:580}}
Jul 05 19:47:45.416430 n-d-799527-1 devstack@placement-api.service[94239]: DEBUG placement.objects.research_context [req-2d07c4cd-b389-4102-81b0-8ab46bac089d req-5faea888-52ad-4654-8ea3-118f330189b6 service placement] found 2 providers with available 1 VCPU {{(pid=94239) get_provider_ids_matching /opt/stack/placement/placement/objects/research_context.py:549}}
Jul 05 19:47:45.416686 n-d-799527-1 devstack@placement-api.service[94239]: DEBUG placement.objects.research_context [req-2d07c4cd-b389-4102-81b0-8ab46bac089d req-5faea888-52ad-4654-8ea3-118f330189b6 service placement] found 2 providers after filtering by previous result {{(pid=94239) get_provider_ids_matching /opt/stack/placement/placement/objects/research_context.py:580}}
Jul 05 19:47:45.431175 n-d-799527-1 devstack@placement-api.service[94239]: DEBUG placement.objects.allocation_candidate [req-2d07c4cd-b389-4102-81b0-8ab46bac089d req-5faea888-52ad-4654-8ea3-118f330189b6 service placement] RequestGroup(use_same_provider=False, resources={DISK_GB:1, MEMORY_MB:512, VCPU:1}, traits=[], aggregates=[]) (suffix '') returned 2 matches {{(pid=94239) _get_by_requests /opt/stack/placement/placement/objects/allocation_candidate.py:145}}
Jul 05 19:47:45.431544 n-d-799527-1 devstack@placement-api.service[94239]: DEBUG placement.objects.allocation_candidate [req-2d07c4cd-b389-4102-81b0-8ab46bac089d req-5faea888-52ad-4654-8ea3-118f330189b6 service placement] Merging candidates yields 2 allocation requests and 2 provider summaries {{(pid=94239) _merge_candidates /opt/stack/placement/placement/objects/allocation_candidate.py:783}}
Jul 05 19:47:45.433209 n-d-799527-1 devstack@placement-api.service[94239]: INFO placement.requestlog [req-2d07c4cd-b389-4102-81b0-8ab46bac089d req-5faea888-52ad-4654-8ea3-118f330189b6 service placement] 10.222.0.10 "GET /placement/allocation_candidates?limit=1000&resources=DISK_GB%3A1%2CMEMORY_MB%3A512%2CVCPU%3A1&root_required=%21COMPUTE_STATUS_DISABLED" status: 200 len: 1307 microversion: 1.35
Jul 05 19:47:45.433829 n-d-799527-1 devstack@placement-api.service[94239]: [pid: 94239|app: 0|req: 354/709] 10.222.0.10 () {60 vars in 1505 bytes} [Mon Jul 5 19:47:45 2021] GET /placement/allocation_candidates?limit=1000&resources=DISK_GB%3A1%2CMEMORY_MB%3A512%2CVCPU%3A1&root_required=%21COMPUTE_STATUS_DISABLED => generated 1307 bytes in 125 msecs (HTTP/1.1 200) 8 headers in 297 bytes (1 switches on core 0)
Jul 05 19:47:45.445789 n-d-799527-1 devstack@placement-api.service[94238]: DEBUG placement.objects.research_context [req-97123de6-b8e1-4c98-a38b-ee0602262f47 req-8636d3ae-198e-4aa4-bcf5-569a1dababa9 service placement] getting providers with 1 DISK_GB {{(pid=94238) __init__ /opt/stack/placement/placement/objects/research_context.py:126}}
Jul 05 19:47:45.474180 n-d-799527-1 devstack@placement-api.service[94238]: DEBUG placement.objects.research_context [req-97123de6-b8e1-4c98-a38b-ee0602262f47 req-8636d3ae-198e-4aa4-bcf5-569a1dababa9 service placement] getting providers with 1024 MEMORY_MB {{(pid=94238) __init__ /opt/stack/placement/placement/objects/research_context.py:126}}
Jul 05 19:47:45.482988 n-d-799527-1 devstack@placement-api.service[94238]: DEBUG placement.objects.research_context [req-97123de6-b8e1-4c98-a38b-ee0602262f47 req-8636d3ae-198e-4aa4-bcf5-569a1dababa9 service placement] getting providers with 1 VCPU {{(pid=94238) __init__ /opt/stack/placement/placement/objects/research_context.py:126}}
Jul 05 19:47:45.494881 n-d-799527-1 devstack@placement-api.service[94238]: DEBUG placement.objects.research_context [req-97123de6-b8e1-4c98-a38b-ee0602262f47 req-8636d3ae-198e-4aa4-bcf5-569a1dababa9 service placement] found 2 providers with available 1 DISK_GB {{(pid=94238) get_provider_ids_matching /opt/stack/placement/placement/objects/research_context.py:549}}
Jul 05 19:47:45.495113 n-d-799527-1 devstack@placement-api.service[94238]: DEBUG placement.objects.research_context [req-97123de6-b8e1-4c98-a38b-ee0602262f47 req-8636d3ae-198e-4aa4-bcf5-569a1dababa9 service placement] found 2 providers with available 1024 MEMORY_MB {{(pid=94238) get_provider_ids_matching /opt/stack/placement/placement/objects/research_context.py:549}}
Jul 05 19:47:45.495575 n-d-799527-1 devstack@placement-api.service[94238]: DEBUG placement.objects.research_context [req-97123de6-b8e1-4c98-a38b-ee0602262f47 req-8636d3ae-198e-4aa4-bcf5-569a1dababa9 service placement] found 2 providers after filtering by previous result {{(pid=94238) get_provider_ids_matching /opt/stack/placement/placement/objects/research_context.py:580}}
Jul 05 19:47:45.495976 n-d-799527-1 devstack@placement-api.service[94238]: DEBUG placement.objects.research_context [req-97123de6-b8e1-4c98-a38b-ee0602262f47 req-8636d3ae-198e-4aa4-bcf5-569a1dababa9 service placement] found 2 providers with available 1 VCPU {{(pid=94238) get_provider_ids_matching /opt/stack/placement/placement/objects/research_context.py:549}}
Jul 05 19:47:45.496381 n-d-799527-1 devstack@placement-api.service[94238]: DEBUG placement.objects.research_context [req-97123de6-b8e1-4c98-a38b-ee0602262f47 req-8636d3ae-198e-4aa4-bcf5-569a1dababa9 service placement] found 2 providers after filtering by previous result {{(pid=94238) get_provider_ids_matching /opt/stack/placement/placement/objects/research_context.py:580}}
Jul 05 19:47:45.521479 n-d-799527-1 devstack@placement-api.service[94238]: DEBUG placement.objects.allocation_candidate [req-97123de6-b8e1-4c98-a38b-ee0602262f47 req-8636d3ae-198e-4aa4-bcf5-569a1dababa9 service placement] RequestGroup(use_same_provider=False, resources={DISK_GB:1, MEMORY_MB:1024, VCPU:1}, traits=[], aggregates=[]) (suffix '') returned 2 matches {{(pid=94238) _get_by_requests /opt/stack/placement/placement/objects/allocation_candidate.py:145}}
Jul 05 19:47:45.522398 n-d-799527-1 devstack@placement-api.service[94238]: DEBUG placement.objects.allocation_candidate [req-97123de6-b8e1-4c98-a38b-ee0602262f47 req-8636d3ae-198e-4aa4-bcf5-569a1dababa9 service placement] Merging candidates yields 2 allocation requests and 2 provider summaries {{(pid=94238) _merge_candidates /opt/stack/placement/placement/objects/allocation_candidate.py:783}}
Jul 05 19:47:45.524937 n-d-799527-1 devstack@placement-api.service[94238]: INFO placement.requestlog [req-97123de6-b8e1-4c98-a38b-ee0602262f47 req-8636d3ae-198e-4aa4-bcf5-569a1dababa9 service placement] 10.222.0.10 "GET /placement/allocation_candidates?limit=1000&resources=DISK_GB%3A1%2CMEMORY_MB%3A1024%2CVCPU%3A1&root_required=%21COMPUTE_STATUS_DISABLED" status: 200 len: 1309 microversion: 1.35
Jul 05 19:47:45.525513 n-d-799527-1 devstack@placement-api.service[94238]: [pid: 94238|app: 0|req: 356/710] 10.222.0.10 () {60 vars in 1507 bytes} [Mon Jul 5 19:47:45 2021] GET /placement/allocation_candidates?limit=1000&resources=DISK_GB%3A1%2CMEMORY_MB%3A1024%2CVCPU%3A1&root_required=%21COMPUTE_STATUS_DISABLED => generated 1309 bytes in 150 msecs (HTTP/1.1 200) 8 headers in 297 bytes (1 switches on core 0)
Jul 05 19:47:45.581410 n-d-799527-1 devstack@placement-api.service[94239]: DEBUG placement.requestlog [req-2d07c4cd-b389-4102-81b0-8ab46bac089d req-bc6ac148-8617-4d98-8f51-4ce46930952c None None] Starting request: 10.222.0.10 "GET /placement/allocations/43bdb244-cabd-498b-9f78-eab0794a0057" {{(pid=94239) __call__ /opt/stack/placement/placement/requestlog.py:55}}
Jul 05 19:47:45.597872 n-d-799527-1 devstack@placement-api.service[94239]: INFO placement.requestlog [req-2d07c4cd-b389-4102-81b0-8ab46bac089d req-bc6ac148-8617-4d98-8f51-4ce46930952c service placement] 10.222.0.10 "GET /placement/allocations/43bdb244-cabd-498b-9f78-eab0794a0057" status: 200 len: 19 microversion: 1.28
Jul 05 19:47:45.598551 n-d-799527-1 devstack@placement-api.service[94239]: [pid: 94239|app: 0|req: 355/711] 10.222.0.10 () {60 vars in 1381 bytes} [Mon Jul 5 19:47:45 2021] GET /placement/allocations/43bdb244-cabd-498b-9f78-eab0794a0057 => generated 19 bytes in 18 msecs (HTTP/1.1 200) 8 headers in 295 bytes (1 switches on core 0)
Jul 05 19:47:45.604717 n-d-799527-1 devstack@placement-api.service[94238]: DEBUG placement.requestlog [req-2d07c4cd-b389-4102-81b0-8ab46bac089d req-f2e7c6dc-209c-4f2e-93be-45ec2170e882 None None] Starting request: 10.222.0.10 "PUT /placement/allocations/43bdb244-cabd-498b-9f78-eab0794a0057" {{(pid=94238) __call__ /opt/stack/placement/placement/requestlog.py:55}}
Jul 05 19:47:45.676570 n-d-799527-1 devstack@placement-api.service[94239]: DEBUG placement.requestlog [req-97123de6-b8e1-4c98-a38b-ee0602262f47 req-4a9c1100-6bd0-4e4c-959c-a4739b7596c1 None None] Starting request: 10.222.0.10 "GET /placement/allocations/54e57305-4a47-40bd-8129-01ce1712f4a7" {{(pid=94239) __call__ /opt/stack/placement/placement/requestlog.py:55}}
Jul 05 19:47:45.689607 n-d-799527-1 devstack@placement-api.service[94239]: INFO placement.requestlog [req-97123de6-b8e1-4c98-a38b-ee0602262f47 req-4a9c1100-6bd0-4e4c-959c-a4739b7596c1 service placement] 10.222.0.10 "GET /placement/allocations/54e57305-4a47-40bd-8129-01ce1712f4a7" status: 200 len: 19 microversion: 1.28
Jul 05 19:47:45.690517 n-d-799527-1 devstack@placement-api.service[94239]: [pid: 94239|app: 0|req: 356/712] 10.222.0.10 () {60 vars in 1381 bytes} [Mon Jul 5 19:47:45 2021] GET /placement/allocations/54e57305-4a47-40bd-8129-01ce1712f4a7 => generated 19 bytes in 14 msecs (HTTP/1.1 200) 8 headers in 295 bytes (1 switches on core 0)
Jul 05 19:47:45.701010 n-d-799527-1 devstack@placement-api.service[94239]: DEBUG placement.requestlog [req-97123de6-b8e1-4c98-a38b-ee0602262f47 req-52a9ad73-846a-48d8-b4bc-4b20efed9a58 None None] Starting request: 10.222.0.10 "PUT /placement/allocations/54e57305-4a47-40bd-8129-01ce1712f4a7" {{(pid=94239) __call__ /opt/stack/placement/placement/requestlog.py:55}}
Jul 05 19:47:45.704099 n-d-799527-1 devstack@placement-api.service[94238]: DEBUG placement.handlers.allocation [req-2d07c4cd-b389-4102-81b0-8ab46bac089d req-f2e7c6dc-209c-4f2e-93be-45ec2170e882 service placement] Successfully wrote allocations [, , ] {{(pid=94238) _create_allocations /opt/stack/placement/placement/handlers/allocation.py:435}}
Jul 05 19:47:45.704883 n-d-799527-1 devstack@placement-api.service[94238]: INFO placement.requestlog [req-2d07c4cd-b389-4102-81b0-8ab46bac089d req-f2e7c6dc-209c-4f2e-93be-45ec2170e882 service placement] 10.222.0.10 "PUT /placement/allocations/43bdb244-cabd-498b-9f78-eab0794a0057" status: 204 len: 0 microversion: 1.35
Jul 05 19:47:45.705409 n-d-799527-1 devstack@placement-api.service[94238]: [pid: 94238|app: 0|req: 357/713] 10.222.0.10 () {64 vars in 1434 bytes} [Mon Jul 5 19:47:45 2021] PUT /placement/allocations/43bdb244-cabd-498b-9f78-eab0794a0057 => generated 0 bytes in 101 msecs (HTTP/1.1 204) 5 headers in 199 bytes (1 switches on core 0)
Jul 05 19:47:45.966001 n-d-799527-1 devstack@placement-api.service[94239]: DEBUG placement.handlers.allocation [req-97123de6-b8e1-4c98-a38b-ee0602262f47 req-52a9ad73-846a-48d8-b4bc-4b20efed9a58 service placement] Successfully wrote allocations [, , ] {{(pid=94239) _create_allocations /opt/stack/placement/placement/handlers/allocation.py:435}}
Jul 05 19:47:45.966581 n-d-799527-1 devstack@placement-api.service[94239]: INFO placement.requestlog [req-97123de6-b8e1-4c98-a38b-ee0602262f47 req-52a9ad73-846a-48d8-b4bc-4b20efed9a58 service placement] 10.222.0.10 "PUT /placement/allocations/54e57305-4a47-40bd-8129-01ce1712f4a7" status: 204 len: 0 microversion: 1.35
Jul 05 19:47:45.966761 n-d-799527-1 devstack@placement-api.service[94239]: [pid: 94239|app: 0|req: 357/714] 10.222.0.10 () {64 vars in 1434 bytes} [Mon Jul 5 19:47:45 2021] PUT /placement/allocations/54e57305-4a47-40bd-8129-01ce1712f4a7 => generated 0 bytes in 266 msecs (HTTP/1.1 204) 5 headers in 199 bytes (1 switches on core 0)
Jul 05 19:47:46.123943 n-d-799527-1 devstack@placement-api.service[94238]: DEBUG placement.requestlog [req-2d07c4cd-b389-4102-81b0-8ab46bac089d req-ba1db394-f0a1-4ea7-a9a3-45afb2c7bb13 None None] Starting request: 10.222.0.64 "GET /placement/allocations/43bdb244-cabd-498b-9f78-eab0794a0057" {{(pid=94238) __call__ /opt/stack/placement/placement/requestlog.py:55}}
Jul 05 19:47:46.161584 n-d-799527-1 devstack@placement-api.service[94238]: INFO placement.requestlog [req-2d07c4cd-b389-4102-81b0-8ab46bac089d req-ba1db394-f0a1-4ea7-a9a3-45afb2c7bb13 service placement] 10.222.0.64 "GET /placement/allocations/43bdb244-cabd-498b-9f78-eab0794a0057" status: 200 len: 258 microversion: 1.28
Jul 05 19:47:46.162493 n-d-799527-1 devstack@placement-api.service[94238]: [pid: 94238|app: 0|req: 358/715] 10.222.0.64 () {60 vars in 1378 bytes} [Mon Jul 5 19:47:46 2021] GET /placement/allocations/43bdb244-cabd-498b-9f78-eab0794a0057 => generated 258 bytes in 39 msecs (HTTP/1.1 200) 8 headers in 296 bytes (1 switches on core 0)
Jul 05 19:47:46.735582 n-d-799527-1 devstack@placement-api.service[94239]: DEBUG placement.requestlog [req-97123de6-b8e1-4c98-a38b-ee0602262f47 req-fd73a0c9-b6b7-4e1a-823b-c112078ff1ee None None] Starting request: 10.222.0.64 "GET /placement/allocations/54e57305-4a47-40bd-8129-01ce1712f4a7" {{(pid=94239) __call__ /opt/stack/placement/placement/requestlog.py:55}}
Jul 05 19:47:46.770893 n-d-799527-1 devstack@placement-api.service[94239]: INFO placement.requestlog [req-97123de6-b8e1-4c98-a38b-ee0602262f47 req-fd73a0c9-b6b7-4e1a-823b-c112078ff1ee service placement] 10.222.0.64 "GET /placement/allocations/54e57305-4a47-40bd-8129-01ce1712f4a7" status: 200 len: 259 microversion: 1.28
Jul 05 19:47:46.774331 n-d-799527-1 devstack@placement-api.service[94239]: [pid: 94239|app: 0|req: 358/716] 10.222.0.64 () {60 vars in 1378 bytes} [Mon Jul 5 19:47:46 2021] GET /placement/allocations/54e57305-4a47-40bd-8129-01ce1712f4a7 => generated 259 bytes in 39 msecs (HTTP/1.1 200) 8 headers in 296 bytes (1 switches on core 0)
Jul 05 19:47:50.462347 n-d-799527-1 devstack@placement-api.service[94238]: DEBUG placement.requestlog [req-b64656e1-2757-4904-b1ab-7c6768e775e6 req-82da4748-b01a-45e0-a674-ef0b2753a345 None None] Starting request: 10.222.0.64 "GET /placement/allocations/8d0dd3b8-585f-4bc6-930d-94b216a8dde2" {{(pid=94238) __call__ /opt/stack/placement/placement/requestlog.py:55}}
Jul 05 19:47:50.479692 n-d-799527-1 devstack@placement-api.service[94238]: INFO placement.requestlog [req-b64656e1-2757-4904-b1ab-7c6768e775e6 req-82da4748-b01a-45e0-a674-ef0b2753a345 service placement] 10.222.0.64 "GET /placement/allocations/8d0dd3b8-585f-4bc6-930d-94b216a8dde2" status: 200 len: 259 microversion: 1.28
Jul 05 19:47:50.480595 n-d-799527-1 devstack@placement-api.service[94238]: [pid: 94238|app: 0|req: 359/717] 10.222.0.64 () {60 vars in 1378 bytes} [Mon Jul 5 19:47:50 2021] GET /placement/allocations/8d0dd3b8-585f-4bc6-930d-94b216a8dde2 => generated 259 bytes in 18 msecs (HTTP/1.1 200) 8 headers in 296 bytes (1 switches on core 0)
Jul 05 19:47:50.487351 n-d-799527-1 devstack@placement-api.service[94239]: DEBUG placement.requestlog [req-b64656e1-2757-4904-b1ab-7c6768e775e6 req-b66116ac-37ba-4d7e-b3fb-0b7c2279f54e None None] Starting request: 10.222.0.64 "PUT /placement/allocations/8d0dd3b8-585f-4bc6-930d-94b216a8dde2" {{(pid=94239) __call__ /opt/stack/placement/placement/requestlog.py:55}}
Jul 05 19:47:50.546568 n-d-799527-1 devstack@placement-api.service[94239]: DEBUG placement.handlers.allocation [req-b64656e1-2757-4904-b1ab-7c6768e775e6 req-b66116ac-37ba-4d7e-b3fb-0b7c2279f54e service placement] Successfully wrote allocations [, , ] {{(pid=94239) _create_allocations /opt/stack/placement/placement/handlers/allocation.py:435}}
Jul 05 19:47:50.547357 n-d-799527-1 devstack@placement-api.service[94239]: INFO placement.requestlog [req-b64656e1-2757-4904-b1ab-7c6768e775e6 req-b66116ac-37ba-4d7e-b3fb-0b7c2279f54e service placement] 10.222.0.64 "PUT /placement/allocations/8d0dd3b8-585f-4bc6-930d-94b216a8dde2" status: 204 len: 0 microversion: 1.28
Jul 05 19:47:50.547743 n-d-799527-1 devstack@placement-api.service[94239]: [pid: 94239|app: 0|req: 359/718] 10.222.0.64 () {64 vars in 1431 bytes} [Mon Jul 5 19:47:50 2021] PUT /placement/allocations/8d0dd3b8-585f-4bc6-930d-94b216a8dde2 => generated 0 bytes in 61 msecs (HTTP/1.1 204) 5 headers in 199 bytes (1 switches on core 0)
Jul 05 19:47:53.781549 n-d-799527-1 devstack@placement-api.service[94238]: DEBUG placement.requestlog [req-cbd7b617-cca9-4d6a-a2be-d2ebfbb6eefd req-037e5299-dfcc-4375-998f-9671f606eeae None None] Starting request: 10.222.0.95 "GET /placement/allocations/79959508-d26d-481b-b89b-42da0ea25449" {{(pid=94238) __call__ /opt/stack/placement/placement/requestlog.py:55}}
Jul 05 19:47:53.801295 n-d-799527-1 devstack@placement-api.service[94238]: INFO placement.requestlog [req-cbd7b617-cca9-4d6a-a2be-d2ebfbb6eefd req-037e5299-dfcc-4375-998f-9671f606eeae service placement] 10.222.0.95 "GET /placement/allocations/79959508-d26d-481b-b89b-42da0ea25449" status: 200 len: 260 microversion: 1.28
Jul 05 19:47:53.801954 n-d-799527-1 devstack@placement-api.service[94238]: [pid: 94238|app: 0|req: 360/719] 10.222.0.95 () {60 vars in 1378 bytes} [Mon Jul 5 19:47:53 2021] GET /placement/allocations/79959508-d26d-481b-b89b-42da0ea25449 => generated 260 bytes in 21 msecs (HTTP/1.1 200) 8 headers in 296 bytes (1 switches on core 0)
Jul 05 19:47:53.810948 n-d-799527-1 devstack@placement-api.service[94239]: DEBUG placement.requestlog [req-cbd7b617-cca9-4d6a-a2be-d2ebfbb6eefd req-c56971e1-0a86-4612-b96f-d0d9fc0b7dca None None] Starting request: 10.222.0.95 "PUT /placement/allocations/79959508-d26d-481b-b89b-42da0ea25449" {{(pid=94239) __call__ /opt/stack/placement/placement/requestlog.py:55}}
Jul 05 19:47:53.879964 n-d-799527-1 devstack@placement-api.service[94239]: DEBUG placement.handlers.allocation [req-cbd7b617-cca9-4d6a-a2be-d2ebfbb6eefd req-c56971e1-0a86-4612-b96f-d0d9fc0b7dca service placement] Successfully wrote allocations [, , ] {{(pid=94239) _create_allocations /opt/stack/placement/placement/handlers/allocation.py:435}}
Jul 05 19:47:53.881727 n-d-799527-1 devstack@placement-api.service[94239]: INFO placement.requestlog [req-cbd7b617-cca9-4d6a-a2be-d2ebfbb6eefd req-c56971e1-0a86-4612-b96f-d0d9fc0b7dca service placement] 10.222.0.95 "PUT /placement/allocations/79959508-d26d-481b-b89b-42da0ea25449" status: 204 len: 0 microversion: 1.28
Jul 05 19:47:53.882061 n-d-799527-1 devstack@placement-api.service[94239]: [pid: 94239|app: 0|req: 360/720] 10.222.0.95 () {64 vars in 1431 bytes} [Mon Jul 5 19:47:53 2021] PUT /placement/allocations/79959508-d26d-481b-b89b-42da0ea25449 => generated 0 bytes in 71 msecs (HTTP/1.1 204) 5 headers in 199 bytes (1 switches on core 0)
Jul 05 19:48:01.436599 n-d-799527-1 devstack@placement-api.service[94238]: DEBUG placement.requestlog [req-42d52106-dfe2-4188-9d29-730b5a6ef707 req-a8aeb265-7a68-4dec-8bfc-5e43c86544cf None None] Starting request: 10.222.0.95 "GET /placement/allocations/950acc5c-fc27-4790-94c8-ce0a641d429b" {{(pid=94238) __call__ /opt/stack/placement/placement/requestlog.py:55}}
Jul 05 19:48:01.461134 n-d-799527-1 devstack@placement-api.service[94238]: INFO placement.requestlog [req-42d52106-dfe2-4188-9d29-730b5a6ef707 req-a8aeb265-7a68-4dec-8bfc-5e43c86544cf service placement] 10.222.0.95 "GET /placement/allocations/950acc5c-fc27-4790-94c8-ce0a641d429b" status: 200 len: 260 microversion: 1.28
Jul 05 19:48:01.462089 n-d-799527-1 devstack@placement-api.service[94238]: [pid: 94238|app: 0|req: 361/721] 10.222.0.95 () {60 vars in 1378 bytes} [Mon Jul 5 19:48:01 2021] GET /placement/allocations/950acc5c-fc27-4790-94c8-ce0a641d429b => generated 260 bytes in 26 msecs (HTTP/1.1 200) 8 headers in 296 bytes (1 switches on core 0)
Jul 05 19:48:01.471884 n-d-799527-1 devstack@placement-api.service[94239]: DEBUG placement.requestlog [req-42d52106-dfe2-4188-9d29-730b5a6ef707 req-e460ccf8-057f-4e53-becb-1d01952770ca None None] Starting request: 10.222.0.95 "PUT /placement/allocations/950acc5c-fc27-4790-94c8-ce0a641d429b" {{(pid=94239) __call__ /opt/stack/placement/placement/requestlog.py:55}}
Jul 05 19:48:01.535463 n-d-799527-1 devstack@placement-api.service[94239]: DEBUG placement.handlers.allocation [req-42d52106-dfe2-4188-9d29-730b5a6ef707 req-e460ccf8-057f-4e53-becb-1d01952770ca service placement] Successfully wrote allocations [, , ] {{(pid=94239) _create_allocations /opt/stack/placement/placement/handlers/allocation.py:435}}
Jul 05 19:48:01.536003 n-d-799527-1 devstack@placement-api.service[94239]: INFO placement.requestlog [req-42d52106-dfe2-4188-9d29-730b5a6ef707 req-e460ccf8-057f-4e53-becb-1d01952770ca service placement] 10.222.0.95 "PUT /placement/allocations/950acc5c-fc27-4790-94c8-ce0a641d429b" status: 204 len: 0 microversion: 1.28
Jul 05 19:48:01.536853 n-d-799527-1 devstack@placement-api.service[94239]: [pid: 94239|app: 0|req: 361/722] 10.222.0.95 () {64 vars in 1431 bytes} [Mon Jul 5 19:48:01 2021] PUT /placement/allocations/950acc5c-fc27-4790-94c8-ce0a641d429b => generated 0 bytes in 67 msecs (HTTP/1.1 204) 5 headers in 199 bytes (1 switches on core 0)
Jul 05 19:48:05.927217 n-d-799527-1 devstack@placement-api.service[94238]: DEBUG placement.requestlog [req-8768bae1-262a-486f-90e2-c379c665537f req-cd04f021-50c3-4177-9a02-d8a87b1dd8ea None None] Starting request: 10.222.0.64 "GET /placement/allocations/54e57305-4a47-40bd-8129-01ce1712f4a7" {{(pid=94238) __call__ /opt/stack/placement/placement/requestlog.py:55}}
Jul 05 19:48:05.948957 n-d-799527-1 devstack@placement-api.service[94238]: INFO placement.requestlog [req-8768bae1-262a-486f-90e2-c379c665537f req-cd04f021-50c3-4177-9a02-d8a87b1dd8ea service placement] 10.222.0.64 "GET /placement/allocations/54e57305-4a47-40bd-8129-01ce1712f4a7" status: 200 len: 259 microversion: 1.28
Jul 05 19:48:05.949413 n-d-799527-1 devstack@placement-api.service[94238]: [pid: 94238|app: 0|req: 362/723] 10.222.0.64 () {60 vars in 1378 bytes} [Mon Jul 5 19:48:05 2021] GET /placement/allocations/54e57305-4a47-40bd-8129-01ce1712f4a7 => generated 259 bytes in 22 msecs (HTTP/1.1 200) 8 headers in 296 bytes (1 switches on core 0)
Jul 05 19:48:05.957320 n-d-799527-1 devstack@placement-api.service[94239]: DEBUG placement.requestlog [req-8768bae1-262a-486f-90e2-c379c665537f req-7f9fdf75-b920-4df8-8002-7cc7e0b646fa None None] Starting request: 10.222.0.64 "PUT /placement/allocations/54e57305-4a47-40bd-8129-01ce1712f4a7" {{(pid=94239) __call__ /opt/stack/placement/placement/requestlog.py:55}}
