Jul 05 19:22:02.002278 n-d-799527-1 devstack@n-api.service[93065]: DEBUG nova.api.openstack.wsgi_app [-] database.max_retries = 10 {{(pid=93065) log_opt_values /usr/local/lib/python3.8/dist-packages/oslo_config/cfg.py:2609}}
Jul 05 19:22:02.002582 n-d-799527-1 devstack@n-api.service[93065]: DEBUG nova.api.openstack.wsgi_app [-] database.mysql_enable_ndb = False {{(pid=93065) log_opt_values /usr/local/lib/python3.8/dist-packages/oslo_config/cfg.py:2609}}
Jul 05 19:22:02.002901 n-d-799527-1 devstack@n-api.service[93065]: DEBUG nova.api.openstack.wsgi_app [-] database.mysql_sql_mode = TRADITIONAL {{(pid=93065) log_opt_values /usr/local/lib/python3.8/dist-packages/oslo_config/cfg.py:2609}}
Jul 05 19:22:02.003206 n-d-799527-1 devstack@n-api.service[93065]: DEBUG nova.api.openstack.wsgi_app [-] database.pool_timeout = None {{(pid=93065) log_opt_values /usr/local/lib/python3.8/dist-packages/oslo_config/cfg.py:2609}}
Jul 05 19:22:02.003518 n-d-799527-1 devstack@n-api.service[93065]: DEBUG nova.api.openstack.wsgi_app [-] database.retry_interval = 10 {{(pid=93065) log_opt_values /usr/local/lib/python3.8/dist-packages/oslo_config/cfg.py:2609}}
Jul 05 19:22:02.003817 n-d-799527-1 devstack@n-api.service[93065]: DEBUG nova.api.openstack.wsgi_app [-] database.slave_connection = **** {{(pid=93065) log_opt_values /usr/local/lib/python3.8/dist-packages/oslo_config/cfg.py:2609}}
Jul 05 19:22:02.004126 n-d-799527-1 devstack@n-api.service[93065]: DEBUG nova.api.openstack.wsgi_app [-] database.sqlite_synchronous = True {{(pid=93065) log_opt_values /usr/local/lib/python3.8/dist-packages/oslo_config/cfg.py:2609}}
Jul 05 19:22:02.004432 n-d-799527-1 devstack@n-api.service[93065]: DEBUG nova.api.openstack.wsgi_app [-] database.use_db_reconnect = False {{(pid=93065) log_opt_values /usr/local/lib/python3.8/dist-packages/oslo_config/cfg.py:2609}}
Jul 05 19:22:02.004739 n-d-799527-1 devstack@n-api.service[93065]: DEBUG nova.api.openstack.wsgi_app [-] database.use_tpool = False {{(pid=93065) log_opt_values /usr/local/lib/python3.8/dist-packages/oslo_config/cfg.py:2609}}
Jul 05 19:22:02.005097 n-d-799527-1 devstack@n-api.service[93065]: DEBUG nova.api.openstack.wsgi_app [-] profiler.connection_string = messaging:// {{(pid=93065) log_opt_values /usr/local/lib/python3.8/dist-packages/oslo_config/cfg.py:2609}}
Jul 05 19:22:02.005407 n-d-799527-1 devstack@n-api.service[93065]: DEBUG nova.api.openstack.wsgi_app [-] profiler.enabled = False {{(pid=93065) log_opt_values /usr/local/lib/python3.8/dist-packages/oslo_config/cfg.py:2609}}
Jul 05 19:22:02.005725 n-d-799527-1 devstack@n-api.service[93065]: DEBUG nova.api.openstack.wsgi_app [-] profiler.es_doc_type = notification {{(pid=93065) log_opt_values /usr/local/lib/python3.8/dist-packages/oslo_config/cfg.py:2609}}
Jul 05 19:22:02.006031 n-d-799527-1 devstack@n-api.service[93065]: DEBUG nova.api.openstack.wsgi_app [-] profiler.es_scroll_size = 10000 {{(pid=93065) log_opt_values /usr/local/lib/python3.8/dist-packages/oslo_config/cfg.py:2609}}
Jul 05 19:22:02.006346 n-d-799527-1 devstack@n-api.service[93065]: DEBUG nova.api.openstack.wsgi_app [-] profiler.es_scroll_time = 2m {{(pid=93065) log_opt_values /usr/local/lib/python3.8/dist-packages/oslo_config/cfg.py:2609}}
Jul 05 19:22:02.006649 n-d-799527-1 devstack@n-api.service[93065]: DEBUG nova.api.openstack.wsgi_app [-] profiler.filter_error_trace = False {{(pid=93065) log_opt_values /usr/local/lib/python3.8/dist-packages/oslo_config/cfg.py:2609}}
Jul 05 19:22:02.006965 n-d-799527-1 devstack@n-api.service[93065]: DEBUG nova.api.openstack.wsgi_app [-] profiler.hmac_keys = SECRET_KEY {{(pid=93065) log_opt_values /usr/local/lib/python3.8/dist-packages/oslo_config/cfg.py:2609}}
Jul 05 19:22:02.007286 n-d-799527-1 devstack@n-api.service[93065]: DEBUG nova.api.openstack.wsgi_app [-] profiler.sentinel_service_name = mymaster {{(pid=93065) log_opt_values /usr/local/lib/python3.8/dist-packages/oslo_config/cfg.py:2609}}
Jul 05 19:22:02.007599 n-d-799527-1 devstack@n-api.service[93065]: DEBUG nova.api.openstack.wsgi_app [-] profiler.socket_timeout = 0.1 {{(pid=93065) log_opt_values /usr/local/lib/python3.8/dist-packages/oslo_config/cfg.py:2609}}
Jul 05 19:22:02.007916 n-d-799527-1 devstack@n-api.service[93065]: DEBUG nova.api.openstack.wsgi_app [-] profiler.trace_sqlalchemy = False {{(pid=93065) log_opt_values /usr/local/lib/python3.8/dist-packages/oslo_config/cfg.py:2609}}
Jul 05 19:22:02.008236 n-d-799527-1 devstack@n-api.service[93065]: DEBUG nova.api.openstack.wsgi_app [-] oslo_messaging_rabbit.amqp_auto_delete = False {{(pid=93065) log_opt_values /usr/local/lib/python3.8/dist-packages/oslo_config/cfg.py:2609}}
Jul 05 19:22:02.008539 n-d-799527-1 devstack@n-api.service[93065]: DEBUG nova.api.openstack.wsgi_app [-] oslo_messaging_rabbit.amqp_durable_queues = False {{(pid=93065) log_opt_values /usr/local/lib/python3.8/dist-packages/oslo_config/cfg.py:2609}}
Jul 05 19:22:02.008845 n-d-799527-1 devstack@n-api.service[93065]: DEBUG nova.api.openstack.wsgi_app [-] oslo_messaging_rabbit.conn_pool_min_size = 2 {{(pid=93065) log_opt_values /usr/local/lib/python3.8/dist-packages/oslo_config/cfg.py:2609}}
Jul 05 19:22:02.009175 n-d-799527-1 devstack@n-api.service[93065]: DEBUG nova.api.openstack.wsgi_app [-] oslo_messaging_rabbit.conn_pool_ttl = 1200 {{(pid=93065) log_opt_values /usr/local/lib/python3.8/dist-packages/oslo_config/cfg.py:2609}}
Jul 05 19:22:02.009480 n-d-799527-1 devstack@n-api.service[93065]: DEBUG nova.api.openstack.wsgi_app [-] oslo_messaging_rabbit.direct_mandatory_flag = True {{(pid=93065) log_opt_values /usr/local/lib/python3.8/dist-packages/oslo_config/cfg.py:2609}}
Jul 05 19:22:02.009975 n-d-799527-1 devstack@n-api.service[93065]: DEBUG nova.api.openstack.wsgi_app [-] oslo_messaging_rabbit.enable_cancel_on_failover = False {{(pid=93065) log_opt_values /usr/local/lib/python3.8/dist-packages/oslo_config/cfg.py:2609}}
Jul 05 19:22:02.010211 n-d-799527-1 devstack@n-api.service[93065]: DEBUG nova.api.openstack.wsgi_app [-] oslo_messaging_rabbit.heartbeat_in_pthread = True {{(pid=93065) log_opt_values /usr/local/lib/python3.8/dist-packages/oslo_config/cfg.py:2609}}
Jul 05 19:22:02.010408 n-d-799527-1 devstack@n-api.service[93065]: DEBUG nova.api.openstack.wsgi_app [-] oslo_messaging_rabbit.heartbeat_rate = 3 {{(pid=93065) log_opt_values /usr/local/lib/python3.8/dist-packages/oslo_config/cfg.py:2609}}
Jul 05 19:22:02.010983 n-d-799527-1 devstack@n-api.service[93065]: DEBUG nova.api.openstack.wsgi_app [-] oslo_messaging_rabbit.heartbeat_timeout_threshold = 600 {{(pid=93065) log_opt_values /usr/local/lib/python3.8/dist-packages/oslo_config/cfg.py:2609}}
Jul 05 19:22:02.011288 n-d-799527-1 devstack@n-api.service[93065]: DEBUG nova.api.openstack.wsgi_app [-] oslo_messaging_rabbit.kombu_compression = None {{(pid=93065) log_opt_values /usr/local/lib/python3.8/dist-packages/oslo_config/cfg.py:2609}}
Jul 05 19:22:02.011714 n-d-799527-1 devstack@n-api.service[93065]: DEBUG nova.api.openstack.wsgi_app [-] oslo_messaging_rabbit.kombu_failover_strategy = round-robin {{(pid=93065) log_opt_values /usr/local/lib/python3.8/dist-packages/oslo_config/cfg.py:2609}}
Jul 05 19:22:02.012076 n-d-799527-1 devstack@n-api.service[93065]: DEBUG nova.api.openstack.wsgi_app [-] oslo_messaging_rabbit.kombu_missing_consumer_retry_timeout = 60 {{(pid=93065) log_opt_values /usr/local/lib/python3.8/dist-packages/oslo_config/cfg.py:2609}}
Jul 05 19:22:02.012330 n-d-799527-1 devstack@n-api.service[93065]: DEBUG nova.api.openstack.wsgi_app [-] oslo_messaging_rabbit.kombu_reconnect_delay = 1.0 {{(pid=93065) log_opt_values /usr/local/lib/python3.8/dist-packages/oslo_config/cfg.py:2609}}
Jul 05 19:22:02.012762 n-d-799527-1 devstack@n-api.service[93065]: DEBUG nova.api.openstack.wsgi_app [-] oslo_messaging_rabbit.rabbit_ha_queues = False {{(pid=93065) log_opt_values /usr/local/lib/python3.8/dist-packages/oslo_config/cfg.py:2609}}
Jul 05 19:22:02.013223 n-d-799527-1 devstack@n-api.service[93065]: DEBUG nova.api.openstack.wsgi_app [-] oslo_messaging_rabbit.rabbit_interval_max = 30 {{(pid=93065) log_opt_values /usr/local/lib/python3.8/dist-packages/oslo_config/cfg.py:2609}}
Jul 05 19:22:02.013551 n-d-799527-1 devstack@n-api.service[93065]: DEBUG nova.api.openstack.wsgi_app [-] oslo_messaging_rabbit.rabbit_login_method = AMQPLAIN {{(pid=93065) log_opt_values /usr/local/lib/python3.8/dist-packages/oslo_config/cfg.py:2609}}
Jul 05 19:22:02.013859 n-d-799527-1 devstack@n-api.service[93065]: DEBUG nova.api.openstack.wsgi_app [-] oslo_messaging_rabbit.rabbit_qos_prefetch_count = 0 {{(pid=93065) log_opt_values /usr/local/lib/python3.8/dist-packages/oslo_config/cfg.py:2609}}
Jul 05 19:22:02.014195 n-d-799527-1 devstack@n-api.service[93065]: DEBUG nova.api.openstack.wsgi_app [-] oslo_messaging_rabbit.rabbit_retry_backoff = 2 {{(pid=93065) log_opt_values /usr/local/lib/python3.8/dist-packages/oslo_config/cfg.py:2609}}
Jul 05 19:22:02.014508 n-d-799527-1 devstack@n-api.service[93065]: DEBUG nova.api.openstack.wsgi_app [-] oslo_messaging_rabbit.rabbit_retry_interval = 1 {{(pid=93065) log_opt_values /usr/local/lib/python3.8/dist-packages/oslo_config/cfg.py:2609}}
Jul 05 19:22:02.014814 n-d-799527-1 devstack@n-api.service[93065]: DEBUG nova.api.openstack.wsgi_app [-] oslo_messaging_rabbit.rabbit_transient_queues_ttl = 1800 {{(pid=93065) log_opt_values /usr/local/lib/python3.8/dist-packages/oslo_config/cfg.py:2609}}
Jul 05 19:22:02.015157 n-d-799527-1 devstack@n-api.service[93065]: DEBUG nova.api.openstack.wsgi_app [-] oslo_messaging_rabbit.rpc_conn_pool_size = 30 {{(pid=93065) log_opt_values /usr/local/lib/python3.8/dist-packages/oslo_config/cfg.py:2609}}
Jul 05 19:22:02.015467 n-d-799527-1 devstack@n-api.service[93065]: DEBUG nova.api.openstack.wsgi_app [-] oslo_messaging_rabbit.ssl = False {{(pid=93065) log_opt_values /usr/local/lib/python3.8/dist-packages/oslo_config/cfg.py:2609}}
Jul 05 19:22:02.015898 n-d-799527-1 devstack@n-api.service[93065]: DEBUG nova.api.openstack.wsgi_app [-] oslo_messaging_rabbit.ssl_ca_file = {{(pid=93065) log_opt_values /usr/local/lib/python3.8/dist-packages/oslo_config/cfg.py:2609}}
Jul 05 19:22:02.016351 n-d-799527-1 devstack@n-api.service[93065]: DEBUG nova.api.openstack.wsgi_app [-] oslo_messaging_rabbit.ssl_cert_file = {{(pid=93065) log_opt_values /usr/local/lib/python3.8/dist-packages/oslo_config/cfg.py:2609}}
Jul 05 19:22:02.016680 n-d-799527-1 devstack@n-api.service[93065]: DEBUG nova.api.openstack.wsgi_app [-] oslo_messaging_rabbit.ssl_key_file = {{(pid=93065) log_opt_values /usr/local/lib/python3.8/dist-packages/oslo_config/cfg.py:2609}}
Jul 05 19:22:02.017030 n-d-799527-1 devstack@n-api.service[93065]: DEBUG nova.api.openstack.wsgi_app [-] oslo_messaging_rabbit.ssl_version = {{(pid=93065) log_opt_values /usr/local/lib/python3.8/dist-packages/oslo_config/cfg.py:2609}}
Jul 05 19:22:02.017377 n-d-799527-1 devstack@n-api.service[93065]: DEBUG nova.api.openstack.wsgi_app [-] oslo_messaging_notifications.driver = ['messagingv2'] {{(pid=93065) log_opt_values /usr/local/lib/python3.8/dist-packages/oslo_config/cfg.py:2609}}
Jul 05 19:22:02.017685 n-d-799527-1 devstack@n-api.service[93065]: DEBUG nova.api.openstack.wsgi_app [-] oslo_messaging_notifications.retry = -1 {{(pid=93065) log_opt_values /usr/local/lib/python3.8/dist-packages/oslo_config/cfg.py:2609}}
Jul 05 19:22:02.018024 n-d-799527-1 devstack@n-api.service[93065]: DEBUG nova.api.openstack.wsgi_app [-] oslo_messaging_notifications.topics = ['notifications'] {{(pid=93065) log_opt_values /usr/local/lib/python3.8/dist-packages/oslo_config/cfg.py:2609}}
Jul 05 19:22:02.018346 n-d-799527-1 devstack@n-api.service[93065]: DEBUG nova.api.openstack.wsgi_app [-] oslo_messaging_notifications.transport_url = **** {{(pid=93065) log_opt_values /usr/local/lib/python3.8/dist-packages/oslo_config/cfg.py:2609}}
Jul 05 19:22:02.018581 n-d-799527-1 devstack@n-api.service[93065]: DEBUG nova.api.openstack.wsgi_app [-] ******************************************************************************** {{(pid=93065) log_opt_values /usr/local/lib/python3.8/dist-packages/oslo_config/cfg.py:2613}}
Jul 05 19:22:02.041892 n-d-799527-1 devstack@n-api.service[93065]: DEBUG oslo_db.sqlalchemy.engines [None req-0b117788-8bbf-4f4e-9536-980b9f6312de None None] MySQL server mode set to STRICT_TRANS_TABLES,STRICT_ALL_TABLES,NO_ZERO_IN_DATE,NO_ZERO_DATE,ERROR_FOR_DIVISION_BY_ZERO,TRADITIONAL,NO_ENGINE_SUBSTITUTION {{(pid=93065) _check_effective_sql_mode /usr/local/lib/python3.8/dist-packages/oslo_db/sqlalchemy/engines.py:314}}
Jul 05 19:22:02.081479 n-d-799527-1 devstack@n-api.service[93064]: DEBUG nova.context [None req-bb9a6bcf-d0cb-4c8e-aef0-70d402a4eeb4 None None] Found 2 cells: 00000000-0000-0000-0000-000000000000(cell0),e721916a-666c-4979-bb76-3536f3f356bf(cell1) {{(pid=93064) load_cells /opt/stack/nova/nova/context.py:464}}
Jul 05 19:22:02.085774 n-d-799527-1 devstack@n-api.service[93064]: DEBUG oslo_concurrency.lockutils [None req-bb9a6bcf-d0cb-4c8e-aef0-70d402a4eeb4 None None] Lock "00000000-0000-0000-0000-000000000000" acquired by "nova.context.set_target_cell..get_or_set_cached_cell_and_set_connections" :: waited 0.000s {{(pid=93064) inner /usr/local/lib/python3.8/dist-packages/oslo_concurrency/lockutils.py:355}}
Jul 05 19:22:02.087454 n-d-799527-1 devstack@n-api.service[93064]: DEBUG oslo_concurrency.lockutils [None req-bb9a6bcf-d0cb-4c8e-aef0-70d402a4eeb4 None None] Lock "00000000-0000-0000-0000-000000000000" released by "nova.context.set_target_cell..get_or_set_cached_cell_and_set_connections" :: held 0.002s {{(pid=93064) inner /usr/local/lib/python3.8/dist-packages/oslo_concurrency/lockutils.py:367}}
Jul 05 19:22:02.088381 n-d-799527-1 devstack@n-api.service[93064]: DEBUG oslo_concurrency.lockutils [None req-bb9a6bcf-d0cb-4c8e-aef0-70d402a4eeb4 None None] Lock "e721916a-666c-4979-bb76-3536f3f356bf" acquired by "nova.context.set_target_cell..get_or_set_cached_cell_and_set_connections" :: waited 0.000s {{(pid=93064) inner /usr/local/lib/python3.8/dist-packages/oslo_concurrency/lockutils.py:355}}
Jul 05 19:22:02.090323 n-d-799527-1 devstack@n-api.service[93064]: DEBUG oslo_concurrency.lockutils [None req-bb9a6bcf-d0cb-4c8e-aef0-70d402a4eeb4 None None] Lock "e721916a-666c-4979-bb76-3536f3f356bf" released by "nova.context.set_target_cell..get_or_set_cached_cell_and_set_connections" :: held 0.002s {{(pid=93064) inner /usr/local/lib/python3.8/dist-packages/oslo_concurrency/lockutils.py:367}}
Jul 05 19:22:02.101533 n-d-799527-1 devstack@n-api.service[93064]: DEBUG oslo_db.sqlalchemy.engines [None req-bb9a6bcf-d0cb-4c8e-aef0-70d402a4eeb4 None None] MySQL server mode set to STRICT_TRANS_TABLES,STRICT_ALL_TABLES,NO_ZERO_IN_DATE,NO_ZERO_DATE,ERROR_FOR_DIVISION_BY_ZERO,TRADITIONAL,NO_ENGINE_SUBSTITUTION {{(pid=93064) _check_effective_sql_mode /usr/local/lib/python3.8/dist-packages/oslo_db/sqlalchemy/engines.py:314}}
Jul 05 19:22:02.105030 n-d-799527-1 devstack@n-api.service[93064]: DEBUG oslo_db.sqlalchemy.engines [None req-bb9a6bcf-d0cb-4c8e-aef0-70d402a4eeb4 None None] MySQL server mode set to STRICT_TRANS_TABLES,STRICT_ALL_TABLES,NO_ZERO_IN_DATE,NO_ZERO_DATE,ERROR_FOR_DIVISION_BY_ZERO,TRADITIONAL,NO_ENGINE_SUBSTITUTION {{(pid=93064) _check_effective_sql_mode /usr/local/lib/python3.8/dist-packages/oslo_db/sqlalchemy/engines.py:314}}
Jul 05 19:22:02.121325 n-d-799527-1 devstack@n-api.service[93064]: /opt/stack/nova/nova/db/sqlalchemy/api.py:427: SAWarning: TypeDecorator SoftDeleteInteger() will not produce a cache key because the ``cache_ok`` flag is not set to True. Set this flag to True if this type object's state is safe to use in a cache key, or False to disable this warning.
Jul 05 19:22:02.121325 n-d-799527-1 devstack@n-api.service[93064]: return dict(min_versions)
Jul 05 19:22:02.123276 n-d-799527-1 devstack@n-api.service[93065]: DEBUG nova.context [None req-0b117788-8bbf-4f4e-9536-980b9f6312de None None] Found 2 cells: 00000000-0000-0000-0000-000000000000(cell0),e721916a-666c-4979-bb76-3536f3f356bf(cell1) {{(pid=93065) load_cells /opt/stack/nova/nova/context.py:464}}
Jul 05 19:22:02.127737 n-d-799527-1 devstack@n-api.service[93065]: DEBUG oslo_concurrency.lockutils [None req-0b117788-8bbf-4f4e-9536-980b9f6312de None None] Lock "00000000-0000-0000-0000-000000000000" acquired by "nova.context.set_target_cell..get_or_set_cached_cell_and_set_connections" :: waited 0.000s {{(pid=93065) inner /usr/local/lib/python3.8/dist-packages/oslo_concurrency/lockutils.py:355}}
Jul 05 19:22:02.129445 n-d-799527-1 devstack@n-api.service[93065]: DEBUG oslo_concurrency.lockutils [None req-0b117788-8bbf-4f4e-9536-980b9f6312de None None] Lock "00000000-0000-0000-0000-000000000000" released by "nova.context.set_target_cell..get_or_set_cached_cell_and_set_connections" :: held 0.002s {{(pid=93065) inner /usr/local/lib/python3.8/dist-packages/oslo_concurrency/lockutils.py:367}}
Jul 05 19:22:02.130260 n-d-799527-1 devstack@n-api.service[93065]: DEBUG oslo_concurrency.lockutils [None req-0b117788-8bbf-4f4e-9536-980b9f6312de None None] Lock "e721916a-666c-4979-bb76-3536f3f356bf" acquired by "nova.context.set_target_cell..get_or_set_cached_cell_and_set_connections" :: waited 0.000s {{(pid=93065) inner /usr/local/lib/python3.8/dist-packages/oslo_concurrency/lockutils.py:355}}
Jul 05 19:22:02.132271 n-d-799527-1 devstack@n-api.service[93065]: DEBUG oslo_concurrency.lockutils [None req-0b117788-8bbf-4f4e-9536-980b9f6312de None None] Lock "e721916a-666c-4979-bb76-3536f3f356bf" released by "nova.context.set_target_cell..get_or_set_cached_cell_and_set_connections" :: held 0.002s {{(pid=93065) inner /usr/local/lib/python3.8/dist-packages/oslo_concurrency/lockutils.py:367}}
Jul 05 19:22:02.146651 n-d-799527-1 devstack@n-api.service[93065]: DEBUG oslo_db.sqlalchemy.engines [None req-0b117788-8bbf-4f4e-9536-980b9f6312de None None] MySQL server mode set to STRICT_TRANS_TABLES,STRICT_ALL_TABLES,NO_ZERO_IN_DATE,NO_ZERO_DATE,ERROR_FOR_DIVISION_BY_ZERO,TRADITIONAL,NO_ENGINE_SUBSTITUTION {{(pid=93065) _check_effective_sql_mode /usr/local/lib/python3.8/dist-packages/oslo_db/sqlalchemy/engines.py:314}}
Jul 05 19:22:02.149347 n-d-799527-1 devstack@n-api.service[93065]: DEBUG oslo_db.sqlalchemy.engines [None req-0b117788-8bbf-4f4e-9536-980b9f6312de None None] MySQL server mode set to STRICT_TRANS_TABLES,STRICT_ALL_TABLES,NO_ZERO_IN_DATE,NO_ZERO_DATE,ERROR_FOR_DIVISION_BY_ZERO,TRADITIONAL,NO_ENGINE_SUBSTITUTION {{(pid=93065) _check_effective_sql_mode /usr/local/lib/python3.8/dist-packages/oslo_db/sqlalchemy/engines.py:314}}
Jul 05 19:22:02.175269 n-d-799527-1 devstack@n-api.service[93065]: /opt/stack/nova/nova/db/sqlalchemy/api.py:427: SAWarning: TypeDecorator SoftDeleteInteger() will not produce a cache key because the ``cache_ok`` flag is not set to True. Set this flag to True if this type object's state is safe to use in a cache key, or False to disable this warning.
Jul 05 19:22:02.175269 n-d-799527-1 devstack@n-api.service[93065]: return dict(min_versions)
Jul 05 19:22:02.466214 n-d-799527-1 devstack@n-api.service[93064]: DEBUG oslo_db.sqlalchemy.engines [None req-bb9a6bcf-d0cb-4c8e-aef0-70d402a4eeb4 None None] MySQL server mode set to STRICT_TRANS_TABLES,STRICT_ALL_TABLES,NO_ZERO_IN_DATE,NO_ZERO_DATE,ERROR_FOR_DIVISION_BY_ZERO,TRADITIONAL,NO_ENGINE_SUBSTITUTION {{(pid=93064) _check_effective_sql_mode /usr/local/lib/python3.8/dist-packages/oslo_db/sqlalchemy/engines.py:314}}
Jul 05 19:22:02.477898 n-d-799527-1 devstack@n-api.service[93064]: /opt/stack/nova/nova/db/sqlalchemy/api.py:493: SAWarning: TypeDecorator SoftDeleteInteger() will not produce a cache key because the ``cache_ok`` flag is not set to True. Set this flag to True if this type object's state is safe to use in a cache key, or False to disable this warning.
Jul 05 19:22:02.477898 n-d-799527-1 devstack@n-api.service[93064]: result = model_query(context, models.Service, read_deleted="no").\
Jul 05 19:22:02.541693 n-d-799527-1 devstack@n-api.service[93065]: DEBUG oslo_db.sqlalchemy.engines [None req-0b117788-8bbf-4f4e-9536-980b9f6312de None None] MySQL server mode set to STRICT_TRANS_TABLES,STRICT_ALL_TABLES,NO_ZERO_IN_DATE,NO_ZERO_DATE,ERROR_FOR_DIVISION_BY_ZERO,TRADITIONAL,NO_ENGINE_SUBSTITUTION {{(pid=93065) _check_effective_sql_mode /usr/local/lib/python3.8/dist-packages/oslo_db/sqlalchemy/engines.py:314}}
Jul 05 19:22:02.553539 n-d-799527-1 devstack@n-api.service[93065]: /opt/stack/nova/nova/db/sqlalchemy/api.py:493: SAWarning: TypeDecorator SoftDeleteInteger() will not produce a cache key because the ``cache_ok`` flag is not set to True. Set this flag to True if this type object's state is safe to use in a cache key, or False to disable this warning.
Jul 05 19:22:02.553539 n-d-799527-1 devstack@n-api.service[93065]: result = model_query(context, models.Service, read_deleted="no").\
Jul 05 19:22:02.815424 n-d-799527-1 devstack@n-api.service[93064]: WARNING keystonemiddleware.auth_token [None req-bb9a6bcf-d0cb-4c8e-aef0-70d402a4eeb4 None None] AuthToken middleware is set with keystone_authtoken.service_token_roles_required set to False. This is backwards compatible but deprecated behaviour. Please set this to True.
Jul 05 19:22:02.822181 n-d-799527-1 devstack@n-api.service[93064]: WARNING keystonemiddleware.auth_token [None req-bb9a6bcf-d0cb-4c8e-aef0-70d402a4eeb4 None None] Configuring www_authenticate_uri to point to the public identity endpoint is required; clients may not be able to authenticate against an admin endpoint
Jul 05 19:22:02.871349 n-d-799527-1 devstack@n-api.service[93065]: WARNING keystonemiddleware.auth_token [None req-0b117788-8bbf-4f4e-9536-980b9f6312de None None] AuthToken middleware is set with keystone_authtoken.service_token_roles_required set to False. This is backwards compatible but deprecated behaviour. Please set this to True.
Jul 05 19:22:02.878095 n-d-799527-1 devstack@n-api.service[93065]: WARNING keystonemiddleware.auth_token [None req-0b117788-8bbf-4f4e-9536-980b9f6312de None None] Configuring www_authenticate_uri to point to the public identity endpoint is required; clients may not be able to authenticate against an admin endpoint
Jul 05 19:22:03.174087 n-d-799527-1 devstack@n-api.service[93064]: WARNING keystonemiddleware.auth_token [None req-bb9a6bcf-d0cb-4c8e-aef0-70d402a4eeb4 None None] AuthToken middleware is set with keystone_authtoken.service_token_roles_required set to False. This is backwards compatible but deprecated behaviour. Please set this to True.
Jul 05 19:22:03.179795 n-d-799527-1 devstack@n-api.service[93064]: WARNING keystonemiddleware.auth_token [None req-bb9a6bcf-d0cb-4c8e-aef0-70d402a4eeb4 None None] Configuring www_authenticate_uri to point to the public identity endpoint is required; clients may not be able to authenticate against an admin endpoint
Jul 05 19:22:03.185836 n-d-799527-1 devstack@n-api.service[93064]: WSGI app 0 (mountpoint='') ready in 7 seconds on interpreter 0x559bac6899c0 pid: 93064 (default app)
Jul 05 19:22:03.188547 n-d-799527-1 devstack@n-api.service[93064]: DEBUG nova.api.openstack.wsgi [None req-bb9a6bcf-d0cb-4c8e-aef0-70d402a4eeb4 None None] Calling method '>' {{(pid=93064) _process_stack /opt/stack/nova/nova/api/openstack/wsgi.py:513}}
Jul 05 19:22:03.189825 n-d-799527-1 devstack@n-api.service[93064]: INFO nova.api.openstack.requestlog [None req-bb9a6bcf-d0cb-4c8e-aef0-70d402a4eeb4 None None] 10.222.0.10 "GET /compute/v2.1/" status: 200 len: 388 microversion: 2.1 time: 0.002358
Jul 05 19:22:03.190266 n-d-799527-1 devstack@n-api.service[93064]: [pid: 93064|app: 0|req: 1/1] 10.222.0.10 () {50 vars in 789 bytes} [Mon Jul 5 19:22:03 2021] GET /compute/v2.1/ => generated 388 bytes in 4 msecs (HTTP/1.1 200) 9 headers in 357 bytes (1 switches on core 0)
Jul 05 19:22:03.231214 n-d-799527-1 devstack@n-api.service[93065]: WARNING keystonemiddleware.auth_token [None req-0b117788-8bbf-4f4e-9536-980b9f6312de None None] AuthToken middleware is set with keystone_authtoken.service_token_roles_required set to False. This is backwards compatible but deprecated behaviour. Please set this to True.
Jul 05 19:22:03.236519 n-d-799527-1 devstack@n-api.service[93065]: WARNING keystonemiddleware.auth_token [None req-0b117788-8bbf-4f4e-9536-980b9f6312de None None] Configuring www_authenticate_uri to point to the public identity endpoint is required; clients may not be able to authenticate against an admin endpoint
Jul 05 19:22:03.241957 n-d-799527-1 devstack@n-api.service[93065]: WSGI app 0 (mountpoint='') ready in 7 seconds on interpreter 0x559bac6899c0 pid: 93065 (default app)
Jul 05 19:23:25.428121 n-d-799527-1 devstack@n-api.service[93064]: DEBUG nova.api.openstack.wsgi [None req-bb9a6bcf-d0cb-4c8e-aef0-70d402a4eeb4 None None] Calling method '>' {{(pid=93064) _process_stack /opt/stack/nova/nova/api/openstack/wsgi.py:513}}
Jul 05 19:23:25.429182 n-d-799527-1 devstack@n-api.service[93064]: INFO nova.api.openstack.requestlog [None req-bb9a6bcf-d0cb-4c8e-aef0-70d402a4eeb4 None None] 10.222.0.10 "GET /compute/v2.1" status: 200 len: 388 microversion: 2.1 time: 0.001476
Jul 05 19:23:25.429629 n-d-799527-1 devstack@n-api.service[93064]: [pid: 93064|app: 0|req: 2/2] 10.222.0.10 () {54 vars in 931 bytes} [Mon Jul 5 19:23:25 2021] GET /compute/v2.1 => generated 388 bytes in 3 msecs (HTTP/1.1 200) 9 headers in 357 bytes (1 switches on core 0)
Jul 05 19:23:25.867663 n-d-799527-1 devstack@n-api.service[93065]: DEBUG nova.api.openstack.wsgi [None req-d08fd603-bc4a-476b-a36b-1222db2ecbae admin admin] Calling method '>' {{(pid=93065) _process_stack /opt/stack/nova/nova/api/openstack/wsgi.py:513}}
Jul 05 19:23:25.897859 n-d-799527-1 devstack@n-api.service[93065]: INFO nova.api.openstack.requestlog [None req-d08fd603-bc4a-476b-a36b-1222db2ecbae admin admin] 10.222.0.10 "GET /compute/v2.1/flavors/detail?is_public=True" status: 200 len: 15 microversion: 2.61 time: 0.460804
Jul 05 19:23:25.898612 n-d-799527-1 devstack@n-api.service[93065]: [pid: 93065|app: 0|req: 1/3] 10.222.0.10 () {60 vars in 1292 bytes} [Mon Jul 5 19:23:25 2021] GET /compute/v2.1/flavors/detail?is_public=True => generated 15 bytes in 463 msecs (HTTP/1.1 200) 9 headers in 358 bytes (1 switches on core 0)
Jul 05 19:23:28.110287 n-d-799527-1 devstack@n-api.service[93064]: DEBUG nova.api.openstack.wsgi [None req-bb9a6bcf-d0cb-4c8e-aef0-70d402a4eeb4 None None] Calling method '>' {{(pid=93064) _process_stack /opt/stack/nova/nova/api/openstack/wsgi.py:513}}
Jul 05 19:23:28.111998 n-d-799527-1 devstack@n-api.service[93064]: INFO nova.api.openstack.requestlog [None req-bb9a6bcf-d0cb-4c8e-aef0-70d402a4eeb4 None None] 10.222.0.10 "GET /compute/v2.1" status: 200 len: 388 microversion: 2.1 time: 0.002136
Jul 05 19:23:28.112425 n-d-799527-1 devstack@n-api.service[93064]: [pid: 93064|app: 0|req: 3/4] 10.222.0.10 () {54 vars in 931 bytes} [Mon Jul 5 19:23:28 2021] GET /compute/v2.1 => generated 388 bytes in 3 msecs (HTTP/1.1 200) 9 headers in 357 bytes (1 switches on core 0)
Jul 05 19:23:28.178528 n-d-799527-1 devstack@n-api.service[93065]: DEBUG nova.api.openstack.wsgi [None req-365eff54-bb13-4bfd-b79c-4a6b65c153ce admin admin] Action: 'create', calling method: >, body: {"flavor": {"swap": 0, "name": "cirros256", "ram": 256, "vcpus": 1, "id": "c1", "OS-FLV-EXT-DATA:ephemeral": 0, "rxtx_factor": 1.0, "os-flavor-access:is_public": true, "disk": 1}} {{(pid=93065) _process_stack /opt/stack/nova/nova/api/openstack/wsgi.py:511}}
Jul 05 19:23:28.197527 n-d-799527-1 devstack@n-api.service[93065]: /usr/local/lib/python3.8/dist-packages/oslo_policy/policy.py:1064: UserWarning: Policy os_compute_api:os-flavor-manage:create failed scope check. The token used to make the request was project scoped but the policy requires ['system'] scope. This behavior may change in the future where using the intended scope is required
Jul 05 19:23:28.197527 n-d-799527-1 devstack@n-api.service[93065]: warnings.warn(msg)
Jul 05 19:23:28.229693 n-d-799527-1 devstack@n-api.service[93065]: INFO nova.api.openstack.requestlog [None req-365eff54-bb13-4bfd-b79c-4a6b65c153ce admin admin] 10.222.0.10 "POST /compute/v2.1/flavors" status: 200 len: 407 microversion: 2.61 time: 0.110300
Jul 05 19:23:28.230239 n-d-799527-1 devstack@n-api.service[93065]: [pid: 93065|app: 0|req: 2/5] 10.222.0.10 () {64 vars in 1283 bytes} [Mon Jul 5 19:23:28 2021] POST /compute/v2.1/flavors => generated 407 bytes in 112 msecs (HTTP/1.1 200) 9 headers in 359 bytes (1 switches on core 0)
Jul 05 19:23:28.447807 n-d-799527-1 devstack@n-api.service[93064]: DEBUG nova.api.openstack.wsgi [None req-be86958f-679b-4e69-ba41-6817b8d78d0c admin admin] Action: 'create', calling method: >, body: {"extra_specs": {"hw_rng:allowed": "True"}} {{(pid=93064) _process_stack /opt/stack/nova/nova/api/openstack/wsgi.py:511}}
Jul 05 19:23:28.450402 n-d-799527-1 devstack@n-api.service[93064]: /usr/local/lib/python3.8/dist-packages/oslo_policy/policy.py:1064: UserWarning: Policy os_compute_api:os-flavor-extra-specs:create failed scope check. The token used to make the request was project scoped but the policy requires ['system'] scope. This behavior may change in the future where using the intended scope is required
Jul 05 19:23:28.450402 n-d-799527-1 devstack@n-api.service[93064]: warnings.warn(msg)
Jul 05 19:23:28.502089 n-d-799527-1 devstack@n-api.service[93064]: INFO nova.api.openstack.requestlog [None req-be86958f-679b-4e69-ba41-6817b8d78d0c admin admin] 10.222.0.10 "POST /compute/v2.1/flavors/c1/os-extra_specs" status: 200 len: 43 microversion: 2.61 time: 0.263823
Jul 05 19:23:28.502891 n-d-799527-1 devstack@n-api.service[93064]: [pid: 93064|app: 0|req: 4/6] 10.222.0.10 () {64 vars in 1336 bytes} [Mon Jul 5 19:23:28 2021] POST /compute/v2.1/flavors/c1/os-extra_specs => generated 43 bytes in 265 msecs (HTTP/1.1 200) 9 headers in 358 bytes (1 switches on core 0)
Jul 05 19:23:30.712991 n-d-799527-1 devstack@n-api.service[93065]: DEBUG nova.api.openstack.wsgi [None req-365eff54-bb13-4bfd-b79c-4a6b65c153ce admin admin] Calling method '>' {{(pid=93065) _process_stack /opt/stack/nova/nova/api/openstack/wsgi.py:513}}
Jul 05 19:23:30.714020 n-d-799527-1 devstack@n-api.service[93065]: INFO nova.api.openstack.requestlog [None req-365eff54-bb13-4bfd-b79c-4a6b65c153ce admin admin] 10.222.0.10 "GET /compute/v2.1" status: 200 len: 388 microversion: 2.1 time: 0.001544
Jul 05 19:23:30.714391 n-d-799527-1 devstack@n-api.service[93065]: [pid: 93065|app: 0|req: 3/7] 10.222.0.10 () {54 vars in 931 bytes} [Mon Jul 5 19:23:30 2021] GET /compute/v2.1 => generated 388 bytes in 2 msecs (HTTP/1.1 200) 9 headers in 357 bytes (1 switches on core 0)
Jul 05 19:23:30.825235 n-d-799527-1 devstack@n-api.service[93064]: DEBUG nova.api.openstack.wsgi [None req-6b983ba9-1a60-4690-8fa4-cda8f8de8026 admin admin] Action: 'create', calling method: >, body: {"flavor": {"rxtx_factor": 1.0, "id": "d1", "swap": 0, "os-flavor-access:is_public": true, "OS-FLV-EXT-DATA:ephemeral": 0, "disk": 5, "ram": 512, "name": "ds512M", "vcpus": 1}} {{(pid=93064) _process_stack /opt/stack/nova/nova/api/openstack/wsgi.py:511}}
Jul 05 19:23:30.843116 n-d-799527-1 devstack@n-api.service[93064]: /usr/local/lib/python3.8/dist-packages/oslo_policy/policy.py:1064: UserWarning: Policy os_compute_api:os-flavor-manage:create failed scope check. The token used to make the request was project scoped but the policy requires ['system'] scope. This behavior may change in the future where using the intended scope is required
Jul 05 19:23:30.843116 n-d-799527-1 devstack@n-api.service[93064]: warnings.warn(msg)
Jul 05 19:23:30.863720 n-d-799527-1 devstack@n-api.service[93064]: INFO nova.api.openstack.requestlog [None req-6b983ba9-1a60-4690-8fa4-cda8f8de8026 admin admin] 10.222.0.10 "POST /compute/v2.1/flavors" status: 200 len: 404 microversion: 2.61 time: 0.143029
Jul 05 19:23:30.864314 n-d-799527-1 devstack@n-api.service[93064]: [pid: 93064|app: 0|req: 5/8] 10.222.0.10 () {64 vars in 1283 bytes} [Mon Jul 5 19:23:30 2021] POST /compute/v2.1/flavors => generated 404 bytes in 144 msecs (HTTP/1.1 200) 9 headers in 359 bytes (1 switches on core 0)
Jul 05 19:23:30.876440 n-d-799527-1 devstack@n-api.service[93065]: DEBUG nova.api.openstack.wsgi [None req-4b6c7d6a-59a3-42f6-928d-73b6df34f8fb admin admin] Action: 'create', calling method: >, body: {"extra_specs": {"hw_rng:allowed": "True"}} {{(pid=93065) _process_stack /opt/stack/nova/nova/api/openstack/wsgi.py:511}}
Jul 05 19:23:30.877939 n-d-799527-1 devstack@n-api.service[93065]: /usr/local/lib/python3.8/dist-packages/oslo_policy/policy.py:1064: UserWarning: Policy os_compute_api:os-flavor-extra-specs:create failed scope check. The token used to make the request was project scoped but the policy requires ['system'] scope. This behavior may change in the future where using the intended scope is required
Jul 05 19:23:30.877939 n-d-799527-1 devstack@n-api.service[93065]: warnings.warn(msg)
Jul 05 19:23:30.913792 n-d-799527-1 devstack@n-api.service[93065]: INFO nova.api.openstack.requestlog [None req-4b6c7d6a-59a3-42f6-928d-73b6df34f8fb admin admin] 10.222.0.10 "POST /compute/v2.1/flavors/d1/os-extra_specs" status: 200 len: 43 microversion: 2.61 time: 0.041433
Jul 05 19:23:30.927457 n-d-799527-1 devstack@n-api.service[93065]: [pid: 93065|app: 0|req: 4/9] 10.222.0.10 () {64 vars in 1336 bytes} [Mon Jul 5 19:23:30 2021] POST /compute/v2.1/flavors/d1/os-extra_specs => generated 43 bytes in 54 msecs (HTTP/1.1 200) 9 headers in 358 bytes (1 switches on core 0)
Jul 05 19:23:33.141341 n-d-799527-1 devstack@n-api.service[93064]: DEBUG nova.api.openstack.wsgi [None req-6b983ba9-1a60-4690-8fa4-cda8f8de8026 admin admin] Calling method '>' {{(pid=93064) _process_stack /opt/stack/nova/nova/api/openstack/wsgi.py:513}}
Jul 05 19:23:33.142368 n-d-799527-1 devstack@n-api.service[93064]: INFO nova.api.openstack.requestlog [None req-6b983ba9-1a60-4690-8fa4-cda8f8de8026 admin admin] 10.222.0.10 "GET /compute/v2.1" status: 200 len: 388 microversion: 2.1 time: 0.001553
Jul 05 19:23:33.143001 n-d-799527-1 devstack@n-api.service[93064]: [pid: 93064|app: 0|req: 6/10] 10.222.0.10 () {54 vars in 931 bytes} [Mon Jul 5 19:23:33 2021] GET /compute/v2.1 => generated 388 bytes in 2 msecs (HTTP/1.1 200) 9 headers in 357 bytes (1 switches on core 0)
Jul 05 19:23:33.201979 n-d-799527-1 devstack@n-api.service[93065]: DEBUG nova.api.openstack.wsgi [None req-5c13930d-3d74-471c-81d7-ebd84f8cae48 admin admin] Action: 'create', calling method: >, body: {"flavor": {"name": "ds1G", "OS-FLV-EXT-DATA:ephemeral": 0, "ram": 1024, "disk": 10, "id": "d2", "rxtx_factor": 1.0, "os-flavor-access:is_public": true, "swap": 0, "vcpus": 1}} {{(pid=93065) _process_stack /opt/stack/nova/nova/api/openstack/wsgi.py:511}}
Jul 05 19:23:33.224580 n-d-799527-1 devstack@n-api.service[93065]: INFO nova.api.openstack.requestlog [None req-5c13930d-3d74-471c-81d7-ebd84f8cae48 admin admin] 10.222.0.10 "POST /compute/v2.1/flavors" status: 200 len: 404 microversion: 2.61 time: 0.075471
Jul 05 19:23:33.225123 n-d-799527-1 devstack@n-api.service[93065]: [pid: 93065|app: 0|req: 5/11] 10.222.0.10 () {64 vars in 1283 bytes} [Mon Jul 5 19:23:33 2021] POST /compute/v2.1/flavors => generated 404 bytes in 77 msecs (HTTP/1.1 200) 9 headers in 359 bytes (1 switches on core 0)
Jul 05 19:23:33.237337 n-d-799527-1 devstack@n-api.service[93064]: DEBUG nova.api.openstack.wsgi [None req-660d6b4a-eec7-4c28-8ced-3d549c18b59c admin admin] Action: 'create', calling method: >, body: {"extra_specs": {"hw_rng:allowed": "True"}} {{(pid=93064) _process_stack /opt/stack/nova/nova/api/openstack/wsgi.py:511}}
Jul 05 19:23:33.265099 n-d-799527-1 devstack@n-api.service[93064]: INFO nova.api.openstack.requestlog [None req-660d6b4a-eec7-4c28-8ced-3d549c18b59c admin admin] 10.222.0.10 "POST /compute/v2.1/flavors/d2/os-extra_specs" status: 200 len: 43 microversion: 2.61 time: 0.031501
Jul 05 19:23:33.265881 n-d-799527-1 devstack@n-api.service[93064]: [pid: 93064|app: 0|req: 7/12] 10.222.0.10 () {64 vars in 1336 bytes} [Mon Jul 5 19:23:33 2021] POST /compute/v2.1/flavors/d2/os-extra_specs => generated 43 bytes in 33 msecs (HTTP/1.1 200) 9 headers in 358 bytes (1 switches on core 0)
Jul 05 19:23:35.716438 n-d-799527-1 devstack@n-api.service[93065]: DEBUG nova.api.openstack.wsgi [None req-5c13930d-3d74-471c-81d7-ebd84f8cae48 admin admin] Calling method '>' {{(pid=93065) _process_stack /opt/stack/nova/nova/api/openstack/wsgi.py:513}}
Jul 05 19:23:35.717543 n-d-799527-1 devstack@n-api.service[93065]: INFO nova.api.openstack.requestlog [None req-5c13930d-3d74-471c-81d7-ebd84f8cae48 admin admin] 10.222.0.10 "GET /compute/v2.1" status: 200 len: 388 microversion: 2.1 time: 0.001578
Jul 05 19:23:35.717981 n-d-799527-1 devstack@n-api.service[93065]: [pid: 93065|app: 0|req: 6/13] 10.222.0.10 () {54 vars in 931 bytes} [Mon Jul 5 19:23:35 2021] GET /compute/v2.1 => generated 388 bytes in 3 msecs (HTTP/1.1 200) 9 headers in 357 bytes (1 switches on core 0)
Jul 05 19:23:35.826843 n-d-799527-1 devstack@n-api.service[93064]: DEBUG nova.api.openstack.wsgi [None req-42ff9e8e-e12d-49af-93c3-362a107608a0 admin admin] Action: 'create', calling method: >, body: {"flavor": {"ram": 2048, "os-flavor-access:is_public": true, "rxtx_factor": 1.0, "OS-FLV-EXT-DATA:ephemeral": 0, "id": "d3", "vcpus": 2, "swap": 0, "name": "ds2G", "disk": 10}} {{(pid=93064) _process_stack /opt/stack/nova/nova/api/openstack/wsgi.py:511}}
Jul 05 19:23:35.859970 n-d-799527-1 devstack@n-api.service[93064]: INFO nova.api.openstack.requestlog [None req-42ff9e8e-e12d-49af-93c3-362a107608a0 admin admin] 10.222.0.10 "POST /compute/v2.1/flavors" status: 200 len: 404 microversion: 2.61 time: 0.134884
Jul 05 19:23:35.867240 n-d-799527-1 devstack@n-api.service[93064]: [pid: 93064|app: 0|req: 8/14] 10.222.0.10 () {64 vars in 1283 bytes} [Mon Jul 5 19:23:35 2021] POST /compute/v2.1/flavors => generated 404 bytes in 143 msecs (HTTP/1.1 200) 9 headers in 359 bytes (2 switches on core 0)
Jul 05 19:23:35.872207 n-d-799527-1 devstack@n-api.service[93065]: DEBUG nova.api.openstack.wsgi [None req-49ba13d4-baa4-4908-89a1-1f9f3acd730c admin admin] Action: 'create', calling method: >, body: {"extra_specs": {"hw_rng:allowed": "True"}} {{(pid=93065) _process_stack /opt/stack/nova/nova/api/openstack/wsgi.py:511}}
Jul 05 19:23:35.910940 n-d-799527-1 devstack@n-api.service[93065]: INFO nova.api.openstack.requestlog [None req-49ba13d4-baa4-4908-89a1-1f9f3acd730c admin admin] 10.222.0.10 "POST /compute/v2.1/flavors/d3/os-extra_specs" status: 200 len: 43 microversion: 2.61 time: 0.042359
Jul 05 19:23:35.912203 n-d-799527-1 devstack@n-api.service[93065]: [pid: 93065|app: 0|req: 7/15] 10.222.0.10 () {64 vars in 1336 bytes} [Mon Jul 5 19:23:35 2021] POST /compute/v2.1/flavors/d3/os-extra_specs => generated 43 bytes in 44 msecs (HTTP/1.1 200) 9 headers in 358 bytes (2 switches on core 0)
Jul 05 19:23:38.186086 n-d-799527-1 devstack@n-api.service[93064]: DEBUG nova.api.openstack.wsgi [None req-42ff9e8e-e12d-49af-93c3-362a107608a0 admin admin] Calling method '>' {{(pid=93064) _process_stack /opt/stack/nova/nova/api/openstack/wsgi.py:513}}
Jul 05 19:23:38.187066 n-d-799527-1 devstack@n-api.service[93064]: INFO nova.api.openstack.requestlog [None req-42ff9e8e-e12d-49af-93c3-362a107608a0 admin admin] 10.222.0.10 "GET /compute/v2.1" status: 200 len: 388 microversion: 2.1 time: 0.001460
Jul 05 19:23:38.187479 n-d-799527-1 devstack@n-api.service[93064]: [pid: 93064|app: 0|req: 9/16] 10.222.0.10 () {54 vars in 931 bytes} [Mon Jul 5 19:23:38 2021] GET /compute/v2.1 => generated 388 bytes in 2 msecs (HTTP/1.1 200) 9 headers in 357 bytes (1 switches on core 0)
Jul 05 19:23:38.244111 n-d-799527-1 devstack@n-api.service[93065]: DEBUG nova.api.openstack.wsgi [None req-ab47e4ff-1869-4b66-bafd-094aa03d41b7 admin admin] Action: 'create', calling method: >, body: {"flavor": {"rxtx_factor": 1.0, "os-flavor-access:is_public": true, "OS-FLV-EXT-DATA:ephemeral": 0, "disk": 20, "id": "d4", "vcpus": 4, "swap": 0, "ram": 4096, "name": "ds4G"}} {{(pid=93065) _process_stack /opt/stack/nova/nova/api/openstack/wsgi.py:511}}
Jul 05 19:23:38.264321 n-d-799527-1 devstack@n-api.service[93065]: INFO nova.api.openstack.requestlog [None req-ab47e4ff-1869-4b66-bafd-094aa03d41b7 admin admin] 10.222.0.10 "POST /compute/v2.1/flavors" status: 200 len: 404 microversion: 2.61 time: 0.070719
Jul 05 19:23:38.265209 n-d-799527-1 devstack@n-api.service[93065]: [pid: 93065|app: 0|req: 8/17] 10.222.0.10 () {64 vars in 1283 bytes} [Mon Jul 5 19:23:38 2021] POST /compute/v2.1/flavors => generated 404 bytes in 72 msecs (HTTP/1.1 200) 9 headers in 359 bytes (1 switches on core 0)
Jul 05 19:23:38.277099 n-d-799527-1 devstack@n-api.service[93064]: DEBUG nova.api.openstack.wsgi [None req-f7348dcc-0e6d-42c1-b04b-35aaafd28c6e admin admin] Action: 'create', calling method: >, body: {"extra_specs": {"hw_rng:allowed": "True"}} {{(pid=93064) _process_stack /opt/stack/nova/nova/api/openstack/wsgi.py:511}}
Jul 05 19:23:38.301578 n-d-799527-1 devstack@n-api.service[93064]: INFO nova.api.openstack.requestlog [None req-f7348dcc-0e6d-42c1-b04b-35aaafd28c6e admin admin] 10.222.0.10 "POST /compute/v2.1/flavors/d4/os-extra_specs" status: 200 len: 43 microversion: 2.61 time: 0.028213
Jul 05 19:23:38.302270 n-d-799527-1 devstack@n-api.service[93064]: [pid: 93064|app: 0|req: 10/18] 10.222.0.10 () {64 vars in 1336 bytes} [Mon Jul 5 19:23:38 2021] POST /compute/v2.1/flavors/d4/os-extra_specs => generated 43 bytes in 30 msecs (HTTP/1.1 200) 9 headers in 358 bytes (1 switches on core 0)
Jul 05 19:23:40.577522 n-d-799527-1 devstack@n-api.service[93065]: DEBUG nova.api.openstack.wsgi [None req-ab47e4ff-1869-4b66-bafd-094aa03d41b7 admin admin] Calling method '>' {{(pid=93065) _process_stack /opt/stack/nova/nova/api/openstack/wsgi.py:513}}
Jul 05 19:23:40.578463 n-d-799527-1 devstack@n-api.service[93065]: INFO nova.api.openstack.requestlog [None req-ab47e4ff-1869-4b66-bafd-094aa03d41b7 admin admin] 10.222.0.10 "GET /compute/v2.1" status: 200 len: 388 microversion: 2.1 time: 0.001528
Jul 05 19:23:40.578878 n-d-799527-1 devstack@n-api.service[93065]: [pid: 93065|app: 0|req: 9/19] 10.222.0.10 () {54 vars in 931 bytes} [Mon Jul 5 19:23:40 2021] GET /compute/v2.1 => generated 388 bytes in 2 msecs (HTTP/1.1 200) 9 headers in 357 bytes (1 switches on core 0)
Jul 05 19:23:40.643768 n-d-799527-1 devstack@n-api.service[93064]: DEBUG nova.api.openstack.wsgi [None req-c684a92f-a5bf-4e46-82f2-167191ab047e admin admin] Calling method '>' {{(pid=93064) _process_stack /opt/stack/nova/nova/api/openstack/wsgi.py:513}}
Jul 05 19:23:40.668385 n-d-799527-1 devstack@n-api.service[93064]: INFO nova.api.openstack.requestlog [None req-c684a92f-a5bf-4e46-82f2-167191ab047e admin admin] 10.222.0.10 "GET /compute/v2.1/flavors/detail?is_public=True" status: 200 len: 2106 microversion: 2.61 time: 0.083091
Jul 05 19:23:40.680973 n-d-799527-1 devstack@n-api.service[93064]: [pid: 93064|app: 0|req: 11/20] 10.222.0.10 () {60 vars in 1292 bytes} [Mon Jul 5 19:23:40 2021] GET /compute/v2.1/flavors/detail?is_public=True => generated 2106 bytes in 85 msecs (HTTP/1.1 200) 9 headers in 360 bytes (1 switches on core 0)
Jul 05 19:23:42.976252 n-d-799527-1 devstack@n-api.service[93065]: DEBUG nova.api.openstack.wsgi [None req-ab47e4ff-1869-4b66-bafd-094aa03d41b7 admin admin] Calling method '>' {{(pid=93065) _process_stack /opt/stack/nova/nova/api/openstack/wsgi.py:513}}
Jul 05 19:23:42.977315 n-d-799527-1 devstack@n-api.service[93065]: INFO nova.api.openstack.requestlog [None req-ab47e4ff-1869-4b66-bafd-094aa03d41b7 admin admin] 10.222.0.10 "GET /compute/v2.1" status: 200 len: 388 microversion: 2.1 time: 0.001454
Jul 05 19:23:42.977712 n-d-799527-1 devstack@n-api.service[93065]: [pid: 93065|app: 0|req: 10/21] 10.222.0.10 () {54 vars in 931 bytes} [Mon Jul 5 19:23:42 2021] GET /compute/v2.1 => generated 388 bytes in 2 msecs (HTTP/1.1 200) 9 headers in 357 bytes (1 switches on core 0)
Jul 05 19:23:43.044080 n-d-799527-1 devstack@n-api.service[93064]: DEBUG nova.api.openstack.wsgi [None req-cb0e0a67-74e7-4ce0-81be-213998cde546 admin admin] Action: 'create', calling method: >, body: {"flavor": {"name": "m1.tiny", "id": "1", "rxtx_factor": 1.0, "ram": 512, "OS-FLV-EXT-DATA:ephemeral": 0, "swap": 0, "vcpus": 1, "disk": 1, "os-flavor-access:is_public": true}} {{(pid=93064) _process_stack /opt/stack/nova/nova/api/openstack/wsgi.py:511}}
Jul 05 19:23:43.080239 n-d-799527-1 devstack@n-api.service[93064]: INFO nova.api.openstack.requestlog [None req-cb0e0a67-74e7-4ce0-81be-213998cde546 admin admin] 10.222.0.10 "POST /compute/v2.1/flavors" status: 200 len: 402 microversion: 2.61 time: 0.096217
Jul 05 19:23:43.089033 n-d-799527-1 devstack@n-api.service[93064]: [pid: 93064|app: 0|req: 12/22] 10.222.0.10 () {64 vars in 1283 bytes} [Mon Jul 5 19:23:42 2021] POST /compute/v2.1/flavors => generated 402 bytes in 106 msecs (HTTP/1.1 200) 9 headers in 359 bytes (1 switches on core 0)
Jul 05 19:23:43.093230 n-d-799527-1 devstack@n-api.service[93065]: DEBUG nova.api.openstack.wsgi [None req-994d4f0a-b9db-499c-8f50-6202232e5ea0 admin admin] Action: 'create', calling method: >, body: {"extra_specs": {"hw_rng:allowed": "True"}} {{(pid=93065) _process_stack /opt/stack/nova/nova/api/openstack/wsgi.py:511}}
Jul 05 19:23:43.121783 n-d-799527-1 devstack@n-api.service[93065]: INFO nova.api.openstack.requestlog [None req-994d4f0a-b9db-499c-8f50-6202232e5ea0 admin admin] 10.222.0.10 "POST /compute/v2.1/flavors/1/os-extra_specs" status: 200 len: 43 microversion: 2.61 time: 0.032382
Jul 05 19:23:43.122875 n-d-799527-1 devstack@n-api.service[93065]: [pid: 93065|app: 0|req: 11/23] 10.222.0.10 () {64 vars in 1333 bytes} [Mon Jul 5 19:23:43 2021] POST /compute/v2.1/flavors/1/os-extra_specs => generated 43 bytes in 34 msecs (HTTP/1.1 200) 9 headers in 358 bytes (2 switches on core 0)
Jul 05 19:23:45.389554 n-d-799527-1 devstack@n-api.service[93064]: DEBUG nova.api.openstack.wsgi [None req-cb0e0a67-74e7-4ce0-81be-213998cde546 admin admin] Calling method '>' {{(pid=93064) _process_stack /opt/stack/nova/nova/api/openstack/wsgi.py:513}}
Jul 05 19:23:45.390544 n-d-799527-1 devstack@n-api.service[93064]: INFO nova.api.openstack.requestlog [None req-cb0e0a67-74e7-4ce0-81be-213998cde546 admin admin] 10.222.0.10 "GET /compute/v2.1" status: 200 len: 388 microversion: 2.1 time: 0.001541
Jul 05 19:23:45.397200 n-d-799527-1 devstack@n-api.service[93064]: [pid: 93064|app: 0|req: 13/24] 10.222.0.10 () {54 vars in 931 bytes} [Mon Jul 5 19:23:45 2021] GET /compute/v2.1 => generated 388 bytes in 8 msecs (HTTP/1.1 200) 9 headers in 357 bytes (1 switches on core 0)
Jul 05 19:23:45.467669 n-d-799527-1 devstack@n-api.service[93065]: DEBUG nova.api.openstack.wsgi [None req-01d53095-ec6e-4598-95bc-78f53b833a02 admin admin] Action: 'create', calling method: >, body: {"flavor": {"swap": 0, "rxtx_factor": 1.0, "OS-FLV-EXT-DATA:ephemeral": 0, "ram": 2048, "name": "m1.small", "os-flavor-access:is_public": true, "disk": 20, "id": "2", "vcpus": 1}} {{(pid=93065) _process_stack /opt/stack/nova/nova/api/openstack/wsgi.py:511}}
Jul 05 19:23:45.491686 n-d-799527-1 devstack@n-api.service[93065]: INFO nova.api.openstack.requestlog [None req-01d53095-ec6e-4598-95bc-78f53b833a02 admin admin] 10.222.0.10 "POST /compute/v2.1/flavors" status: 200 len: 405 microversion: 2.61 time: 0.093847
Jul 05 19:23:45.492574 n-d-799527-1 devstack@n-api.service[93065]: [pid: 93065|app: 0|req: 12/25] 10.222.0.10 () {64 vars in 1283 bytes} [Mon Jul 5 19:23:45 2021] POST /compute/v2.1/flavors => generated 405 bytes in 95 msecs (HTTP/1.1 200) 9 headers in 359 bytes (1 switches on core 0)
Jul 05 19:23:45.505526 n-d-799527-1 devstack@n-api.service[93064]: DEBUG nova.api.openstack.wsgi [None req-18aa544d-bf55-4012-ac97-e727b6307a11 admin admin] Action: 'create', calling method: >, body: {"extra_specs": {"hw_rng:allowed": "True"}} {{(pid=93064) _process_stack /opt/stack/nova/nova/api/openstack/wsgi.py:511}}
Jul 05 19:23:45.532156 n-d-799527-1 devstack@n-api.service[93064]: INFO nova.api.openstack.requestlog [None req-18aa544d-bf55-4012-ac97-e727b6307a11 admin admin] 10.222.0.10 "POST /compute/v2.1/flavors/2/os-extra_specs" status: 200 len: 43 microversion: 2.61 time: 0.031428
Jul 05 19:23:45.532907 n-d-799527-1 devstack@n-api.service[93064]: [pid: 93064|app: 0|req: 14/26] 10.222.0.10 () {64 vars in 1333 bytes} [Mon Jul 5 19:23:45 2021] POST /compute/v2.1/flavors/2/os-extra_specs => generated 43 bytes in 33 msecs (HTTP/1.1 200) 9 headers in 358 bytes (1 switches on core 0)
Jul 05 19:23:48.324242 n-d-799527-1 devstack@n-api.service[93065]: DEBUG nova.api.openstack.wsgi [None req-01d53095-ec6e-4598-95bc-78f53b833a02 admin admin] Calling method '>' {{(pid=93065) _process_stack /opt/stack/nova/nova/api/openstack/wsgi.py:513}}
Jul 05 19:23:48.325340 n-d-799527-1 devstack@n-api.service[93065]: INFO nova.api.openstack.requestlog [None req-01d53095-ec6e-4598-95bc-78f53b833a02 admin admin] 10.222.0.10 "GET /compute/v2.1" status: 200 len: 388 microversion: 2.1 time: 0.001754
Jul 05 19:23:48.325749 n-d-799527-1 devstack@n-api.service[93065]: [pid: 93065|app: 0|req: 13/27] 10.222.0.10 () {54 vars in 931 bytes} [Mon Jul 5 19:23:48 2021] GET /compute/v2.1 => generated 388 bytes in 3 msecs (HTTP/1.1 200) 9 headers in 357 bytes (1 switches on core 0)
Jul 05 19:23:48.397279 n-d-799527-1 devstack@n-api.service[93064]: DEBUG nova.api.openstack.wsgi [None req-7a7379b2-bf51-4fd6-85a0-becad26ba8bd admin admin] Action: 'create', calling method: >, body: {"flavor": {"OS-FLV-EXT-DATA:ephemeral": 0, "rxtx_factor": 1.0, "vcpus": 2, "disk": 40, "swap": 0, "os-flavor-access:is_public": true, "ram": 4096, "name": "m1.medium", "id": "3"}} {{(pid=93064) _process_stack /opt/stack/nova/nova/api/openstack/wsgi.py:511}}
Jul 05 19:23:48.422685 n-d-799527-1 devstack@n-api.service[93064]: INFO nova.api.openstack.requestlog [None req-7a7379b2-bf51-4fd6-85a0-becad26ba8bd admin admin] 10.222.0.10 "POST /compute/v2.1/flavors" status: 200 len: 406 microversion: 2.61 time: 0.090147
