Jul 06 15:43:56.550392 n-d-799525-2 neutron-server[100951]: DEBUG neutron.db.db_base_plugin_common [req-551983a6-04db-41fa-8f70-aa3fefc1fc94 req-f92e9973-8b13-4d03-8830-4f1cfc0d6d05 tempest-DeleteServersAdminTestJSON-1546986671 tempest-DeleteServersAdminTestJSON-1546986671-project] Allocated IP 192.168.233.196 (4fa2ba00-1b9e-4d73-8400-dcb7e7610b6c/417ffd05-75c5-4071-a559-85324d782729/28a85e32-9d43-4b12-9fc5-7cafac6fce1e) {{(pid=100951) _store_ip_allocation /opt/stack/neutron/neutron/db/db_base_plugin_common.py:131}}
Jul 06 15:43:56.564485 n-d-799525-2 neutron-server[100951]: DEBUG neutron.api.rpc.handlers.resources_rpc [None req-bbd6fcd5-489c-463b-b3f6-33cd727bac6e admin admin] Pushing event deleted for resources: {'SecurityGroup': ['ID=230d3342-59a2-4d95-9ee6-665fd6eec2a7,revision_number=None']} {{(pid=100951) push /opt/stack/neutron/neutron/api/rpc/handlers/resources_rpc.py:237}}
Jul 06 15:43:56.638244 n-d-799525-2 neutron-server[100952]: DEBUG neutron.api.rpc.handlers.dhcp_rpc [None req-195c073d-f79c-40c7-8a00-889962d2b715 None None] Network 994450c2-1695-4c22-a73f-2ac7826f46a8 requested from n-d-799525-2 {{(pid=100952) get_network_info /opt/stack/neutron/neutron/api/rpc/handlers/dhcp_rpc.py:218}}
Jul 06 15:43:56.787673 n-d-799525-2 neutron-server[100951]: INFO neutron.wsgi [None req-cfea6f42-b216-44ab-b759-6ba3aa77c442 admin admin] 10.222.0.36 "GET /v2.0/security-groups?tenant_id=2c848be9956b41e4890b3e441a87d469&name=default HTTP/1.1" status: 200 len: 2975 time: 0.3245206
Jul 06 15:43:56.790001 n-d-799525-2 neutron-server[100951]: DEBUG neutron_lib.callbacks.manager [None req-1691408e-229b-4d76-9acb-f772d1324ac0 admin admin] Notify callbacks [] for security_group, precommit_create {{(pid=100951) _notify_loop /usr/local/lib/python3.8/dist-packages/neutron_lib/callbacks/manager.py:192}}
Jul 06 15:43:56.792810 n-d-799525-2 neutron-server[100951]: DEBUG neutron.wsgi [-] (100951) accepted ('10.222.0.36', 40444) {{(pid=100951) server /usr/local/lib/python3.8/dist-packages/eventlet/wsgi.py:982}}
Jul 06 15:43:56.831054 n-d-799525-2 neutron-server[100950]: DEBUG neutron.notifiers.nova [req-a7dd485c-bf51-4751-8431-e1b9e8ba92cd req-b76f3d81-334b-479a-ab01-84a59f714372 service neutron] Ignoring state change previous_port_status: DOWN current_port_status: DOWN port_id 209d009a-ee56-4b7b-b473-77d5b08436a6 {{(pid=100950) record_port_status_changed /opt/stack/neutron/neutron/notifiers/nova.py:224}}
Jul 06 15:43:56.840215 n-d-799525-2 neutron-server[100950]: DEBUG neutron_lib.callbacks.manager [req-a7dd485c-bf51-4751-8431-e1b9e8ba92cd req-b76f3d81-334b-479a-ab01-84a59f714372 service neutron] Notify callbacks [] for port, precommit_update {{(pid=100950) _notify_loop /usr/local/lib/python3.8/dist-packages/neutron_lib/callbacks/manager.py:192}}
Jul 06 15:43:56.868455 n-d-799525-2 neutron-server[100950]: DEBUG neutron.db.provisioning_blocks [req-a7dd485c-bf51-4751-8431-e1b9e8ba92cd req-b76f3d81-334b-479a-ab01-84a59f714372 service neutron] Transition to ACTIVE for port object 209d009a-ee56-4b7b-b473-77d5b08436a6 will not be triggered until provisioned by entity L2. {{(pid=100950) add_provisioning_component /opt/stack/neutron/neutron/db/provisioning_blocks.py:73}}
Jul 06 15:43:56.884314 n-d-799525-2 neutron-server[100951]: DEBUG neutron_lib.callbacks.manager [None req-1691408e-229b-4d76-9acb-f772d1324ac0 admin admin] Notify callbacks ['neutron.plugins.ml2.ovo_rpc._ObjectChangeHandler.handle_payload_event-592746'] for security_group, after_create {{(pid=100951) _notify_loop /usr/local/lib/python3.8/dist-packages/neutron_lib/callbacks/manager.py:192}}
Jul 06 15:43:56.889943 n-d-799525-2 neutron-server[100951]: DEBUG neutron_lib.callbacks.manager [req-551983a6-04db-41fa-8f70-aa3fefc1fc94 req-f92e9973-8b13-4d03-8830-4f1cfc0d6d05 tempest-DeleteServersAdminTestJSON-1546986671 tempest-DeleteServersAdminTestJSON-1546986671-project] Notify callbacks [] for port, precommit_create {{(pid=100951) _notify_loop /usr/local/lib/python3.8/dist-packages/neutron_lib/callbacks/manager.py:192}}
Jul 06 15:43:56.895509 n-d-799525-2 neutron-server[100950]: INFO neutron.wsgi [req-057118e8-fc04-446a-bd3b-26a50031a672 req-2c31fb1b-3361-467a-a3a0-9282274f90d5 tempest-LiveMigrationTest-97642618 tempest-LiveMigrationTest-97642618-project] 10.222.0.36 "GET /v2.0/security-groups?id=8f6afdd9-3ac5-471e-9b55-a59258baf7b9&fields=id&fields=name HTTP/1.1" status: 200 len: 286 time: 0.3957889
Jul 06 15:43:56.932151 n-d-799525-2 neutron-server[100951]: DEBUG neutron_lib.callbacks.manager [None req-e4ce846c-5fff-4de8-9f74-8c90b8a37c80 admin admin] Notify callbacks [] for security_group, before_delete {{(pid=100951) _notify_loop /usr/local/lib/python3.8/dist-packages/neutron_lib/callbacks/manager.py:192}}
Jul 06 15:43:56.950570 n-d-799525-2 neutron-server[100950]: DEBUG neutron_lib.callbacks.manager [req-a7dd485c-bf51-4751-8431-e1b9e8ba92cd req-b76f3d81-334b-479a-ab01-84a59f714372 service neutron] Notify callbacks ['neutron.plugins.ml2.plugin.SecurityGroupServerNotifierRpcMixin.notify_sg_on_port_change-1607217', 'neutron.plugins.ml2.ovo_rpc._ObjectChangeHandler.handle_event-31267', 'neutron.api.rpc.agentnotifiers.dhcp_rpc_agent_api.DhcpAgentNotifyAPI._native_event_send_dhcp_notification-1572269', 'neutron.db.l3_db.L3RpcNotifierMixin._notify_gateway_port_ip_changed-8743392585512', 'neutron.db.l3_dvrscheduler_db._notify_l3_agent_port_update-8743392080631', 'neutron.db.l3_hascheduler_db._notify_l3_agent_ha_port_update-8743392076840'] for port, after_update {{(pid=100950) _notify_loop /usr/local/lib/python3.8/dist-packages/neutron_lib/callbacks/manager.py:192}}
Jul 06 15:43:56.971158 n-d-799525-2 neutron-server[100951]: DEBUG neutron.db.provisioning_blocks [req-551983a6-04db-41fa-8f70-aa3fefc1fc94 req-f92e9973-8b13-4d03-8830-4f1cfc0d6d05 tempest-DeleteServersAdminTestJSON-1546986671 tempest-DeleteServersAdminTestJSON-1546986671-project] Transition to ACTIVE for port object 28a85e32-9d43-4b12-9fc5-7cafac6fce1e will not be triggered until provisioned by entity DHCP. {{(pid=100951) add_provisioning_component /opt/stack/neutron/neutron/db/provisioning_blocks.py:73}}
Jul 06 15:43:56.991650 n-d-799525-2 neutron-server[100951]: INFO neutron.wsgi [None req-1691408e-229b-4d76-9acb-f772d1324ac0 admin admin] 10.222.0.36 "GET /v2.0/security-groups?tenant_id=d14c71a7643d4c33a2d11fe7d0730f21&name=default HTTP/1.1" status: 200 len: 2979 time: 1.0114105
Jul 06 15:43:56.998471 n-d-799525-2 neutron-server[100951]: DEBUG neutron.api.rpc.handlers.resources_rpc [None req-1691408e-229b-4d76-9acb-f772d1324ac0 admin admin] Pushing event updated for resources: {'SecurityGroup': ['ID=1fdae8aa-ca06-40aa-9412-6364c23ebb0f,revision_number=1']} {{(pid=100951) push /opt/stack/neutron/neutron/api/rpc/handlers/resources_rpc.py:237}}
Jul 06 15:43:57.002444 n-d-799525-2 neutron-server[100951]: DEBUG neutron_lib.callbacks.manager [None req-e4ce846c-5fff-4de8-9f74-8c90b8a37c80 admin admin] Notify callbacks [] for security_group, precommit_delete {{(pid=100951) _notify_loop /usr/local/lib/python3.8/dist-packages/neutron_lib/callbacks/manager.py:192}}
Jul 06 15:43:57.006213 n-d-799525-2 neutron-server[100951]: DEBUG neutron.wsgi [-] (100951) accepted ('10.222.0.36', 40448) {{(pid=100951) server /usr/local/lib/python3.8/dist-packages/eventlet/wsgi.py:982}}
Jul 06 15:43:57.050282 n-d-799525-2 neutron-server[100950]: INFO neutron.wsgi [None req-b805693f-ed67-4da1-b18a-635047735010 admin admin] 10.222.0.36 "POST /v2.0/subnets HTTP/1.1" status: 201 len: 858 time: 1.6175618
Jul 06 15:43:57.109427 n-d-799525-2 neutron-server[100950]: INFO neutron.wsgi [req-6cc8fb34-905d-4d56-a908-9780ea134a14 req-b21e9176-216c-49bc-b19e-8af7c4696382 tempest-DeleteServersAdminTestJSON-1546986671 tempest-DeleteServersAdminTestJSON-1546986671-project] 10.222.0.36 "GET /v2.0/ports?device_id=7d15e053-f665-4910-b93a-db9546bbbe6d HTTP/1.1" status: 200 len: 210 time: 0.0540609
Jul 06 15:43:57.111177 n-d-799525-2 neutron-server[100950]: DEBUG neutron.api.rpc.handlers.resources_rpc [None req-b76f3d81-334b-479a-ab01-84a59f714372 service neutron] Pushing event updated for resources: {'Port': ['ID=209d009a-ee56-4b7b-b473-77d5b08436a6,revision_number=2']} {{(pid=100950) push /opt/stack/neutron/neutron/api/rpc/handlers/resources_rpc.py:237}}
Jul 06 15:43:57.166709 n-d-799525-2 neutron-server[100950]: DEBUG neutron.plugins.ml2.managers [req-a7dd485c-bf51-4751-8431-e1b9e8ba92cd req-b76f3d81-334b-479a-ab01-84a59f714372 service neutron] Attempting to bind port 209d009a-ee56-4b7b-b473-77d5b08436a6 on host n-h1-799525-2 for vnic_type normal with profile {{(pid=100950) bind_port /opt/stack/neutron/neutron/plugins/ml2/managers.py:790}}
Jul 06 15:43:57.167280 n-d-799525-2 neutron-server[100950]: DEBUG neutron.plugins.ml2.managers [req-a7dd485c-bf51-4751-8431-e1b9e8ba92cd req-b76f3d81-334b-479a-ab01-84a59f714372 service neutron] Attempting to bind port 209d009a-ee56-4b7b-b473-77d5b08436a6 by drivers openvswitch,hyperv on host n-h1-799525-2 at level 0 using segments [{'id': '6330ef67-0573-404a-86af-7978a52ccad6', 'network_type': 'vlan', 'physical_network': 'physnet1', 'segmentation_id': 103, 'network_id': '5483a56f-b0f8-413e-af5a-6858f8571543'}] {{(pid=100950) _bind_port_level /opt/stack/neutron/neutron/plugins/ml2/managers.py:815}}
Jul 06 15:43:57.167820 n-d-799525-2 neutron-server[100950]: DEBUG neutron.plugins.ml2.drivers.mech_agent [req-a7dd485c-bf51-4751-8431-e1b9e8ba92cd req-b76f3d81-334b-479a-ab01-84a59f714372 service neutron] Attempting to bind port 209d009a-ee56-4b7b-b473-77d5b08436a6 on network 5483a56f-b0f8-413e-af5a-6858f8571543 {{(pid=100950) bind_port /opt/stack/neutron/neutron/plugins/ml2/drivers/mech_agent.py:86}}
Jul 06 15:43:57.173592 n-d-799525-2 neutron-server[100950]: DEBUG neutron.plugins.ml2.drivers.mech_agent [req-a7dd485c-bf51-4751-8431-e1b9e8ba92cd req-b76f3d81-334b-479a-ab01-84a59f714372 service neutron] Port 209d009a-ee56-4b7b-b473-77d5b08436a6 on network 5483a56f-b0f8-413e-af5a-6858f8571543 not bound, no agent of type Open vSwitch agent registered on host n-h1-799525-2 {{(pid=100950) bind_port /opt/stack/neutron/neutron/plugins/ml2/drivers/mech_agent.py:98}}
Jul 06 15:43:57.173824 n-d-799525-2 neutron-server[100950]: DEBUG neutron.plugins.ml2.drivers.mech_agent [req-a7dd485c-bf51-4751-8431-e1b9e8ba92cd req-b76f3d81-334b-479a-ab01-84a59f714372 service neutron] Attempting to bind port 209d009a-ee56-4b7b-b473-77d5b08436a6 on network 5483a56f-b0f8-413e-af5a-6858f8571543 {{(pid=100950) bind_port /opt/stack/neutron/neutron/plugins/ml2/drivers/mech_agent.py:86}}
Jul 06 15:43:57.191203 n-d-799525-2 neutron-server[100950]: DEBUG neutron.plugins.ml2.drivers.mech_agent [req-a7dd485c-bf51-4751-8431-e1b9e8ba92cd req-b76f3d81-334b-479a-ab01-84a59f714372 service neutron] Checking agent: {'id': 'a82fcce1-e419-4408-9893-29c1a68d2a42', 'agent_type': 'HyperV agent', 'binary': 'neutron-hyperv-agent', 'topic': 'N/A', 'host': 'n-h1-799525-2', 'admin_state_up': True, 'created_at': datetime.datetime(2021, 7, 6, 15, 40, 58), 'started_at': datetime.datetime(2021, 7, 6, 15, 40, 58), 'heartbeat_timestamp': datetime.datetime(2021, 7, 6, 15, 43, 28), 'description': None, 'resources_synced': None, 'availability_zone': None, 'alive': True, 'configurations': {'vswitch_mappings': {'physnet1$': 'br-data'}}, 'resource_versions': {}} {{(pid=100950) bind_port /opt/stack/neutron/neutron/plugins/ml2/drivers/mech_agent.py:105}}
Jul 06 15:43:57.191607 n-d-799525-2 neutron-server[100950]: DEBUG neutron.plugins.ml2.drivers.mech_agent [req-a7dd485c-bf51-4751-8431-e1b9e8ba92cd req-b76f3d81-334b-479a-ab01-84a59f714372 service neutron] Checking segment: {'id': '6330ef67-0573-404a-86af-7978a52ccad6', 'network_type': 'vlan', 'physical_network': 'physnet1', 'segmentation_id': 103, 'network_id': '5483a56f-b0f8-413e-af5a-6858f8571543'} for mappings: {'physnet1$': 'br-data'} with network types: ['local', 'flat', 'vlan'] {{(pid=100950) check_segment_for_agent /opt/stack/neutron/neutron/plugins/ml2/drivers/mech_agent.py:341}}
Jul 06 15:43:57.192009 n-d-799525-2 neutron-server[100950]: DEBUG neutron.plugins.ml2.drivers.mech_agent [req-a7dd485c-bf51-4751-8431-e1b9e8ba92cd req-b76f3d81-334b-479a-ab01-84a59f714372 service neutron] Bound using segment: {'id': '6330ef67-0573-404a-86af-7978a52ccad6', 'network_type': 'vlan', 'physical_network': 'physnet1', 'segmentation_id': 103, 'network_id': '5483a56f-b0f8-413e-af5a-6858f8571543'} {{(pid=100950) bind_port /opt/stack/neutron/neutron/plugins/ml2/drivers/mech_agent.py:115}}
Jul 06 15:43:57.192447 n-d-799525-2 neutron-server[100950]: DEBUG neutron.plugins.ml2.managers [req-a7dd485c-bf51-4751-8431-e1b9e8ba92cd req-b76f3d81-334b-479a-ab01-84a59f714372 service neutron] Bound port: 209d009a-ee56-4b7b-b473-77d5b08436a6, host: n-h1-799525-2, vif_type: hyperv, vif_details: {"connectivity": "legacy", "port_filter": false}, binding_levels: [{'bound_driver': 'hyperv', 'bound_segment': {'id': '6330ef67-0573-404a-86af-7978a52ccad6', 'network_type': 'vlan', 'physical_network': 'physnet1', 'segmentation_id': 103, 'network_id': '5483a56f-b0f8-413e-af5a-6858f8571543'}}] {{(pid=100950) _bind_port_level /opt/stack/neutron/neutron/plugins/ml2/managers.py:928}}
Jul 06 15:43:57.192810 n-d-799525-2 neutron-server[100950]: DEBUG neutron_lib.callbacks.manager [req-a7dd485c-bf51-4751-8431-e1b9e8ba92cd req-b76f3d81-334b-479a-ab01-84a59f714372 service neutron] Notify callbacks ['neutron.plugins.ml2.plugin.SecurityGroupDbMixin._ensure_default_security_group_handler-1608701'] for port, before_update {{(pid=100950) _notify_loop /usr/local/lib/python3.8/dist-packages/neutron_lib/callbacks/manager.py:192}}
Jul 06 15:43:57.222470 n-d-799525-2 neutron-server[100951]: DEBUG neutron_lib.callbacks.manager [None req-16b1c58b-2996-4d0b-b00f-de7a6e10c269 admin admin] Notify callbacks [] for security_group, before_delete {{(pid=100951) _notify_loop /usr/local/lib/python3.8/dist-packages/neutron_lib/callbacks/manager.py:192}}
Jul 06 15:43:57.254923 n-d-799525-2 neutron-server[100951]: DEBUG neutron_lib.callbacks.manager [req-551983a6-04db-41fa-8f70-aa3fefc1fc94 req-f92e9973-8b13-4d03-8830-4f1cfc0d6d05 tempest-DeleteServersAdminTestJSON-1546986671 tempest-DeleteServersAdminTestJSON-1546986671-project] Notify callbacks ['neutron.plugins.ml2.plugin.SecurityGroupServerNotifierRpcMixin._notify_sg_on_port_after_update-1607224', 'neutron.plugins.ml2.ovo_rpc._ObjectChangeHandler.handle_payload_event-31256', 'neutron.api.rpc.agentnotifiers.dhcp_rpc_agent_api.DhcpAgentNotifyAPI._native_event_send_dhcp_notification_payload-1572308', 'neutron.db.l3_dvrscheduler_db._notify_l3_agent_new_port-8743392080613'] for port, after_create {{(pid=100951) _notify_loop /usr/local/lib/python3.8/dist-packages/neutron_lib/callbacks/manager.py:192}}
Jul 06 15:43:57.275855 n-d-799525-2 neutron-server[100951]: DEBUG neutron_lib.callbacks.manager [None req-1df63c8a-2e15-4b7e-bee8-0048f995f228 admin admin] Notify callbacks [] for security_group, precommit_create {{(pid=100951) _notify_loop /usr/local/lib/python3.8/dist-packages/neutron_lib/callbacks/manager.py:192}}
Jul 06 15:43:57.280922 n-d-799525-2 neutron-server[100951]: DEBUG neutron_lib.callbacks.manager [None req-16b1c58b-2996-4d0b-b00f-de7a6e10c269 admin admin] Notify callbacks [] for security_group, precommit_delete {{(pid=100951) _notify_loop /usr/local/lib/python3.8/dist-packages/neutron_lib/callbacks/manager.py:192}}
Jul 06 15:43:57.281366 n-d-799525-2 neutron-server[100950]: DEBUG neutron.plugins.ml2.db [req-a7dd485c-bf51-4751-8431-e1b9e8ba92cd req-b76f3d81-334b-479a-ab01-84a59f714372 service neutron] For port 209d009a-ee56-4b7b-b473-77d5b08436a6, host n-h1-799525-2, cleared binding levels {{(pid=100950) clear_binding_levels /opt/stack/neutron/neutron/plugins/ml2/db.py:87}}
Jul 06 15:43:57.285763 n-d-799525-2 neutron-server[100950]: DEBUG neutron.plugins.ml2.db [req-a7dd485c-bf51-4751-8431-e1b9e8ba92cd req-b76f3d81-334b-479a-ab01-84a59f714372 service neutron] For port 209d009a-ee56-4b7b-b473-77d5b08436a6, host n-h1-799525-2, set binding levels [PortBindingLevel(driver='hyperv',host='n-h1-799525-2',level=0,port_id=209d009a-ee56-4b7b-b473-77d5b08436a6,segment=NetworkSegment(6330ef67-0573-404a-86af-7978a52ccad6),segment_id=6330ef67-0573-404a-86af-7978a52ccad6)] {{(pid=100950) set_binding_levels /opt/stack/neutron/neutron/plugins/ml2/db.py:59}}
Jul 06 15:43:57.317150 n-d-799525-2 neutron-server[100951]: DEBUG neutron_lib.callbacks.manager [None req-e4ce846c-5fff-4de8-9f74-8c90b8a37c80 admin admin] Notify callbacks ['neutron.plugins.ml2.ovo_rpc._ObjectChangeHandler.handle_payload_event-592746'] for security_group, after_delete {{(pid=100951) _notify_loop /usr/local/lib/python3.8/dist-packages/neutron_lib/callbacks/manager.py:192}}
Jul 06 15:43:57.319678 n-d-799525-2 neutron-server[100951]: DEBUG neutron_lib.callbacks.manager [None req-e4ce846c-5fff-4de8-9f74-8c90b8a37c80 admin admin] Notify callbacks [] for security_group, before_response {{(pid=100951) _notify_loop /usr/local/lib/python3.8/dist-packages/neutron_lib/callbacks/manager.py:192}}
Jul 06 15:43:57.320846 n-d-799525-2 neutron-server[100951]: INFO neutron.wsgi [None req-e4ce846c-5fff-4de8-9f74-8c90b8a37c80 admin admin] 10.222.0.36 "DELETE /v2.0/security-groups/0711130b-c0ae-417e-b4b4-4c1a1b1942a8 HTTP/1.1" status: 204 len: 168 time: 0.5270724
Jul 06 15:43:57.361508 n-d-799525-2 neutron-server[100951]: DEBUG neutron.scheduler.dhcp_agent_scheduler [req-551983a6-04db-41fa-8f70-aa3fefc1fc94 req-f92e9973-8b13-4d03-8830-4f1cfc0d6d05 tempest-DeleteServersAdminTestJSON-1546986671 tempest-DeleteServersAdminTestJSON-1546986671-project] Network 4fa2ba00-1b9e-4d73-8400-dcb7e7610b6c is already hosted by enough agents. {{(pid=100951) _get_dhcp_agents_hosting_network /opt/stack/neutron/neutron/scheduler/dhcp_agent_scheduler.py:275}}
Jul 06 15:43:57.366335 n-d-799525-2 neutron-server[100951]: DEBUG neutron.api.rpc.handlers.resources_rpc [None req-e4ce846c-5fff-4de8-9f74-8c90b8a37c80 admin admin] Pushing event deleted for resources: {'SecurityGroup': ['ID=0711130b-c0ae-417e-b4b4-4c1a1b1942a8,revision_number=None']} {{(pid=100951) push /opt/stack/neutron/neutron/api/rpc/handlers/resources_rpc.py:237}}
Jul 06 15:43:57.373823 n-d-799525-2 neutron-server[100950]: DEBUG neutron_lib.callbacks.manager [req-a7dd485c-bf51-4751-8431-e1b9e8ba92cd req-b76f3d81-334b-479a-ab01-84a59f714372 service neutron] Notify callbacks ['neutron.plugins.ml2.plugin.SecurityGroupServerNotifierRpcMixin.notify_sg_on_port_change-1607217', 'neutron.plugins.ml2.ovo_rpc._ObjectChangeHandler.handle_event-31267', 'neutron.api.rpc.agentnotifiers.dhcp_rpc_agent_api.DhcpAgentNotifyAPI._native_event_send_dhcp_notification-1572269', 'neutron.db.l3_db.L3RpcNotifierMixin._notify_gateway_port_ip_changed-8743392585512', 'neutron.db.l3_dvrscheduler_db._notify_l3_agent_port_update-8743392080631', 'neutron.db.l3_hascheduler_db._notify_l3_agent_ha_port_update-8743392076840'] for port, after_update {{(pid=100950) _notify_loop /usr/local/lib/python3.8/dist-packages/neutron_lib/callbacks/manager.py:192}}
Jul 06 15:43:57.380330 n-d-799525-2 neutron-server[100951]: DEBUG neutron.api.rpc.handlers.resources_rpc [None req-f92e9973-8b13-4d03-8830-4f1cfc0d6d05 tempest-DeleteServersAdminTestJSON-1546986671 tempest-DeleteServersAdminTestJSON-1546986671-project] Pushing event updated for resources: {'Port': ['ID=28a85e32-9d43-4b12-9fc5-7cafac6fce1e,revision_number=1']} {{(pid=100951) push /opt/stack/neutron/neutron/api/rpc/handlers/resources_rpc.py:237}}
Jul 06 15:43:57.383929 n-d-799525-2 neutron-server[100951]: DEBUG neutron.scheduler.base_scheduler [req-551983a6-04db-41fa-8f70-aa3fefc1fc94 req-f92e9973-8b13-4d03-8830-4f1cfc0d6d05 tempest-DeleteServersAdminTestJSON-1546986671 tempest-DeleteServersAdminTestJSON-1546986671-project] Resources bound (agent type, host, resource id): {{(pid=100951) schedule /opt/stack/neutron/neutron/scheduler/base_scheduler.py:57}}
Jul 06 15:43:57.394739 n-d-799525-2 neutron-server[100951]: DEBUG neutron.db.l3_dvrscheduler_db [req-551983a6-04db-41fa-8f70-aa3fefc1fc94 req-f92e9973-8b13-4d03-8830-4f1cfc0d6d05 tempest-DeleteServersAdminTestJSON-1546986671 tempest-DeleteServersAdminTestJSON-1546986671-project] Received port after_create {{(pid=100951) _notify_l3_agent_new_port /opt/stack/neutron/neutron/db/l3_dvrscheduler_db.py:535}}
Jul 06 15:43:57.400546 n-d-799525-2 neutron-server[100951]: DEBUG neutron.pecan_wsgi.hooks.policy_enforcement [req-551983a6-04db-41fa-8f70-aa3fefc1fc94 req-f92e9973-8b13-4d03-8830-4f1cfc0d6d05 tempest-DeleteServersAdminTestJSON-1546986671 tempest-DeleteServersAdminTestJSON-1546986671-project] Attributes excluded by policy engine: ['standard_attr_id', 'binding:profile', 'binding:host_id', 'binding:vif_type', 'binding:vif_details', 'network'] {{(pid=100951) _exclude_attributes_by_policy /opt/stack/neutron/neutron/pecan_wsgi/hooks/policy_enforcement.py:255}}
Jul 06 15:43:57.402891 n-d-799525-2 neutron-server[100951]: DEBUG neutron_lib.callbacks.manager [req-551983a6-04db-41fa-8f70-aa3fefc1fc94 req-f92e9973-8b13-4d03-8830-4f1cfc0d6d05 tempest-DeleteServersAdminTestJSON-1546986671 tempest-DeleteServersAdminTestJSON-1546986671-project] Notify callbacks ['neutron.notifiers.nova.Notifier._send_nova_notification-235209'] for port, before_response {{(pid=100951) _notify_loop /usr/local/lib/python3.8/dist-packages/neutron_lib/callbacks/manager.py:192}}
Jul 06 15:43:57.405725 n-d-799525-2 neutron-server[100951]: DEBUG neutron_lib.callbacks.manager [None req-1df63c8a-2e15-4b7e-bee8-0048f995f228 admin admin] Notify callbacks ['neutron.plugins.ml2.ovo_rpc._ObjectChangeHandler.handle_payload_event-592746'] for security_group, after_create {{(pid=100951) _notify_loop /usr/local/lib/python3.8/dist-packages/neutron_lib/callbacks/manager.py:192}}
Jul 06 15:43:57.444321 n-d-799525-2 neutron-server[100951]: DEBUG neutron.api.rpc.handlers.resources_rpc [None req-1df63c8a-2e15-4b7e-bee8-0048f995f228 admin admin] Pushing event updated for resources: {'SecurityGroup': ['ID=fe689171-7509-4a54-9f59-de3612a120d9,revision_number=1']} {{(pid=100951) push /opt/stack/neutron/neutron/api/rpc/handlers/resources_rpc.py:237}}
Jul 06 15:43:57.466150 n-d-799525-2 neutron-server[100950]: DEBUG neutron.pecan_wsgi.hooks.policy_enforcement [req-a7dd485c-bf51-4751-8431-e1b9e8ba92cd req-b76f3d81-334b-479a-ab01-84a59f714372 service neutron] Attributes excluded by policy engine: ['standard_attr_id'] {{(pid=100950) _exclude_attributes_by_policy /opt/stack/neutron/neutron/pecan_wsgi/hooks/policy_enforcement.py:255}}
Jul 06 15:43:57.468966 n-d-799525-2 neutron-server[100950]: DEBUG neutron_lib.callbacks.manager [req-a7dd485c-bf51-4751-8431-e1b9e8ba92cd req-b76f3d81-334b-479a-ab01-84a59f714372 service neutron] Notify callbacks ['neutron.notifiers.nova.Notifier._send_nova_notification-235209'] for port, before_response {{(pid=100950) _notify_loop /usr/local/lib/python3.8/dist-packages/neutron_lib/callbacks/manager.py:192}}
Jul 06 15:43:57.470493 n-d-799525-2 neutron-server[100950]: INFO neutron.wsgi [req-a7dd485c-bf51-4751-8431-e1b9e8ba92cd req-b76f3d81-334b-479a-ab01-84a59f714372 service neutron] 10.222.0.32 "PUT /v2.0/ports/209d009a-ee56-4b7b-b473-77d5b08436a6 HTTP/1.1" status: 200 len: 1092 time: 1.0614355
Jul 06 15:43:57.475885 n-d-799525-2 neutron-server[100950]: DEBUG neutron.notifiers.nova [-] Sending events: [{'name': 'network-changed', 'server_uuid': '10355fd5-eded-446e-8da3-70b87f3f9017', 'tag': '209d009a-ee56-4b7b-b473-77d5b08436a6'}] {{(pid=100950) send_events /opt/stack/neutron/neutron/notifiers/nova.py:262}}
Jul 06 15:43:57.479356 n-d-799525-2 neutron-server[100950]: DEBUG novaclient.v2.client [-] REQ: curl -g -i --cacert "/opt/stack/data/ca-bundle.pem" -X POST http://10.222.0.36/compute/v2.1/os-server-external-events -H "Accept: application/json" -H "Content-Type: application/json" -H "User-Agent: python-novaclient" -H "X-Auth-Token: {SHA256}d5e4e58645f9c21d81ab63d359b6a6ceddffcf6609756dea79e47dcbd76b1e72" -H "X-OpenStack-Nova-API-Version: 2.1" -H "X-OpenStack-Request-ID: req-3bab212f-7d8f-4922-a0df-51ae5aa61c72" -d '{"events": [{"name": "network-changed", "server_uuid": "10355fd5-eded-446e-8da3-70b87f3f9017", "tag": "209d009a-ee56-4b7b-b473-77d5b08436a6"}]}' {{(pid=100950) _http_log_request /usr/local/lib/python3.8/dist-packages/keystoneauth1/session.py:519}}
Jul 06 15:43:57.503324 n-d-799525-2 neutron-server[100951]: DEBUG neutron_lib.callbacks.manager [None req-16b1c58b-2996-4d0b-b00f-de7a6e10c269 admin admin] Notify callbacks ['neutron.plugins.ml2.ovo_rpc._ObjectChangeHandler.handle_payload_event-592746'] for security_group, after_delete {{(pid=100951) _notify_loop /usr/local/lib/python3.8/dist-packages/neutron_lib/callbacks/manager.py:192}}
Jul 06 15:43:57.506717 n-d-799525-2 neutron-server[100951]: DEBUG neutron_lib.callbacks.manager [None req-16b1c58b-2996-4d0b-b00f-de7a6e10c269 admin admin] Notify callbacks [] for security_group, before_response {{(pid=100951) _notify_loop /usr/local/lib/python3.8/dist-packages/neutron_lib/callbacks/manager.py:192}}
Jul 06 15:43:57.507980 n-d-799525-2 neutron-server[100951]: INFO neutron.wsgi [None req-16b1c58b-2996-4d0b-b00f-de7a6e10c269 admin admin] 10.222.0.36 "DELETE /v2.0/security-groups/1fdae8aa-ca06-40aa-9412-6364c23ebb0f HTTP/1.1" status: 204 len: 168 time: 0.4995914
Jul 06 15:43:57.516637 n-d-799525-2 neutron-server[100951]: DEBUG neutron.plugins.ml2.drivers.helpers [None req-1df63c8a-2e15-4b7e-bee8-0048f995f228 admin admin] vlan segment allocate from pool success with {'vlan_id': 105, 'physical_network': 'physnet1'} {{(pid=100951) allocate_partially_specified_segment /opt/stack/neutron/neutron/plugins/ml2/drivers/helpers.py:153}}
Jul 06 15:43:57.541342 n-d-799525-2 neutron-server[100950]: DEBUG neutron.api.rpc.handlers.resources_rpc [None req-b76f3d81-334b-479a-ab01-84a59f714372 service neutron] Pushing event updated for resources: {'Port': ['ID=209d009a-ee56-4b7b-b473-77d5b08436a6,revision_number=3']} {{(pid=100950) push /opt/stack/neutron/neutron/api/rpc/handlers/resources_rpc.py:237}}
Jul 06 15:43:57.542292 n-d-799525-2 neutron-server[100951]: INFO neutron.wsgi [req-551983a6-04db-41fa-8f70-aa3fefc1fc94 req-f92e9973-8b13-4d03-8830-4f1cfc0d6d05 tempest-DeleteServersAdminTestJSON-1546986671 tempest-DeleteServersAdminTestJSON-1546986671-project] 10.222.0.32 "POST /v2.0/ports HTTP/1.1" status: 201 len: 938 time: 1.7866635
Jul 06 15:43:57.545700 n-d-799525-2 neutron-server[100951]: DEBUG neutron.api.rpc.handlers.resources_rpc [None req-16b1c58b-2996-4d0b-b00f-de7a6e10c269 admin admin] Pushing event deleted for resources: {'SecurityGroup': ['ID=1fdae8aa-ca06-40aa-9412-6364c23ebb0f,revision_number=None']} {{(pid=100951) push /opt/stack/neutron/neutron/api/rpc/handlers/resources_rpc.py:237}}
Jul 06 15:43:57.555740 n-d-799525-2 neutron-server[100952]: DEBUG neutron_lib.callbacks.manager [None req-9cde3c54-8b84-403b-8757-ac75b4bc8687 None None] Notify callbacks ['neutron.services.segments.db._update_segment_host_mapping_for_agent-8743392383308', 'neutron.plugins.ml2.plugin.Ml2Plugin._retry_binding_revived_agents-1762689'] for agent, after_update {{(pid=100952) _notify_loop /usr/local/lib/python3.8/dist-packages/neutron_lib/callbacks/manager.py:192}}
Jul 06 15:43:57.564468 n-d-799525-2 neutron-server[100950]: DEBUG novaclient.v2.client [-] RESP: [200] Connection: close Content-Length: 179 Content-Type: application/json Date: Tue, 06 Jul 2021 15:43:57 GMT OpenStack-API-Version: compute 2.1 Server: Apache/2.4.41 (Ubuntu) Vary: OpenStack-API-Version,X-OpenStack-Nova-API-Version X-OpenStack-Nova-API-Version: 2.1 x-compute-request-id: req-1b239540-d7bb-4f2b-9999-638afd1f0921 x-openstack-request-id: req-1b239540-d7bb-4f2b-9999-638afd1f0921 {{(pid=100950) _http_log_response /usr/local/lib/python3.8/dist-packages/keystoneauth1/session.py:550}}
Jul 06 15:43:57.564468 n-d-799525-2 neutron-server[100950]: DEBUG novaclient.v2.client [-] RESP BODY: {"events": [{"name": "network-changed", "server_uuid": "10355fd5-eded-446e-8da3-70b87f3f9017", "tag": "209d009a-ee56-4b7b-b473-77d5b08436a6", "status": "completed", "code": 200}]} {{(pid=100950) _http_log_response /usr/local/lib/python3.8/dist-packages/keystoneauth1/session.py:582}}
Jul 06 15:43:57.564468 n-d-799525-2 neutron-server[100950]: DEBUG novaclient.v2.client [-] POST call to compute for http://10.222.0.36/compute/v2.1/os-server-external-events used request id req-1b239540-d7bb-4f2b-9999-638afd1f0921 {{(pid=100950) request /usr/local/lib/python3.8/dist-packages/keystoneauth1/session.py:954}}
Jul 06 15:43:57.564468 n-d-799525-2 neutron-server[100950]: INFO neutron.notifiers.nova [-] Nova event response: {'name': 'network-changed', 'server_uuid': '10355fd5-eded-446e-8da3-70b87f3f9017', 'tag': '209d009a-ee56-4b7b-b473-77d5b08436a6', 'status': 'completed', 'code': 200}
Jul 06 15:43:57.574214 n-d-799525-2 neutron-server[100951]: DEBUG neutron_lib.callbacks.manager [None req-1df63c8a-2e15-4b7e-bee8-0048f995f228 admin admin] Notify callbacks ['neutron.plugins.ml2.plugin.Ml2Plugin._handle_segment_change-1755167'] for segment, precommit_create {{(pid=100951) _notify_loop /usr/local/lib/python3.8/dist-packages/neutron_lib/callbacks/manager.py:192}}
Jul 06 15:43:57.574588 n-d-799525-2 neutron-server[100951]: INFO neutron.db.segments_db [None req-1df63c8a-2e15-4b7e-bee8-0048f995f228 admin admin] Added segment 9f2ae0dd-a7d4-4ad6-81e9-b52a7571678a of type vlan for network 72ce921e-872b-4a4a-aab0-a65ac21dfdff
Jul 06 15:43:57.579538 n-d-799525-2 neutron-server[100951]: DEBUG neutron.api.v2.base [req-551983a6-04db-41fa-8f70-aa3fefc1fc94 req-95e3c545-4d6a-471b-a3c5-464ee4149222 service neutron] Request body: {'port': {'device_id': '7d15e053-f665-4910-b93a-db9546bbbe6d', 'device_owner': 'compute:nova', 'binding:host_id': 'n-h1-799525-2'}} {{(pid=100951) prepare_request_body /opt/stack/neutron/neutron/api/v2/base.py:729}}
Jul 06 15:43:57.669188 n-d-799525-2 neutron-server[100951]: DEBUG neutron_lib.callbacks.manager [None req-1df63c8a-2e15-4b7e-bee8-0048f995f228 admin admin] Notify callbacks ['neutron.services.auto_allocate.db._ensure_external_network_default_value_callback-8743392095591'] for network, precommit_create {{(pid=100951) _notify_loop /usr/local/lib/python3.8/dist-packages/neutron_lib/callbacks/manager.py:192}}
Jul 06 15:43:57.687298 n-d-799525-2 neutron-server[100950]: DEBUG neutron.pecan_wsgi.hooks.policy_enforcement [req-3bab212f-7d8f-4922-a0df-51ae5aa61c72 req-308cbcde-2350-441c-8706-59f161d584df service neutron] Attributes excluded by policy engine: ['standard_attr_id'] {{(pid=100950) _exclude_attributes_by_policy /opt/stack/neutron/neutron/pecan_wsgi/hooks/policy_enforcement.py:255}}
Jul 06 15:43:57.689359 n-d-799525-2 neutron-server[100950]: INFO neutron.wsgi [req-3bab212f-7d8f-4922-a0df-51ae5aa61c72 req-308cbcde-2350-441c-8706-59f161d584df service neutron] 10.222.0.32 "GET /v2.0/ports?tenant_id=048423b9f3474b31b96f8f43e7ff56d4&device_id=10355fd5-eded-446e-8da3-70b87f3f9017 HTTP/1.1" status: 200 len: 1095 time: 0.0979400
Jul 06 15:43:57.726478 n-d-799525-2 neutron-server[100951]: DEBUG neutron_lib.callbacks.manager [req-551983a6-04db-41fa-8f70-aa3fefc1fc94 req-95e3c545-4d6a-471b-a3c5-464ee4149222 service neutron] Notify callbacks ['neutron.plugins.ml2.plugin.SecurityGroupDbMixin._ensure_default_security_group_handler-1608701'] for port, before_update {{(pid=100951) _notify_loop /usr/local/lib/python3.8/dist-packages/neutron_lib/callbacks/manager.py:192}}
Jul 06 15:43:57.806386 n-d-799525-2 neutron-server[100951]: DEBUG neutron_lib.callbacks.manager [None req-1df63c8a-2e15-4b7e-bee8-0048f995f228 admin admin] Notify callbacks ['neutron.plugins.ml2.ovo_rpc._ObjectChangeHandler.handle_payload_event-592702', 'neutron.api.rpc.agentnotifiers.dhcp_rpc_agent_api.DhcpAgentNotifyAPI._native_event_send_dhcp_notification_payload-1572308'] for network, after_create {{(pid=100951) _notify_loop /usr/local/lib/python3.8/dist-packages/neutron_lib/callbacks/manager.py:192}}
Jul 06 15:43:57.807733 n-d-799525-2 neutron-server[100951]: DEBUG neutron.pecan_wsgi.hooks.policy_enforcement [None req-1df63c8a-2e15-4b7e-bee8-0048f995f228 admin admin] Attributes excluded by policy engine: ['standard_attr_id', 'vlan_transparent'] {{(pid=100951) _exclude_attributes_by_policy /opt/stack/neutron/neutron/pecan_wsgi/hooks/policy_enforcement.py:255}}
Jul 06 15:43:57.808632 n-d-799525-2 neutron-server[100951]: DEBUG neutron_lib.callbacks.manager [None req-1df63c8a-2e15-4b7e-bee8-0048f995f228 admin admin] Notify callbacks ['neutron.api.rpc.agentnotifiers.dhcp_rpc_agent_api.DhcpAgentNotifyAPI._send_dhcp_notification-1572283'] for network, before_response {{(pid=100951) _notify_loop /usr/local/lib/python3.8/dist-packages/neutron_lib/callbacks/manager.py:192}}
Jul 06 15:43:57.853774 n-d-799525-2 neutron-server[100952]: DEBUG neutron.db.provisioning_blocks [None req-9588f4a7-f93c-44f0-b733-457fc2731ea2 None None] Provisioning for port 28a85e32-9d43-4b12-9fc5-7cafac6fce1e completed by entity DHCP. {{(pid=100952) provisioning_complete /opt/stack/neutron/neutron/db/provisioning_blocks.py:133}}
Jul 06 15:43:57.858886 n-d-799525-2 neutron-server[100952]: DEBUG neutron.db.provisioning_blocks [None req-9588f4a7-f93c-44f0-b733-457fc2731ea2 None None] Provisioning complete for port 28a85e32-9d43-4b12-9fc5-7cafac6fce1e triggered by entity DHCP. {{(pid=100952) provisioning_complete /opt/stack/neutron/neutron/db/provisioning_blocks.py:139}}
Jul 06 15:43:57.859330 n-d-799525-2 neutron-server[100952]: DEBUG neutron_lib.callbacks.manager [None req-9588f4a7-f93c-44f0-b733-457fc2731ea2 None None] Notify callbacks ['neutron.plugins.ml2.plugin.Ml2Plugin._port_provisioned-1762672'] for port, provisioning_complete {{(pid=100952) _notify_loop /usr/local/lib/python3.8/dist-packages/neutron_lib/callbacks/manager.py:192}}
Jul 06 15:43:57.920061 n-d-799525-2 neutron-server[100952]: DEBUG neutron.plugins.ml2.plugin [None req-9588f4a7-f93c-44f0-b733-457fc2731ea2 None None] Port 28a85e32-9d43-4b12-9fc5-7cafac6fce1e cannot update to ACTIVE because it is not bound. {{(pid=100952) _port_provisioned /opt/stack/neutron/neutron/plugins/ml2/plugin.py:337}}
Jul 06 15:43:58.012918 n-d-799525-2 neutron-server[100952]: DEBUG neutron_lib.callbacks.manager [None req-6cc3c0ee-2b27-4ca9-befb-f03a1b3385b4 None None] Notify callbacks ['neutron.services.segments.db._update_segment_host_mapping_for_agent-8743392383308', 'neutron.plugins.ml2.plugin.Ml2Plugin._retry_binding_revived_agents-1762689'] for agent, after_update {{(pid=100952) _notify_loop /usr/local/lib/python3.8/dist-packages/neutron_lib/callbacks/manager.py:192}}
Jul 06 15:43:58.091765 n-d-799525-2 neutron-server[100951]: DEBUG neutron.api.rpc.handlers.resources_rpc [None req-1df63c8a-2e15-4b7e-bee8-0048f995f228 admin admin] Pushing event updated for resources: {'Network': ['ID=72ce921e-872b-4a4a-aab0-a65ac21dfdff,revision_number=1']} {{(pid=100951) push /opt/stack/neutron/neutron/api/rpc/handlers/resources_rpc.py:237}}
Jul 06 15:43:58.096389 n-d-799525-2 neutron-server[100951]: INFO neutron.wsgi [None req-1df63c8a-2e15-4b7e-bee8-0048f995f228 admin admin] 10.222.0.36 "POST /v2.0/networks HTTP/1.1" status: 201 len: 886 time: 3.0630414
Jul 06 15:43:58.097032 n-d-799525-2 neutron-server[100951]: DEBUG neutron.wsgi [-] (100951) accepted ('10.222.0.36', 40488) {{(pid=100951) server /usr/local/lib/python3.8/dist-packages/eventlet/wsgi.py:982}}
Jul 06 15:43:58.109996 n-d-799525-2 neutron-server[100951]: DEBUG neutron.api.v2.base [None req-13900810-68f2-41e2-94d0-46254a71dc5e admin admin] Request body: {'subnet': {'network_id': '72ce921e-872b-4a4a-aab0-a65ac21dfdff', 'cidr': '172.20.0.0/28', 'name': 'tempest-VolumesAdminNegativeTest-62983866-subnet', 'tenant_id': '3f06de1d09324e37afb1c4892fe4c1d3', 'enable_dhcp': False, 'ip_version': 4}} {{(pid=100951) prepare_request_body /opt/stack/neutron/neutron/api/v2/base.py:729}}
Jul 06 15:43:58.113731 n-d-799525-2 neutron-server[100952]: DEBUG neutron.plugins.ml2.rpc [None req-89f5e0e1-4918-4318-939e-0142becfb2c6 None None] Network 72ce921e-872b-4a4a-aab0-a65ac21dfdff details requested by agent ovs-agent-n-d-799525-2 with host n-d-799525-2 {{(pid=100952) get_network_details /opt/stack/neutron/neutron/plugins/ml2/rpc.py:248}}
Jul 06 15:43:58.127791 n-d-799525-2 neutron-server[100952]: DEBUG neutron.plugins.ml2.rpc [None req-9cde3c54-8b84-403b-8757-ac75b4bc8687 None None] Device 81d26647-404f-4cbd-9de0-66e6c74889b0 no longer exists at agent hyperv_n-h2-799525-2 {{(pid=100952) update_device_down /opt/stack/neutron/neutron/plugins/ml2/rpc.py:259}}
Jul 06 15:43:58.215387 n-d-799525-2 neutron-server[100951]: DEBUG neutron.pecan_wsgi.hooks.quota_enforcement [None req-13900810-68f2-41e2-94d0-46254a71dc5e admin admin] Made reservation on behalf of 3f06de1d09324e37afb1c4892fe4c1d3 for: {'subnet': 1} {{(pid=100951) before /opt/stack/neutron/neutron/pecan_wsgi/hooks/quota_enforcement.py:53}}
Jul 06 15:43:58.217957 n-d-799525-2 neutron-server[100951]: DEBUG neutron_lib.callbacks.manager [None req-13900810-68f2-41e2-94d0-46254a71dc5e admin admin] Notify callbacks [] for subnet, before_create {{(pid=100951) _notify_loop /usr/local/lib/python3.8/dist-packages/neutron_lib/callbacks/manager.py:192}}
Jul 06 15:43:58.232022 n-d-799525-2 neutron-server[100952]: DEBUG neutron.plugins.ml2.plugin [None req-9cde3c54-8b84-403b-8757-ac75b4bc8687 None None] No Port match for: 81d26647-404f-4cbd-9de0-66e6c74889b0 {{(pid=100952) port_bound_to_host /opt/stack/neutron/neutron/plugins/ml2/plugin.py:2248}}
Jul 06 15:43:58.232507 n-d-799525-2 neutron-server[100952]: DEBUG neutron.plugins.ml2.rpc [None req-9cde3c54-8b84-403b-8757-ac75b4bc8687 None None] Device 81d26647-404f-4cbd-9de0-66e6c74889b0 not bound to the agent host n-h2-799525-2 {{(pid=100952) update_device_down /opt/stack/neutron/neutron/plugins/ml2/rpc.py:269}}
Jul 06 15:43:58.238872 n-d-799525-2 neutron-server[100951]: DEBUG neutron.notifiers.nova [req-551983a6-04db-41fa-8f70-aa3fefc1fc94 req-95e3c545-4d6a-471b-a3c5-464ee4149222 service neutron] Ignoring state change previous_port_status: DOWN current_port_status: DOWN port_id 28a85e32-9d43-4b12-9fc5-7cafac6fce1e {{(pid=100951) record_port_status_changed /opt/stack/neutron/neutron/notifiers/nova.py:224}}
Jul 06 15:43:58.245558 n-d-799525-2 neutron-server[100950]: DEBUG neutron.pecan_wsgi.hooks.policy_enforcement [req-3bab212f-7d8f-4922-a0df-51ae5aa61c72 req-768eeac0-0fda-418d-a7a4-e80fd331c940 service neutron] Attributes excluded by policy engine: ['standard_attr_id', 'vlan_transparent'] {{(pid=100950) _exclude_attributes_by_policy /opt/stack/neutron/neutron/pecan_wsgi/hooks/policy_enforcement.py:255}}
Jul 06 15:43:58.249116 n-d-799525-2 neutron-server[100950]: INFO neutron.wsgi [req-3bab212f-7d8f-4922-a0df-51ae5aa61c72 req-768eeac0-0fda-418d-a7a4-e80fd331c940 service neutron] 10.222.0.32 "GET /v2.0/networks?tenant_id=048423b9f3474b31b96f8f43e7ff56d4&shared=False HTTP/1.1" status: 200 len: 908 time: 0.5509033
Jul 06 15:43:58.282764 n-d-799525-2 neutron-server[100951]: DEBUG neutron_lib.callbacks.manager [req-551983a6-04db-41fa-8f70-aa3fefc1fc94 req-95e3c545-4d6a-471b-a3c5-464ee4149222 service neutron] Notify callbacks [] for port, precommit_update {{(pid=100951) _notify_loop /usr/local/lib/python3.8/dist-packages/neutron_lib/callbacks/manager.py:192}}
Jul 06 15:43:58.325711 n-d-799525-2 neutron-server[100951]: DEBUG neutron.db.provisioning_blocks [req-551983a6-04db-41fa-8f70-aa3fefc1fc94 req-95e3c545-4d6a-471b-a3c5-464ee4149222 service neutron] Transition to ACTIVE for port object 28a85e32-9d43-4b12-9fc5-7cafac6fce1e will not be triggered until provisioned by entity L2. {{(pid=100951) add_provisioning_component /opt/stack/neutron/neutron/db/provisioning_blocks.py:73}}
Jul 06 15:43:58.390729 n-d-799525-2 neutron-server[100951]: DEBUG neutron_lib.callbacks.manager [req-551983a6-04db-41fa-8f70-aa3fefc1fc94 req-95e3c545-4d6a-471b-a3c5-464ee4149222 service neutron] Notify callbacks ['neutron.plugins.ml2.plugin.SecurityGroupServerNotifierRpcMixin.notify_sg_on_port_change-1607217', 'neutron.plugins.ml2.ovo_rpc._ObjectChangeHandler.handle_event-31267', 'neutron.api.rpc.agentnotifiers.dhcp_rpc_agent_api.DhcpAgentNotifyAPI._native_event_send_dhcp_notification-1572269', 'neutron.db.l3_db.L3RpcNotifierMixin._notify_gateway_port_ip_changed-8743392585512', 'neutron.db.l3_dvrscheduler_db._notify_l3_agent_port_update-8743392080631', 'neutron.db.l3_hascheduler_db._notify_l3_agent_ha_port_update-8743392076840'] for port, after_update {{(pid=100951) _notify_loop /usr/local/lib/python3.8/dist-packages/neutron_lib/callbacks/manager.py:192}}
Jul 06 15:43:58.444453 n-d-799525-2 neutron-server[100950]: DEBUG neutron.pecan_wsgi.hooks.policy_enforcement [req-822849f4-6e82-4428-b5b5-d336537aab8d req-3acee897-1112-47d3-adab-cb822e9fc525 tempest-LiveMigrationTest-97642618 tempest-LiveMigrationTest-97642618-project] Attributes excluded by policy engine: ['standard_attr_id', 'binding:profile', 'binding:host_id', 'binding:vif_type', 'binding:vif_details'] {{(pid=100950) _exclude_attributes_by_policy /opt/stack/neutron/neutron/pecan_wsgi/hooks/policy_enforcement.py:255}}
Jul 06 15:43:58.459497 n-d-799525-2 neutron-server[100950]: INFO neutron.wsgi [req-822849f4-6e82-4428-b5b5-d336537aab8d req-3acee897-1112-47d3-adab-cb822e9fc525 tempest-LiveMigrationTest-97642618 tempest-LiveMigrationTest-97642618-project] 10.222.0.36 "GET /v2.0/ports?device_id=10355fd5-eded-446e-8da3-70b87f3f9017 HTTP/1.1" status: 200 len: 944 time: 0.3695877
Jul 06 15:43:58.459622 n-d-799525-2 neutron-server[100951]: DEBUG neutron.api.rpc.handlers.resources_rpc [None req-95e3c545-4d6a-471b-a3c5-464ee4149222 service neutron] Pushing event updated for resources: {'Port': ['ID=28a85e32-9d43-4b12-9fc5-7cafac6fce1e,revision_number=2']} {{(pid=100951) push /opt/stack/neutron/neutron/api/rpc/handlers/resources_rpc.py:237}}
Jul 06 15:43:58.550992 n-d-799525-2 neutron-server[100951]: DEBUG neutron.plugins.ml2.managers [req-551983a6-04db-41fa-8f70-aa3fefc1fc94 req-95e3c545-4d6a-471b-a3c5-464ee4149222 service neutron] Attempting to bind port 28a85e32-9d43-4b12-9fc5-7cafac6fce1e on host n-h1-799525-2 for vnic_type normal with profile {{(pid=100951) bind_port /opt/stack/neutron/neutron/plugins/ml2/managers.py:790}}
Jul 06 15:43:58.550992 n-d-799525-2 neutron-server[100951]: DEBUG neutron.plugins.ml2.managers [req-551983a6-04db-41fa-8f70-aa3fefc1fc94 req-95e3c545-4d6a-471b-a3c5-464ee4149222 service neutron] Attempting to bind port 28a85e32-9d43-4b12-9fc5-7cafac6fce1e by drivers openvswitch,hyperv on host n-h1-799525-2 at level 0 using segments [{'id': '0324f914-5cf5-48a9-a92e-63605b039a0b', 'network_type': 'vlan', 'physical_network': 'physnet1', 'segmentation_id': 127, 'network_id': '4fa2ba00-1b9e-4d73-8400-dcb7e7610b6c'}] {{(pid=100951) _bind_port_level /opt/stack/neutron/neutron/plugins/ml2/managers.py:815}}
Jul 06 15:43:58.551780 n-d-799525-2 neutron-server[100951]: DEBUG neutron.plugins.ml2.drivers.mech_agent [req-551983a6-04db-41fa-8f70-aa3fefc1fc94 req-95e3c545-4d6a-471b-a3c5-464ee4149222 service neutron] Attempting to bind port 28a85e32-9d43-4b12-9fc5-7cafac6fce1e on network 4fa2ba00-1b9e-4d73-8400-dcb7e7610b6c {{(pid=100951) bind_port /opt/stack/neutron/neutron/plugins/ml2/drivers/mech_agent.py:86}}
Jul 06 15:43:58.557746 n-d-799525-2 neutron-server[100951]: DEBUG neutron.plugins.ml2.drivers.mech_agent [req-551983a6-04db-41fa-8f70-aa3fefc1fc94 req-95e3c545-4d6a-471b-a3c5-464ee4149222 service neutron] Port 28a85e32-9d43-4b12-9fc5-7cafac6fce1e on network 4fa2ba00-1b9e-4d73-8400-dcb7e7610b6c not bound, no agent of type Open vSwitch agent registered on host n-h1-799525-2 {{(pid=100951) bind_port /opt/stack/neutron/neutron/plugins/ml2/drivers/mech_agent.py:98}}
Jul 06 15:43:58.558090 n-d-799525-2 neutron-server[100951]: DEBUG neutron.plugins.ml2.drivers.mech_agent [req-551983a6-04db-41fa-8f70-aa3fefc1fc94 req-95e3c545-4d6a-471b-a3c5-464ee4149222 service neutron] Attempting to bind port 28a85e32-9d43-4b12-9fc5-7cafac6fce1e on network 4fa2ba00-1b9e-4d73-8400-dcb7e7610b6c {{(pid=100951) bind_port /opt/stack/neutron/neutron/plugins/ml2/drivers/mech_agent.py:86}}
Jul 06 15:43:58.568652 n-d-799525-2 neutron-server[100951]: DEBUG neutron.plugins.ml2.drivers.mech_agent [req-551983a6-04db-41fa-8f70-aa3fefc1fc94 req-95e3c545-4d6a-471b-a3c5-464ee4149222 service neutron] Checking agent: {'id': 'a82fcce1-e419-4408-9893-29c1a68d2a42', 'agent_type': 'HyperV agent', 'binary': 'neutron-hyperv-agent', 'topic': 'N/A', 'host': 'n-h1-799525-2', 'admin_state_up': True, 'created_at': datetime.datetime(2021, 7, 6, 15, 40, 58), 'started_at': datetime.datetime(2021, 7, 6, 15, 40, 58), 'heartbeat_timestamp': datetime.datetime(2021, 7, 6, 15, 43, 58), 'description': None, 'resources_synced': None, 'availability_zone': None, 'alive': True, 'configurations': {'vswitch_mappings': {'physnet1$': 'br-data'}}, 'resource_versions': {}} {{(pid=100951) bind_port /opt/stack/neutron/neutron/plugins/ml2/drivers/mech_agent.py:105}}
Jul 06 15:43:58.568997 n-d-799525-2 neutron-server[100951]: DEBUG neutron.plugins.ml2.drivers.mech_agent [req-551983a6-04db-41fa-8f70-aa3fefc1fc94 req-95e3c545-4d6a-471b-a3c5-464ee4149222 service neutron] Checking segment: {'id': '0324f914-5cf5-48a9-a92e-63605b039a0b', 'network_type': 'vlan', 'physical_network': 'physnet1', 'segmentation_id': 127, 'network_id': '4fa2ba00-1b9e-4d73-8400-dcb7e7610b6c'} for mappings: {'physnet1$': 'br-data'} with network types: ['local', 'flat', 'vlan'] {{(pid=100951) check_segment_for_agent /opt/stack/neutron/neutron/plugins/ml2/drivers/mech_agent.py:341}}
Jul 06 15:43:58.569390 n-d-799525-2 neutron-server[100951]: DEBUG neutron.plugins.ml2.drivers.mech_agent [req-551983a6-04db-41fa-8f70-aa3fefc1fc94 req-95e3c545-4d6a-471b-a3c5-464ee4149222 service neutron] Bound using segment: {'id': '0324f914-5cf5-48a9-a92e-63605b039a0b', 'network_type': 'vlan', 'physical_network': 'physnet1', 'segmentation_id': 127, 'network_id': '4fa2ba00-1b9e-4d73-8400-dcb7e7610b6c'} {{(pid=100951) bind_port /opt/stack/neutron/neutron/plugins/ml2/drivers/mech_agent.py:115}}
Jul 06 15:43:58.569833 n-d-799525-2 neutron-server[100951]: DEBUG neutron.plugins.ml2.managers [req-551983a6-04db-41fa-8f70-aa3fefc1fc94 req-95e3c545-4d6a-471b-a3c5-464ee4149222 service neutron] Bound port: 28a85e32-9d43-4b12-9fc5-7cafac6fce1e, host: n-h1-799525-2, vif_type: hyperv, vif_details: {"connectivity": "legacy", "port_filter": false}, binding_levels: [{'bound_driver': 'hyperv', 'bound_segment': {'id': '0324f914-5cf5-48a9-a92e-63605b039a0b', 'network_type': 'vlan', 'physical_network': 'physnet1', 'segmentation_id': 127, 'network_id': '4fa2ba00-1b9e-4d73-8400-dcb7e7610b6c'}}] {{(pid=100951) _bind_port_level /opt/stack/neutron/neutron/plugins/ml2/managers.py:928}}
Jul 06 15:43:58.571972 n-d-799525-2 neutron-server[100951]: DEBUG neutron_lib.callbacks.manager [req-551983a6-04db-41fa-8f70-aa3fefc1fc94 req-95e3c545-4d6a-471b-a3c5-464ee4149222 service neutron] Notify callbacks ['neutron.plugins.ml2.plugin.SecurityGroupDbMixin._ensure_default_security_group_handler-1608701'] for port, before_update {{(pid=100951) _notify_loop /usr/local/lib/python3.8/dist-packages/neutron_lib/callbacks/manager.py:192}}
Jul 06 15:43:58.596801 n-d-799525-2 neutron-server[100951]: DEBUG neutron_lib.callbacks.manager [None req-13900810-68f2-41e2-94d0-46254a71dc5e admin admin] Notify callbacks ['neutron.plugins.ml2.ovo_rpc._ObjectChangeHandler.handle_payload_event-592840', 'neutron.api.rpc.agentnotifiers.dhcp_rpc_agent_api.DhcpAgentNotifyAPI._native_event_send_dhcp_notification_payload-1572308'] for subnet, after_create {{(pid=100951) _notify_loop /usr/local/lib/python3.8/dist-packages/neutron_lib/callbacks/manager.py:192}}
Jul 06 15:43:58.606226 n-d-799525-2 neutron-server[100950]: INFO neutron.wsgi [req-822849f4-6e82-4428-b5b5-d336537aab8d req-3cbdd547-40e2-43c8-b883-7dee1de1b063 tempest-LiveMigrationTest-97642618 tempest-LiveMigrationTest-97642618-project] 10.222.0.36 "GET /v2.0/security-groups?id=8f6afdd9-3ac5-471e-9b55-a59258baf7b9&fields=id&fields=name HTTP/1.1" status: 200 len: 286 time: 0.1500750
Jul 06 15:43:58.622447 n-d-799525-2 neutron-server[100950]: DEBUG neutron.pecan_wsgi.hooks.policy_enforcement [req-3bab212f-7d8f-4922-a0df-51ae5aa61c72 req-61f06338-2878-4248-8634-3fc51503a0e4 service neutron] Attributes excluded by policy engine: ['standard_attr_id', 'vlan_transparent'] {{(pid=100950) _exclude_attributes_by_policy /opt/stack/neutron/neutron/pecan_wsgi/hooks/policy_enforcement.py:255}}
Jul 06 15:43:58.629160 n-d-799525-2 neutron-server[100950]: INFO neutron.wsgi [req-3bab212f-7d8f-4922-a0df-51ae5aa61c72 req-61f06338-2878-4248-8634-3fc51503a0e4 service neutron] 10.222.0.32 "GET /v2.0/networks?shared=True HTTP/1.1" status: 200 len: 870 time: 0.3488982
Jul 06 15:43:58.669684 n-d-799525-2 neutron-server[100950]: DEBUG neutron.pecan_wsgi.hooks.policy_enforcement [req-fd0bf8e0-91d5-4ca5-a018-4fe21d7a2acf req-0c3f7404-8e5f-43bb-be4d-2cb977e43672 tempest-DeleteServersAdminTestJSON-1546986671 tempest-DeleteServersAdminTestJSON-1546986671-project] Attributes excluded by policy engine: ['standard_attr_id', 'binding:profile', 'binding:host_id', 'binding:vif_type', 'binding:vif_details'] {{(pid=100950) _exclude_attributes_by_policy /opt/stack/neutron/neutron/pecan_wsgi/hooks/policy_enforcement.py:255}}
Jul 06 15:43:58.671409 n-d-799525-2 neutron-server[100950]: INFO neutron.wsgi [req-fd0bf8e0-91d5-4ca5-a018-4fe21d7a2acf req-0c3f7404-8e5f-43bb-be4d-2cb977e43672 tempest-DeleteServersAdminTestJSON-1546986671 tempest-DeleteServersAdminTestJSON-1546986671-project] 10.222.0.36 "GET /v2.0/ports?device_id=7d15e053-f665-4910-b93a-db9546bbbe6d HTTP/1.1" status: 200 len: 948 time: 0.3445811
