Aug 09 15:33:00.821584 n-d-799523-2 devstack@placement-api.service[94670]: [pid: 94670|app: 0|req: 114/227] 10.222.0.64 () {60 vars in 1381 bytes} [Mon Aug 9 15:33:00 2021] GET /placement/allocations/6b39bc61-43c5-46eb-a628-e120c63ed620 => generated 19 bytes in 22 msecs (HTTP/1.1 200) 8 headers in 295 bytes (1 switches on core 0)
Aug 09 15:33:00.822359 n-d-799523-2 devstack@placement-api.service[94669]: DEBUG placement.requestlog [req-e88e37cf-85fe-4b38-9e6c-8c49e16d4a16 req-d8fa9cf7-13e0-451f-8bf7-84aa53816343 None None] Starting request: 10.222.0.64 "PUT /placement/allocations/6b39bc61-43c5-46eb-a628-e120c63ed620" {{(pid=94669) __call__ /opt/stack/placement/placement/requestlog.py:55}}
Aug 09 15:33:00.933109 n-d-799523-2 devstack@placement-api.service[94669]: DEBUG placement.handlers.allocation [req-e88e37cf-85fe-4b38-9e6c-8c49e16d4a16 req-d8fa9cf7-13e0-451f-8bf7-84aa53816343 service placement] Successfully wrote allocations [, , ] {{(pid=94669) _create_allocations /opt/stack/placement/placement/handlers/allocation.py:435}}
Aug 09 15:33:00.933619 n-d-799523-2 devstack@placement-api.service[94669]: INFO placement.requestlog [req-e88e37cf-85fe-4b38-9e6c-8c49e16d4a16 req-d8fa9cf7-13e0-451f-8bf7-84aa53816343 service placement] 10.222.0.64 "PUT /placement/allocations/6b39bc61-43c5-46eb-a628-e120c63ed620" status: 204 len: 0 microversion: 1.35
Aug 09 15:33:00.934373 n-d-799523-2 devstack@placement-api.service[94669]: [pid: 94669|app: 0|req: 114/228] 10.222.0.64 () {64 vars in 1434 bytes} [Mon Aug 9 15:33:00 2021] PUT /placement/allocations/6b39bc61-43c5-46eb-a628-e120c63ed620 => generated 0 bytes in 112 msecs (HTTP/1.1 204) 5 headers in 199 bytes (1 switches on core 0)
Aug 09 15:33:01.397681 n-d-799523-2 devstack@placement-api.service[94670]: DEBUG placement.requestlog [req-e88e37cf-85fe-4b38-9e6c-8c49e16d4a16 req-1b42fad0-3e1c-42c1-a07f-96f64d6be888 None None] Starting request: 10.222.0.35 "GET /placement/allocations/6b39bc61-43c5-46eb-a628-e120c63ed620" {{(pid=94670) __call__ /opt/stack/placement/placement/requestlog.py:55}}
Aug 09 15:33:01.419337 n-d-799523-2 devstack@placement-api.service[94670]: INFO placement.requestlog [req-e88e37cf-85fe-4b38-9e6c-8c49e16d4a16 req-1b42fad0-3e1c-42c1-a07f-96f64d6be888 service placement] 10.222.0.35 "GET /placement/allocations/6b39bc61-43c5-46eb-a628-e120c63ed620" status: 200 len: 259 microversion: 1.28
Aug 09 15:33:01.420162 n-d-799523-2 devstack@placement-api.service[94670]: [pid: 94670|app: 0|req: 115/229] 10.222.0.35 () {60 vars in 1378 bytes} [Mon Aug 9 15:33:01 2021] GET /placement/allocations/6b39bc61-43c5-46eb-a628-e120c63ed620 => generated 259 bytes in 23 msecs (HTTP/1.1 200) 8 headers in 296 bytes (2 switches on core 0)
Aug 09 15:33:07.344302 n-d-799523-2 devstack@placement-api.service[94669]: DEBUG placement.requestlog [req-07fd2649-68f8-427d-bf3b-3f2b763e0fd8 req-fb0d02ea-fe8b-4f99-acab-c0ffd63a590f None None] Starting request: 10.222.0.66 "GET /placement/allocations/452b0135-ba18-4116-9ecb-5910c4fa6bea" {{(pid=94669) __call__ /opt/stack/placement/placement/requestlog.py:55}}
Aug 09 15:33:07.380403 n-d-799523-2 devstack@placement-api.service[94669]: INFO placement.requestlog [req-07fd2649-68f8-427d-bf3b-3f2b763e0fd8 req-fb0d02ea-fe8b-4f99-acab-c0ffd63a590f service placement] 10.222.0.66 "GET /placement/allocations/452b0135-ba18-4116-9ecb-5910c4fa6bea" status: 200 len: 259 microversion: 1.28
Aug 09 15:33:07.383552 n-d-799523-2 devstack@placement-api.service[94669]: [pid: 94669|app: 0|req: 115/230] 10.222.0.66 () {60 vars in 1378 bytes} [Mon Aug 9 15:33:07 2021] GET /placement/allocations/452b0135-ba18-4116-9ecb-5910c4fa6bea => generated 259 bytes in 39 msecs (HTTP/1.1 200) 8 headers in 296 bytes (1 switches on core 0)
Aug 09 15:33:07.402108 n-d-799523-2 devstack@placement-api.service[94670]: DEBUG placement.requestlog [req-07fd2649-68f8-427d-bf3b-3f2b763e0fd8 req-6dbddea8-7387-4d95-88fe-497d285fa650 None None] Starting request: 10.222.0.66 "PUT /placement/allocations/452b0135-ba18-4116-9ecb-5910c4fa6bea" {{(pid=94670) __call__ /opt/stack/placement/placement/requestlog.py:55}}
Aug 09 15:33:07.476453 n-d-799523-2 devstack@placement-api.service[94670]: DEBUG placement.handlers.allocation [req-07fd2649-68f8-427d-bf3b-3f2b763e0fd8 req-6dbddea8-7387-4d95-88fe-497d285fa650 service placement] Successfully wrote allocations [, , ] {{(pid=94670) _create_allocations /opt/stack/placement/placement/handlers/allocation.py:435}}
Aug 09 15:33:07.477017 n-d-799523-2 devstack@placement-api.service[94670]: INFO placement.requestlog [req-07fd2649-68f8-427d-bf3b-3f2b763e0fd8 req-6dbddea8-7387-4d95-88fe-497d285fa650 service placement] 10.222.0.66 "PUT /placement/allocations/452b0135-ba18-4116-9ecb-5910c4fa6bea" status: 204 len: 0 microversion: 1.28
Aug 09 15:33:07.477538 n-d-799523-2 devstack@placement-api.service[94670]: [pid: 94670|app: 0|req: 116/231] 10.222.0.66 () {64 vars in 1431 bytes} [Mon Aug 9 15:33:07 2021] PUT /placement/allocations/452b0135-ba18-4116-9ecb-5910c4fa6bea => generated 0 bytes in 76 msecs (HTTP/1.1 204) 5 headers in 199 bytes (1 switches on core 0)
Aug 09 15:33:14.156466 n-d-799523-2 devstack@placement-api.service[94669]: DEBUG placement.requestlog [req-cc1d341c-f1eb-4d73-b646-3984742ad7f1 req-039037e3-57eb-4386-be95-8c9e7dc88695 None None] Starting request: 10.222.0.66 "GET /placement/allocations/94ea41ad-67e4-467a-bcca-fa2f81e80f50" {{(pid=94669) __call__ /opt/stack/placement/placement/requestlog.py:55}}
Aug 09 15:33:14.184884 n-d-799523-2 devstack@placement-api.service[94669]: INFO placement.requestlog [req-cc1d341c-f1eb-4d73-b646-3984742ad7f1 req-039037e3-57eb-4386-be95-8c9e7dc88695 service placement] 10.222.0.66 "GET /placement/allocations/94ea41ad-67e4-467a-bcca-fa2f81e80f50" status: 200 len: 259 microversion: 1.28
Aug 09 15:33:14.185297 n-d-799523-2 devstack@placement-api.service[94669]: [pid: 94669|app: 0|req: 116/232] 10.222.0.66 () {60 vars in 1378 bytes} [Mon Aug 9 15:33:14 2021] GET /placement/allocations/94ea41ad-67e4-467a-bcca-fa2f81e80f50 => generated 259 bytes in 29 msecs (HTTP/1.1 200) 8 headers in 296 bytes (2 switches on core 0)
Aug 09 15:33:14.195049 n-d-799523-2 devstack@placement-api.service[94670]: DEBUG placement.requestlog [req-cc1d341c-f1eb-4d73-b646-3984742ad7f1 req-255b7445-b77b-4d82-bff0-f68c393d46dc None None] Starting request: 10.222.0.66 "PUT /placement/allocations/94ea41ad-67e4-467a-bcca-fa2f81e80f50" {{(pid=94670) __call__ /opt/stack/placement/placement/requestlog.py:55}}
Aug 09 15:33:14.243437 n-d-799523-2 devstack@placement-api.service[94670]: DEBUG placement.handlers.allocation [req-cc1d341c-f1eb-4d73-b646-3984742ad7f1 req-255b7445-b77b-4d82-bff0-f68c393d46dc service placement] Successfully wrote allocations [, , ] {{(pid=94670) _create_allocations /opt/stack/placement/placement/handlers/allocation.py:435}}
Aug 09 15:33:14.243964 n-d-799523-2 devstack@placement-api.service[94670]: INFO placement.requestlog [req-cc1d341c-f1eb-4d73-b646-3984742ad7f1 req-255b7445-b77b-4d82-bff0-f68c393d46dc service placement] 10.222.0.66 "PUT /placement/allocations/94ea41ad-67e4-467a-bcca-fa2f81e80f50" status: 204 len: 0 microversion: 1.28
Aug 09 15:33:14.244244 n-d-799523-2 devstack@placement-api.service[94670]: [pid: 94670|app: 0|req: 117/233] 10.222.0.66 () {64 vars in 1431 bytes} [Mon Aug 9 15:33:14 2021] PUT /placement/allocations/94ea41ad-67e4-467a-bcca-fa2f81e80f50 => generated 0 bytes in 49 msecs (HTTP/1.1 204) 5 headers in 199 bytes (1 switches on core 0)
Aug 09 15:33:20.515091 n-d-799523-2 devstack@placement-api.service[94669]: DEBUG placement.requestlog [req-9c441346-1c69-4920-87ea-2a53d4f31d9e req-d31e7aff-6274-4d7a-8d16-4df34252f801 None None] Starting request: 10.222.0.66 "GET /placement/resource_providers/5d15b8da-4a1d-435e-bd1b-373c84747637/allocations" {{(pid=94669) __call__ /opt/stack/placement/placement/requestlog.py:55}}
Aug 09 15:33:20.554856 n-d-799523-2 devstack@placement-api.service[94669]: INFO placement.requestlog [req-9c441346-1c69-4920-87ea-2a53d4f31d9e req-d31e7aff-6274-4d7a-8d16-4df34252f801 service placement] 10.222.0.66 "GET /placement/resource_providers/5d15b8da-4a1d-435e-bd1b-373c84747637/allocations" status: 200 len: 457 microversion: 1.0
Aug 09 15:33:20.555764 n-d-799523-2 devstack@placement-api.service[94669]: [pid: 94669|app: 0|req: 117/234] 10.222.0.66 () {58 vars in 1391 bytes} [Mon Aug 9 15:33:20 2021] GET /placement/resource_providers/5d15b8da-4a1d-435e-bd1b-373c84747637/allocations => generated 457 bytes in 41 msecs (HTTP/1.1 200) 6 headers in 224 bytes (1 switches on core 0)
Aug 09 15:33:20.696610 n-d-799523-2 devstack@placement-api.service[94670]: DEBUG placement.requestlog [req-f0902172-c3a9-4004-9e4a-358b4700e0c4 req-55f686a8-e5f2-451c-b726-eba54575181c None None] Starting request: 10.222.0.64 "GET /placement/allocation_candidates?resources=DISK_GB%3A1%2CMEMORY_MB%3A1024%2CVCPU%3A1&root_required=%21COMPUTE_STATUS_DISABLED" {{(pid=94670) __call__ /opt/stack/placement/placement/requestlog.py:55}}
Aug 09 15:33:20.786034 n-d-799523-2 devstack@placement-api.service[94670]: DEBUG placement.objects.research_context [req-f0902172-c3a9-4004-9e4a-358b4700e0c4 req-55f686a8-e5f2-451c-b726-eba54575181c service placement] getting providers with 1 DISK_GB {{(pid=94670) __init__ /opt/stack/placement/placement/objects/research_context.py:126}}
Aug 09 15:33:20.807206 n-d-799523-2 devstack@placement-api.service[94670]: DEBUG placement.objects.research_context [req-f0902172-c3a9-4004-9e4a-358b4700e0c4 req-55f686a8-e5f2-451c-b726-eba54575181c service placement] getting providers with 1024 MEMORY_MB {{(pid=94670) __init__ /opt/stack/placement/placement/objects/research_context.py:126}}
Aug 09 15:33:20.825167 n-d-799523-2 devstack@placement-api.service[94670]: DEBUG placement.objects.research_context [req-f0902172-c3a9-4004-9e4a-358b4700e0c4 req-55f686a8-e5f2-451c-b726-eba54575181c service placement] getting providers with 1 VCPU {{(pid=94670) __init__ /opt/stack/placement/placement/objects/research_context.py:126}}
Aug 09 15:33:20.845013 n-d-799523-2 devstack@placement-api.service[94670]: DEBUG placement.objects.research_context [req-f0902172-c3a9-4004-9e4a-358b4700e0c4 req-55f686a8-e5f2-451c-b726-eba54575181c service placement] found 2 providers with available 1 DISK_GB {{(pid=94670) get_provider_ids_matching /opt/stack/placement/placement/objects/research_context.py:549}}
Aug 09 15:33:20.845796 n-d-799523-2 devstack@placement-api.service[94670]: DEBUG placement.objects.research_context [req-f0902172-c3a9-4004-9e4a-358b4700e0c4 req-55f686a8-e5f2-451c-b726-eba54575181c service placement] found 2 providers with available 1024 MEMORY_MB {{(pid=94670) get_provider_ids_matching /opt/stack/placement/placement/objects/research_context.py:549}}
Aug 09 15:33:20.846229 n-d-799523-2 devstack@placement-api.service[94670]: DEBUG placement.objects.research_context [req-f0902172-c3a9-4004-9e4a-358b4700e0c4 req-55f686a8-e5f2-451c-b726-eba54575181c service placement] found 2 providers after filtering by previous result {{(pid=94670) get_provider_ids_matching /opt/stack/placement/placement/objects/research_context.py:580}}
Aug 09 15:33:20.847362 n-d-799523-2 devstack@placement-api.service[94670]: DEBUG placement.objects.research_context [req-f0902172-c3a9-4004-9e4a-358b4700e0c4 req-55f686a8-e5f2-451c-b726-eba54575181c service placement] found 2 providers with available 1 VCPU {{(pid=94670) get_provider_ids_matching /opt/stack/placement/placement/objects/research_context.py:549}}
Aug 09 15:33:20.847840 n-d-799523-2 devstack@placement-api.service[94670]: DEBUG placement.objects.research_context [req-f0902172-c3a9-4004-9e4a-358b4700e0c4 req-55f686a8-e5f2-451c-b726-eba54575181c service placement] found 2 providers after filtering by previous result {{(pid=94670) get_provider_ids_matching /opt/stack/placement/placement/objects/research_context.py:580}}
Aug 09 15:33:20.863334 n-d-799523-2 devstack@placement-api.service[94670]: DEBUG placement.objects.allocation_candidate [req-f0902172-c3a9-4004-9e4a-358b4700e0c4 req-55f686a8-e5f2-451c-b726-eba54575181c service placement] RequestGroup(use_same_provider=False, resources={DISK_GB:1, MEMORY_MB:1024, VCPU:1}, traits=[], aggregates=[]) (suffix '') returned 2 matches {{(pid=94670) _get_by_requests /opt/stack/placement/placement/objects/allocation_candidate.py:145}}
Aug 09 15:33:20.864084 n-d-799523-2 devstack@placement-api.service[94670]: DEBUG placement.objects.allocation_candidate [req-f0902172-c3a9-4004-9e4a-358b4700e0c4 req-55f686a8-e5f2-451c-b726-eba54575181c service placement] Merging candidates yields 2 allocation requests and 2 provider summaries {{(pid=94670) _merge_candidates /opt/stack/placement/placement/objects/allocation_candidate.py:783}}
Aug 09 15:33:20.866364 n-d-799523-2 devstack@placement-api.service[94670]: INFO placement.requestlog [req-f0902172-c3a9-4004-9e4a-358b4700e0c4 req-55f686a8-e5f2-451c-b726-eba54575181c service placement] 10.222.0.64 "GET /placement/allocation_candidates?resources=DISK_GB%3A1%2CMEMORY_MB%3A1024%2CVCPU%3A1&root_required=%21COMPUTE_STATUS_DISABLED" status: 200 len: 1309 microversion: 1.35
Aug 09 15:33:20.866789 n-d-799523-2 devstack@placement-api.service[94670]: [pid: 94670|app: 0|req: 118/235] 10.222.0.64 () {60 vars in 1485 bytes} [Mon Aug 9 15:33:20 2021] GET /placement/allocation_candidates?resources=DISK_GB%3A1%2CMEMORY_MB%3A1024%2CVCPU%3A1&root_required=%21COMPUTE_STATUS_DISABLED => generated 1309 bytes in 171 msecs (HTTP/1.1 200) 8 headers in 297 bytes (2 switches on core 0)
Aug 09 15:33:20.898458 n-d-799523-2 devstack@placement-api.service[94669]: DEBUG placement.requestlog [req-9c441346-1c69-4920-87ea-2a53d4f31d9e req-f0c74416-a8fc-4d47-9a6e-ec21a58548d7 None None] Starting request: 10.222.0.66 "GET /placement/allocations/2ad0844d-6ec6-4425-81ce-48e4e4110e48" {{(pid=94669) __call__ /opt/stack/placement/placement/requestlog.py:55}}
Aug 09 15:33:20.963576 n-d-799523-2 devstack@placement-api.service[94669]: INFO placement.requestlog [req-9c441346-1c69-4920-87ea-2a53d4f31d9e req-f0c74416-a8fc-4d47-9a6e-ec21a58548d7 service placement] 10.222.0.66 "GET /placement/allocations/2ad0844d-6ec6-4425-81ce-48e4e4110e48" status: 200 len: 259 microversion: 1.28
Aug 09 15:33:20.972429 n-d-799523-2 devstack@placement-api.service[94669]: [pid: 94669|app: 0|req: 118/236] 10.222.0.66 () {60 vars in 1378 bytes} [Mon Aug 9 15:33:20 2021] GET /placement/allocations/2ad0844d-6ec6-4425-81ce-48e4e4110e48 => generated 259 bytes in 74 msecs (HTTP/1.1 200) 8 headers in 296 bytes (2 switches on core 0)
Aug 09 15:33:20.985371 n-d-799523-2 devstack@placement-api.service[94670]: DEBUG placement.requestlog [req-9c441346-1c69-4920-87ea-2a53d4f31d9e req-e328c1d1-4ae4-47f7-94c9-5831ba139b77 None None] Starting request: 10.222.0.66 "PUT /placement/allocations/2ad0844d-6ec6-4425-81ce-48e4e4110e48" {{(pid=94670) __call__ /opt/stack/placement/placement/requestlog.py:55}}
Aug 09 15:33:21.020838 n-d-799523-2 devstack@placement-api.service[94669]: DEBUG placement.requestlog [req-f0902172-c3a9-4004-9e4a-358b4700e0c4 req-983c6d06-5746-486a-8313-f85a9f9bbae7 None None] Starting request: 10.222.0.64 "GET /placement/allocations/a3053918-f9a0-44ac-ac34-d3e2e01f510a" {{(pid=94669) __call__ /opt/stack/placement/placement/requestlog.py:55}}
Aug 09 15:33:21.070414 n-d-799523-2 devstack@placement-api.service[94669]: INFO placement.requestlog [req-f0902172-c3a9-4004-9e4a-358b4700e0c4 req-983c6d06-5746-486a-8313-f85a9f9bbae7 service placement] 10.222.0.64 "GET /placement/allocations/a3053918-f9a0-44ac-ac34-d3e2e01f510a" status: 200 len: 19 microversion: 1.28
Aug 09 15:33:21.071745 n-d-799523-2 devstack@placement-api.service[94669]: [pid: 94669|app: 0|req: 119/237] 10.222.0.64 () {60 vars in 1381 bytes} [Mon Aug 9 15:33:21 2021] GET /placement/allocations/a3053918-f9a0-44ac-ac34-d3e2e01f510a => generated 19 bytes in 51 msecs (HTTP/1.1 200) 8 headers in 295 bytes (2 switches on core 0)
Aug 09 15:33:21.080880 n-d-799523-2 devstack@placement-api.service[94669]: DEBUG placement.requestlog [req-f0902172-c3a9-4004-9e4a-358b4700e0c4 req-f4f2e91a-d849-45ed-a332-6bd2df5a42dd None None] Starting request: 10.222.0.64 "PUT /placement/allocations/a3053918-f9a0-44ac-ac34-d3e2e01f510a" {{(pid=94669) __call__ /opt/stack/placement/placement/requestlog.py:55}}
Aug 09 15:33:21.180262 n-d-799523-2 devstack@placement-api.service[94670]: DEBUG placement.handlers.allocation [req-9c441346-1c69-4920-87ea-2a53d4f31d9e req-e328c1d1-4ae4-47f7-94c9-5831ba139b77 service placement] Successfully wrote allocations [, , ] {{(pid=94670) _create_allocations /opt/stack/placement/placement/handlers/allocation.py:435}}
Aug 09 15:33:21.181048 n-d-799523-2 devstack@placement-api.service[94670]: INFO placement.requestlog [req-9c441346-1c69-4920-87ea-2a53d4f31d9e req-e328c1d1-4ae4-47f7-94c9-5831ba139b77 service placement] 10.222.0.66 "PUT /placement/allocations/2ad0844d-6ec6-4425-81ce-48e4e4110e48" status: 204 len: 0 microversion: 1.28
Aug 09 15:33:21.181754 n-d-799523-2 devstack@placement-api.service[94670]: [pid: 94670|app: 0|req: 119/238] 10.222.0.66 () {64 vars in 1431 bytes} [Mon Aug 9 15:33:20 2021] PUT /placement/allocations/2ad0844d-6ec6-4425-81ce-48e4e4110e48 => generated 0 bytes in 197 msecs (HTTP/1.1 204) 5 headers in 199 bytes (2 switches on core 0)
Aug 09 15:33:21.230118 n-d-799523-2 devstack@placement-api.service[94669]: DEBUG placement.objects.allocation [req-f0902172-c3a9-4004-9e4a-358b4700e0c4 req-f4f2e91a-d849-45ed-a332-6bd2df5a42dd service placement] Retrying allocations write on resource provider generation conflict {{(pid=94669) replace_all /opt/stack/placement/placement/objects/allocation.py:505}}
Aug 09 15:33:21.286724 n-d-799523-2 devstack@placement-api.service[94669]: DEBUG placement.handlers.allocation [req-f0902172-c3a9-4004-9e4a-358b4700e0c4 req-f4f2e91a-d849-45ed-a332-6bd2df5a42dd service placement] Successfully wrote allocations [, , ] {{(pid=94669) _create_allocations /opt/stack/placement/placement/handlers/allocation.py:435}}
Aug 09 15:33:21.287290 n-d-799523-2 devstack@placement-api.service[94669]: INFO placement.requestlog [req-f0902172-c3a9-4004-9e4a-358b4700e0c4 req-f4f2e91a-d849-45ed-a332-6bd2df5a42dd service placement] 10.222.0.64 "PUT /placement/allocations/a3053918-f9a0-44ac-ac34-d3e2e01f510a" status: 204 len: 0 microversion: 1.35
Aug 09 15:33:21.287620 n-d-799523-2 devstack@placement-api.service[94669]: [pid: 94669|app: 0|req: 120/239] 10.222.0.64 () {64 vars in 1434 bytes} [Mon Aug 9 15:33:21 2021] PUT /placement/allocations/a3053918-f9a0-44ac-ac34-d3e2e01f510a => generated 0 bytes in 207 msecs (HTTP/1.1 204) 5 headers in 199 bytes (1 switches on core 0)
Aug 09 15:33:21.468160 n-d-799523-2 devstack@placement-api.service[94670]: DEBUG placement.requestlog [None req-495ad5e3-5f33-4c62-aba3-60fe9301fc4a None None] Starting request: 10.222.0.64 "GET /placement/" {{(pid=94670) __call__ /opt/stack/placement/placement/requestlog.py:55}}
Aug 09 15:33:21.468897 n-d-799523-2 devstack@placement-api.service[94670]: INFO placement.requestlog [None req-495ad5e3-5f33-4c62-aba3-60fe9301fc4a None None] 10.222.0.64 "GET /placement/" status: 200 len: 136 microversion: 1.0
Aug 09 15:33:21.469337 n-d-799523-2 devstack@placement-api.service[94670]: [pid: 94670|app: 0|req: 120/240] 10.222.0.64 () {54 vars in 916 bytes} [Mon Aug 9 15:33:21 2021] GET /placement => generated 136 bytes in 2 msecs (HTTP/1.1 200) 6 headers in 224 bytes (1 switches on core 0)
Aug 09 15:33:21.479369 n-d-799523-2 devstack@placement-api.service[94669]: DEBUG placement.requestlog [req-d2f4e7e0-e687-40f8-a1cd-a7e482fed49e req-0e3c87dc-dc10-4c82-9472-d20b68b5e00f None None] Starting request: 10.222.0.64 "GET /placement/allocations/138ca1bd-66a4-45b1-b853-81e29e486901" {{(pid=94669) __call__ /opt/stack/placement/placement/requestlog.py:55}}
Aug 09 15:33:21.633536 n-d-799523-2 devstack@placement-api.service[94669]: INFO placement.requestlog [req-d2f4e7e0-e687-40f8-a1cd-a7e482fed49e req-0e3c87dc-dc10-4c82-9472-d20b68b5e00f service placement] 10.222.0.64 "GET /placement/allocations/138ca1bd-66a4-45b1-b853-81e29e486901" status: 200 len: 259 microversion: 1.28
Aug 09 15:33:21.639976 n-d-799523-2 devstack@placement-api.service[94670]: DEBUG placement.requestlog [req-d2f4e7e0-e687-40f8-a1cd-a7e482fed49e req-c563fdf5-dc66-4070-942e-6b84ca831d9c None None] Starting request: 10.222.0.64 "GET /placement/allocations/138ca1bd-66a4-45b1-b853-81e29e486901" {{(pid=94670) __call__ /opt/stack/placement/placement/requestlog.py:55}}
Aug 09 15:33:21.640876 n-d-799523-2 devstack@placement-api.service[94669]: [pid: 94669|app: 0|req: 121/241] 10.222.0.64 () {60 vars in 1381 bytes} [Mon Aug 9 15:33:21 2021] GET /placement/allocations/138ca1bd-66a4-45b1-b853-81e29e486901 => generated 259 bytes in 162 msecs (HTTP/1.1 200) 8 headers in 296 bytes (1 switches on core 0)
Aug 09 15:33:21.683046 n-d-799523-2 devstack@placement-api.service[94670]: INFO placement.requestlog [req-d2f4e7e0-e687-40f8-a1cd-a7e482fed49e req-c563fdf5-dc66-4070-942e-6b84ca831d9c service placement] 10.222.0.64 "GET /placement/allocations/138ca1bd-66a4-45b1-b853-81e29e486901" status: 200 len: 259 microversion: 1.28
Aug 09 15:33:21.690130 n-d-799523-2 devstack@placement-api.service[94669]: DEBUG placement.requestlog [req-d2f4e7e0-e687-40f8-a1cd-a7e482fed49e req-310dbe28-8130-421a-9914-62a32ebdfe7b None None] Starting request: 10.222.0.64 "GET /placement/allocations/d107a1b2-fdb4-4d63-a5ed-06d75be4e75c" {{(pid=94669) __call__ /opt/stack/placement/placement/requestlog.py:55}}
Aug 09 15:33:21.696447 n-d-799523-2 devstack@placement-api.service[94670]: [pid: 94670|app: 0|req: 121/242] 10.222.0.64 () {60 vars in 1381 bytes} [Mon Aug 9 15:33:21 2021] GET /placement/allocations/138ca1bd-66a4-45b1-b853-81e29e486901 => generated 259 bytes in 50 msecs (HTTP/1.1 200) 8 headers in 296 bytes (1 switches on core 0)
Aug 09 15:33:21.715055 n-d-799523-2 devstack@placement-api.service[94669]: INFO placement.requestlog [req-d2f4e7e0-e687-40f8-a1cd-a7e482fed49e req-310dbe28-8130-421a-9914-62a32ebdfe7b service placement] 10.222.0.64 "GET /placement/allocations/d107a1b2-fdb4-4d63-a5ed-06d75be4e75c" status: 200 len: 19 microversion: 1.28
Aug 09 15:33:21.718780 n-d-799523-2 devstack@placement-api.service[94669]: [pid: 94669|app: 0|req: 122/243] 10.222.0.64 () {60 vars in 1381 bytes} [Mon Aug 9 15:33:21 2021] GET /placement/allocations/d107a1b2-fdb4-4d63-a5ed-06d75be4e75c => generated 19 bytes in 30 msecs (HTTP/1.1 200) 8 headers in 295 bytes (2 switches on core 0)
Aug 09 15:33:21.726252 n-d-799523-2 devstack@placement-api.service[94670]: DEBUG placement.requestlog [req-d2f4e7e0-e687-40f8-a1cd-a7e482fed49e req-7cb9c18d-5d40-4491-899d-a6db619d4fc8 None None] Starting request: 10.222.0.64 "POST /placement/allocations" {{(pid=94670) __call__ /opt/stack/placement/placement/requestlog.py:55}}
Aug 09 15:33:21.810295 n-d-799523-2 devstack@placement-api.service[94669]: DEBUG placement.requestlog [req-f0902172-c3a9-4004-9e4a-358b4700e0c4 req-c25280d8-e819-4a49-9dc8-b2ad8c9e0de6 None None] Starting request: 10.222.0.66 "GET /placement/allocations/a3053918-f9a0-44ac-ac34-d3e2e01f510a" {{(pid=94669) __call__ /opt/stack/placement/placement/requestlog.py:55}}
Aug 09 15:33:21.832823 n-d-799523-2 devstack@placement-api.service[94669]: INFO placement.requestlog [req-f0902172-c3a9-4004-9e4a-358b4700e0c4 req-c25280d8-e819-4a49-9dc8-b2ad8c9e0de6 service placement] 10.222.0.66 "GET /placement/allocations/a3053918-f9a0-44ac-ac34-d3e2e01f510a" status: 200 len: 259 microversion: 1.28
Aug 09 15:33:21.837496 n-d-799523-2 devstack@placement-api.service[94669]: [pid: 94669|app: 0|req: 123/244] 10.222.0.66 () {60 vars in 1378 bytes} [Mon Aug 9 15:33:21 2021] GET /placement/allocations/a3053918-f9a0-44ac-ac34-d3e2e01f510a => generated 259 bytes in 24 msecs (HTTP/1.1 200) 8 headers in 296 bytes (2 switches on core 0)
Aug 09 15:33:21.858817 n-d-799523-2 devstack@placement-api.service[94670]: DEBUG placement.handlers.allocation [req-d2f4e7e0-e687-40f8-a1cd-a7e482fed49e req-7cb9c18d-5d40-4491-899d-a6db619d4fc8 service placement] Successfully wrote allocations [, , , , , ] {{(pid=94670) _create_allocations /opt/stack/placement/placement/handlers/allocation.py:524}}
Aug 09 15:33:21.859917 n-d-799523-2 devstack@placement-api.service[94670]: INFO placement.requestlog [req-d2f4e7e0-e687-40f8-a1cd-a7e482fed49e req-7cb9c18d-5d40-4491-899d-a6db619d4fc8 service placement] 10.222.0.64 "POST /placement/allocations" status: 204 len: 0 microversion: 1.28
Aug 09 15:33:21.860680 n-d-799523-2 devstack@placement-api.service[94670]: [pid: 94670|app: 0|req: 122/245] 10.222.0.64 () {64 vars in 1324 bytes} [Mon Aug 9 15:33:21 2021] POST /placement/allocations => generated 0 bytes in 135 msecs (HTTP/1.1 204) 5 headers in 199 bytes (2 switches on core 0)
Aug 09 15:33:21.903721 n-d-799523-2 devstack@placement-api.service[94669]: DEBUG placement.requestlog [req-d2f4e7e0-e687-40f8-a1cd-a7e482fed49e req-52d32387-20ca-4629-a6d7-9ed158d160b0 None None] Starting request: 10.222.0.64 "GET /placement/allocations/138ca1bd-66a4-45b1-b853-81e29e486901" {{(pid=94669) __call__ /opt/stack/placement/placement/requestlog.py:55}}
Aug 09 15:33:21.933038 n-d-799523-2 devstack@placement-api.service[94669]: INFO placement.requestlog [req-d2f4e7e0-e687-40f8-a1cd-a7e482fed49e req-52d32387-20ca-4629-a6d7-9ed158d160b0 service placement] 10.222.0.64 "GET /placement/allocations/138ca1bd-66a4-45b1-b853-81e29e486901" status: 200 len: 19 microversion: 1.28
Aug 09 15:33:21.936878 n-d-799523-2 devstack@placement-api.service[94669]: [pid: 94669|app: 0|req: 124/246] 10.222.0.64 () {60 vars in 1381 bytes} [Mon Aug 9 15:33:21 2021] GET /placement/allocations/138ca1bd-66a4-45b1-b853-81e29e486901 => generated 19 bytes in 34 msecs (HTTP/1.1 200) 8 headers in 295 bytes (1 switches on core 0)
Aug 09 15:33:21.950948 n-d-799523-2 devstack@placement-api.service[94670]: DEBUG placement.requestlog [req-d2f4e7e0-e687-40f8-a1cd-a7e482fed49e req-7a21eeb9-8de1-4b1a-8d3f-e8f7b6c5cc5a None None] Starting request: 10.222.0.64 "PUT /placement/allocations/138ca1bd-66a4-45b1-b853-81e29e486901" {{(pid=94670) __call__ /opt/stack/placement/placement/requestlog.py:55}}
Aug 09 15:33:22.030271 n-d-799523-2 devstack@placement-api.service[94670]: DEBUG placement.handlers.allocation [req-d2f4e7e0-e687-40f8-a1cd-a7e482fed49e req-7a21eeb9-8de1-4b1a-8d3f-e8f7b6c5cc5a service placement] Successfully wrote allocations [, , ] {{(pid=94670) _create_allocations /opt/stack/placement/placement/handlers/allocation.py:435}}
Aug 09 15:33:22.030482 n-d-799523-2 devstack@placement-api.service[94670]: INFO placement.requestlog [req-d2f4e7e0-e687-40f8-a1cd-a7e482fed49e req-7a21eeb9-8de1-4b1a-8d3f-e8f7b6c5cc5a service placement] 10.222.0.64 "PUT /placement/allocations/138ca1bd-66a4-45b1-b853-81e29e486901" status: 204 len: 0 microversion: 1.28
Aug 09 15:33:22.031169 n-d-799523-2 devstack@placement-api.service[94670]: [pid: 94670|app: 0|req: 123/247] 10.222.0.64 () {64 vars in 1434 bytes} [Mon Aug 9 15:33:21 2021] PUT /placement/allocations/138ca1bd-66a4-45b1-b853-81e29e486901 => generated 0 bytes in 83 msecs (HTTP/1.1 204) 5 headers in 199 bytes (1 switches on core 0)
Aug 09 15:33:22.164618 n-d-799523-2 devstack@placement-api.service[94669]: DEBUG placement.requestlog [req-d2f4e7e0-e687-40f8-a1cd-a7e482fed49e req-472f6665-9b61-4e9f-b24d-5b2d78796898 None None] Starting request: 10.222.0.66 "GET /placement/allocations/138ca1bd-66a4-45b1-b853-81e29e486901" {{(pid=94669) __call__ /opt/stack/placement/placement/requestlog.py:55}}
Aug 09 15:33:22.185199 n-d-799523-2 devstack@placement-api.service[94669]: INFO placement.requestlog [req-d2f4e7e0-e687-40f8-a1cd-a7e482fed49e req-472f6665-9b61-4e9f-b24d-5b2d78796898 service placement] 10.222.0.66 "GET /placement/allocations/138ca1bd-66a4-45b1-b853-81e29e486901" status: 200 len: 259 microversion: 1.28
Aug 09 15:33:22.185546 n-d-799523-2 devstack@placement-api.service[94669]: [pid: 94669|app: 0|req: 125/248] 10.222.0.66 () {60 vars in 1378 bytes} [Mon Aug 9 15:33:22 2021] GET /placement/allocations/138ca1bd-66a4-45b1-b853-81e29e486901 => generated 259 bytes in 21 msecs (HTTP/1.1 200) 8 headers in 296 bytes (2 switches on core 0)
Aug 09 15:33:25.197967 n-d-799523-2 devstack@placement-api.service[94670]: DEBUG placement.requestlog [req-572cd1d1-fae2-4429-a346-630e4285600d req-026e0396-c158-4df7-a821-4616cbaedf47 None None] Starting request: 10.222.0.64 "GET /placement/allocation_candidates?limit=1000&resources=DISK_GB%3A1%2CMEMORY_MB%3A1024%2CVCPU%3A1&root_required=%21COMPUTE_STATUS_DISABLED" {{(pid=94670) __call__ /opt/stack/placement/placement/requestlog.py:55}}
Aug 09 15:33:25.264342 n-d-799523-2 devstack@placement-api.service[94670]: DEBUG placement.objects.research_context [req-572cd1d1-fae2-4429-a346-630e4285600d req-026e0396-c158-4df7-a821-4616cbaedf47 service placement] getting providers with 1 DISK_GB {{(pid=94670) __init__ /opt/stack/placement/placement/objects/research_context.py:126}}
Aug 09 15:33:25.280123 n-d-799523-2 devstack@placement-api.service[94670]: DEBUG placement.objects.research_context [req-572cd1d1-fae2-4429-a346-630e4285600d req-026e0396-c158-4df7-a821-4616cbaedf47 service placement] getting providers with 1024 MEMORY_MB {{(pid=94670) __init__ /opt/stack/placement/placement/objects/research_context.py:126}}
Aug 09 15:33:25.295940 n-d-799523-2 devstack@placement-api.service[94670]: DEBUG placement.objects.research_context [req-572cd1d1-fae2-4429-a346-630e4285600d req-026e0396-c158-4df7-a821-4616cbaedf47 service placement] getting providers with 1 VCPU {{(pid=94670) __init__ /opt/stack/placement/placement/objects/research_context.py:126}}
Aug 09 15:33:25.304761 n-d-799523-2 devstack@placement-api.service[94670]: DEBUG placement.objects.research_context [req-572cd1d1-fae2-4429-a346-630e4285600d req-026e0396-c158-4df7-a821-4616cbaedf47 service placement] found 2 providers with available 1 DISK_GB {{(pid=94670) get_provider_ids_matching /opt/stack/placement/placement/objects/research_context.py:549}}
Aug 09 15:33:25.305723 n-d-799523-2 devstack@placement-api.service[94670]: DEBUG placement.objects.research_context [req-572cd1d1-fae2-4429-a346-630e4285600d req-026e0396-c158-4df7-a821-4616cbaedf47 service placement] found 2 providers with available 1024 MEMORY_MB {{(pid=94670) get_provider_ids_matching /opt/stack/placement/placement/objects/research_context.py:549}}
Aug 09 15:33:25.310341 n-d-799523-2 devstack@placement-api.service[94670]: DEBUG placement.objects.research_context [req-572cd1d1-fae2-4429-a346-630e4285600d req-026e0396-c158-4df7-a821-4616cbaedf47 service placement] found 2 providers after filtering by previous result {{(pid=94670) get_provider_ids_matching /opt/stack/placement/placement/objects/research_context.py:580}}
Aug 09 15:33:25.310937 n-d-799523-2 devstack@placement-api.service[94670]: DEBUG placement.objects.research_context [req-572cd1d1-fae2-4429-a346-630e4285600d req-026e0396-c158-4df7-a821-4616cbaedf47 service placement] found 2 providers with available 1 VCPU {{(pid=94670) get_provider_ids_matching /opt/stack/placement/placement/objects/research_context.py:549}}
Aug 09 15:33:25.311434 n-d-799523-2 devstack@placement-api.service[94670]: DEBUG placement.objects.research_context [req-572cd1d1-fae2-4429-a346-630e4285600d req-026e0396-c158-4df7-a821-4616cbaedf47 service placement] found 2 providers after filtering by previous result {{(pid=94670) get_provider_ids_matching /opt/stack/placement/placement/objects/research_context.py:580}}
Aug 09 15:33:25.340573 n-d-799523-2 devstack@placement-api.service[94670]: DEBUG placement.objects.allocation_candidate [req-572cd1d1-fae2-4429-a346-630e4285600d req-026e0396-c158-4df7-a821-4616cbaedf47 service placement] RequestGroup(use_same_provider=False, resources={DISK_GB:1, MEMORY_MB:1024, VCPU:1}, traits=[], aggregates=[]) (suffix '') returned 2 matches {{(pid=94670) _get_by_requests /opt/stack/placement/placement/objects/allocation_candidate.py:145}}
Aug 09 15:33:25.341176 n-d-799523-2 devstack@placement-api.service[94670]: DEBUG placement.objects.allocation_candidate [req-572cd1d1-fae2-4429-a346-630e4285600d req-026e0396-c158-4df7-a821-4616cbaedf47 service placement] Merging candidates yields 2 allocation requests and 2 provider summaries {{(pid=94670) _merge_candidates /opt/stack/placement/placement/objects/allocation_candidate.py:783}}
Aug 09 15:33:25.343059 n-d-799523-2 devstack@placement-api.service[94670]: INFO placement.requestlog [req-572cd1d1-fae2-4429-a346-630e4285600d req-026e0396-c158-4df7-a821-4616cbaedf47 service placement] 10.222.0.64 "GET /placement/allocation_candidates?limit=1000&resources=DISK_GB%3A1%2CMEMORY_MB%3A1024%2CVCPU%3A1&root_required=%21COMPUTE_STATUS_DISABLED" status: 200 len: 1309 microversion: 1.35
Aug 09 15:33:25.343522 n-d-799523-2 devstack@placement-api.service[94670]: [pid: 94670|app: 0|req: 124/249] 10.222.0.64 () {60 vars in 1507 bytes} [Mon Aug 9 15:33:25 2021] GET /placement/allocation_candidates?limit=1000&resources=DISK_GB%3A1%2CMEMORY_MB%3A1024%2CVCPU%3A1&root_required=%21COMPUTE_STATUS_DISABLED => generated 1309 bytes in 146 msecs (HTTP/1.1 200) 8 headers in 297 bytes (1 switches on core 0)
Aug 09 15:33:25.436166 n-d-799523-2 devstack@placement-api.service[94669]: DEBUG placement.requestlog [req-572cd1d1-fae2-4429-a346-630e4285600d req-5514f204-e779-4982-89ec-efd50b0b08b0 None None] Starting request: 10.222.0.64 "GET /placement/allocations/ccb59df2-6a79-4b06-9fdc-cc9c552571da" {{(pid=94669) __call__ /opt/stack/placement/placement/requestlog.py:55}}
Aug 09 15:33:25.452108 n-d-799523-2 devstack@placement-api.service[94669]: INFO placement.requestlog [req-572cd1d1-fae2-4429-a346-630e4285600d req-5514f204-e779-4982-89ec-efd50b0b08b0 service placement] 10.222.0.64 "GET /placement/allocations/ccb59df2-6a79-4b06-9fdc-cc9c552571da" status: 200 len: 19 microversion: 1.28
Aug 09 15:33:25.452963 n-d-799523-2 devstack@placement-api.service[94669]: [pid: 94669|app: 0|req: 126/250] 10.222.0.64 () {60 vars in 1381 bytes} [Mon Aug 9 15:33:25 2021] GET /placement/allocations/ccb59df2-6a79-4b06-9fdc-cc9c552571da => generated 19 bytes in 17 msecs (HTTP/1.1 200) 8 headers in 295 bytes (1 switches on core 0)
Aug 09 15:33:25.458707 n-d-799523-2 devstack@placement-api.service[94670]: DEBUG placement.requestlog [req-572cd1d1-fae2-4429-a346-630e4285600d req-2ed76c2c-9caa-4bba-b1d9-9bfa6f83210a None None] Starting request: 10.222.0.64 "PUT /placement/allocations/ccb59df2-6a79-4b06-9fdc-cc9c552571da" {{(pid=94670) __call__ /opt/stack/placement/placement/requestlog.py:55}}
Aug 09 15:33:25.568648 n-d-799523-2 devstack@placement-api.service[94670]: DEBUG placement.handlers.allocation [req-572cd1d1-fae2-4429-a346-630e4285600d req-2ed76c2c-9caa-4bba-b1d9-9bfa6f83210a service placement] Successfully wrote allocations [, , ] {{(pid=94670) _create_allocations /opt/stack/placement/placement/handlers/allocation.py:435}}
Aug 09 15:33:25.569934 n-d-799523-2 devstack@placement-api.service[94670]: INFO placement.requestlog [req-572cd1d1-fae2-4429-a346-630e4285600d req-2ed76c2c-9caa-4bba-b1d9-9bfa6f83210a service placement] 10.222.0.64 "PUT /placement/allocations/ccb59df2-6a79-4b06-9fdc-cc9c552571da" status: 204 len: 0 microversion: 1.35
Aug 09 15:33:25.570732 n-d-799523-2 devstack@placement-api.service[94670]: [pid: 94670|app: 0|req: 125/251] 10.222.0.64 () {64 vars in 1434 bytes} [Mon Aug 9 15:33:25 2021] PUT /placement/allocations/ccb59df2-6a79-4b06-9fdc-cc9c552571da => generated 0 bytes in 112 msecs (HTTP/1.1 204) 5 headers in 199 bytes (1 switches on core 0)
Aug 09 15:33:26.084347 n-d-799523-2 devstack@placement-api.service[94669]: DEBUG placement.requestlog [req-572cd1d1-fae2-4429-a346-630e4285600d req-7c49d56e-c50e-4616-bd5f-1a105e37aad0 None None] Starting request: 10.222.0.66 "GET /placement/allocations/ccb59df2-6a79-4b06-9fdc-cc9c552571da" {{(pid=94669) __call__ /opt/stack/placement/placement/requestlog.py:55}}
Aug 09 15:33:26.136950 n-d-799523-2 devstack@placement-api.service[94669]: INFO placement.requestlog [req-572cd1d1-fae2-4429-a346-630e4285600d req-7c49d56e-c50e-4616-bd5f-1a105e37aad0 service placement] 10.222.0.66 "GET /placement/allocations/ccb59df2-6a79-4b06-9fdc-cc9c552571da" status: 200 len: 259 microversion: 1.28
Aug 09 15:33:26.137734 n-d-799523-2 devstack@placement-api.service[94669]: [pid: 94669|app: 0|req: 127/252] 10.222.0.66 () {60 vars in 1378 bytes} [Mon Aug 9 15:33:26 2021] GET /placement/allocations/ccb59df2-6a79-4b06-9fdc-cc9c552571da => generated 259 bytes in 55 msecs (HTTP/1.1 200) 8 headers in 296 bytes (1 switches on core 0)
Aug 09 15:33:28.271220 n-d-799523-2 devstack@placement-api.service[94670]: DEBUG placement.requestlog [req-d0b014b4-7725-4268-8d83-79c60ffd59fa req-1bfe9294-29b4-4185-ac94-4be893cab049 None None] Starting request: 10.222.0.64 "GET /placement/allocation_candidates?limit=1000&resources=DISK_GB%3A1%2CMEMORY_MB%3A1024%2CVCPU%3A1&root_required=%21COMPUTE_STATUS_DISABLED" {{(pid=94670) __call__ /opt/stack/placement/placement/requestlog.py:55}}
Aug 09 15:33:28.405855 n-d-799523-2 devstack@placement-api.service[94670]: DEBUG placement.objects.research_context [req-d0b014b4-7725-4268-8d83-79c60ffd59fa req-1bfe9294-29b4-4185-ac94-4be893cab049 service placement] getting providers with 1 DISK_GB {{(pid=94670) __init__ /opt/stack/placement/placement/objects/research_context.py:126}}
Aug 09 15:33:28.421117 n-d-799523-2 devstack@placement-api.service[94670]: DEBUG placement.objects.research_context [req-d0b014b4-7725-4268-8d83-79c60ffd59fa req-1bfe9294-29b4-4185-ac94-4be893cab049 service placement] getting providers with 1024 MEMORY_MB {{(pid=94670) __init__ /opt/stack/placement/placement/objects/research_context.py:126}}
Aug 09 15:33:28.436528 n-d-799523-2 devstack@placement-api.service[94670]: DEBUG placement.objects.research_context [req-d0b014b4-7725-4268-8d83-79c60ffd59fa req-1bfe9294-29b4-4185-ac94-4be893cab049 service placement] getting providers with 1 VCPU {{(pid=94670) __init__ /opt/stack/placement/placement/objects/research_context.py:126}}
Aug 09 15:33:28.442549 n-d-799523-2 devstack@placement-api.service[94670]: DEBUG placement.objects.research_context [req-d0b014b4-7725-4268-8d83-79c60ffd59fa req-1bfe9294-29b4-4185-ac94-4be893cab049 service placement] found 2 providers with available 1 DISK_GB {{(pid=94670) get_provider_ids_matching /opt/stack/placement/placement/objects/research_context.py:549}}
Aug 09 15:33:28.443262 n-d-799523-2 devstack@placement-api.service[94670]: DEBUG placement.objects.research_context [req-d0b014b4-7725-4268-8d83-79c60ffd59fa req-1bfe9294-29b4-4185-ac94-4be893cab049 service placement] found 2 providers with available 1024 MEMORY_MB {{(pid=94670) get_provider_ids_matching /opt/stack/placement/placement/objects/research_context.py:549}}
Aug 09 15:33:28.444285 n-d-799523-2 devstack@placement-api.service[94670]: DEBUG placement.objects.research_context [req-d0b014b4-7725-4268-8d83-79c60ffd59fa req-1bfe9294-29b4-4185-ac94-4be893cab049 service placement] found 2 providers after filtering by previous result {{(pid=94670) get_provider_ids_matching /opt/stack/placement/placement/objects/research_context.py:580}}
Aug 09 15:33:28.444730 n-d-799523-2 devstack@placement-api.service[94670]: DEBUG placement.objects.research_context [req-d0b014b4-7725-4268-8d83-79c60ffd59fa req-1bfe9294-29b4-4185-ac94-4be893cab049 service placement] found 2 providers with available 1 VCPU {{(pid=94670) get_provider_ids_matching /opt/stack/placement/placement/objects/research_context.py:549}}
Aug 09 15:33:28.445304 n-d-799523-2 devstack@placement-api.service[94670]: DEBUG placement.objects.research_context [req-d0b014b4-7725-4268-8d83-79c60ffd59fa req-1bfe9294-29b4-4185-ac94-4be893cab049 service placement] found 2 providers after filtering by previous result {{(pid=94670) get_provider_ids_matching /opt/stack/placement/placement/objects/research_context.py:580}}
Aug 09 15:33:28.464323 n-d-799523-2 devstack@placement-api.service[94670]: DEBUG placement.objects.allocation_candidate [req-d0b014b4-7725-4268-8d83-79c60ffd59fa req-1bfe9294-29b4-4185-ac94-4be893cab049 service placement] RequestGroup(use_same_provider=False, resources={DISK_GB:1, MEMORY_MB:1024, VCPU:1}, traits=[], aggregates=[]) (suffix '') returned 2 matches {{(pid=94670) _get_by_requests /opt/stack/placement/placement/objects/allocation_candidate.py:145}}
Aug 09 15:33:28.464922 n-d-799523-2 devstack@placement-api.service[94670]: DEBUG placement.objects.allocation_candidate [req-d0b014b4-7725-4268-8d83-79c60ffd59fa req-1bfe9294-29b4-4185-ac94-4be893cab049 service placement] Merging candidates yields 2 allocation requests and 2 provider summaries {{(pid=94670) _merge_candidates /opt/stack/placement/placement/objects/allocation_candidate.py:783}}
Aug 09 15:33:28.466751 n-d-799523-2 devstack@placement-api.service[94670]: INFO placement.requestlog [req-d0b014b4-7725-4268-8d83-79c60ffd59fa req-1bfe9294-29b4-4185-ac94-4be893cab049 service placement] 10.222.0.64 "GET /placement/allocation_candidates?limit=1000&resources=DISK_GB%3A1%2CMEMORY_MB%3A1024%2CVCPU%3A1&root_required=%21COMPUTE_STATUS_DISABLED" status: 200 len: 1309 microversion: 1.35
Aug 09 15:33:28.467550 n-d-799523-2 devstack@placement-api.service[94670]: [pid: 94670|app: 0|req: 126/253] 10.222.0.64 () {60 vars in 1507 bytes} [Mon Aug 9 15:33:28 2021] GET /placement/allocation_candidates?limit=1000&resources=DISK_GB%3A1%2CMEMORY_MB%3A1024%2CVCPU%3A1&root_required=%21COMPUTE_STATUS_DISABLED => generated 1309 bytes in 197 msecs (HTTP/1.1 200) 8 headers in 297 bytes (1 switches on core 0)
Aug 09 15:33:28.589376 n-d-799523-2 devstack@placement-api.service[94669]: DEBUG placement.requestlog [req-d0b014b4-7725-4268-8d83-79c60ffd59fa req-e81c5c40-33ca-4bd2-967e-c087c52e89f7 None None] Starting request: 10.222.0.64 "GET /placement/allocations/3bc0eadc-9a24-4873-9e3b-3d8b04c17efa" {{(pid=94669) __call__ /opt/stack/placement/placement/requestlog.py:55}}
Aug 09 15:33:28.645152 n-d-799523-2 devstack@placement-api.service[94669]: INFO placement.requestlog [req-d0b014b4-7725-4268-8d83-79c60ffd59fa req-e81c5c40-33ca-4bd2-967e-c087c52e89f7 service placement] 10.222.0.64 "GET /placement/allocations/3bc0eadc-9a24-4873-9e3b-3d8b04c17efa" status: 200 len: 19 microversion: 1.28
Aug 09 15:33:28.645974 n-d-799523-2 devstack@placement-api.service[94669]: [pid: 94669|app: 0|req: 128/254] 10.222.0.64 () {60 vars in 1381 bytes} [Mon Aug 9 15:33:28 2021] GET /placement/allocations/3bc0eadc-9a24-4873-9e3b-3d8b04c17efa => generated 19 bytes in 57 msecs (HTTP/1.1 200) 8 headers in 295 bytes (1 switches on core 0)
Aug 09 15:33:28.659651 n-d-799523-2 devstack@placement-api.service[94670]: DEBUG placement.requestlog [req-d0b014b4-7725-4268-8d83-79c60ffd59fa req-94cd2cf2-6117-46da-bc77-baa61a10a277 None None] Starting request: 10.222.0.64 "PUT /placement/allocations/3bc0eadc-9a24-4873-9e3b-3d8b04c17efa" {{(pid=94670) __call__ /opt/stack/placement/placement/requestlog.py:55}}
Aug 09 15:33:28.764604 n-d-799523-2 devstack@placement-api.service[94670]: DEBUG placement.handlers.allocation [req-d0b014b4-7725-4268-8d83-79c60ffd59fa req-94cd2cf2-6117-46da-bc77-baa61a10a277 service placement] Successfully wrote allocations [, , ] {{(pid=94670) _create_allocations /opt/stack/placement/placement/handlers/allocation.py:435}}
Aug 09 15:33:28.765373 n-d-799523-2 devstack@placement-api.service[94670]: INFO placement.requestlog [req-d0b014b4-7725-4268-8d83-79c60ffd59fa req-94cd2cf2-6117-46da-bc77-baa61a10a277 service placement] 10.222.0.64 "PUT /placement/allocations/3bc0eadc-9a24-4873-9e3b-3d8b04c17efa" status: 204 len: 0 microversion: 1.35
Aug 09 15:33:28.765798 n-d-799523-2 devstack@placement-api.service[94670]: [pid: 94670|app: 0|req: 127/255] 10.222.0.64 () {64 vars in 1434 bytes} [Mon Aug 9 15:33:28 2021] PUT /placement/allocations/3bc0eadc-9a24-4873-9e3b-3d8b04c17efa => generated 0 bytes in 106 msecs (HTTP/1.1 204) 5 headers in 199 bytes (1 switches on core 0)
Aug 09 15:33:29.311096 n-d-799523-2 devstack@placement-api.service[94669]: DEBUG placement.requestlog [req-d0b014b4-7725-4268-8d83-79c60ffd59fa req-56c2bd89-a65b-4143-aa33-e35036d2c3d9 None None] Starting request: 10.222.0.66 "GET /placement/allocations/3bc0eadc-9a24-4873-9e3b-3d8b04c17efa" {{(pid=94669) __call__ /opt/stack/placement/placement/requestlog.py:55}}
Aug 09 15:33:29.335022 n-d-799523-2 devstack@placement-api.service[94669]: INFO placement.requestlog [req-d0b014b4-7725-4268-8d83-79c60ffd59fa req-56c2bd89-a65b-4143-aa33-e35036d2c3d9 service placement] 10.222.0.66 "GET /placement/allocations/3bc0eadc-9a24-4873-9e3b-3d8b04c17efa" status: 200 len: 259 microversion: 1.28
Aug 09 15:33:29.335607 n-d-799523-2 devstack@placement-api.service[94669]: [pid: 94669|app: 0|req: 129/256] 10.222.0.66 () {60 vars in 1378 bytes} [Mon Aug 9 15:33:29 2021] GET /placement/allocations/3bc0eadc-9a24-4873-9e3b-3d8b04c17efa => generated 259 bytes in 25 msecs (HTTP/1.1 200) 8 headers in 296 bytes (1 switches on core 0)
Aug 09 15:33:32.564698 n-d-799523-2 devstack@placement-api.service[94670]: DEBUG placement.requestlog [req-aa3f719f-9171-4119-a202-c7a9f0a3ef57 req-57e95361-0155-47a7-b005-1ba138179412 None None] Starting request: 10.222.0.64 "GET /placement/allocation_candidates?limit=1000&resources=DISK_GB%3A1%2CMEMORY_MB%3A512%2CVCPU%3A1&root_required=%21COMPUTE_STATUS_DISABLED" {{(pid=94670) __call__ /opt/stack/placement/placement/requestlog.py:55}}
Aug 09 15:33:32.652403 n-d-799523-2 devstack@placement-api.service[94670]: DEBUG placement.objects.research_context [req-aa3f719f-9171-4119-a202-c7a9f0a3ef57 req-57e95361-0155-47a7-b005-1ba138179412 service placement] getting providers with 1 DISK_GB {{(pid=94670) __init__ /opt/stack/placement/placement/objects/research_context.py:126}}
Aug 09 15:33:32.670292 n-d-799523-2 devstack@placement-api.service[94670]: DEBUG placement.objects.research_context [req-aa3f719f-9171-4119-a202-c7a9f0a3ef57 req-57e95361-0155-47a7-b005-1ba138179412 service placement] getting providers with 512 MEMORY_MB {{(pid=94670) __init__ /opt/stack/placement/placement/objects/research_context.py:126}}
Aug 09 15:33:32.684484 n-d-799523-2 devstack@placement-api.service[94670]: DEBUG placement.objects.research_context [req-aa3f719f-9171-4119-a202-c7a9f0a3ef57 req-57e95361-0155-47a7-b005-1ba138179412 service placement] getting providers with 1 VCPU {{(pid=94670) __init__ /opt/stack/placement/placement/objects/research_context.py:126}}
Aug 09 15:33:32.699494 n-d-799523-2 devstack@placement-api.service[94670]: DEBUG placement.objects.research_context [req-aa3f719f-9171-4119-a202-c7a9f0a3ef57 req-57e95361-0155-47a7-b005-1ba138179412 service placement] found 2 providers with available 1 DISK_GB {{(pid=94670) get_provider_ids_matching /opt/stack/placement/placement/objects/research_context.py:549}}
Aug 09 15:33:32.700378 n-d-799523-2 devstack@placement-api.service[94670]: DEBUG placement.objects.research_context [req-aa3f719f-9171-4119-a202-c7a9f0a3ef57 req-57e95361-0155-47a7-b005-1ba138179412 service placement] found 2 providers with available 512 MEMORY_MB {{(pid=94670) get_provider_ids_matching /opt/stack/placement/placement/objects/research_context.py:549}}
Aug 09 15:33:32.701971 n-d-799523-2 devstack@placement-api.service[94670]: DEBUG placement.objects.research_context [req-aa3f719f-9171-4119-a202-c7a9f0a3ef57 req-57e95361-0155-47a7-b005-1ba138179412 service placement] found 2 providers after filtering by previous result {{(pid=94670) get_provider_ids_matching /opt/stack/placement/placement/objects/research_context.py:580}}
Aug 09 15:33:32.702485 n-d-799523-2 devstack@placement-api.service[94670]: DEBUG placement.objects.research_context [req-aa3f719f-9171-4119-a202-c7a9f0a3ef57 req-57e95361-0155-47a7-b005-1ba138179412 service placement] found 2 providers with available 1 VCPU {{(pid=94670) get_provider_ids_matching /opt/stack/placement/placement/objects/research_context.py:549}}
Aug 09 15:33:32.702966 n-d-799523-2 devstack@placement-api.service[94670]: DEBUG placement.objects.research_context [req-aa3f719f-9171-4119-a202-c7a9f0a3ef57 req-57e95361-0155-47a7-b005-1ba138179412 service placement] found 2 providers after filtering by previous result {{(pid=94670) get_provider_ids_matching /opt/stack/placement/placement/objects/research_context.py:580}}
Aug 09 15:33:32.724354 n-d-799523-2 devstack@placement-api.service[94670]: DEBUG placement.objects.allocation_candidate [req-aa3f719f-9171-4119-a202-c7a9f0a3ef57 req-57e95361-0155-47a7-b005-1ba138179412 service placement] RequestGroup(use_same_provider=False, resources={DISK_GB:1, MEMORY_MB:512, VCPU:1}, traits=[], aggregates=[]) (suffix '') returned 2 matches {{(pid=94670) _get_by_requests /opt/stack/placement/placement/objects/allocation_candidate.py:145}}
Aug 09 15:33:32.728104 n-d-799523-2 devstack@placement-api.service[94670]: DEBUG placement.objects.allocation_candidate [req-aa3f719f-9171-4119-a202-c7a9f0a3ef57 req-57e95361-0155-47a7-b005-1ba138179412 service placement] Merging candidates yields 2 allocation requests and 2 provider summaries {{(pid=94670) _merge_candidates /opt/stack/placement/placement/objects/allocation_candidate.py:783}}
Aug 09 15:33:32.730553 n-d-799523-2 devstack@placement-api.service[94670]: INFO placement.requestlog [req-aa3f719f-9171-4119-a202-c7a9f0a3ef57 req-57e95361-0155-47a7-b005-1ba138179412 service placement] 10.222.0.64 "GET /placement/allocation_candidates?limit=1000&resources=DISK_GB%3A1%2CMEMORY_MB%3A512%2CVCPU%3A1&root_required=%21COMPUTE_STATUS_DISABLED" status: 200 len: 1307 microversion: 1.35
Aug 09 15:33:32.733016 n-d-799523-2 devstack@placement-api.service[94670]: [pid: 94670|app: 0|req: 128/257] 10.222.0.64 () {60 vars in 1505 bytes} [Mon Aug 9 15:33:32 2021] GET /placement/allocation_candidates?limit=1000&resources=DISK_GB%3A1%2CMEMORY_MB%3A512%2CVCPU%3A1&root_required=%21COMPUTE_STATUS_DISABLED => generated 1307 bytes in 168 msecs (HTTP/1.1 200) 8 headers in 297 bytes (1 switches on core 0)
