Jul 16 01:18:11.652477 n-d-798930-5 devstack@placement-api.service[94455]: DEBUG placement.handlers.allocation [req-348df144-2eca-46bb-a377-24eec17e0810 req-2407e82a-9299-412e-8e7b-cc5ae009d4ed service placement] Successfully wrote allocations [, , ] {{(pid=94455) _create_allocations /opt/stack/placement/placement/handlers/allocation.py:435}}
Jul 16 01:18:11.652828 n-d-798930-5 devstack@placement-api.service[94455]: INFO placement.requestlog [req-348df144-2eca-46bb-a377-24eec17e0810 req-2407e82a-9299-412e-8e7b-cc5ae009d4ed service placement] 10.222.0.79 "PUT /placement/allocations/024bfae3-880b-4336-b907-edb874d01c7f" status: 204 len: 0 microversion: 1.28
Jul 16 01:18:11.653505 n-d-798930-5 devstack@placement-api.service[94455]: [pid: 94455|app: 0|req: 110/220] 10.222.0.79 () {64 vars in 1431 bytes} [Fri Jul 16 01:18:11 2021] PUT /placement/allocations/024bfae3-880b-4336-b907-edb874d01c7f => generated 0 bytes in 130 msecs (HTTP/1.1 204) 5 headers in 199 bytes (1 switches on core 0)
Jul 16 01:18:15.298405 n-d-798930-5 devstack@placement-api.service[94456]: DEBUG placement.requestlog [req-82670f21-16c0-43eb-a4d9-0b14af5e1f15 req-a29ea193-7c14-4ed9-944b-46baec5fec01 None None] Starting request: 10.222.0.77 "GET /placement/allocation_candidates?limit=1000&resources=DISK_GB%3A1%2CMEMORY_MB%3A1024%2CVCPU%3A1&root_required=%21COMPUTE_STATUS_DISABLED" {{(pid=94456) __call__ /opt/stack/placement/placement/requestlog.py:55}}
Jul 16 01:18:15.390041 n-d-798930-5 devstack@placement-api.service[94456]: DEBUG placement.objects.research_context [req-82670f21-16c0-43eb-a4d9-0b14af5e1f15 req-a29ea193-7c14-4ed9-944b-46baec5fec01 service placement] getting providers with 1 DISK_GB {{(pid=94456) __init__ /opt/stack/placement/placement/objects/research_context.py:126}}
Jul 16 01:18:15.405216 n-d-798930-5 devstack@placement-api.service[94456]: DEBUG placement.objects.research_context [req-82670f21-16c0-43eb-a4d9-0b14af5e1f15 req-a29ea193-7c14-4ed9-944b-46baec5fec01 service placement] getting providers with 1024 MEMORY_MB {{(pid=94456) __init__ /opt/stack/placement/placement/objects/research_context.py:126}}
Jul 16 01:18:15.414814 n-d-798930-5 devstack@placement-api.service[94456]: DEBUG placement.objects.research_context [req-82670f21-16c0-43eb-a4d9-0b14af5e1f15 req-a29ea193-7c14-4ed9-944b-46baec5fec01 service placement] getting providers with 1 VCPU {{(pid=94456) __init__ /opt/stack/placement/placement/objects/research_context.py:126}}
Jul 16 01:18:15.427010 n-d-798930-5 devstack@placement-api.service[94456]: DEBUG placement.objects.research_context [req-82670f21-16c0-43eb-a4d9-0b14af5e1f15 req-a29ea193-7c14-4ed9-944b-46baec5fec01 service placement] found 2 providers with available 1 DISK_GB {{(pid=94456) get_provider_ids_matching /opt/stack/placement/placement/objects/research_context.py:549}}
Jul 16 01:18:15.427281 n-d-798930-5 devstack@placement-api.service[94456]: DEBUG placement.objects.research_context [req-82670f21-16c0-43eb-a4d9-0b14af5e1f15 req-a29ea193-7c14-4ed9-944b-46baec5fec01 service placement] found 2 providers with available 1024 MEMORY_MB {{(pid=94456) get_provider_ids_matching /opt/stack/placement/placement/objects/research_context.py:549}}
Jul 16 01:18:15.427764 n-d-798930-5 devstack@placement-api.service[94456]: DEBUG placement.objects.research_context [req-82670f21-16c0-43eb-a4d9-0b14af5e1f15 req-a29ea193-7c14-4ed9-944b-46baec5fec01 service placement] found 2 providers after filtering by previous result {{(pid=94456) get_provider_ids_matching /opt/stack/placement/placement/objects/research_context.py:580}}
Jul 16 01:18:15.428177 n-d-798930-5 devstack@placement-api.service[94456]: DEBUG placement.objects.research_context [req-82670f21-16c0-43eb-a4d9-0b14af5e1f15 req-a29ea193-7c14-4ed9-944b-46baec5fec01 service placement] found 2 providers with available 1 VCPU {{(pid=94456) get_provider_ids_matching /opt/stack/placement/placement/objects/research_context.py:549}}
Jul 16 01:18:15.428601 n-d-798930-5 devstack@placement-api.service[94456]: DEBUG placement.objects.research_context [req-82670f21-16c0-43eb-a4d9-0b14af5e1f15 req-a29ea193-7c14-4ed9-944b-46baec5fec01 service placement] found 2 providers after filtering by previous result {{(pid=94456) get_provider_ids_matching /opt/stack/placement/placement/objects/research_context.py:580}}
Jul 16 01:18:15.455440 n-d-798930-5 devstack@placement-api.service[94456]: DEBUG placement.objects.allocation_candidate [req-82670f21-16c0-43eb-a4d9-0b14af5e1f15 req-a29ea193-7c14-4ed9-944b-46baec5fec01 service placement] RequestGroup(use_same_provider=False, resources={DISK_GB:1, MEMORY_MB:1024, VCPU:1}, traits=[], aggregates=[]) (suffix '') returned 2 matches {{(pid=94456) _get_by_requests /opt/stack/placement/placement/objects/allocation_candidate.py:145}}
Jul 16 01:18:15.455876 n-d-798930-5 devstack@placement-api.service[94456]: DEBUG placement.objects.allocation_candidate [req-82670f21-16c0-43eb-a4d9-0b14af5e1f15 req-a29ea193-7c14-4ed9-944b-46baec5fec01 service placement] Merging candidates yields 2 allocation requests and 2 provider summaries {{(pid=94456) _merge_candidates /opt/stack/placement/placement/objects/allocation_candidate.py:783}}
Jul 16 01:18:15.459996 n-d-798930-5 devstack@placement-api.service[94456]: INFO placement.requestlog [req-82670f21-16c0-43eb-a4d9-0b14af5e1f15 req-a29ea193-7c14-4ed9-944b-46baec5fec01 service placement] 10.222.0.77 "GET /placement/allocation_candidates?limit=1000&resources=DISK_GB%3A1%2CMEMORY_MB%3A1024%2CVCPU%3A1&root_required=%21COMPUTE_STATUS_DISABLED" status: 200 len: 1309 microversion: 1.36
Jul 16 01:18:15.460572 n-d-798930-5 devstack@placement-api.service[94456]: [pid: 94456|app: 0|req: 111/221] 10.222.0.77 () {60 vars in 1507 bytes} [Fri Jul 16 01:18:15 2021] GET /placement/allocation_candidates?limit=1000&resources=DISK_GB%3A1%2CMEMORY_MB%3A1024%2CVCPU%3A1&root_required=%21COMPUTE_STATUS_DISABLED => generated 1309 bytes in 162 msecs (HTTP/1.1 200) 8 headers in 297 bytes (1 switches on core 0)
Jul 16 01:18:15.549190 n-d-798930-5 devstack@placement-api.service[94455]: DEBUG placement.requestlog [req-82670f21-16c0-43eb-a4d9-0b14af5e1f15 req-e748ed36-3f3d-4b7c-99c8-26fab767e7b7 None None] Starting request: 10.222.0.77 "GET /placement/allocations/af78d3da-e110-4b68-bc66-8ff586bef5e0" {{(pid=94455) __call__ /opt/stack/placement/placement/requestlog.py:55}}
Jul 16 01:18:15.573706 n-d-798930-5 devstack@placement-api.service[94455]: INFO placement.requestlog [req-82670f21-16c0-43eb-a4d9-0b14af5e1f15 req-e748ed36-3f3d-4b7c-99c8-26fab767e7b7 service placement] 10.222.0.77 "GET /placement/allocations/af78d3da-e110-4b68-bc66-8ff586bef5e0" status: 200 len: 19 microversion: 1.28
Jul 16 01:18:15.575379 n-d-798930-5 devstack@placement-api.service[94455]: [pid: 94455|app: 0|req: 111/222] 10.222.0.77 () {60 vars in 1381 bytes} [Fri Jul 16 01:18:15 2021] GET /placement/allocations/af78d3da-e110-4b68-bc66-8ff586bef5e0 => generated 19 bytes in 26 msecs (HTTP/1.1 200) 8 headers in 295 bytes (1 switches on core 0)
Jul 16 01:18:15.596208 n-d-798930-5 devstack@placement-api.service[94456]: DEBUG placement.requestlog [req-82670f21-16c0-43eb-a4d9-0b14af5e1f15 req-da058ba0-d6ff-49ac-8e77-77d5bd704275 None None] Starting request: 10.222.0.77 "PUT /placement/allocations/af78d3da-e110-4b68-bc66-8ff586bef5e0" {{(pid=94456) __call__ /opt/stack/placement/placement/requestlog.py:55}}
Jul 16 01:18:15.725648 n-d-798930-5 devstack@placement-api.service[94456]: DEBUG placement.handlers.allocation [req-82670f21-16c0-43eb-a4d9-0b14af5e1f15 req-da058ba0-d6ff-49ac-8e77-77d5bd704275 service placement] Successfully wrote allocations [, , ] {{(pid=94456) _create_allocations /opt/stack/placement/placement/handlers/allocation.py:435}}
Jul 16 01:18:15.726337 n-d-798930-5 devstack@placement-api.service[94456]: INFO placement.requestlog [req-82670f21-16c0-43eb-a4d9-0b14af5e1f15 req-da058ba0-d6ff-49ac-8e77-77d5bd704275 service placement] 10.222.0.77 "PUT /placement/allocations/af78d3da-e110-4b68-bc66-8ff586bef5e0" status: 204 len: 0 microversion: 1.36
Jul 16 01:18:15.733064 n-d-798930-5 devstack@placement-api.service[94456]: [pid: 94456|app: 0|req: 112/223] 10.222.0.77 () {64 vars in 1434 bytes} [Fri Jul 16 01:18:15 2021] PUT /placement/allocations/af78d3da-e110-4b68-bc66-8ff586bef5e0 => generated 0 bytes in 131 msecs (HTTP/1.1 204) 5 headers in 199 bytes (1 switches on core 0)
Jul 16 01:18:16.386280 n-d-798930-5 devstack@placement-api.service[94455]: DEBUG placement.requestlog [req-82670f21-16c0-43eb-a4d9-0b14af5e1f15 req-0a987d35-7308-4a5a-bad9-ef442c9fab6f None None] Starting request: 10.222.0.83 "GET /placement/allocations/af78d3da-e110-4b68-bc66-8ff586bef5e0" {{(pid=94455) __call__ /opt/stack/placement/placement/requestlog.py:55}}
Jul 16 01:18:16.406599 n-d-798930-5 devstack@placement-api.service[94455]: INFO placement.requestlog [req-82670f21-16c0-43eb-a4d9-0b14af5e1f15 req-0a987d35-7308-4a5a-bad9-ef442c9fab6f service placement] 10.222.0.83 "GET /placement/allocations/af78d3da-e110-4b68-bc66-8ff586bef5e0" status: 200 len: 259 microversion: 1.28
Jul 16 01:18:16.407300 n-d-798930-5 devstack@placement-api.service[94455]: [pid: 94455|app: 0|req: 112/224] 10.222.0.83 () {60 vars in 1378 bytes} [Fri Jul 16 01:18:16 2021] GET /placement/allocations/af78d3da-e110-4b68-bc66-8ff586bef5e0 => generated 259 bytes in 21 msecs (HTTP/1.1 200) 8 headers in 296 bytes (1 switches on core 0)
Jul 16 01:18:19.832638 n-d-798930-5 devstack@placement-api.service[94456]: DEBUG placement.requestlog [req-b66479a2-df6f-4b33-815e-2b7d4efe01c4 req-2bc39d2a-6820-4636-a851-738b6ae798b5 None None] Starting request: 10.222.0.77 "GET /placement/allocation_candidates?resources=DISK_GB%3A1%2CMEMORY_MB%3A1024%2CVCPU%3A1&root_required=%21COMPUTE_STATUS_DISABLED" {{(pid=94456) __call__ /opt/stack/placement/placement/requestlog.py:55}}
Jul 16 01:18:19.920419 n-d-798930-5 devstack@placement-api.service[94456]: DEBUG placement.objects.research_context [req-b66479a2-df6f-4b33-815e-2b7d4efe01c4 req-2bc39d2a-6820-4636-a851-738b6ae798b5 service placement] getting providers with 1 DISK_GB {{(pid=94456) __init__ /opt/stack/placement/placement/objects/research_context.py:126}}
Jul 16 01:18:19.930086 n-d-798930-5 devstack@placement-api.service[94456]: DEBUG placement.objects.research_context [req-b66479a2-df6f-4b33-815e-2b7d4efe01c4 req-2bc39d2a-6820-4636-a851-738b6ae798b5 service placement] getting providers with 1024 MEMORY_MB {{(pid=94456) __init__ /opt/stack/placement/placement/objects/research_context.py:126}}
Jul 16 01:18:19.936767 n-d-798930-5 devstack@placement-api.service[94456]: DEBUG placement.objects.research_context [req-b66479a2-df6f-4b33-815e-2b7d4efe01c4 req-2bc39d2a-6820-4636-a851-738b6ae798b5 service placement] getting providers with 1 VCPU {{(pid=94456) __init__ /opt/stack/placement/placement/objects/research_context.py:126}}
Jul 16 01:18:19.945881 n-d-798930-5 devstack@placement-api.service[94456]: DEBUG placement.objects.research_context [req-b66479a2-df6f-4b33-815e-2b7d4efe01c4 req-2bc39d2a-6820-4636-a851-738b6ae798b5 service placement] found 2 providers with available 1 DISK_GB {{(pid=94456) get_provider_ids_matching /opt/stack/placement/placement/objects/research_context.py:549}}
Jul 16 01:18:19.946460 n-d-798930-5 devstack@placement-api.service[94456]: DEBUG placement.objects.research_context [req-b66479a2-df6f-4b33-815e-2b7d4efe01c4 req-2bc39d2a-6820-4636-a851-738b6ae798b5 service placement] found 2 providers with available 1024 MEMORY_MB {{(pid=94456) get_provider_ids_matching /opt/stack/placement/placement/objects/research_context.py:549}}
Jul 16 01:18:19.946951 n-d-798930-5 devstack@placement-api.service[94456]: DEBUG placement.objects.research_context [req-b66479a2-df6f-4b33-815e-2b7d4efe01c4 req-2bc39d2a-6820-4636-a851-738b6ae798b5 service placement] found 2 providers after filtering by previous result {{(pid=94456) get_provider_ids_matching /opt/stack/placement/placement/objects/research_context.py:580}}
Jul 16 01:18:19.947423 n-d-798930-5 devstack@placement-api.service[94456]: DEBUG placement.objects.research_context [req-b66479a2-df6f-4b33-815e-2b7d4efe01c4 req-2bc39d2a-6820-4636-a851-738b6ae798b5 service placement] found 2 providers with available 1 VCPU {{(pid=94456) get_provider_ids_matching /opt/stack/placement/placement/objects/research_context.py:549}}
Jul 16 01:18:19.947950 n-d-798930-5 devstack@placement-api.service[94456]: DEBUG placement.objects.research_context [req-b66479a2-df6f-4b33-815e-2b7d4efe01c4 req-2bc39d2a-6820-4636-a851-738b6ae798b5 service placement] found 2 providers after filtering by previous result {{(pid=94456) get_provider_ids_matching /opt/stack/placement/placement/objects/research_context.py:580}}
Jul 16 01:18:19.962823 n-d-798930-5 devstack@placement-api.service[94456]: DEBUG placement.objects.allocation_candidate [req-b66479a2-df6f-4b33-815e-2b7d4efe01c4 req-2bc39d2a-6820-4636-a851-738b6ae798b5 service placement] RequestGroup(use_same_provider=False, resources={DISK_GB:1, MEMORY_MB:1024, VCPU:1}, traits=[], aggregates=[]) (suffix '') returned 2 matches {{(pid=94456) _get_by_requests /opt/stack/placement/placement/objects/allocation_candidate.py:145}}
Jul 16 01:18:19.963538 n-d-798930-5 devstack@placement-api.service[94456]: DEBUG placement.objects.allocation_candidate [req-b66479a2-df6f-4b33-815e-2b7d4efe01c4 req-2bc39d2a-6820-4636-a851-738b6ae798b5 service placement] Merging candidates yields 2 allocation requests and 2 provider summaries {{(pid=94456) _merge_candidates /opt/stack/placement/placement/objects/allocation_candidate.py:783}}
Jul 16 01:18:19.965712 n-d-798930-5 devstack@placement-api.service[94456]: INFO placement.requestlog [req-b66479a2-df6f-4b33-815e-2b7d4efe01c4 req-2bc39d2a-6820-4636-a851-738b6ae798b5 service placement] 10.222.0.77 "GET /placement/allocation_candidates?resources=DISK_GB%3A1%2CMEMORY_MB%3A1024%2CVCPU%3A1&root_required=%21COMPUTE_STATUS_DISABLED" status: 200 len: 1309 microversion: 1.36
Jul 16 01:18:19.966689 n-d-798930-5 devstack@placement-api.service[94456]: [pid: 94456|app: 0|req: 113/225] 10.222.0.77 () {60 vars in 1485 bytes} [Fri Jul 16 01:18:19 2021] GET /placement/allocation_candidates?resources=DISK_GB%3A1%2CMEMORY_MB%3A1024%2CVCPU%3A1&root_required=%21COMPUTE_STATUS_DISABLED => generated 1309 bytes in 135 msecs (HTTP/1.1 200) 8 headers in 297 bytes (1 switches on core 0)
Jul 16 01:18:20.056647 n-d-798930-5 devstack@placement-api.service[94455]: DEBUG placement.requestlog [req-b66479a2-df6f-4b33-815e-2b7d4efe01c4 req-632808de-df7a-46e9-add8-135d08ef6d78 None None] Starting request: 10.222.0.77 "GET /placement/allocations/024d23e8-c1c1-4eb6-8faf-53df90f91a78" {{(pid=94455) __call__ /opt/stack/placement/placement/requestlog.py:55}}
Jul 16 01:18:20.071997 n-d-798930-5 devstack@placement-api.service[94455]: INFO placement.requestlog [req-b66479a2-df6f-4b33-815e-2b7d4efe01c4 req-632808de-df7a-46e9-add8-135d08ef6d78 service placement] 10.222.0.77 "GET /placement/allocations/024d23e8-c1c1-4eb6-8faf-53df90f91a78" status: 200 len: 19 microversion: 1.28
Jul 16 01:18:20.076982 n-d-798930-5 devstack@placement-api.service[94455]: [pid: 94455|app: 0|req: 113/226] 10.222.0.77 () {60 vars in 1381 bytes} [Fri Jul 16 01:18:20 2021] GET /placement/allocations/024d23e8-c1c1-4eb6-8faf-53df90f91a78 => generated 19 bytes in 21 msecs (HTTP/1.1 200) 8 headers in 295 bytes (1 switches on core 0)
Jul 16 01:18:20.080516 n-d-798930-5 devstack@placement-api.service[94456]: DEBUG placement.requestlog [req-b66479a2-df6f-4b33-815e-2b7d4efe01c4 req-55c8a2fc-d3db-4f13-9e6d-8288a77b4b31 None None] Starting request: 10.222.0.77 "PUT /placement/allocations/024d23e8-c1c1-4eb6-8faf-53df90f91a78" {{(pid=94456) __call__ /opt/stack/placement/placement/requestlog.py:55}}
Jul 16 01:18:20.202504 n-d-798930-5 devstack@placement-api.service[94456]: DEBUG placement.handlers.allocation [req-b66479a2-df6f-4b33-815e-2b7d4efe01c4 req-55c8a2fc-d3db-4f13-9e6d-8288a77b4b31 service placement] Successfully wrote allocations [, , ] {{(pid=94456) _create_allocations /opt/stack/placement/placement/handlers/allocation.py:435}}
Jul 16 01:18:20.204049 n-d-798930-5 devstack@placement-api.service[94456]: INFO placement.requestlog [req-b66479a2-df6f-4b33-815e-2b7d4efe01c4 req-55c8a2fc-d3db-4f13-9e6d-8288a77b4b31 service placement] 10.222.0.77 "PUT /placement/allocations/024d23e8-c1c1-4eb6-8faf-53df90f91a78" status: 204 len: 0 microversion: 1.36
Jul 16 01:18:20.206109 n-d-798930-5 devstack@placement-api.service[94456]: [pid: 94456|app: 0|req: 114/227] 10.222.0.77 () {64 vars in 1434 bytes} [Fri Jul 16 01:18:20 2021] PUT /placement/allocations/024d23e8-c1c1-4eb6-8faf-53df90f91a78 => generated 0 bytes in 124 msecs (HTTP/1.1 204) 5 headers in 199 bytes (1 switches on core 0)
Jul 16 01:18:20.242822 n-d-798930-5 devstack@placement-api.service[94455]: DEBUG placement.requestlog [req-b66479a2-df6f-4b33-815e-2b7d4efe01c4 req-c619b4f3-b1e0-4e32-8c28-0941a45ae513 None None] Starting request: 10.222.0.77 "GET /placement/allocations/d82b8b9a-25f0-45ea-b697-812ee5f06ac3" {{(pid=94455) __call__ /opt/stack/placement/placement/requestlog.py:55}}
Jul 16 01:18:20.271690 n-d-798930-5 devstack@placement-api.service[94455]: INFO placement.requestlog [req-b66479a2-df6f-4b33-815e-2b7d4efe01c4 req-c619b4f3-b1e0-4e32-8c28-0941a45ae513 service placement] 10.222.0.77 "GET /placement/allocations/d82b8b9a-25f0-45ea-b697-812ee5f06ac3" status: 200 len: 19 microversion: 1.28
Jul 16 01:18:20.273168 n-d-798930-5 devstack@placement-api.service[94455]: [pid: 94455|app: 0|req: 114/228] 10.222.0.77 () {60 vars in 1381 bytes} [Fri Jul 16 01:18:20 2021] GET /placement/allocations/d82b8b9a-25f0-45ea-b697-812ee5f06ac3 => generated 19 bytes in 31 msecs (HTTP/1.1 200) 8 headers in 295 bytes (2 switches on core 0)
Jul 16 01:18:20.278765 n-d-798930-5 devstack@placement-api.service[94456]: DEBUG placement.requestlog [req-b66479a2-df6f-4b33-815e-2b7d4efe01c4 req-7df18da1-3c5d-45c0-9669-28e228eaf136 None None] Starting request: 10.222.0.77 "PUT /placement/allocations/d82b8b9a-25f0-45ea-b697-812ee5f06ac3" {{(pid=94456) __call__ /opt/stack/placement/placement/requestlog.py:55}}
Jul 16 01:18:20.379370 n-d-798930-5 devstack@placement-api.service[94456]: DEBUG placement.handlers.allocation [req-b66479a2-df6f-4b33-815e-2b7d4efe01c4 req-7df18da1-3c5d-45c0-9669-28e228eaf136 service placement] Successfully wrote allocations [, , ] {{(pid=94456) _create_allocations /opt/stack/placement/placement/handlers/allocation.py:435}}
Jul 16 01:18:20.379929 n-d-798930-5 devstack@placement-api.service[94456]: INFO placement.requestlog [req-b66479a2-df6f-4b33-815e-2b7d4efe01c4 req-7df18da1-3c5d-45c0-9669-28e228eaf136 service placement] 10.222.0.77 "PUT /placement/allocations/d82b8b9a-25f0-45ea-b697-812ee5f06ac3" status: 204 len: 0 microversion: 1.36
Jul 16 01:18:20.380812 n-d-798930-5 devstack@placement-api.service[94456]: [pid: 94456|app: 0|req: 115/229] 10.222.0.77 () {64 vars in 1434 bytes} [Fri Jul 16 01:18:20 2021] PUT /placement/allocations/d82b8b9a-25f0-45ea-b697-812ee5f06ac3 => generated 0 bytes in 102 msecs (HTTP/1.1 204) 5 headers in 199 bytes (1 switches on core 0)
Jul 16 01:18:21.134901 n-d-798930-5 devstack@placement-api.service[94455]: DEBUG placement.requestlog [req-b66479a2-df6f-4b33-815e-2b7d4efe01c4 req-903ed0c1-a705-4961-af76-68083ce3f0be None None] Starting request: 10.222.0.79 "GET /placement/allocations/024d23e8-c1c1-4eb6-8faf-53df90f91a78" {{(pid=94455) __call__ /opt/stack/placement/placement/requestlog.py:55}}
Jul 16 01:18:21.168832 n-d-798930-5 devstack@placement-api.service[94455]: INFO placement.requestlog [req-b66479a2-df6f-4b33-815e-2b7d4efe01c4 req-903ed0c1-a705-4961-af76-68083ce3f0be service placement] 10.222.0.79 "GET /placement/allocations/024d23e8-c1c1-4eb6-8faf-53df90f91a78" status: 200 len: 259 microversion: 1.28
Jul 16 01:18:21.169389 n-d-798930-5 devstack@placement-api.service[94455]: [pid: 94455|app: 0|req: 115/230] 10.222.0.79 () {60 vars in 1378 bytes} [Fri Jul 16 01:18:21 2021] GET /placement/allocations/024d23e8-c1c1-4eb6-8faf-53df90f91a78 => generated 259 bytes in 35 msecs (HTTP/1.1 200) 8 headers in 296 bytes (1 switches on core 0)
Jul 16 01:18:21.306716 n-d-798930-5 devstack@placement-api.service[94456]: DEBUG placement.requestlog [req-b66479a2-df6f-4b33-815e-2b7d4efe01c4 req-35d2f020-5aa0-49fc-9139-aa89bde0655b None None] Starting request: 10.222.0.83 "GET /placement/allocations/d82b8b9a-25f0-45ea-b697-812ee5f06ac3" {{(pid=94456) __call__ /opt/stack/placement/placement/requestlog.py:55}}
Jul 16 01:18:21.343071 n-d-798930-5 devstack@placement-api.service[94456]: INFO placement.requestlog [req-b66479a2-df6f-4b33-815e-2b7d4efe01c4 req-35d2f020-5aa0-49fc-9139-aa89bde0655b service placement] 10.222.0.83 "GET /placement/allocations/d82b8b9a-25f0-45ea-b697-812ee5f06ac3" status: 200 len: 259 microversion: 1.28
Jul 16 01:18:21.344739 n-d-798930-5 devstack@placement-api.service[94456]: [pid: 94456|app: 0|req: 116/231] 10.222.0.83 () {60 vars in 1378 bytes} [Fri Jul 16 01:18:21 2021] GET /placement/allocations/d82b8b9a-25f0-45ea-b697-812ee5f06ac3 => generated 259 bytes in 38 msecs (HTTP/1.1 200) 8 headers in 296 bytes (1 switches on core 0)
Jul 16 01:18:24.768380 n-d-798930-5 devstack@placement-api.service[94455]: DEBUG placement.requestlog [req-942a4d38-9f16-430a-9312-32f1e8c3569d req-07d567f0-9b2a-4c06-8bfd-c7f83f989c71 None None] Starting request: 10.222.0.77 "GET /placement/allocation_candidates?limit=1000&resources=DISK_GB%3A1%2CMEMORY_MB%3A1024%2CVCPU%3A1&root_required=%21COMPUTE_STATUS_DISABLED" {{(pid=94455) __call__ /opt/stack/placement/placement/requestlog.py:55}}
Jul 16 01:18:24.867234 n-d-798930-5 devstack@placement-api.service[94455]: DEBUG placement.objects.research_context [req-942a4d38-9f16-430a-9312-32f1e8c3569d req-07d567f0-9b2a-4c06-8bfd-c7f83f989c71 service placement] getting providers with 1 DISK_GB {{(pid=94455) __init__ /opt/stack/placement/placement/objects/research_context.py:126}}
Jul 16 01:18:24.881077 n-d-798930-5 devstack@placement-api.service[94455]: DEBUG placement.objects.research_context [req-942a4d38-9f16-430a-9312-32f1e8c3569d req-07d567f0-9b2a-4c06-8bfd-c7f83f989c71 service placement] getting providers with 1024 MEMORY_MB {{(pid=94455) __init__ /opt/stack/placement/placement/objects/research_context.py:126}}
Jul 16 01:18:24.895823 n-d-798930-5 devstack@placement-api.service[94455]: DEBUG placement.objects.research_context [req-942a4d38-9f16-430a-9312-32f1e8c3569d req-07d567f0-9b2a-4c06-8bfd-c7f83f989c71 service placement] getting providers with 1 VCPU {{(pid=94455) __init__ /opt/stack/placement/placement/objects/research_context.py:126}}
Jul 16 01:18:24.912212 n-d-798930-5 devstack@placement-api.service[94455]: DEBUG placement.objects.research_context [req-942a4d38-9f16-430a-9312-32f1e8c3569d req-07d567f0-9b2a-4c06-8bfd-c7f83f989c71 service placement] found 2 providers with available 1 DISK_GB {{(pid=94455) get_provider_ids_matching /opt/stack/placement/placement/objects/research_context.py:549}}
Jul 16 01:18:24.917068 n-d-798930-5 devstack@placement-api.service[94455]: DEBUG placement.objects.research_context [req-942a4d38-9f16-430a-9312-32f1e8c3569d req-07d567f0-9b2a-4c06-8bfd-c7f83f989c71 service placement] found 2 providers with available 1024 MEMORY_MB {{(pid=94455) get_provider_ids_matching /opt/stack/placement/placement/objects/research_context.py:549}}
Jul 16 01:18:24.917572 n-d-798930-5 devstack@placement-api.service[94455]: DEBUG placement.objects.research_context [req-942a4d38-9f16-430a-9312-32f1e8c3569d req-07d567f0-9b2a-4c06-8bfd-c7f83f989c71 service placement] found 2 providers after filtering by previous result {{(pid=94455) get_provider_ids_matching /opt/stack/placement/placement/objects/research_context.py:580}}
Jul 16 01:18:24.918276 n-d-798930-5 devstack@placement-api.service[94455]: DEBUG placement.objects.research_context [req-942a4d38-9f16-430a-9312-32f1e8c3569d req-07d567f0-9b2a-4c06-8bfd-c7f83f989c71 service placement] found 2 providers with available 1 VCPU {{(pid=94455) get_provider_ids_matching /opt/stack/placement/placement/objects/research_context.py:549}}
Jul 16 01:18:24.918752 n-d-798930-5 devstack@placement-api.service[94455]: DEBUG placement.objects.research_context [req-942a4d38-9f16-430a-9312-32f1e8c3569d req-07d567f0-9b2a-4c06-8bfd-c7f83f989c71 service placement] found 2 providers after filtering by previous result {{(pid=94455) get_provider_ids_matching /opt/stack/placement/placement/objects/research_context.py:580}}
Jul 16 01:18:24.964011 n-d-798930-5 devstack@placement-api.service[94455]: DEBUG placement.objects.allocation_candidate [req-942a4d38-9f16-430a-9312-32f1e8c3569d req-07d567f0-9b2a-4c06-8bfd-c7f83f989c71 service placement] RequestGroup(use_same_provider=False, resources={DISK_GB:1, MEMORY_MB:1024, VCPU:1}, traits=[], aggregates=[]) (suffix '') returned 2 matches {{(pid=94455) _get_by_requests /opt/stack/placement/placement/objects/allocation_candidate.py:145}}
Jul 16 01:18:24.964441 n-d-798930-5 devstack@placement-api.service[94455]: DEBUG placement.objects.allocation_candidate [req-942a4d38-9f16-430a-9312-32f1e8c3569d req-07d567f0-9b2a-4c06-8bfd-c7f83f989c71 service placement] Merging candidates yields 2 allocation requests and 2 provider summaries {{(pid=94455) _merge_candidates /opt/stack/placement/placement/objects/allocation_candidate.py:783}}
Jul 16 01:18:24.967807 n-d-798930-5 devstack@placement-api.service[94455]: INFO placement.requestlog [req-942a4d38-9f16-430a-9312-32f1e8c3569d req-07d567f0-9b2a-4c06-8bfd-c7f83f989c71 service placement] 10.222.0.77 "GET /placement/allocation_candidates?limit=1000&resources=DISK_GB%3A1%2CMEMORY_MB%3A1024%2CVCPU%3A1&root_required=%21COMPUTE_STATUS_DISABLED" status: 200 len: 1309 microversion: 1.36
Jul 16 01:18:24.980114 n-d-798930-5 devstack@placement-api.service[94455]: [pid: 94455|app: 0|req: 116/232] 10.222.0.77 () {60 vars in 1507 bytes} [Fri Jul 16 01:18:24 2021] GET /placement/allocation_candidates?limit=1000&resources=DISK_GB%3A1%2CMEMORY_MB%3A1024%2CVCPU%3A1&root_required=%21COMPUTE_STATUS_DISABLED => generated 1309 bytes in 212 msecs (HTTP/1.1 200) 8 headers in 297 bytes (1 switches on core 0)
Jul 16 01:18:25.067339 n-d-798930-5 devstack@placement-api.service[94456]: DEBUG placement.requestlog [req-942a4d38-9f16-430a-9312-32f1e8c3569d req-4aa43065-ec5e-4f50-bc32-034f5185f4bb None None] Starting request: 10.222.0.77 "GET /placement/allocations/c6692ace-3880-46f2-b752-44e71d529c9f" {{(pid=94456) __call__ /opt/stack/placement/placement/requestlog.py:55}}
Jul 16 01:18:25.079452 n-d-798930-5 devstack@placement-api.service[94456]: INFO placement.requestlog [req-942a4d38-9f16-430a-9312-32f1e8c3569d req-4aa43065-ec5e-4f50-bc32-034f5185f4bb service placement] 10.222.0.77 "GET /placement/allocations/c6692ace-3880-46f2-b752-44e71d529c9f" status: 200 len: 19 microversion: 1.28
Jul 16 01:18:25.082555 n-d-798930-5 devstack@placement-api.service[94456]: [pid: 94456|app: 0|req: 117/233] 10.222.0.77 () {60 vars in 1381 bytes} [Fri Jul 16 01:18:25 2021] GET /placement/allocations/c6692ace-3880-46f2-b752-44e71d529c9f => generated 19 bytes in 15 msecs (HTTP/1.1 200) 8 headers in 295 bytes (1 switches on core 0)
Jul 16 01:18:25.086856 n-d-798930-5 devstack@placement-api.service[94455]: DEBUG placement.requestlog [req-942a4d38-9f16-430a-9312-32f1e8c3569d req-b41a9967-5cd1-4fee-a06b-f158447d8789 None None] Starting request: 10.222.0.77 "PUT /placement/allocations/c6692ace-3880-46f2-b752-44e71d529c9f" {{(pid=94455) __call__ /opt/stack/placement/placement/requestlog.py:55}}
Jul 16 01:18:25.187304 n-d-798930-5 devstack@placement-api.service[94455]: DEBUG placement.handlers.allocation [req-942a4d38-9f16-430a-9312-32f1e8c3569d req-b41a9967-5cd1-4fee-a06b-f158447d8789 service placement] Successfully wrote allocations [, , ] {{(pid=94455) _create_allocations /opt/stack/placement/placement/handlers/allocation.py:435}}
Jul 16 01:18:25.187904 n-d-798930-5 devstack@placement-api.service[94455]: INFO placement.requestlog [req-942a4d38-9f16-430a-9312-32f1e8c3569d req-b41a9967-5cd1-4fee-a06b-f158447d8789 service placement] 10.222.0.77 "PUT /placement/allocations/c6692ace-3880-46f2-b752-44e71d529c9f" status: 204 len: 0 microversion: 1.36
Jul 16 01:18:25.188146 n-d-798930-5 devstack@placement-api.service[94455]: [pid: 94455|app: 0|req: 117/234] 10.222.0.77 () {64 vars in 1434 bytes} [Fri Jul 16 01:18:25 2021] PUT /placement/allocations/c6692ace-3880-46f2-b752-44e71d529c9f => generated 0 bytes in 102 msecs (HTTP/1.1 204) 5 headers in 199 bytes (1 switches on core 0)
Jul 16 01:18:26.011748 n-d-798930-5 devstack@placement-api.service[94456]: DEBUG placement.requestlog [req-942a4d38-9f16-430a-9312-32f1e8c3569d req-75fd355f-9cca-4be1-815d-c4084073504e None None] Starting request: 10.222.0.79 "GET /placement/allocations/c6692ace-3880-46f2-b752-44e71d529c9f" {{(pid=94456) __call__ /opt/stack/placement/placement/requestlog.py:55}}
Jul 16 01:18:26.065510 n-d-798930-5 devstack@placement-api.service[94456]: INFO placement.requestlog [req-942a4d38-9f16-430a-9312-32f1e8c3569d req-75fd355f-9cca-4be1-815d-c4084073504e service placement] 10.222.0.79 "GET /placement/allocations/c6692ace-3880-46f2-b752-44e71d529c9f" status: 200 len: 259 microversion: 1.28
Jul 16 01:18:26.065762 n-d-798930-5 devstack@placement-api.service[94456]: [pid: 94456|app: 0|req: 118/235] 10.222.0.79 () {60 vars in 1378 bytes} [Fri Jul 16 01:18:26 2021] GET /placement/allocations/c6692ace-3880-46f2-b752-44e71d529c9f => generated 259 bytes in 54 msecs (HTTP/1.1 200) 8 headers in 296 bytes (1 switches on core 0)
Jul 16 01:18:33.036721 n-d-798930-5 devstack@placement-api.service[94455]: DEBUG placement.requestlog [req-f9af87ce-666f-4e2e-a47f-185b7da90c34 req-8965f46c-e288-4583-a954-48959fad4fad None None] Starting request: 10.222.0.77 "GET /placement/allocation_candidates?limit=1000&resources=DISK_GB%3A1%2CMEMORY_MB%3A1024%2CVCPU%3A1&root_required=%21COMPUTE_STATUS_DISABLED" {{(pid=94455) __call__ /opt/stack/placement/placement/requestlog.py:55}}
Jul 16 01:18:33.095207 n-d-798930-5 devstack@placement-api.service[94455]: DEBUG placement.objects.research_context [req-f9af87ce-666f-4e2e-a47f-185b7da90c34 req-8965f46c-e288-4583-a954-48959fad4fad service placement] getting providers with 1 DISK_GB {{(pid=94455) __init__ /opt/stack/placement/placement/objects/research_context.py:126}}
Jul 16 01:18:33.105330 n-d-798930-5 devstack@placement-api.service[94455]: DEBUG placement.objects.research_context [req-f9af87ce-666f-4e2e-a47f-185b7da90c34 req-8965f46c-e288-4583-a954-48959fad4fad service placement] getting providers with 1024 MEMORY_MB {{(pid=94455) __init__ /opt/stack/placement/placement/objects/research_context.py:126}}
Jul 16 01:18:33.117514 n-d-798930-5 devstack@placement-api.service[94455]: DEBUG placement.objects.research_context [req-f9af87ce-666f-4e2e-a47f-185b7da90c34 req-8965f46c-e288-4583-a954-48959fad4fad service placement] getting providers with 1 VCPU {{(pid=94455) __init__ /opt/stack/placement/placement/objects/research_context.py:126}}
Jul 16 01:18:33.133135 n-d-798930-5 devstack@placement-api.service[94455]: DEBUG placement.objects.research_context [req-f9af87ce-666f-4e2e-a47f-185b7da90c34 req-8965f46c-e288-4583-a954-48959fad4fad service placement] found 2 providers with available 1 DISK_GB {{(pid=94455) get_provider_ids_matching /opt/stack/placement/placement/objects/research_context.py:549}}
Jul 16 01:18:33.134088 n-d-798930-5 devstack@placement-api.service[94455]: DEBUG placement.objects.research_context [req-f9af87ce-666f-4e2e-a47f-185b7da90c34 req-8965f46c-e288-4583-a954-48959fad4fad service placement] found 2 providers with available 1024 MEMORY_MB {{(pid=94455) get_provider_ids_matching /opt/stack/placement/placement/objects/research_context.py:549}}
Jul 16 01:18:33.134768 n-d-798930-5 devstack@placement-api.service[94455]: DEBUG placement.objects.research_context [req-f9af87ce-666f-4e2e-a47f-185b7da90c34 req-8965f46c-e288-4583-a954-48959fad4fad service placement] found 2 providers after filtering by previous result {{(pid=94455) get_provider_ids_matching /opt/stack/placement/placement/objects/research_context.py:580}}
Jul 16 01:18:33.135616 n-d-798930-5 devstack@placement-api.service[94455]: DEBUG placement.objects.research_context [req-f9af87ce-666f-4e2e-a47f-185b7da90c34 req-8965f46c-e288-4583-a954-48959fad4fad service placement] found 2 providers with available 1 VCPU {{(pid=94455) get_provider_ids_matching /opt/stack/placement/placement/objects/research_context.py:549}}
Jul 16 01:18:33.136700 n-d-798930-5 devstack@placement-api.service[94455]: DEBUG placement.objects.research_context [req-f9af87ce-666f-4e2e-a47f-185b7da90c34 req-8965f46c-e288-4583-a954-48959fad4fad service placement] found 2 providers after filtering by previous result {{(pid=94455) get_provider_ids_matching /opt/stack/placement/placement/objects/research_context.py:580}}
Jul 16 01:18:33.161606 n-d-798930-5 devstack@placement-api.service[94455]: DEBUG placement.objects.allocation_candidate [req-f9af87ce-666f-4e2e-a47f-185b7da90c34 req-8965f46c-e288-4583-a954-48959fad4fad service placement] RequestGroup(use_same_provider=False, resources={DISK_GB:1, MEMORY_MB:1024, VCPU:1}, traits=[], aggregates=[]) (suffix '') returned 2 matches {{(pid=94455) _get_by_requests /opt/stack/placement/placement/objects/allocation_candidate.py:145}}
Jul 16 01:18:33.163160 n-d-798930-5 devstack@placement-api.service[94455]: DEBUG placement.objects.allocation_candidate [req-f9af87ce-666f-4e2e-a47f-185b7da90c34 req-8965f46c-e288-4583-a954-48959fad4fad service placement] Merging candidates yields 2 allocation requests and 2 provider summaries {{(pid=94455) _merge_candidates /opt/stack/placement/placement/objects/allocation_candidate.py:783}}
Jul 16 01:18:33.166027 n-d-798930-5 devstack@placement-api.service[94455]: INFO placement.requestlog [req-f9af87ce-666f-4e2e-a47f-185b7da90c34 req-8965f46c-e288-4583-a954-48959fad4fad service placement] 10.222.0.77 "GET /placement/allocation_candidates?limit=1000&resources=DISK_GB%3A1%2CMEMORY_MB%3A1024%2CVCPU%3A1&root_required=%21COMPUTE_STATUS_DISABLED" status: 200 len: 1309 microversion: 1.36
Jul 16 01:18:33.168253 n-d-798930-5 devstack@placement-api.service[94455]: [pid: 94455|app: 0|req: 118/236] 10.222.0.77 () {60 vars in 1507 bytes} [Fri Jul 16 01:18:33 2021] GET /placement/allocation_candidates?limit=1000&resources=DISK_GB%3A1%2CMEMORY_MB%3A1024%2CVCPU%3A1&root_required=%21COMPUTE_STATUS_DISABLED => generated 1309 bytes in 132 msecs (HTTP/1.1 200) 8 headers in 297 bytes (1 switches on core 0)
Jul 16 01:18:33.252429 n-d-798930-5 devstack@placement-api.service[94456]: DEBUG placement.requestlog [req-f9af87ce-666f-4e2e-a47f-185b7da90c34 req-2c6a3efa-5233-44ec-9f1d-a992349f63ff None None] Starting request: 10.222.0.77 "GET /placement/allocations/276b02ed-2a0e-4dc0-a047-3c0940ce3887" {{(pid=94456) __call__ /opt/stack/placement/placement/requestlog.py:55}}
Jul 16 01:18:33.264353 n-d-798930-5 devstack@placement-api.service[94456]: INFO placement.requestlog [req-f9af87ce-666f-4e2e-a47f-185b7da90c34 req-2c6a3efa-5233-44ec-9f1d-a992349f63ff service placement] 10.222.0.77 "GET /placement/allocations/276b02ed-2a0e-4dc0-a047-3c0940ce3887" status: 200 len: 19 microversion: 1.28
Jul 16 01:18:33.270521 n-d-798930-5 devstack@placement-api.service[94456]: [pid: 94456|app: 0|req: 119/237] 10.222.0.77 () {60 vars in 1381 bytes} [Fri Jul 16 01:18:33 2021] GET /placement/allocations/276b02ed-2a0e-4dc0-a047-3c0940ce3887 => generated 19 bytes in 19 msecs (HTTP/1.1 200) 8 headers in 295 bytes (1 switches on core 0)
Jul 16 01:18:33.271904 n-d-798930-5 devstack@placement-api.service[94455]: DEBUG placement.requestlog [req-f9af87ce-666f-4e2e-a47f-185b7da90c34 req-fac622f1-4f66-4d8c-abcc-4cddfd6dedbe None None] Starting request: 10.222.0.77 "PUT /placement/allocations/276b02ed-2a0e-4dc0-a047-3c0940ce3887" {{(pid=94455) __call__ /opt/stack/placement/placement/requestlog.py:55}}
Jul 16 01:18:33.385208 n-d-798930-5 devstack@placement-api.service[94455]: DEBUG placement.handlers.allocation [req-f9af87ce-666f-4e2e-a47f-185b7da90c34 req-fac622f1-4f66-4d8c-abcc-4cddfd6dedbe service placement] Successfully wrote allocations [, , ] {{(pid=94455) _create_allocations /opt/stack/placement/placement/handlers/allocation.py:435}}
Jul 16 01:18:33.386590 n-d-798930-5 devstack@placement-api.service[94455]: INFO placement.requestlog [req-f9af87ce-666f-4e2e-a47f-185b7da90c34 req-fac622f1-4f66-4d8c-abcc-4cddfd6dedbe service placement] 10.222.0.77 "PUT /placement/allocations/276b02ed-2a0e-4dc0-a047-3c0940ce3887" status: 204 len: 0 microversion: 1.36
Jul 16 01:18:33.387588 n-d-798930-5 devstack@placement-api.service[94455]: [pid: 94455|app: 0|req: 119/238] 10.222.0.77 () {64 vars in 1434 bytes} [Fri Jul 16 01:18:33 2021] PUT /placement/allocations/276b02ed-2a0e-4dc0-a047-3c0940ce3887 => generated 0 bytes in 116 msecs (HTTP/1.1 204) 5 headers in 199 bytes (2 switches on core 0)
Jul 16 01:18:34.072796 n-d-798930-5 devstack@placement-api.service[94456]: DEBUG placement.requestlog [req-f9af87ce-666f-4e2e-a47f-185b7da90c34 req-dbdf83e3-acdb-48e4-8f6a-9e766188804e None None] Starting request: 10.222.0.83 "GET /placement/allocations/276b02ed-2a0e-4dc0-a047-3c0940ce3887" {{(pid=94456) __call__ /opt/stack/placement/placement/requestlog.py:55}}
Jul 16 01:18:34.119176 n-d-798930-5 devstack@placement-api.service[94456]: INFO placement.requestlog [req-f9af87ce-666f-4e2e-a47f-185b7da90c34 req-dbdf83e3-acdb-48e4-8f6a-9e766188804e service placement] 10.222.0.83 "GET /placement/allocations/276b02ed-2a0e-4dc0-a047-3c0940ce3887" status: 200 len: 259 microversion: 1.28
Jul 16 01:18:34.121341 n-d-798930-5 devstack@placement-api.service[94456]: [pid: 94456|app: 0|req: 120/239] 10.222.0.83 () {60 vars in 1378 bytes} [Fri Jul 16 01:18:34 2021] GET /placement/allocations/276b02ed-2a0e-4dc0-a047-3c0940ce3887 => generated 259 bytes in 49 msecs (HTTP/1.1 200) 8 headers in 296 bytes (1 switches on core 0)
Jul 16 01:18:41.080411 n-d-798930-5 devstack@placement-api.service[94455]: DEBUG placement.requestlog [req-85fae1e2-c4ba-4edc-8484-6071e453a66e req-4176ee2f-96d0-496c-a3b0-1e3ef3fdc19e None None] Starting request: 10.222.0.77 "GET /placement/allocation_candidates?limit=1000&resources=DISK_GB%3A1%2CMEMORY_MB%3A1024%2CVCPU%3A1&root_required=%21COMPUTE_STATUS_DISABLED" {{(pid=94455) __call__ /opt/stack/placement/placement/requestlog.py:55}}
Jul 16 01:18:41.114386 n-d-798930-5 devstack@placement-api.service[94456]: DEBUG placement.requestlog [req-34ea8445-0901-4957-915c-401c1a2d88be req-0482199b-f71f-482d-905a-125a1508ad9b None None] Starting request: 10.222.0.83 "GET /placement/allocations/31569d75-73b7-4cf2-b1fa-a7fe6d7046b5" {{(pid=94456) __call__ /opt/stack/placement/placement/requestlog.py:55}}
Jul 16 01:18:41.183097 n-d-798930-5 devstack@placement-api.service[94455]: DEBUG placement.objects.research_context [req-85fae1e2-c4ba-4edc-8484-6071e453a66e req-4176ee2f-96d0-496c-a3b0-1e3ef3fdc19e service placement] getting providers with 1 DISK_GB {{(pid=94455) __init__ /opt/stack/placement/placement/objects/research_context.py:126}}
Jul 16 01:18:41.197930 n-d-798930-5 devstack@placement-api.service[94456]: INFO placement.requestlog [req-34ea8445-0901-4957-915c-401c1a2d88be req-0482199b-f71f-482d-905a-125a1508ad9b service placement] 10.222.0.83 "GET /placement/allocations/31569d75-73b7-4cf2-b1fa-a7fe6d7046b5" status: 200 len: 258 microversion: 1.28
Jul 16 01:18:41.198640 n-d-798930-5 devstack@placement-api.service[94456]: [pid: 94456|app: 0|req: 121/240] 10.222.0.83 () {60 vars in 1378 bytes} [Fri Jul 16 01:18:41 2021] GET /placement/allocations/31569d75-73b7-4cf2-b1fa-a7fe6d7046b5 => generated 258 bytes in 88 msecs (HTTP/1.1 200) 8 headers in 296 bytes (2 switches on core 0)
Jul 16 01:18:41.220991 n-d-798930-5 devstack@placement-api.service[94455]: DEBUG placement.objects.research_context [req-85fae1e2-c4ba-4edc-8484-6071e453a66e req-4176ee2f-96d0-496c-a3b0-1e3ef3fdc19e service placement] getting providers with 1024 MEMORY_MB {{(pid=94455) __init__ /opt/stack/placement/placement/objects/research_context.py:126}}
Jul 16 01:18:41.250594 n-d-798930-5 devstack@placement-api.service[94455]: DEBUG placement.objects.research_context [req-85fae1e2-c4ba-4edc-8484-6071e453a66e req-4176ee2f-96d0-496c-a3b0-1e3ef3fdc19e service placement] getting providers with 1 VCPU {{(pid=94455) __init__ /opt/stack/placement/placement/objects/research_context.py:126}}
Jul 16 01:18:41.260511 n-d-798930-5 devstack@placement-api.service[94455]: DEBUG placement.objects.research_context [req-85fae1e2-c4ba-4edc-8484-6071e453a66e req-4176ee2f-96d0-496c-a3b0-1e3ef3fdc19e service placement] found 2 providers with available 1 DISK_GB {{(pid=94455) get_provider_ids_matching /opt/stack/placement/placement/objects/research_context.py:549}}
Jul 16 01:18:41.261106 n-d-798930-5 devstack@placement-api.service[94455]: DEBUG placement.objects.research_context [req-85fae1e2-c4ba-4edc-8484-6071e453a66e req-4176ee2f-96d0-496c-a3b0-1e3ef3fdc19e service placement] found 2 providers with available 1024 MEMORY_MB {{(pid=94455) get_provider_ids_matching /opt/stack/placement/placement/objects/research_context.py:549}}
Jul 16 01:18:41.261567 n-d-798930-5 devstack@placement-api.service[94455]: DEBUG placement.objects.research_context [req-85fae1e2-c4ba-4edc-8484-6071e453a66e req-4176ee2f-96d0-496c-a3b0-1e3ef3fdc19e service placement] found 2 providers after filtering by previous result {{(pid=94455) get_provider_ids_matching /opt/stack/placement/placement/objects/research_context.py:580}}
Jul 16 01:18:41.262087 n-d-798930-5 devstack@placement-api.service[94455]: DEBUG placement.objects.research_context [req-85fae1e2-c4ba-4edc-8484-6071e453a66e req-4176ee2f-96d0-496c-a3b0-1e3ef3fdc19e service placement] found 2 providers with available 1 VCPU {{(pid=94455) get_provider_ids_matching /opt/stack/placement/placement/objects/research_context.py:549}}
Jul 16 01:18:41.262747 n-d-798930-5 devstack@placement-api.service[94455]: DEBUG placement.objects.research_context [req-85fae1e2-c4ba-4edc-8484-6071e453a66e req-4176ee2f-96d0-496c-a3b0-1e3ef3fdc19e service placement] found 2 providers after filtering by previous result {{(pid=94455) get_provider_ids_matching /opt/stack/placement/placement/objects/research_context.py:580}}
Jul 16 01:18:41.285592 n-d-798930-5 devstack@placement-api.service[94455]: DEBUG placement.objects.allocation_candidate [req-85fae1e2-c4ba-4edc-8484-6071e453a66e req-4176ee2f-96d0-496c-a3b0-1e3ef3fdc19e service placement] RequestGroup(use_same_provider=False, resources={DISK_GB:1, MEMORY_MB:1024, VCPU:1}, traits=[], aggregates=[]) (suffix '') returned 2 matches {{(pid=94455) _get_by_requests /opt/stack/placement/placement/objects/allocation_candidate.py:145}}
Jul 16 01:18:41.286581 n-d-798930-5 devstack@placement-api.service[94455]: DEBUG placement.objects.allocation_candidate [req-85fae1e2-c4ba-4edc-8484-6071e453a66e req-4176ee2f-96d0-496c-a3b0-1e3ef3fdc19e service placement] Merging candidates yields 2 allocation requests and 2 provider summaries {{(pid=94455) _merge_candidates /opt/stack/placement/placement/objects/allocation_candidate.py:783}}
Jul 16 01:18:41.289859 n-d-798930-5 devstack@placement-api.service[94455]: INFO placement.requestlog [req-85fae1e2-c4ba-4edc-8484-6071e453a66e req-4176ee2f-96d0-496c-a3b0-1e3ef3fdc19e service placement] 10.222.0.77 "GET /placement/allocation_candidates?limit=1000&resources=DISK_GB%3A1%2CMEMORY_MB%3A1024%2CVCPU%3A1&root_required=%21COMPUTE_STATUS_DISABLED" status: 200 len: 1310 microversion: 1.36
Jul 16 01:18:41.291031 n-d-798930-5 devstack@placement-api.service[94455]: [pid: 94455|app: 0|req: 120/241] 10.222.0.77 () {60 vars in 1507 bytes} [Fri Jul 16 01:18:41 2021] GET /placement/allocation_candidates?limit=1000&resources=DISK_GB%3A1%2CMEMORY_MB%3A1024%2CVCPU%3A1&root_required=%21COMPUTE_STATUS_DISABLED => generated 1310 bytes in 212 msecs (HTTP/1.1 200) 8 headers in 297 bytes (1 switches on core 0)
Jul 16 01:18:41.573903 n-d-798930-5 devstack@placement-api.service[94456]: DEBUG placement.requestlog [req-85fae1e2-c4ba-4edc-8484-6071e453a66e req-3618c0e1-9fb8-4db4-9cd1-cd2bf1172896 None None] Starting request: 10.222.0.77 "GET /placement/allocations/dabc5c2c-66a4-4180-8266-8cc5490f5723" {{(pid=94456) __call__ /opt/stack/placement/placement/requestlog.py:55}}
Jul 16 01:18:41.612269 n-d-798930-5 devstack@placement-api.service[94456]: INFO placement.requestlog [req-85fae1e2-c4ba-4edc-8484-6071e453a66e req-3618c0e1-9fb8-4db4-9cd1-cd2bf1172896 service placement] 10.222.0.77 "GET /placement/allocations/dabc5c2c-66a4-4180-8266-8cc5490f5723" status: 200 len: 19 microversion: 1.28
Jul 16 01:18:41.626893 n-d-798930-5 devstack@placement-api.service[94455]: DEBUG placement.requestlog [req-85fae1e2-c4ba-4edc-8484-6071e453a66e req-9e269026-a543-4106-9788-bb0026b333d0 None None] Starting request: 10.222.0.77 "PUT /placement/allocations/dabc5c2c-66a4-4180-8266-8cc5490f5723" {{(pid=94455) __call__ /opt/stack/placement/placement/requestlog.py:55}}
Jul 16 01:18:41.628074 n-d-798930-5 devstack@placement-api.service[94456]: [pid: 94456|app: 0|req: 122/242] 10.222.0.77 () {60 vars in 1381 bytes} [Fri Jul 16 01:18:41 2021] GET /placement/allocations/dabc5c2c-66a4-4180-8266-8cc5490f5723 => generated 19 bytes in 54 msecs (HTTP/1.1 200) 8 headers in 295 bytes (1 switches on core 0)
Jul 16 01:18:41.808209 n-d-798930-5 devstack@placement-api.service[94455]: DEBUG placement.handlers.allocation [req-85fae1e2-c4ba-4edc-8484-6071e453a66e req-9e269026-a543-4106-9788-bb0026b333d0 service placement] Successfully wrote allocations [, , ] {{(pid=94455) _create_allocations /opt/stack/placement/placement/handlers/allocation.py:435}}
Jul 16 01:18:41.808706 n-d-798930-5 devstack@placement-api.service[94455]: INFO placement.requestlog [req-85fae1e2-c4ba-4edc-8484-6071e453a66e req-9e269026-a543-4106-9788-bb0026b333d0 service placement] 10.222.0.77 "PUT /placement/allocations/dabc5c2c-66a4-4180-8266-8cc5490f5723" status: 204 len: 0 microversion: 1.36
Jul 16 01:18:41.809428 n-d-798930-5 devstack@placement-api.service[94455]: [pid: 94455|app: 0|req: 121/243] 10.222.0.77 () {64 vars in 1434 bytes} [Fri Jul 16 01:18:41 2021] PUT /placement/allocations/dabc5c2c-66a4-4180-8266-8cc5490f5723 => generated 0 bytes in 183 msecs (HTTP/1.1 204) 5 headers in 199 bytes (2 switches on core 0)
Jul 16 01:18:41.949777 n-d-798930-5 devstack@placement-api.service[94456]: DEBUG placement.requestlog [req-25eaf7c6-997f-43a3-a95d-2cb63ac13446 req-2ea4684b-ceb5-42d0-ae37-80c495d12819 None None] Starting request: 10.222.0.83 "GET /placement/allocations/0ca2dd3c-95c4-4f8d-9b9b-8a3a383587a9" {{(pid=94456) __call__ /opt/stack/placement/placement/requestlog.py:55}}
Jul 16 01:18:42.073049 n-d-798930-5 devstack@placement-api.service[94456]: INFO placement.requestlog [req-25eaf7c6-997f-43a3-a95d-2cb63ac13446 req-2ea4684b-ceb5-42d0-ae37-80c495d12819 service placement] 10.222.0.83 "GET /placement/allocations/0ca2dd3c-95c4-4f8d-9b9b-8a3a383587a9" status: 200 len: 259 microversion: 1.28
Jul 16 01:18:42.078494 n-d-798930-5 devstack@placement-api.service[94456]: [pid: 94456|app: 0|req: 123/244] 10.222.0.83 () {60 vars in 1378 bytes} [Fri Jul 16 01:18:41 2021] GET /placement/allocations/0ca2dd3c-95c4-4f8d-9b9b-8a3a383587a9 => generated 259 bytes in 129 msecs (HTTP/1.1 200) 8 headers in 296 bytes (1 switches on core 0)
Jul 16 01:18:42.099671 n-d-798930-5 devstack@placement-api.service[94455]: DEBUG placement.requestlog [req-25eaf7c6-997f-43a3-a95d-2cb63ac13446 req-c6c465fb-1ccb-4854-86e2-47ddab93bf1e None None] Starting request: 10.222.0.83 "PUT /placement/allocations/0ca2dd3c-95c4-4f8d-9b9b-8a3a383587a9" {{(pid=94455) __call__ /opt/stack/placement/placement/requestlog.py:55}}
Jul 16 01:18:42.196296 n-d-798930-5 devstack@placement-api.service[94455]: DEBUG placement.handlers.allocation [req-25eaf7c6-997f-43a3-a95d-2cb63ac13446 req-c6c465fb-1ccb-4854-86e2-47ddab93bf1e service placement] Successfully wrote allocations [, , ] {{(pid=94455) _create_allocations /opt/stack/placement/placement/handlers/allocation.py:435}}
Jul 16 01:18:42.197432 n-d-798930-5 devstack@placement-api.service[94455]: INFO placement.requestlog [req-25eaf7c6-997f-43a3-a95d-2cb63ac13446 req-c6c465fb-1ccb-4854-86e2-47ddab93bf1e service placement] 10.222.0.83 "PUT /placement/allocations/0ca2dd3c-95c4-4f8d-9b9b-8a3a383587a9" status: 204 len: 0 microversion: 1.28
Jul 16 01:18:42.198247 n-d-798930-5 devstack@placement-api.service[94455]: [pid: 94455|app: 0|req: 122/245] 10.222.0.83 () {64 vars in 1431 bytes} [Fri Jul 16 01:18:42 2021] PUT /placement/allocations/0ca2dd3c-95c4-4f8d-9b9b-8a3a383587a9 => generated 0 bytes in 99 msecs (HTTP/1.1 204) 5 headers in 199 bytes (1 switches on core 0)
Jul 16 01:18:43.071783 n-d-798930-5 devstack@placement-api.service[94456]: DEBUG placement.requestlog [req-85fae1e2-c4ba-4edc-8484-6071e453a66e req-486244d8-c9f1-453c-a3b9-1fbbb2ea2548 None None] Starting request: 10.222.0.79 "GET /placement/allocations/dabc5c2c-66a4-4180-8266-8cc5490f5723" {{(pid=94456) __call__ /opt/stack/placement/placement/requestlog.py:55}}
Jul 16 01:18:43.112003 n-d-798930-5 devstack@placement-api.service[94456]: INFO placement.requestlog [req-85fae1e2-c4ba-4edc-8484-6071e453a66e req-486244d8-c9f1-453c-a3b9-1fbbb2ea2548 service placement] 10.222.0.79 "GET /placement/allocations/dabc5c2c-66a4-4180-8266-8cc5490f5723" status: 200 len: 259 microversion: 1.28
Jul 16 01:18:43.113729 n-d-798930-5 devstack@placement-api.service[94456]: [pid: 94456|app: 0|req: 124/246] 10.222.0.79 () {60 vars in 1378 bytes} [Fri Jul 16 01:18:43 2021] GET /placement/allocations/dabc5c2c-66a4-4180-8266-8cc5490f5723 => generated 259 bytes in 42 msecs (HTTP/1.1 200) 8 headers in 296 bytes (1 switches on core 0)
