Jul 09 16:09:07.925501 n-d-798930-3 neutron-server[93958]: DEBUG neutron_lib.callbacks.manager [None req-550fed96-bdcb-4c0c-a2e8-510f50207085 admin admin] Notify callbacks [] for security_group, before_create {{(pid=93958) _notify_loop /usr/local/lib/python3.8/dist-packages/neutron_lib/callbacks/manager.py:192}}
Jul 09 16:09:08.066207 n-d-798930-3 neutron-server[93960]: DEBUG neutron.db.provisioning_blocks [None req-b2dfa05f-b849-4076-a6b8-fbbe9a5d8fe6 None None] Provisioning for port 6b06f06c-c528-4e6a-bd3c-94a85a5fbdee completed by entity L2. {{(pid=93960) provisioning_complete /opt/stack/neutron/neutron/db/provisioning_blocks.py:133}}
Jul 09 16:09:08.079477 n-d-798930-3 neutron-server[93960]: DEBUG neutron.db.provisioning_blocks [None req-b2dfa05f-b849-4076-a6b8-fbbe9a5d8fe6 None None] Provisioning complete for port 6b06f06c-c528-4e6a-bd3c-94a85a5fbdee triggered by entity L2. {{(pid=93960) provisioning_complete /opt/stack/neutron/neutron/db/provisioning_blocks.py:139}}
Jul 09 16:09:08.079855 n-d-798930-3 neutron-server[93960]: DEBUG neutron_lib.callbacks.manager [None req-b2dfa05f-b849-4076-a6b8-fbbe9a5d8fe6 None None] Notify callbacks ['neutron.plugins.ml2.plugin.Ml2Plugin._port_provisioned-1385545'] for port, provisioning_complete {{(pid=93960) _notify_loop /usr/local/lib/python3.8/dist-packages/neutron_lib/callbacks/manager.py:192}}
Jul 09 16:09:08.097104 n-d-798930-3 neutron-server[93958]: DEBUG neutron_lib.callbacks.manager [None req-550fed96-bdcb-4c0c-a2e8-510f50207085 admin admin] Notify callbacks [] for security_group, precommit_create {{(pid=93958) _notify_loop /usr/local/lib/python3.8/dist-packages/neutron_lib/callbacks/manager.py:192}}
Jul 09 16:09:08.104602 n-d-798930-3 neutron-server[93958]: DEBUG neutron_lib.callbacks.manager [None req-550fed96-bdcb-4c0c-a2e8-510f50207085 admin admin] Notify callbacks ['neutron.plugins.ml2.ovo_rpc._ObjectChangeHandler.handle_payload_event-1775688'] for security_group, after_create {{(pid=93958) _notify_loop /usr/local/lib/python3.8/dist-packages/neutron_lib/callbacks/manager.py:192}}
Jul 09 16:09:08.159656 n-d-798930-3 neutron-server[93958]: DEBUG neutron.api.rpc.handlers.resources_rpc [None req-550fed96-bdcb-4c0c-a2e8-510f50207085 admin admin] Pushing event updated for resources: {'SecurityGroup': ['ID=46335987-2499-4128-94a2-912a6036c044,revision_number=1']} {{(pid=93958) push /opt/stack/neutron/neutron/api/rpc/handlers/resources_rpc.py:237}}
Jul 09 16:09:08.199975 n-d-798930-3 neutron-server[93959]: DEBUG neutron.scheduler.l3_agent_scheduler [None req-0df91b5c-6a69-4bb2-8e45-f75e0c43abfd admin admin] Router 33f481ab-d0c0-4daa-bb4f-07ccb207870f is scheduled to L3 agent 4aecc75c-ea60-4e94-b45c-fa7ad6af28ff with binding_index 1 {{(pid=93959) bind_router /opt/stack/neutron/neutron/scheduler/l3_agent_scheduler.py:210}}
Jul 09 16:09:08.206309 n-d-798930-3 neutron-server[93958]: INFO neutron.wsgi [None req-550fed96-bdcb-4c0c-a2e8-510f50207085 admin admin] 10.222.0.98 "GET /v2.0/security-groups?tenant_id=97ee9a5f52634b5d924531cfe5d18fd2&name=default HTTP/1.1" status: 200 len: 2975 time: 0.7218001
Jul 09 16:09:08.207703 n-d-798930-3 neutron-server[93958]: DEBUG neutron.wsgi [-] (93958) accepted ('10.222.0.98', 44698) {{(pid=93958) server /usr/local/lib/python3.8/dist-packages/eventlet/wsgi.py:982}}
Jul 09 16:09:08.231118 n-d-798930-3 neutron-server[93960]: DEBUG neutron_lib.callbacks.manager [None req-b2dfa05f-b849-4076-a6b8-fbbe9a5d8fe6 None None] Notify callbacks ['neutron.plugins.ml2.plugin.SecurityGroupDbMixin._ensure_default_security_group_handler-777174'] for port, before_update {{(pid=93960) _notify_loop /usr/local/lib/python3.8/dist-packages/neutron_lib/callbacks/manager.py:192}}
Jul 09 16:09:08.314058 n-d-798930-3 neutron-server[93960]: DEBUG neutron.plugins.ml2.db [None req-b2dfa05f-b849-4076-a6b8-fbbe9a5d8fe6 None None] For port 6b06f06c-c528-4e6a-bd3c-94a85a5fbdee, host n-d-798930-3, got binding levels [PortBindingLevel(driver='openvswitch',host='n-d-798930-3',level=0,port_id=6b06f06c-c528-4e6a-bd3c-94a85a5fbdee,segment=NetworkSegment(b32a47a8-020a-4928-8231-ed69fc73c847),segment_id=b32a47a8-020a-4928-8231-ed69fc73c847)] {{(pid=93960) get_binding_level_objs /opt/stack/neutron/neutron/plugins/ml2/db.py:74}}
Jul 09 16:09:08.322821 n-d-798930-3 neutron-server[93960]: DEBUG neutron_lib.callbacks.manager [None req-b2dfa05f-b849-4076-a6b8-fbbe9a5d8fe6 None None] Notify callbacks ['neutron.plugins.ml2.plugin.SecurityGroupServerNotifierRpcMixin.notify_sg_on_port_change-776714', 'neutron.plugins.ml2.ovo_rpc._ObjectChangeHandler.handle_event-2029296', 'neutron.api.rpc.agentnotifiers.dhcp_rpc_agent_api.DhcpAgentNotifyAPI._native_event_send_dhcp_notification-1581230', 'neutron.db.l3_db.L3RpcNotifierMixin._notify_gateway_port_ip_changed-8777622262559', 'neutron.db.l3_dvrscheduler_db._notify_l3_agent_port_update-8777621953518', 'neutron.db.l3_hascheduler_db._notify_l3_agent_ha_port_update-8777621954847'] for port, after_update {{(pid=93960) _notify_loop /usr/local/lib/python3.8/dist-packages/neutron_lib/callbacks/manager.py:192}}
Jul 09 16:09:08.328474 n-d-798930-3 neutron-server[93958]: DEBUG neutron_lib.callbacks.manager [None req-f2168b62-a46a-42f4-bc02-1c34552fdebf admin admin] Notify callbacks [] for security_group, before_delete {{(pid=93958) _notify_loop /usr/local/lib/python3.8/dist-packages/neutron_lib/callbacks/manager.py:192}}
Jul 09 16:09:08.376395 n-d-798930-3 neutron-server[93959]: DEBUG neutron.api.rpc.agentnotifiers.l3_rpc_agent_api [None req-0df91b5c-6a69-4bb2-8e45-f75e0c43abfd admin admin] Notify agent at l3_agent.n-d-798930-3 the message routers_updated {{(pid=93959) _agent_notification /opt/stack/neutron/neutron/api/rpc/agentnotifiers/l3_rpc_agent_api.py:65}}
Jul 09 16:09:08.387259 n-d-798930-3 neutron-server[93961]: DEBUG neutron.api.rpc.handlers.l3_rpc [None req-f89383d2-6589-480b-a4ad-eb9c8c6536e2 None None] Sync routers for ids ['33f481ab-d0c0-4daa-bb4f-07ccb207870f'] in n-d-798930-3 {{(pid=93961) sync_routers /opt/stack/neutron/neutron/api/rpc/handlers/l3_rpc.py:125}}
Jul 09 16:09:08.402722 n-d-798930-3 neutron-server[93958]: DEBUG neutron_lib.callbacks.manager [None req-f2168b62-a46a-42f4-bc02-1c34552fdebf admin admin] Notify callbacks [] for security_group, precommit_delete {{(pid=93958) _notify_loop /usr/local/lib/python3.8/dist-packages/neutron_lib/callbacks/manager.py:192}}
Jul 09 16:09:08.405048 n-d-798930-3 neutron-server[93961]: DEBUG neutron.db.l3_dvrscheduler_db [None req-f89383d2-6589-480b-a4ad-eb9c8c6536e2 None None] Routers {'33f481ab-d0c0-4daa-bb4f-07ccb207870f'} bound to L3 agent in host n-d-798930-3 {{(pid=93961) _get_router_ids_for_agent /opt/stack/neutron/neutron/db/l3_dvrscheduler_db.py:420}}
Jul 09 16:09:08.405668 n-d-798930-3 neutron-server[93960]: DEBUG neutron.api.rpc.handlers.resources_rpc [None req-b2dfa05f-b849-4076-a6b8-fbbe9a5d8fe6 None None] Pushing event updated for resources: {'Port': ['ID=6b06f06c-c528-4e6a-bd3c-94a85a5fbdee,revision_number=3']} {{(pid=93960) push /opt/stack/neutron/neutron/api/rpc/handlers/resources_rpc.py:237}}
Jul 09 16:09:08.406236 n-d-798930-3 neutron-server[93959]: DEBUG neutron_lib.callbacks.manager [None req-0df91b5c-6a69-4bb2-8e45-f75e0c43abfd admin admin] Notify callbacks [] for router, before_response {{(pid=93959) _notify_loop /usr/local/lib/python3.8/dist-packages/neutron_lib/callbacks/manager.py:192}}
Jul 09 16:09:08.406836 n-d-798930-3 neutron-server[93961]: DEBUG neutron.db.l3_hamode_db [None req-f89383d2-6589-480b-a4ad-eb9c8c6536e2 None None] neutron.services.l3_router.l3_router_plugin.L3RouterPlugin method get_ha_sync_data_for_host called with arguments (, 'n-d-798930-3', Agent(admin_state_up=True,agent_type='L3 agent',availability_zone='nova',binary='neutron-l3-agent',configurations={"agent_mode": "legacy", "ex_gw_ports": 1, "extensions": [], "floating_ips": 0, "handle_internal_only_routers": true, "interface_driver": "openvswitch", "interfaces": 1, "log_agent_heartbeats": false, "routers": 1},created_at=2021-07-09T15:58:55Z,description=,heartbeat_timestamp=2021-07-09T16:08:55Z,host='n-d-798930-3',id=4aecc75c-ea60-4e94-b45c-fa7ad6af28ff,load=0,resource_versions=,resources_synced=,started_at=2021-07-09T15:58:55Z,topic='l3_agent')) {'router_ids': ['33f481ab-d0c0-4daa-bb4f-07ccb207870f'], 'active': True} {{(pid=93961) wrapper /usr/local/lib/python3.8/dist-packages/oslo_log/helpers.py:65}}
Jul 09 16:09:08.408094 n-d-798930-3 neutron-server[93959]: INFO neutron.wsgi [None req-0df91b5c-6a69-4bb2-8e45-f75e0c43abfd admin admin] 10.222.0.98 "POST /v2.0/routers HTTP/1.1" status: 201 len: 936 time: 3.0018969
Jul 09 16:09:08.410499 n-d-798930-3 neutron-server[93958]: DEBUG neutron.wsgi [-] (93958) accepted ('10.222.0.98', 44708) {{(pid=93958) server /usr/local/lib/python3.8/dist-packages/eventlet/wsgi.py:982}}
Jul 09 16:09:08.469527 n-d-798930-3 neutron-server[93959]: DEBUG neutron.wsgi [-] (93959) accepted ('10.222.0.98', 44710) {{(pid=93959) server /usr/local/lib/python3.8/dist-packages/eventlet/wsgi.py:982}}
Jul 09 16:09:08.519290 n-d-798930-3 neutron-server[93960]: DEBUG neutron.db.provisioning_blocks [None req-d9b890c9-743b-4b02-94b0-c731bb20092e None None] Provisioning complete for port 6b06f06c-c528-4e6a-bd3c-94a85a5fbdee triggered by entity DHCP. {{(pid=93960) provisioning_complete /opt/stack/neutron/neutron/db/provisioning_blocks.py:139}}
Jul 09 16:09:08.519707 n-d-798930-3 neutron-server[93960]: DEBUG neutron_lib.callbacks.manager [None req-d9b890c9-743b-4b02-94b0-c731bb20092e None None] Notify callbacks ['neutron.plugins.ml2.plugin.Ml2Plugin._port_provisioned-1385545'] for port, provisioning_complete {{(pid=93960) _notify_loop /usr/local/lib/python3.8/dist-packages/neutron_lib/callbacks/manager.py:192}}
Jul 09 16:09:08.592129 n-d-798930-3 neutron-server[93961]: DEBUG neutron.db.l3_dvr_db [None req-f89383d2-6589-480b-a4ad-eb9c8c6536e2 None None] Set router 33f481ab-d0c0-4daa-bb4f-07ccb207870f gateway port host: n-d-798930-3 {{(pid=93961) _build_routers_list /opt/stack/neutron/neutron/db/l3_dvr_db.py:894}}
Jul 09 16:09:08.619303 n-d-798930-3 neutron-server[93958]: DEBUG neutron_lib.callbacks.manager [None req-f2168b62-a46a-42f4-bc02-1c34552fdebf admin admin] Notify callbacks ['neutron.plugins.ml2.ovo_rpc._ObjectChangeHandler.handle_payload_event-1775688'] for security_group, after_delete {{(pid=93958) _notify_loop /usr/local/lib/python3.8/dist-packages/neutron_lib/callbacks/manager.py:192}}
Jul 09 16:09:08.622657 n-d-798930-3 neutron-server[93958]: DEBUG neutron_lib.callbacks.manager [None req-f2168b62-a46a-42f4-bc02-1c34552fdebf admin admin] Notify callbacks [] for security_group, before_response {{(pid=93958) _notify_loop /usr/local/lib/python3.8/dist-packages/neutron_lib/callbacks/manager.py:192}}
Jul 09 16:09:08.626799 n-d-798930-3 neutron-server[93958]: INFO neutron.wsgi [None req-f2168b62-a46a-42f4-bc02-1c34552fdebf admin admin] 10.222.0.98 "DELETE /v2.0/security-groups/46335987-2499-4128-94a2-912a6036c044 HTTP/1.1" status: 204 len: 168 time: 0.4161983
Jul 09 16:09:08.637047 n-d-798930-3 neutron-server[93958]: DEBUG neutron.api.rpc.handlers.resources_rpc [None req-f2168b62-a46a-42f4-bc02-1c34552fdebf admin admin] Pushing event deleted for resources: {'SecurityGroup': ['ID=46335987-2499-4128-94a2-912a6036c044,revision_number=None']} {{(pid=93958) push /opt/stack/neutron/neutron/api/rpc/handlers/resources_rpc.py:237}}
Jul 09 16:09:08.722039 n-d-798930-3 neutron-server[93959]: DEBUG neutron_lib.callbacks.manager [None req-3cef2209-f634-4202-8c00-d5ecaead6de9 admin admin] Notify callbacks [] for security_group, before_create {{(pid=93959) _notify_loop /usr/local/lib/python3.8/dist-packages/neutron_lib/callbacks/manager.py:192}}
Jul 09 16:09:08.911561 n-d-798930-3 neutron-server[93959]: DEBUG neutron_lib.callbacks.manager [None req-3cef2209-f634-4202-8c00-d5ecaead6de9 admin admin] Notify callbacks [] for security_group, precommit_create {{(pid=93959) _notify_loop /usr/local/lib/python3.8/dist-packages/neutron_lib/callbacks/manager.py:192}}
Jul 09 16:09:08.918561 n-d-798930-3 neutron-server[93959]: DEBUG neutron_lib.callbacks.manager [None req-3cef2209-f634-4202-8c00-d5ecaead6de9 admin admin] Notify callbacks ['neutron.plugins.ml2.ovo_rpc._ObjectChangeHandler.handle_payload_event-1775688'] for security_group, after_create {{(pid=93959) _notify_loop /usr/local/lib/python3.8/dist-packages/neutron_lib/callbacks/manager.py:192}}
Jul 09 16:09:08.940559 n-d-798930-3 neutron-server[93961]: DEBUG neutron.db.l3_hamode_db [None req-f89383d2-6589-480b-a4ad-eb9c8c6536e2 None None] neutron.services.l3_router.l3_router_plugin.L3RouterPlugin method _process_sync_ha_data called with arguments (, [{'id': '33f481ab-d0c0-4daa-bb4f-07ccb207870f', 'name': 'tempest-ServersWithSpecificFlavorTestJSON-1555507325-router', 'tenant_id': 'cc4dc2313b5c41388daec8e5a4533d66', 'admin_state_up': True, 'status': 'ACTIVE', 'external_gateway_info': {'network_id': 'caa6ed8d-2893-4113-8f68-c5284e694f6c', 'external_fixed_ips': [{'subnet_id': '09763788-efd6-4c32-90f4-3f3730281b5b', 'ip_address': '172.25.0.190'}], 'enable_snat': True}, 'gw_port_id': '6b75535c-ea63-413d-88df-67b7b475953f', 'description': '', 'availability_zones': ['nova'], 'distributed': False, 'ha': False, 'ha_vr_id': 0, 'availability_zone_hints': [], 'routes': [], 'flavor_id': None, 'tags': [], 'created_at': '2021-07-09T16:09:05Z', 'updated_at': '2021-07-09T16:09:07Z', 'revision_number': 3, 'project_id': 'cc4dc2313b5c41388daec8e5a4533d66', 'gw_port': {'id': '6b75535c-ea63-413d-88df-67b7b475953f', 'name': '', 'network_id': 'caa6ed8d-2893-4113-8f68-c5284e694f6c', 'tenant_id': '', 'mac_address': 'fa:16:3e:46:d2:86', 'admin_state_up': True, 'status': 'DOWN', 'device_id': '33f481ab-d0c0-4daa-bb4f-07ccb207870f', 'device_owner': 'network:router_gateway', 'standard_attr_id': 46, 'fixed_ips': [{'subnet_id': '09763788-efd6-4c32-90f4-3f3730281b5b', 'ip_address': '172.25.0.190', 'prefixlen': 24}], 'allowed_address_pairs': [], 'extra_dhcp_opts': [], 'security_groups': [], 'description': '', 'binding:vnic_type': 'normal', 'binding:profile': {}, 'binding:host_id': '', 'binding:vif_type': 'unbound', 'binding:vif_details': {}, 'port_security_enabled': False, 'tags': [], 'created_at': '2021-07-09T16:09:06Z', 'updated_at': '2021-07-09T16:09:06Z', 'revision_number': 1, 'project_id': '', 'subnets': [{'id': '09763788-efd6-4c32-90f4-3f3730281b5b', 'cidr': '172.25.0.0/24', 'gateway_ip': '172.25.0.1', 'dns_nameservers': [], 'ipv6_ra_mode': None, 'subnetpool_id': None}], 'extra_subnets': [], 'address_scopes': {4: None, 6: None}, 'mtu': 1500}, 'enable_snat': True, 'gw_port_host': 'n-d-798930-3'}], 'n-d-798930-3', False) {} {{(pid=93961) wrapper /usr/local/lib/python3.8/dist-packages/oslo_log/helpers.py:65}}
Jul 09 16:09:08.981938 n-d-798930-3 neutron-server[93961]: DEBUG neutron.api.rpc.handlers.l3_rpc [None req-f89383d2-6589-480b-a4ad-eb9c8c6536e2 None None] Checking router: 33f481ab-d0c0-4daa-bb4f-07ccb207870f for host: n-d-798930-3 {{(pid=93961) _ensure_host_set_on_ports /opt/stack/neutron/neutron/api/rpc/handlers/l3_rpc.py:155}}
Jul 09 16:09:08.988447 n-d-798930-3 neutron-server[93961]: DEBUG neutron.api.rpc.handlers.l3_rpc [None req-f89383d2-6589-480b-a4ad-eb9c8c6536e2 None None] Updating router 33f481ab-d0c0-4daa-bb4f-07ccb207870f port 6b75535c-ea63-413d-88df-67b7b475953f binding host n-d-798930-3 {{(pid=93961) _ensure_host_set_on_port /opt/stack/neutron/neutron/api/rpc/handlers/l3_rpc.py:205}}
Jul 09 16:09:08.995535 n-d-798930-3 neutron-server[93959]: INFO neutron.wsgi [None req-3cef2209-f634-4202-8c00-d5ecaead6de9 admin admin] 10.222.0.98 "GET /v2.0/security-groups?tenant_id=335af4a6ad1d4c8d820aab9b8643ef3d&name=default HTTP/1.1" status: 200 len: 2975 time: 0.5246227
Jul 09 16:09:08.997285 n-d-798930-3 neutron-server[93959]: DEBUG neutron.api.rpc.handlers.resources_rpc [None req-3cef2209-f634-4202-8c00-d5ecaead6de9 admin admin] Pushing event updated for resources: {'SecurityGroup': ['ID=b7416013-b236-42c3-a876-4eddf48af834,revision_number=1']} {{(pid=93959) push /opt/stack/neutron/neutron/api/rpc/handlers/resources_rpc.py:237}}
Jul 09 16:09:09.002280 n-d-798930-3 neutron-server[93959]: DEBUG neutron.wsgi [-] (93959) accepted ('10.222.0.98', 44748) {{(pid=93959) server /usr/local/lib/python3.8/dist-packages/eventlet/wsgi.py:982}}
Jul 09 16:09:09.063942 n-d-798930-3 neutron-server[93961]: DEBUG neutron_lib.callbacks.manager [None req-f89383d2-6589-480b-a4ad-eb9c8c6536e2 None None] Notify callbacks ['neutron.plugins.ml2.plugin.SecurityGroupDbMixin._ensure_default_security_group_handler-777174'] for port, before_update {{(pid=93961) _notify_loop /usr/local/lib/python3.8/dist-packages/neutron_lib/callbacks/manager.py:192}}
Jul 09 16:09:09.097954 n-d-798930-3 neutron-server[93959]: DEBUG neutron_lib.callbacks.manager [None req-c56401a0-5b3e-4afa-96ea-2b6e6bf5a99c admin admin] Notify callbacks [] for security_group, before_delete {{(pid=93959) _notify_loop /usr/local/lib/python3.8/dist-packages/neutron_lib/callbacks/manager.py:192}}
Jul 09 16:09:09.104085 n-d-798930-3 neutron-server[93958]: DEBUG neutron_lib.callbacks.manager [None req-908a948f-f887-453b-ab16-b0531993e3e9 admin admin] Notify callbacks ['neutron.plugins.ml2.plugin.SecurityGroupDbMixin._ensure_default_security_group_handler-777174'] for port, before_create {{(pid=93958) _notify_loop /usr/local/lib/python3.8/dist-packages/neutron_lib/callbacks/manager.py:192}}
Jul 09 16:09:09.139098 n-d-798930-3 neutron-server[93959]: DEBUG neutron_lib.callbacks.manager [None req-c56401a0-5b3e-4afa-96ea-2b6e6bf5a99c admin admin] Notify callbacks [] for security_group, precommit_delete {{(pid=93959) _notify_loop /usr/local/lib/python3.8/dist-packages/neutron_lib/callbacks/manager.py:192}}
Jul 09 16:09:09.198357 n-d-798930-3 neutron-server[93959]: DEBUG neutron_lib.callbacks.manager [None req-c56401a0-5b3e-4afa-96ea-2b6e6bf5a99c admin admin] Notify callbacks ['neutron.plugins.ml2.ovo_rpc._ObjectChangeHandler.handle_payload_event-1775688'] for security_group, after_delete {{(pid=93959) _notify_loop /usr/local/lib/python3.8/dist-packages/neutron_lib/callbacks/manager.py:192}}
Jul 09 16:09:09.200971 n-d-798930-3 neutron-server[93959]: DEBUG neutron_lib.callbacks.manager [None req-c56401a0-5b3e-4afa-96ea-2b6e6bf5a99c admin admin] Notify callbacks [] for security_group, before_response {{(pid=93959) _notify_loop /usr/local/lib/python3.8/dist-packages/neutron_lib/callbacks/manager.py:192}}
Jul 09 16:09:09.207900 n-d-798930-3 neutron-server[93959]: INFO neutron.wsgi [None req-c56401a0-5b3e-4afa-96ea-2b6e6bf5a99c admin admin] 10.222.0.98 "DELETE /v2.0/security-groups/b7416013-b236-42c3-a876-4eddf48af834 HTTP/1.1" status: 204 len: 168 time: 0.2044628
Jul 09 16:09:09.231420 n-d-798930-3 neutron-server[93959]: DEBUG neutron.wsgi [-] (93959) accepted ('10.222.0.98', 44756) {{(pid=93959) server /usr/local/lib/python3.8/dist-packages/eventlet/wsgi.py:982}}
Jul 09 16:09:09.250194 n-d-798930-3 neutron-server[93959]: DEBUG neutron.api.rpc.handlers.resources_rpc [None req-c56401a0-5b3e-4afa-96ea-2b6e6bf5a99c admin admin] Pushing event deleted for resources: {'SecurityGroup': ['ID=b7416013-b236-42c3-a876-4eddf48af834,revision_number=None']} {{(pid=93959) push /opt/stack/neutron/neutron/api/rpc/handlers/resources_rpc.py:237}}
Jul 09 16:09:09.265185 n-d-798930-3 neutron-server[93959]: DEBUG neutron_lib.callbacks.manager [None req-512e7075-911f-4cb0-ac63-0128192e4bdb admin admin] Notify callbacks [] for security_group, before_create {{(pid=93959) _notify_loop /usr/local/lib/python3.8/dist-packages/neutron_lib/callbacks/manager.py:192}}
Jul 09 16:09:09.323605 n-d-798930-3 neutron-server[93958]: DEBUG neutron.db.db_base_plugin_common [None req-908a948f-f887-453b-ab16-b0531993e3e9 admin admin] Allocated IP 172.20.0.1 (bb5eedc8-9794-43ab-9159-e84889255689/9652b0cc-4dd5-4837-9b58-222aefe9d108/c53a8e13-d3a7-4bae-88bc-bb17c30e4942) {{(pid=93958) _store_ip_allocation /opt/stack/neutron/neutron/db/db_base_plugin_common.py:131}}
Jul 09 16:09:09.411838 n-d-798930-3 neutron-server[93959]: DEBUG neutron_lib.callbacks.manager [None req-512e7075-911f-4cb0-ac63-0128192e4bdb admin admin] Notify callbacks [] for security_group, precommit_create {{(pid=93959) _notify_loop /usr/local/lib/python3.8/dist-packages/neutron_lib/callbacks/manager.py:192}}
Jul 09 16:09:09.420341 n-d-798930-3 neutron-server[93959]: DEBUG neutron_lib.callbacks.manager [None req-512e7075-911f-4cb0-ac63-0128192e4bdb admin admin] Notify callbacks ['neutron.plugins.ml2.ovo_rpc._ObjectChangeHandler.handle_payload_event-1775688'] for security_group, after_create {{(pid=93959) _notify_loop /usr/local/lib/python3.8/dist-packages/neutron_lib/callbacks/manager.py:192}}
Jul 09 16:09:09.474783 n-d-798930-3 neutron-server[93961]: DEBUG neutron_lib.callbacks.manager [None req-f89383d2-6589-480b-a4ad-eb9c8c6536e2 None None] Notify callbacks [] for port, precommit_update {{(pid=93961) _notify_loop /usr/local/lib/python3.8/dist-packages/neutron_lib/callbacks/manager.py:192}}
Jul 09 16:09:09.478360 n-d-798930-3 neutron-server[93959]: INFO neutron.wsgi [None req-512e7075-911f-4cb0-ac63-0128192e4bdb admin admin] 10.222.0.98 "GET /v2.0/security-groups?tenant_id=d909428a14ad42fd95f3f4962d06c50d&name=default HTTP/1.1" status: 200 len: 2975 time: 0.2428319
Jul 09 16:09:09.480380 n-d-798930-3 neutron-server[93959]: DEBUG neutron.api.rpc.handlers.resources_rpc [None req-512e7075-911f-4cb0-ac63-0128192e4bdb admin admin] Pushing event updated for resources: {'SecurityGroup': ['ID=be401d87-0bee-4fbc-88de-aaceb67dcd97,revision_number=1']} {{(pid=93959) push /opt/stack/neutron/neutron/api/rpc/handlers/resources_rpc.py:237}}
Jul 09 16:09:09.490125 n-d-798930-3 neutron-server[93959]: DEBUG neutron.wsgi [-] (93959) accepted ('10.222.0.98', 44760) {{(pid=93959) server /usr/local/lib/python3.8/dist-packages/eventlet/wsgi.py:982}}
Jul 09 16:09:09.501184 n-d-798930-3 neutron-server[93961]: DEBUG neutron.db.provisioning_blocks [None req-f89383d2-6589-480b-a4ad-eb9c8c6536e2 None None] Transition to ACTIVE for port object 6b75535c-ea63-413d-88df-67b7b475953f will not be triggered until provisioned by entity L2. {{(pid=93961) add_provisioning_component /opt/stack/neutron/neutron/db/provisioning_blocks.py:73}}
Jul 09 16:09:09.511072 n-d-798930-3 neutron-server[93961]: DEBUG neutron_lib.callbacks.manager [None req-f89383d2-6589-480b-a4ad-eb9c8c6536e2 None None] Notify callbacks ['neutron.plugins.ml2.plugin.SecurityGroupServerNotifierRpcMixin.notify_sg_on_port_change-776714', 'neutron.plugins.ml2.ovo_rpc._ObjectChangeHandler.handle_event-2029296', 'neutron.api.rpc.agentnotifiers.dhcp_rpc_agent_api.DhcpAgentNotifyAPI._native_event_send_dhcp_notification-1581230', 'neutron.db.l3_db.L3RpcNotifierMixin._notify_gateway_port_ip_changed-8777622262559', 'neutron.db.l3_dvrscheduler_db._notify_l3_agent_port_update-8777621953518', 'neutron.db.l3_hascheduler_db._notify_l3_agent_ha_port_update-8777621954847'] for port, after_update {{(pid=93961) _notify_loop /usr/local/lib/python3.8/dist-packages/neutron_lib/callbacks/manager.py:192}}
Jul 09 16:09:09.602285 n-d-798930-3 neutron-server[93958]: DEBUG neutron_lib.callbacks.manager [None req-908a948f-f887-453b-ab16-b0531993e3e9 admin admin] Notify callbacks [] for port, precommit_create {{(pid=93958) _notify_loop /usr/local/lib/python3.8/dist-packages/neutron_lib/callbacks/manager.py:192}}
Jul 09 16:09:09.628727 n-d-798930-3 neutron-server[93958]: DEBUG neutron.db.provisioning_blocks [None req-908a948f-f887-453b-ab16-b0531993e3e9 admin admin] Transition to ACTIVE for port object c53a8e13-d3a7-4bae-88bc-bb17c30e4942 will not be triggered until provisioned by entity DHCP. {{(pid=93958) add_provisioning_component /opt/stack/neutron/neutron/db/provisioning_blocks.py:73}}
Jul 09 16:09:09.638156 n-d-798930-3 neutron-server[93961]: DEBUG neutron.api.rpc.handlers.resources_rpc [None req-9957c2cb-ee5a-4e68-87ce-029981df3a3b None None] Pushing event updated for resources: {'Port': ['ID=6b75535c-ea63-413d-88df-67b7b475953f,revision_number=2']} {{(pid=93961) push /opt/stack/neutron/neutron/api/rpc/handlers/resources_rpc.py:237}}
Jul 09 16:09:09.638715 n-d-798930-3 neutron-server[93959]: DEBUG neutron_lib.callbacks.manager [None req-57a03c67-f531-41c6-afcc-4e117069a48f admin admin] Notify callbacks [] for security_group, before_delete {{(pid=93959) _notify_loop /usr/local/lib/python3.8/dist-packages/neutron_lib/callbacks/manager.py:192}}
Jul 09 16:09:09.645502 n-d-798930-3 neutron-server[93961]: DEBUG neutron.plugins.ml2.managers [None req-f89383d2-6589-480b-a4ad-eb9c8c6536e2 None None] Attempting to bind port 6b75535c-ea63-413d-88df-67b7b475953f on host n-d-798930-3 for vnic_type normal with profile {{(pid=93961) bind_port /opt/stack/neutron/neutron/plugins/ml2/managers.py:790}}
Jul 09 16:09:09.645981 n-d-798930-3 neutron-server[93961]: DEBUG neutron.plugins.ml2.managers [None req-f89383d2-6589-480b-a4ad-eb9c8c6536e2 None None] Attempting to bind port 6b75535c-ea63-413d-88df-67b7b475953f by drivers openvswitch,hyperv on host n-d-798930-3 at level 0 using segments [{'id': '75071cd2-df05-4284-b43e-7b235126ec2d', 'network_type': 'flat', 'physical_network': 'physnet1', 'segmentation_id': None, 'network_id': 'caa6ed8d-2893-4113-8f68-c5284e694f6c'}] {{(pid=93961) _bind_port_level /opt/stack/neutron/neutron/plugins/ml2/managers.py:815}}
Jul 09 16:09:09.646230 n-d-798930-3 neutron-server[93961]: DEBUG neutron.plugins.ml2.drivers.mech_agent [None req-f89383d2-6589-480b-a4ad-eb9c8c6536e2 None None] Attempting to bind port 6b75535c-ea63-413d-88df-67b7b475953f on network caa6ed8d-2893-4113-8f68-c5284e694f6c {{(pid=93961) bind_port /opt/stack/neutron/neutron/plugins/ml2/drivers/mech_agent.py:86}}
Jul 09 16:09:09.664630 n-d-798930-3 neutron-server[93961]: DEBUG neutron.api.rpc.callbacks.version_manager [None req-9957c2cb-ee5a-4e68-87ce-029981df3a3b None None] Version for resource type AddressGroup changed None to 1.2 on consumer Open vSwitch agent@n-d-798930-3 {{(pid=93961) _set_version /opt/stack/neutron/neutron/api/rpc/callbacks/version_manager.py:113}}
Jul 09 16:09:09.664980 n-d-798930-3 neutron-server[93961]: DEBUG neutron.api.rpc.callbacks.version_manager [None req-9957c2cb-ee5a-4e68-87ce-029981df3a3b None None] Version for resource type ConntrackHelper changed None to 1.0 on consumer Open vSwitch agent@n-d-798930-3 {{(pid=93961) _set_version /opt/stack/neutron/neutron/api/rpc/callbacks/version_manager.py:113}}
Jul 09 16:09:09.665318 n-d-798930-3 neutron-server[93961]: DEBUG neutron.api.rpc.callbacks.version_manager [None req-9957c2cb-ee5a-4e68-87ce-029981df3a3b None None] Version for resource type Log changed None to 1.0 on consumer Open vSwitch agent@n-d-798930-3 {{(pid=93961) _set_version /opt/stack/neutron/neutron/api/rpc/callbacks/version_manager.py:113}}
Jul 09 16:09:09.665665 n-d-798930-3 neutron-server[93961]: DEBUG neutron.api.rpc.callbacks.version_manager [None req-9957c2cb-ee5a-4e68-87ce-029981df3a3b None None] Version for resource type Network changed None to 1.1 on consumer Open vSwitch agent@n-d-798930-3 {{(pid=93961) _set_version /opt/stack/neutron/neutron/api/rpc/callbacks/version_manager.py:113}}
Jul 09 16:09:09.665972 n-d-798930-3 neutron-server[93961]: DEBUG neutron.api.rpc.callbacks.version_manager [None req-9957c2cb-ee5a-4e68-87ce-029981df3a3b None None] Version for resource type Port changed None to 1.7 on consumer Open vSwitch agent@n-d-798930-3 {{(pid=93961) _set_version /opt/stack/neutron/neutron/api/rpc/callbacks/version_manager.py:113}}
Jul 09 16:09:09.666360 n-d-798930-3 neutron-server[93961]: DEBUG neutron.api.rpc.callbacks.version_manager [None req-9957c2cb-ee5a-4e68-87ce-029981df3a3b None None] Version for resource type PortForwarding changed None to 1.2 on consumer Open vSwitch agent@n-d-798930-3 {{(pid=93961) _set_version /opt/stack/neutron/neutron/api/rpc/callbacks/version_manager.py:113}}
Jul 09 16:09:09.666689 n-d-798930-3 neutron-server[93961]: DEBUG neutron.api.rpc.callbacks.version_manager [None req-9957c2cb-ee5a-4e68-87ce-029981df3a3b None None] Version for resource type QosPolicy changed None to 1.8 on consumer Open vSwitch agent@n-d-798930-3 {{(pid=93961) _set_version /opt/stack/neutron/neutron/api/rpc/callbacks/version_manager.py:113}}
Jul 09 16:09:09.667132 n-d-798930-3 neutron-server[93961]: DEBUG neutron.api.rpc.callbacks.version_manager [None req-9957c2cb-ee5a-4e68-87ce-029981df3a3b None None] Version for resource type SecurityGroup changed None to 1.4 on consumer Open vSwitch agent@n-d-798930-3 {{(pid=93961) _set_version /opt/stack/neutron/neutron/api/rpc/callbacks/version_manager.py:113}}
Jul 09 16:09:09.667506 n-d-798930-3 neutron-server[93961]: DEBUG neutron.api.rpc.callbacks.version_manager [None req-9957c2cb-ee5a-4e68-87ce-029981df3a3b None None] Version for resource type SecurityGroupRule changed None to 1.2 on consumer Open vSwitch agent@n-d-798930-3 {{(pid=93961) _set_version /opt/stack/neutron/neutron/api/rpc/callbacks/version_manager.py:113}}
Jul 09 16:09:09.667811 n-d-798930-3 neutron-server[93961]: DEBUG neutron.api.rpc.callbacks.version_manager [None req-9957c2cb-ee5a-4e68-87ce-029981df3a3b None None] Version for resource type SubPort changed None to 1.0 on consumer Open vSwitch agent@n-d-798930-3 {{(pid=93961) _set_version /opt/stack/neutron/neutron/api/rpc/callbacks/version_manager.py:113}}
Jul 09 16:09:09.668213 n-d-798930-3 neutron-server[93961]: DEBUG neutron.api.rpc.callbacks.version_manager [None req-9957c2cb-ee5a-4e68-87ce-029981df3a3b None None] Version for resource type Subnet changed None to 1.1 on consumer Open vSwitch agent@n-d-798930-3 {{(pid=93961) _set_version /opt/stack/neutron/neutron/api/rpc/callbacks/version_manager.py:113}}
Jul 09 16:09:09.668568 n-d-798930-3 neutron-server[93961]: DEBUG neutron.api.rpc.callbacks.version_manager [None req-9957c2cb-ee5a-4e68-87ce-029981df3a3b None None] Version for resource type Trunk changed None to 1.1 on consumer Open vSwitch agent@n-d-798930-3 {{(pid=93961) _set_version /opt/stack/neutron/neutron/api/rpc/callbacks/version_manager.py:113}}
Jul 09 16:09:09.669870 n-d-798930-3 neutron-server[93961]: DEBUG neutron.api.rpc.callbacks.version_manager [None req-9957c2cb-ee5a-4e68-87ce-029981df3a3b None None] Tracked resource versions report:
Jul 09 16:09:09.669870 n-d-798930-3 neutron-server[93961]: pushed versions:
Jul 09 16:09:09.669870 n-d-798930-3 neutron-server[93961]: { 'AddressGroup': {'1.2'},
Jul 09 16:09:09.669870 n-d-798930-3 neutron-server[93961]: 'ConntrackHelper': {'1.0'},
Jul 09 16:09:09.669870 n-d-798930-3 neutron-server[93961]: 'Log': {'1.0'},
Jul 09 16:09:09.669870 n-d-798930-3 neutron-server[93961]: 'Network': {'1.1'},
Jul 09 16:09:09.669870 n-d-798930-3 neutron-server[93961]: 'Port': {'1.7'},
Jul 09 16:09:09.669870 n-d-798930-3 neutron-server[93961]: 'PortForwarding': {'1.2'},
Jul 09 16:09:09.669870 n-d-798930-3 neutron-server[93961]: 'QosPolicy': {'1.8'},
Jul 09 16:09:09.669870 n-d-798930-3 neutron-server[93961]: 'SecurityGroup': {'1.4'},
Jul 09 16:09:09.669870 n-d-798930-3 neutron-server[93961]: 'SecurityGroupRule': {'1.2'},
Jul 09 16:09:09.669870 n-d-798930-3 neutron-server[93961]: 'SubPort': {'1.0'},
Jul 09 16:09:09.669870 n-d-798930-3 neutron-server[93961]: 'Subnet': {'1.1'},
Jul 09 16:09:09.669870 n-d-798930-3 neutron-server[93961]: 'Trunk': {'1.1'}}
Jul 09 16:09:09.669870 n-d-798930-3 neutron-server[93961]: consumer versions:
Jul 09 16:09:09.669870 n-d-798930-3 neutron-server[93961]: { DHCP agent@n-d-798930-3: {},
Jul 09 16:09:09.669870 n-d-798930-3 neutron-server[93961]: HyperV agent@n-h1-798930-3: {},
Jul 09 16:09:09.669870 n-d-798930-3 neutron-server[93961]: HyperV agent@n-h2-798930-3: {},
Jul 09 16:09:09.669870 n-d-798930-3 neutron-server[93961]: L3 agent@n-d-798930-3: {},
Jul 09 16:09:09.669870 n-d-798930-3 neutron-server[93961]: Metadata agent@n-d-798930-3: {},
Jul 09 16:09:09.669870 n-d-798930-3 neutron-server[93961]: Metering agent@n-d-798930-3: {},
Jul 09 16:09:09.669870 n-d-798930-3 neutron-server[93961]: Open vSwitch agent@n-d-798930-3: { 'AddressGroup': '1.2',
Jul 09 16:09:09.669870 n-d-798930-3 neutron-server[93961]: 'ConntrackHelper': '1.0',
Jul 09 16:09:09.669870 n-d-798930-3 neutron-server[93961]: 'Log': '1.0',
Jul 09 16:09:09.669870 n-d-798930-3 neutron-server[93961]: 'Network': '1.1',
Jul 09 16:09:09.669870 n-d-798930-3 neutron-server[93961]: 'Port': '1.7',
Jul 09 16:09:09.669870 n-d-798930-3 neutron-server[93961]: 'PortForwarding': '1.2',
Jul 09 16:09:09.669870 n-d-798930-3 neutron-server[93961]: 'QosPolicy': '1.8',
Jul 09 16:09:09.669870 n-d-798930-3 neutron-server[93961]: 'SecurityGroup': '1.4',
Jul 09 16:09:09.669870 n-d-798930-3 neutron-server[93961]: 'SecurityGroupRule': '1.2',
Jul 09 16:09:09.669870 n-d-798930-3 neutron-server[93961]: 'SubPort': '1.0',
Jul 09 16:09:09.669870 n-d-798930-3 neutron-server[93961]: 'Subnet': '1.1',
Jul 09 16:09:09.669870 n-d-798930-3 neutron-server[93961]: 'Trunk': '1.1'}}
Jul 09 16:09:09.669870 n-d-798930-3 neutron-server[93961]: {{(pid=93961) report /opt/stack/neutron/neutron/api/rpc/callbacks/version_manager.py:175}}
Jul 09 16:09:09.673486 n-d-798930-3 neutron-server[93961]: DEBUG neutron.plugins.ml2.drivers.mech_agent [None req-f89383d2-6589-480b-a4ad-eb9c8c6536e2 None None] Checking agent: {'id': 'e0918a2c-d9ae-4f9a-baf5-0988ba2dbc0c', 'agent_type': 'Open vSwitch agent', 'binary': 'neutron-openvswitch-agent', 'topic': 'N/A', 'host': 'n-d-798930-3', 'admin_state_up': True, 'created_at': datetime.datetime(2021, 7, 9, 15, 58, 55), 'started_at': datetime.datetime(2021, 7, 9, 15, 59, 25), 'heartbeat_timestamp': datetime.datetime(2021, 7, 9, 16, 8, 55), 'description': None, 'resources_synced': None, 'availability_zone': None, 'alive': True, 'configurations': {'arp_responder_enabled': False, 'baremetal_smartnic': False, 'bridge_mappings': {'physnet1': 'br-data'}, 'datapath_type': 'system', 'devices': 0, 'enable_distributed_routing': False, 'extensions': [], 'in_distributed_mode': False, 'integration_bridge': 'br-int', 'l2_population': False, 'log_agent_heartbeats': False, 'ovs_capabilities': {'datapath_types': ['netdev', 'system'], 'iface_types': ['erspan', 'geneve', 'gre', 'internal', 'ip6erspan', 'ip6gre', 'lisp', 'patch', 'stt', 'system', 'tap', 'vxlan']}, 'ovs_hybrid_plug': False, 'resource_provider_bandwidths': {}, 'resource_provider_hypervisors': {'br-data': 'n-d-798930-3'}, 'resource_provider_inventory_defaults': {'allocation_ratio': 1.0, 'min_unit': 1, 'step_size': 1, 'reserved': 0}, 'tunnel_types': [], 'tunneling_ip': None, 'vhostuser_socket_dir': '/var/run/openvswitch'}, 'resource_versions': {'AddressGroup': '1.2', 'ConntrackHelper': '1.0', 'Log': '1.0', 'Network': '1.1', 'Port': '1.7', 'PortForwarding': '1.2', 'QosPolicy': '1.8', 'SecurityGroup': '1.4', 'SecurityGroupRule': '1.2', 'SubPort': '1.0', 'Subnet': '1.1', 'Trunk': '1.1'}} {{(pid=93961) bind_port /opt/stack/neutron/neutron/plugins/ml2/drivers/mech_agent.py:105}}
Jul 09 16:09:09.673651 n-d-798930-3 neutron-server[93961]: DEBUG neutron.plugins.ml2.drivers.mech_agent [None req-f89383d2-6589-480b-a4ad-eb9c8c6536e2 None None] Checking segment: {'id': '75071cd2-df05-4284-b43e-7b235126ec2d', 'network_type': 'flat', 'physical_network': 'physnet1', 'segmentation_id': None, 'network_id': 'caa6ed8d-2893-4113-8f68-c5284e694f6c'} for mappings: {'physnet1': 'br-data'} with network types: ['local', 'flat', 'vlan'] {{(pid=93961) check_segment_for_agent /opt/stack/neutron/neutron/plugins/ml2/drivers/mech_agent.py:341}}
Jul 09 16:09:09.674046 n-d-798930-3 neutron-server[93961]: DEBUG neutron_lib.callbacks.manager [None req-f89383d2-6589-480b-a4ad-eb9c8c6536e2 None None] Notify callbacks [] for ovs_bridge_name, before_read {{(pid=93961) _notify_loop /usr/local/lib/python3.8/dist-packages/neutron_lib/callbacks/manager.py:192}}
Jul 09 16:09:09.674570 n-d-798930-3 neutron-server[93961]: DEBUG neutron.plugins.ml2.drivers.mech_agent [None req-f89383d2-6589-480b-a4ad-eb9c8c6536e2 None None] Bound using segment: {'id': '75071cd2-df05-4284-b43e-7b235126ec2d', 'network_type': 'flat', 'physical_network': 'physnet1', 'segmentation_id': None, 'network_id': 'caa6ed8d-2893-4113-8f68-c5284e694f6c'} {{(pid=93961) bind_port /opt/stack/neutron/neutron/plugins/ml2/drivers/mech_agent.py:115}}
Jul 09 16:09:09.675264 n-d-798930-3 neutron-server[93961]: DEBUG neutron.plugins.ml2.managers [None req-f89383d2-6589-480b-a4ad-eb9c8c6536e2 None None] Bound port: 6b75535c-ea63-413d-88df-67b7b475953f, host: n-d-798930-3, vif_type: ovs, vif_details: {"connectivity": "l2", "port_filter": true, "ovs_hybrid_plug": false, "datapath_type": "system", "bridge_name": "br-int"}, binding_levels: [{'bound_driver': 'openvswitch', 'bound_segment': {'id': '75071cd2-df05-4284-b43e-7b235126ec2d', 'network_type': 'flat', 'physical_network': 'physnet1', 'segmentation_id': None, 'network_id': 'caa6ed8d-2893-4113-8f68-c5284e694f6c'}}] {{(pid=93961) _bind_port_level /opt/stack/neutron/neutron/plugins/ml2/managers.py:928}}
Jul 09 16:09:09.675561 n-d-798930-3 neutron-server[93961]: DEBUG neutron_lib.callbacks.manager [None req-f89383d2-6589-480b-a4ad-eb9c8c6536e2 None None] Notify callbacks ['neutron.plugins.ml2.plugin.SecurityGroupDbMixin._ensure_default_security_group_handler-777174'] for port, before_update {{(pid=93961) _notify_loop /usr/local/lib/python3.8/dist-packages/neutron_lib/callbacks/manager.py:192}}
Jul 09 16:09:09.678919 n-d-798930-3 neutron-server[93959]: DEBUG neutron_lib.callbacks.manager [None req-57a03c67-f531-41c6-afcc-4e117069a48f admin admin] Notify callbacks [] for security_group, precommit_delete {{(pid=93959) _notify_loop /usr/local/lib/python3.8/dist-packages/neutron_lib/callbacks/manager.py:192}}
Jul 09 16:09:09.684897 n-d-798930-3 neutron-server[93958]: DEBUG neutron_lib.callbacks.manager [None req-908a948f-f887-453b-ab16-b0531993e3e9 admin admin] Notify callbacks ['neutron.plugins.ml2.plugin.SecurityGroupServerNotifierRpcMixin._notify_sg_on_port_after_update-776721', 'neutron.plugins.ml2.ovo_rpc._ObjectChangeHandler.handle_payload_event-2029305', 'neutron.api.rpc.agentnotifiers.dhcp_rpc_agent_api.DhcpAgentNotifyAPI._native_event_send_dhcp_notification_payload-1581217', 'neutron.db.l3_dvrscheduler_db._notify_l3_agent_new_port-8777621953500'] for port, after_create {{(pid=93958) _notify_loop /usr/local/lib/python3.8/dist-packages/neutron_lib/callbacks/manager.py:192}}
Jul 09 16:09:09.707228 n-d-798930-3 neutron-server[93958]: DEBUG neutron.scheduler.dhcp_agent_scheduler [None req-908a948f-f887-453b-ab16-b0531993e3e9 admin admin] Network bb5eedc8-9794-43ab-9159-e84889255689 is already hosted by enough agents. {{(pid=93958) _get_dhcp_agents_hosting_network /opt/stack/neutron/neutron/scheduler/dhcp_agent_scheduler.py:275}}
Jul 09 16:09:09.778320 n-d-798930-3 neutron-server[93959]: DEBUG neutron_lib.callbacks.manager [None req-57a03c67-f531-41c6-afcc-4e117069a48f admin admin] Notify callbacks ['neutron.plugins.ml2.ovo_rpc._ObjectChangeHandler.handle_payload_event-1775688'] for security_group, after_delete {{(pid=93959) _notify_loop /usr/local/lib/python3.8/dist-packages/neutron_lib/callbacks/manager.py:192}}
Jul 09 16:09:09.783884 n-d-798930-3 neutron-server[93959]: DEBUG neutron_lib.callbacks.manager [None req-57a03c67-f531-41c6-afcc-4e117069a48f admin admin] Notify callbacks [] for security_group, before_response {{(pid=93959) _notify_loop /usr/local/lib/python3.8/dist-packages/neutron_lib/callbacks/manager.py:192}}
Jul 09 16:09:09.790278 n-d-798930-3 neutron-server[93959]: INFO neutron.wsgi [None req-57a03c67-f531-41c6-afcc-4e117069a48f admin admin] 10.222.0.98 "DELETE /v2.0/security-groups/be401d87-0bee-4fbc-88de-aaceb67dcd97 HTTP/1.1" status: 204 len: 168 time: 0.2987278
Jul 09 16:09:09.792977 n-d-798930-3 neutron-server[93961]: DEBUG neutron.plugins.ml2.db [None req-f89383d2-6589-480b-a4ad-eb9c8c6536e2 None None] For port 6b75535c-ea63-413d-88df-67b7b475953f, host n-d-798930-3, cleared binding levels {{(pid=93961) clear_binding_levels /opt/stack/neutron/neutron/plugins/ml2/db.py:87}}
Jul 09 16:09:09.795510 n-d-798930-3 neutron-server[93960]: DEBUG neutron_lib.callbacks.manager [None req-fd4a1c0e-3b80-484d-aa85-0a87a52e2472 None None] Notify callbacks ['neutron.services.segments.db._update_segment_host_mapping_for_agent-8777622486595', 'neutron.plugins.ml2.plugin.Ml2Plugin._retry_binding_revived_agents-1385658'] for agent, after_update {{(pid=93960) _notify_loop /usr/local/lib/python3.8/dist-packages/neutron_lib/callbacks/manager.py:192}}
Jul 09 16:09:09.803896 n-d-798930-3 neutron-server[93958]: DEBUG neutron.scheduler.base_scheduler [None req-908a948f-f887-453b-ab16-b0531993e3e9 admin admin] Resources bound (agent type, host, resource id): {{(pid=93958) schedule /opt/stack/neutron/neutron/scheduler/base_scheduler.py:57}}
Jul 09 16:09:09.805785 n-d-798930-3 neutron-server[93961]: DEBUG neutron.plugins.ml2.db [None req-f89383d2-6589-480b-a4ad-eb9c8c6536e2 None None] For port 6b75535c-ea63-413d-88df-67b7b475953f, host n-d-798930-3, set binding levels [PortBindingLevel(driver='openvswitch',host='n-d-798930-3',level=0,port_id=6b75535c-ea63-413d-88df-67b7b475953f,segment=NetworkSegment(75071cd2-df05-4284-b43e-7b235126ec2d),segment_id=75071cd2-df05-4284-b43e-7b235126ec2d)] {{(pid=93961) set_binding_levels /opt/stack/neutron/neutron/plugins/ml2/db.py:59}}
Jul 09 16:09:09.811841 n-d-798930-3 neutron-server[93959]: DEBUG neutron.wsgi [-] (93959) accepted ('10.222.0.98', 44774) {{(pid=93959) server /usr/local/lib/python3.8/dist-packages/eventlet/wsgi.py:982}}
Jul 09 16:09:09.812329 n-d-798930-3 neutron-server[93961]: DEBUG neutron_lib.callbacks.manager [None req-f89383d2-6589-480b-a4ad-eb9c8c6536e2 None None] Notify callbacks ['neutron.plugins.ml2.plugin.SecurityGroupServerNotifierRpcMixin.notify_sg_on_port_change-776714', 'neutron.plugins.ml2.ovo_rpc._ObjectChangeHandler.handle_event-2029296', 'neutron.api.rpc.agentnotifiers.dhcp_rpc_agent_api.DhcpAgentNotifyAPI._native_event_send_dhcp_notification-1581230', 'neutron.db.l3_db.L3RpcNotifierMixin._notify_gateway_port_ip_changed-8777622262559', 'neutron.db.l3_dvrscheduler_db._notify_l3_agent_port_update-8777621953518', 'neutron.db.l3_hascheduler_db._notify_l3_agent_ha_port_update-8777621954847'] for port, after_update {{(pid=93961) _notify_loop /usr/local/lib/python3.8/dist-packages/neutron_lib/callbacks/manager.py:192}}
Jul 09 16:09:09.821461 n-d-798930-3 neutron-server[93960]: DEBUG neutron.plugins.ml2.rpc [None req-b2dfa05f-b849-4076-a6b8-fbbe9a5d8fe6 None None] Device 6b06f06c-c528-4e6a-bd3c-94a85a5fbdee up at agent ovs-agent-n-d-798930-3 {{(pid=93960) update_device_up /opt/stack/neutron/neutron/plugins/ml2/rpc.py:296}}
Jul 09 16:09:09.823314 n-d-798930-3 neutron-server[93959]: WARNING keystonemiddleware.auth_token [-] A valid token was submitted as a service token, but it was not a valid service token. This is incorrect but backwards compatible behaviour. This will be removed in future releases.
Jul 09 16:09:09.824234 n-d-798930-3 neutron-server[93958]: DEBUG neutron.db.l3_dvrscheduler_db [None req-908a948f-f887-453b-ab16-b0531993e3e9 admin admin] Received port after_create {{(pid=93958) _notify_l3_agent_new_port /opt/stack/neutron/neutron/db/l3_dvrscheduler_db.py:535}}
Jul 09 16:09:09.825749 n-d-798930-3 neutron-server[93958]: DEBUG neutron_lib.callbacks.manager [None req-908a948f-f887-453b-ab16-b0531993e3e9 admin admin] Notify callbacks ['neutron.services.l3_router.l3_router_plugin.DVRResourceOperationHandler._add_csnat_on_interface_create-314856'] for router_interface, before_create {{(pid=93958) _notify_loop /usr/local/lib/python3.8/dist-packages/neutron_lib/callbacks/manager.py:192}}
Jul 09 16:09:09.825957 n-d-798930-3 neutron-server[93959]: DEBUG neutron.api.rpc.handlers.resources_rpc [None req-57a03c67-f531-41c6-afcc-4e117069a48f admin admin] Pushing event deleted for resources: {'SecurityGroup': ['ID=be401d87-0bee-4fbc-88de-aaceb67dcd97,revision_number=None']} {{(pid=93959) push /opt/stack/neutron/neutron/api/rpc/handlers/resources_rpc.py:237}}
Jul 09 16:09:09.872573 n-d-798930-3 neutron-server[93959]: INFO neutron.wsgi [req-3751f768-44fc-40bc-b24b-fa8d6d00fbd4 req-d210a670-9fda-4d3d-bdb0-6a6e27a9e677 tempest-DeleteServersAdminTestJSON-1796483461 tempest-DeleteServersAdminTestJSON-1796483461-project] 10.222.0.98 "GET /v2.0/networks?tenant_id=228033fbe08c41d78cba0c9f69dee355&shared=False HTTP/1.1" status: 200 len: 213 time: 0.0528522
Jul 09 16:09:10.050428 n-d-798930-3 neutron-server[93960]: DEBUG neutron.db.provisioning_blocks [None req-b2dfa05f-b849-4076-a6b8-fbbe9a5d8fe6 None None] Provisioning complete for port 6b06f06c-c528-4e6a-bd3c-94a85a5fbdee triggered by entity L2. {{(pid=93960) provisioning_complete /opt/stack/neutron/neutron/db/provisioning_blocks.py:139}}
Jul 09 16:09:10.051559 n-d-798930-3 neutron-server[93960]: DEBUG neutron_lib.callbacks.manager [None req-b2dfa05f-b849-4076-a6b8-fbbe9a5d8fe6 None None] Notify callbacks ['neutron.plugins.ml2.plugin.Ml2Plugin._port_provisioned-1385545'] for port, provisioning_complete {{(pid=93960) _notify_loop /usr/local/lib/python3.8/dist-packages/neutron_lib/callbacks/manager.py:192}}
Jul 09 16:09:10.058825 n-d-798930-3 neutron-server[93958]: DEBUG neutron.api.rpc.handlers.resources_rpc [None req-908a948f-f887-453b-ab16-b0531993e3e9 admin admin] Pushing event updated for resources: {'Port': ['ID=c53a8e13-d3a7-4bae-88bc-bb17c30e4942,revision_number=1']} {{(pid=93958) push /opt/stack/neutron/neutron/api/rpc/handlers/resources_rpc.py:237}}
Jul 09 16:09:10.096095 n-d-798930-3 neutron-server[93961]: DEBUG neutron.api.rpc.handlers.resources_rpc [None req-9957c2cb-ee5a-4e68-87ce-029981df3a3b None None] Pushing event updated for resources: {'Port': ['ID=6b75535c-ea63-413d-88df-67b7b475953f,revision_number=3']} {{(pid=93961) push /opt/stack/neutron/neutron/api/rpc/handlers/resources_rpc.py:237}}
Jul 09 16:09:10.111766 n-d-798930-3 neutron-server[93961]: DEBUG neutron.db.l3_dvrscheduler_db [None req-f89383d2-6589-480b-a4ad-eb9c8c6536e2 None None] Routers {'33f481ab-d0c0-4daa-bb4f-07ccb207870f'} bound to L3 agent in host n-d-798930-3 {{(pid=93961) _get_router_ids_for_agent /opt/stack/neutron/neutron/db/l3_dvrscheduler_db.py:420}}
Jul 09 16:09:10.119611 n-d-798930-3 neutron-server[93961]: DEBUG neutron.db.l3_hamode_db [None req-f89383d2-6589-480b-a4ad-eb9c8c6536e2 None None] neutron.services.l3_router.l3_router_plugin.L3RouterPlugin method get_ha_sync_data_for_host called with arguments (, 'n-d-798930-3', Agent(admin_state_up=True,agent_type='L3 agent',availability_zone='nova',binary='neutron-l3-agent',configurations={"agent_mode": "legacy", "ex_gw_ports": 1, "extensions": [], "floating_ips": 0, "handle_internal_only_routers": true, "interface_driver": "openvswitch", "interfaces": 1, "log_agent_heartbeats": false, "routers": 1},created_at=2021-07-09T15:58:55Z,description=,heartbeat_timestamp=2021-07-09T16:08:55Z,host='n-d-798930-3',id=4aecc75c-ea60-4e94-b45c-fa7ad6af28ff,load=0,resource_versions=,resources_synced=,started_at=2021-07-09T15:58:55Z,topic='l3_agent')) {'router_ids': ['33f481ab-d0c0-4daa-bb4f-07ccb207870f'], 'active': True} {{(pid=93961) wrapper /usr/local/lib/python3.8/dist-packages/oslo_log/helpers.py:65}}
Jul 09 16:09:10.220589 n-d-798930-3 neutron-server[93958]: DEBUG neutron_lib.callbacks.manager [None req-908a948f-f887-453b-ab16-b0531993e3e9 admin admin] Notify callbacks ['neutron.plugins.ml2.plugin.SecurityGroupDbMixin._ensure_default_security_group_handler-777174'] for port, before_update {{(pid=93958) _notify_loop /usr/local/lib/python3.8/dist-packages/neutron_lib/callbacks/manager.py:192}}
Jul 09 16:09:10.274254 n-d-798930-3 neutron-server[93960]: DEBUG neutron.db.provisioning_blocks [None req-f360cf0f-1af6-4b4e-9e3f-eb1fdafd33e5 None None] Provisioning for port c53a8e13-d3a7-4bae-88bc-bb17c30e4942 completed by entity DHCP. {{(pid=93960) provisioning_complete /opt/stack/neutron/neutron/db/provisioning_blocks.py:133}}
Jul 09 16:09:10.285436 n-d-798930-3 neutron-server[93960]: DEBUG neutron.db.provisioning_blocks [None req-f360cf0f-1af6-4b4e-9e3f-eb1fdafd33e5 None None] Provisioning complete for port c53a8e13-d3a7-4bae-88bc-bb17c30e4942 triggered by entity DHCP. {{(pid=93960) provisioning_complete /opt/stack/neutron/neutron/db/provisioning_blocks.py:139}}
Jul 09 16:09:10.287235 n-d-798930-3 neutron-server[93960]: DEBUG neutron_lib.callbacks.manager [None req-f360cf0f-1af6-4b4e-9e3f-eb1fdafd33e5 None None] Notify callbacks ['neutron.plugins.ml2.plugin.Ml2Plugin._port_provisioned-1385545'] for port, provisioning_complete {{(pid=93960) _notify_loop /usr/local/lib/python3.8/dist-packages/neutron_lib/callbacks/manager.py:192}}
Jul 09 16:09:10.311209 n-d-798930-3 neutron-server[93959]: DEBUG neutron.pecan_wsgi.hooks.policy_enforcement [req-3751f768-44fc-40bc-b24b-fa8d6d00fbd4 req-bf458d87-0f0c-483e-bc0e-08ada997f76f tempest-DeleteServersAdminTestJSON-1796483461 tempest-DeleteServersAdminTestJSON-1796483461-project] Attributes excluded by policy engine: ['standard_attr_id', 'vlan_transparent', 'provider:network_type', 'provider:physical_network', 'provider:segmentation_id'] {{(pid=93959) _exclude_attributes_by_policy /opt/stack/neutron/neutron/pecan_wsgi/hooks/policy_enforcement.py:255}}
Jul 09 16:09:10.313973 n-d-798930-3 neutron-server[93959]: INFO neutron.wsgi [req-3751f768-44fc-40bc-b24b-fa8d6d00fbd4 req-bf458d87-0f0c-483e-bc0e-08ada997f76f tempest-DeleteServersAdminTestJSON-1796483461 tempest-DeleteServersAdminTestJSON-1796483461-project] 10.222.0.98 "GET /v2.0/networks?shared=True HTTP/1.1" status: 200 len: 769 time: 0.4358540
Jul 09 16:09:10.360518 n-d-798930-3 neutron-server[93959]: INFO neutron.wsgi [req-3751f768-44fc-40bc-b24b-fa8d6d00fbd4 req-0debd767-db5c-4083-a374-3d525695a74d tempest-DeleteServersAdminTestJSON-1796483461 tempest-DeleteServersAdminTestJSON-1796483461-project] 10.222.0.98 "GET /v2.0/quotas/228033fbe08c41d78cba0c9f69dee355 HTTP/1.1" status: 200 len: 375 time: 0.0401649
