Jun 30 18:05:34.342574 n-d-798930-1 devstack@placement-api.service[94209]: DEBUG placement.objects.research_context [req-be813208-c90d-4cc6-85f5-468209bd42c4 req-cec984f5-99cc-4601-9839-ab9883182122 service placement] found 2 providers after filtering by previous result {{(pid=94209) get_provider_ids_matching /opt/stack/placement/placement/objects/research_context.py:580}}
Jun 30 18:05:34.374799 n-d-798930-1 devstack@placement-api.service[94209]: DEBUG placement.objects.allocation_candidate [req-be813208-c90d-4cc6-85f5-468209bd42c4 req-cec984f5-99cc-4601-9839-ab9883182122 service placement] RequestGroup(use_same_provider=False, resources={DISK_GB:1, MEMORY_MB:1024, VCPU:1}, traits=[], aggregates=[]) (suffix '') returned 2 matches {{(pid=94209) _get_by_requests /opt/stack/placement/placement/objects/allocation_candidate.py:145}}
Jun 30 18:05:34.376028 n-d-798930-1 devstack@placement-api.service[94209]: DEBUG placement.objects.allocation_candidate [req-be813208-c90d-4cc6-85f5-468209bd42c4 req-cec984f5-99cc-4601-9839-ab9883182122 service placement] Merging candidates yields 2 allocation requests and 2 provider summaries {{(pid=94209) _merge_candidates /opt/stack/placement/placement/objects/allocation_candidate.py:783}}
Jun 30 18:05:34.380129 n-d-798930-1 devstack@placement-api.service[94209]: INFO placement.requestlog [req-be813208-c90d-4cc6-85f5-468209bd42c4 req-cec984f5-99cc-4601-9839-ab9883182122 service placement] 10.222.0.37 "GET /placement/allocation_candidates?limit=1000&resources=DISK_GB%3A1%2CMEMORY_MB%3A1024%2CVCPU%3A1&root_required=%21COMPUTE_STATUS_DISABLED" status: 200 len: 1309 microversion: 1.35
Jun 30 18:05:34.381785 n-d-798930-1 devstack@placement-api.service[94209]: [pid: 94209|app: 0|req: 213/425] 10.222.0.37 () {60 vars in 1507 bytes} [Wed Jun 30 18:05:34 2021] GET /placement/allocation_candidates?limit=1000&resources=DISK_GB%3A1%2CMEMORY_MB%3A1024%2CVCPU%3A1&root_required=%21COMPUTE_STATUS_DISABLED => generated 1309 bytes in 250 msecs (HTTP/1.1 200) 8 headers in 297 bytes (1 switches on core 0)
Jun 30 18:05:34.560616 n-d-798930-1 devstack@placement-api.service[94210]: DEBUG placement.requestlog [req-be813208-c90d-4cc6-85f5-468209bd42c4 req-7e34f173-d4a0-4928-b1b5-cace1dee60ff None None] Starting request: 10.222.0.37 "GET /placement/allocations/a464b89c-3176-418c-adef-2c8a82fbaae6" {{(pid=94210) __call__ /opt/stack/placement/placement/requestlog.py:55}}
Jun 30 18:05:34.582779 n-d-798930-1 devstack@placement-api.service[94210]: INFO placement.requestlog [req-be813208-c90d-4cc6-85f5-468209bd42c4 req-7e34f173-d4a0-4928-b1b5-cace1dee60ff service placement] 10.222.0.37 "GET /placement/allocations/a464b89c-3176-418c-adef-2c8a82fbaae6" status: 200 len: 19 microversion: 1.28
Jun 30 18:05:34.583636 n-d-798930-1 devstack@placement-api.service[94210]: [pid: 94210|app: 0|req: 213/426] 10.222.0.37 () {60 vars in 1381 bytes} [Wed Jun 30 18:05:34 2021] GET /placement/allocations/a464b89c-3176-418c-adef-2c8a82fbaae6 => generated 19 bytes in 23 msecs (HTTP/1.1 200) 8 headers in 295 bytes (2 switches on core 0)
Jun 30 18:05:34.591363 n-d-798930-1 devstack@placement-api.service[94209]: DEBUG placement.requestlog [req-be813208-c90d-4cc6-85f5-468209bd42c4 req-315b71de-e0cf-4a00-8513-25583ca83f3d None None] Starting request: 10.222.0.37 "PUT /placement/allocations/a464b89c-3176-418c-adef-2c8a82fbaae6" {{(pid=94209) __call__ /opt/stack/placement/placement/requestlog.py:55}}
Jun 30 18:05:34.837788 n-d-798930-1 devstack@placement-api.service[94209]: DEBUG placement.handlers.allocation [req-be813208-c90d-4cc6-85f5-468209bd42c4 req-315b71de-e0cf-4a00-8513-25583ca83f3d service placement] Successfully wrote allocations [, , ] {{(pid=94209) _create_allocations /opt/stack/placement/placement/handlers/allocation.py:435}}
Jun 30 18:05:34.839481 n-d-798930-1 devstack@placement-api.service[94209]: INFO placement.requestlog [req-be813208-c90d-4cc6-85f5-468209bd42c4 req-315b71de-e0cf-4a00-8513-25583ca83f3d service placement] 10.222.0.37 "PUT /placement/allocations/a464b89c-3176-418c-adef-2c8a82fbaae6" status: 204 len: 0 microversion: 1.35
Jun 30 18:05:34.840388 n-d-798930-1 devstack@placement-api.service[94209]: [pid: 94209|app: 0|req: 214/427] 10.222.0.37 () {64 vars in 1434 bytes} [Wed Jun 30 18:05:34 2021] PUT /placement/allocations/a464b89c-3176-418c-adef-2c8a82fbaae6 => generated 0 bytes in 250 msecs (HTTP/1.1 204) 5 headers in 199 bytes (1 switches on core 0)
Jun 30 18:05:35.773870 n-d-798930-1 devstack@placement-api.service[94210]: DEBUG placement.requestlog [req-be813208-c90d-4cc6-85f5-468209bd42c4 req-600a1b02-9ec2-4795-a11a-59c663ac7693 None None] Starting request: 10.222.0.60 "GET /placement/allocations/a464b89c-3176-418c-adef-2c8a82fbaae6" {{(pid=94210) __call__ /opt/stack/placement/placement/requestlog.py:55}}
Jun 30 18:05:35.809767 n-d-798930-1 devstack@placement-api.service[94210]: INFO placement.requestlog [req-be813208-c90d-4cc6-85f5-468209bd42c4 req-600a1b02-9ec2-4795-a11a-59c663ac7693 service placement] 10.222.0.60 "GET /placement/allocations/a464b89c-3176-418c-adef-2c8a82fbaae6" status: 200 len: 259 microversion: 1.28
Jun 30 18:05:35.811268 n-d-798930-1 devstack@placement-api.service[94210]: [pid: 94210|app: 0|req: 214/428] 10.222.0.60 () {60 vars in 1378 bytes} [Wed Jun 30 18:05:35 2021] GET /placement/allocations/a464b89c-3176-418c-adef-2c8a82fbaae6 => generated 259 bytes in 38 msecs (HTTP/1.1 200) 8 headers in 296 bytes (1 switches on core 0)
Jun 30 18:05:37.710914 n-d-798930-1 devstack@placement-api.service[94209]: DEBUG placement.requestlog [req-35093fda-1d33-45dd-9774-c92a8f6cf81d req-23df94fc-7a4d-4a07-ba07-d0ad0756a81a None None] Starting request: 10.222.0.37 "GET /placement/allocation_candidates?limit=1000&resources=DISK_GB%3A1%2CMEMORY_MB%3A1024%2CVCPU%3A1&root_required=%21COMPUTE_STATUS_DISABLED" {{(pid=94209) __call__ /opt/stack/placement/placement/requestlog.py:55}}
Jun 30 18:05:37.969413 n-d-798930-1 devstack@placement-api.service[94209]: DEBUG placement.objects.research_context [req-35093fda-1d33-45dd-9774-c92a8f6cf81d req-23df94fc-7a4d-4a07-ba07-d0ad0756a81a service placement] getting providers with 1 DISK_GB {{(pid=94209) __init__ /opt/stack/placement/placement/objects/research_context.py:126}}
Jun 30 18:05:37.992523 n-d-798930-1 devstack@placement-api.service[94209]: DEBUG placement.objects.research_context [req-35093fda-1d33-45dd-9774-c92a8f6cf81d req-23df94fc-7a4d-4a07-ba07-d0ad0756a81a service placement] getting providers with 1024 MEMORY_MB {{(pid=94209) __init__ /opt/stack/placement/placement/objects/research_context.py:126}}
Jun 30 18:05:38.018345 n-d-798930-1 devstack@placement-api.service[94209]: DEBUG placement.objects.research_context [req-35093fda-1d33-45dd-9774-c92a8f6cf81d req-23df94fc-7a4d-4a07-ba07-d0ad0756a81a service placement] getting providers with 1 VCPU {{(pid=94209) __init__ /opt/stack/placement/placement/objects/research_context.py:126}}
Jun 30 18:05:38.053153 n-d-798930-1 devstack@placement-api.service[94209]: DEBUG placement.objects.research_context [req-35093fda-1d33-45dd-9774-c92a8f6cf81d req-23df94fc-7a4d-4a07-ba07-d0ad0756a81a service placement] found 2 providers with available 1 DISK_GB {{(pid=94209) get_provider_ids_matching /opt/stack/placement/placement/objects/research_context.py:549}}
Jun 30 18:05:38.059361 n-d-798930-1 devstack@placement-api.service[94209]: DEBUG placement.objects.research_context [req-35093fda-1d33-45dd-9774-c92a8f6cf81d req-23df94fc-7a4d-4a07-ba07-d0ad0756a81a service placement] found 2 providers with available 1024 MEMORY_MB {{(pid=94209) get_provider_ids_matching /opt/stack/placement/placement/objects/research_context.py:549}}
Jun 30 18:05:38.059803 n-d-798930-1 devstack@placement-api.service[94209]: DEBUG placement.objects.research_context [req-35093fda-1d33-45dd-9774-c92a8f6cf81d req-23df94fc-7a4d-4a07-ba07-d0ad0756a81a service placement] found 2 providers after filtering by previous result {{(pid=94209) get_provider_ids_matching /opt/stack/placement/placement/objects/research_context.py:580}}
Jun 30 18:05:38.060152 n-d-798930-1 devstack@placement-api.service[94209]: DEBUG placement.objects.research_context [req-35093fda-1d33-45dd-9774-c92a8f6cf81d req-23df94fc-7a4d-4a07-ba07-d0ad0756a81a service placement] found 2 providers with available 1 VCPU {{(pid=94209) get_provider_ids_matching /opt/stack/placement/placement/objects/research_context.py:549}}
Jun 30 18:05:38.061474 n-d-798930-1 devstack@placement-api.service[94209]: DEBUG placement.objects.research_context [req-35093fda-1d33-45dd-9774-c92a8f6cf81d req-23df94fc-7a4d-4a07-ba07-d0ad0756a81a service placement] found 2 providers after filtering by previous result {{(pid=94209) get_provider_ids_matching /opt/stack/placement/placement/objects/research_context.py:580}}
Jun 30 18:05:38.101195 n-d-798930-1 devstack@placement-api.service[94209]: DEBUG placement.objects.allocation_candidate [req-35093fda-1d33-45dd-9774-c92a8f6cf81d req-23df94fc-7a4d-4a07-ba07-d0ad0756a81a service placement] RequestGroup(use_same_provider=False, resources={DISK_GB:1, MEMORY_MB:1024, VCPU:1}, traits=[], aggregates=[]) (suffix '') returned 2 matches {{(pid=94209) _get_by_requests /opt/stack/placement/placement/objects/allocation_candidate.py:145}}
Jun 30 18:05:38.105914 n-d-798930-1 devstack@placement-api.service[94209]: DEBUG placement.objects.allocation_candidate [req-35093fda-1d33-45dd-9774-c92a8f6cf81d req-23df94fc-7a4d-4a07-ba07-d0ad0756a81a service placement] Merging candidates yields 2 allocation requests and 2 provider summaries {{(pid=94209) _merge_candidates /opt/stack/placement/placement/objects/allocation_candidate.py:783}}
Jun 30 18:05:38.111770 n-d-798930-1 devstack@placement-api.service[94209]: INFO placement.requestlog [req-35093fda-1d33-45dd-9774-c92a8f6cf81d req-23df94fc-7a4d-4a07-ba07-d0ad0756a81a service placement] 10.222.0.37 "GET /placement/allocation_candidates?limit=1000&resources=DISK_GB%3A1%2CMEMORY_MB%3A1024%2CVCPU%3A1&root_required=%21COMPUTE_STATUS_DISABLED" status: 200 len: 1309 microversion: 1.35
Jun 30 18:05:38.114904 n-d-798930-1 devstack@placement-api.service[94209]: [pid: 94209|app: 0|req: 215/429] 10.222.0.37 () {60 vars in 1507 bytes} [Wed Jun 30 18:05:37 2021] GET /placement/allocation_candidates?limit=1000&resources=DISK_GB%3A1%2CMEMORY_MB%3A1024%2CVCPU%3A1&root_required=%21COMPUTE_STATUS_DISABLED => generated 1309 bytes in 405 msecs (HTTP/1.1 200) 8 headers in 297 bytes (1 switches on core 0)
Jun 30 18:05:38.318214 n-d-798930-1 devstack@placement-api.service[94210]: DEBUG placement.requestlog [req-35093fda-1d33-45dd-9774-c92a8f6cf81d req-e2dd2e71-40bf-4fa8-8b27-ab2badfe8b0b None None] Starting request: 10.222.0.37 "GET /placement/allocations/468d7d03-b524-4831-b6cd-0d1299e52a30" {{(pid=94210) __call__ /opt/stack/placement/placement/requestlog.py:55}}
Jun 30 18:05:38.377278 n-d-798930-1 devstack@placement-api.service[94210]: INFO placement.requestlog [req-35093fda-1d33-45dd-9774-c92a8f6cf81d req-e2dd2e71-40bf-4fa8-8b27-ab2badfe8b0b service placement] 10.222.0.37 "GET /placement/allocations/468d7d03-b524-4831-b6cd-0d1299e52a30" status: 200 len: 19 microversion: 1.28
Jun 30 18:05:38.377670 n-d-798930-1 devstack@placement-api.service[94210]: [pid: 94210|app: 0|req: 215/430] 10.222.0.37 () {60 vars in 1381 bytes} [Wed Jun 30 18:05:38 2021] GET /placement/allocations/468d7d03-b524-4831-b6cd-0d1299e52a30 => generated 19 bytes in 60 msecs (HTTP/1.1 200) 8 headers in 295 bytes (1 switches on core 0)
Jun 30 18:05:38.386261 n-d-798930-1 devstack@placement-api.service[94209]: DEBUG placement.requestlog [req-35093fda-1d33-45dd-9774-c92a8f6cf81d req-4d9cf1d3-db36-4948-acde-a11fd7e98792 None None] Starting request: 10.222.0.37 "PUT /placement/allocations/468d7d03-b524-4831-b6cd-0d1299e52a30" {{(pid=94209) __call__ /opt/stack/placement/placement/requestlog.py:55}}
Jun 30 18:05:38.613190 n-d-798930-1 devstack@placement-api.service[94209]: DEBUG placement.handlers.allocation [req-35093fda-1d33-45dd-9774-c92a8f6cf81d req-4d9cf1d3-db36-4948-acde-a11fd7e98792 service placement] Successfully wrote allocations [, , ] {{(pid=94209) _create_allocations /opt/stack/placement/placement/handlers/allocation.py:435}}
Jun 30 18:05:38.613683 n-d-798930-1 devstack@placement-api.service[94209]: INFO placement.requestlog [req-35093fda-1d33-45dd-9774-c92a8f6cf81d req-4d9cf1d3-db36-4948-acde-a11fd7e98792 service placement] 10.222.0.37 "PUT /placement/allocations/468d7d03-b524-4831-b6cd-0d1299e52a30" status: 204 len: 0 microversion: 1.35
Jun 30 18:05:38.613939 n-d-798930-1 devstack@placement-api.service[94209]: [pid: 94209|app: 0|req: 216/431] 10.222.0.37 () {64 vars in 1434 bytes} [Wed Jun 30 18:05:38 2021] PUT /placement/allocations/468d7d03-b524-4831-b6cd-0d1299e52a30 => generated 0 bytes in 228 msecs (HTTP/1.1 204) 5 headers in 199 bytes (1 switches on core 0)
Jun 30 18:05:39.258130 n-d-798930-1 devstack@placement-api.service[94210]: DEBUG placement.requestlog [req-2c5e712d-fe13-4a87-88f7-564f7131238e req-8b5983cb-e91a-4733-812e-24ba2910eb09 None None] Starting request: 10.222.0.61 "GET /placement/allocations/744873f5-cc10-43dd-a05d-5b750724e19a" {{(pid=94210) __call__ /opt/stack/placement/placement/requestlog.py:55}}
Jun 30 18:05:39.382089 n-d-798930-1 devstack@placement-api.service[94210]: INFO placement.requestlog [req-2c5e712d-fe13-4a87-88f7-564f7131238e req-8b5983cb-e91a-4733-812e-24ba2910eb09 service placement] 10.222.0.61 "GET /placement/allocations/744873f5-cc10-43dd-a05d-5b750724e19a" status: 200 len: 245 microversion: 1.28
Jun 30 18:05:39.389969 n-d-798930-1 devstack@placement-api.service[94210]: [pid: 94210|app: 0|req: 216/432] 10.222.0.61 () {60 vars in 1378 bytes} [Wed Jun 30 18:05:39 2021] GET /placement/allocations/744873f5-cc10-43dd-a05d-5b750724e19a => generated 245 bytes in 132 msecs (HTTP/1.1 200) 8 headers in 296 bytes (1 switches on core 0)
Jun 30 18:05:39.413670 n-d-798930-1 devstack@placement-api.service[94209]: DEBUG placement.requestlog [req-2c5e712d-fe13-4a87-88f7-564f7131238e req-f9680ef6-5385-49ab-ba93-8f1dd3f7ab3b None None] Starting request: 10.222.0.61 "PUT /placement/allocations/744873f5-cc10-43dd-a05d-5b750724e19a" {{(pid=94209) __call__ /opt/stack/placement/placement/requestlog.py:55}}
Jun 30 18:05:39.599991 n-d-798930-1 devstack@placement-api.service[94209]: DEBUG placement.handlers.allocation [req-2c5e712d-fe13-4a87-88f7-564f7131238e req-f9680ef6-5385-49ab-ba93-8f1dd3f7ab3b service placement] Successfully wrote allocations [, ] {{(pid=94209) _create_allocations /opt/stack/placement/placement/handlers/allocation.py:435}}
Jun 30 18:05:39.600766 n-d-798930-1 devstack@placement-api.service[94209]: INFO placement.requestlog [req-2c5e712d-fe13-4a87-88f7-564f7131238e req-f9680ef6-5385-49ab-ba93-8f1dd3f7ab3b service placement] 10.222.0.61 "PUT /placement/allocations/744873f5-cc10-43dd-a05d-5b750724e19a" status: 204 len: 0 microversion: 1.28
Jun 30 18:05:39.601572 n-d-798930-1 devstack@placement-api.service[94209]: [pid: 94209|app: 0|req: 217/433] 10.222.0.61 () {64 vars in 1431 bytes} [Wed Jun 30 18:05:39 2021] PUT /placement/allocations/744873f5-cc10-43dd-a05d-5b750724e19a => generated 0 bytes in 188 msecs (HTTP/1.1 204) 5 headers in 199 bytes (1 switches on core 0)
Jun 30 18:05:40.252894 n-d-798930-1 devstack@placement-api.service[94210]: DEBUG placement.requestlog [req-35093fda-1d33-45dd-9774-c92a8f6cf81d req-f9dc724b-bfe6-4a36-8d17-7c2fcb6525aa None None] Starting request: 10.222.0.61 "GET /placement/allocations/468d7d03-b524-4831-b6cd-0d1299e52a30" {{(pid=94210) __call__ /opt/stack/placement/placement/requestlog.py:55}}
Jun 30 18:05:40.311058 n-d-798930-1 devstack@placement-api.service[94210]: INFO placement.requestlog [req-35093fda-1d33-45dd-9774-c92a8f6cf81d req-f9dc724b-bfe6-4a36-8d17-7c2fcb6525aa service placement] 10.222.0.61 "GET /placement/allocations/468d7d03-b524-4831-b6cd-0d1299e52a30" status: 200 len: 259 microversion: 1.28
Jun 30 18:05:40.313554 n-d-798930-1 devstack@placement-api.service[94210]: [pid: 94210|app: 0|req: 217/434] 10.222.0.61 () {60 vars in 1378 bytes} [Wed Jun 30 18:05:40 2021] GET /placement/allocations/468d7d03-b524-4831-b6cd-0d1299e52a30 => generated 259 bytes in 61 msecs (HTTP/1.1 200) 8 headers in 296 bytes (1 switches on core 0)
Jun 30 18:05:46.936066 n-d-798930-1 devstack@placement-api.service[94209]: DEBUG placement.requestlog [req-027d4938-7681-40a7-957f-30da6aa94262 req-3119e545-9b5f-4b86-9cb6-3afc53cc3dd9 None None] Starting request: 10.222.0.37 "GET /placement/allocation_candidates?limit=1000&resources=MEMORY_MB%3A1024%2CVCPU%3A1&root_required=%21COMPUTE_STATUS_DISABLED" {{(pid=94209) __call__ /opt/stack/placement/placement/requestlog.py:55}}
Jun 30 18:05:47.030246 n-d-798930-1 devstack@placement-api.service[94209]: DEBUG placement.objects.research_context [req-027d4938-7681-40a7-957f-30da6aa94262 req-3119e545-9b5f-4b86-9cb6-3afc53cc3dd9 service placement] getting providers with 1024 MEMORY_MB {{(pid=94209) __init__ /opt/stack/placement/placement/objects/research_context.py:126}}
Jun 30 18:05:47.050174 n-d-798930-1 devstack@placement-api.service[94209]: DEBUG placement.objects.research_context [req-027d4938-7681-40a7-957f-30da6aa94262 req-3119e545-9b5f-4b86-9cb6-3afc53cc3dd9 service placement] getting providers with 1 VCPU {{(pid=94209) __init__ /opt/stack/placement/placement/objects/research_context.py:126}}
Jun 30 18:05:47.070369 n-d-798930-1 devstack@placement-api.service[94209]: DEBUG placement.objects.research_context [req-027d4938-7681-40a7-957f-30da6aa94262 req-3119e545-9b5f-4b86-9cb6-3afc53cc3dd9 service placement] found 2 providers with available 1024 MEMORY_MB {{(pid=94209) get_provider_ids_matching /opt/stack/placement/placement/objects/research_context.py:549}}
Jun 30 18:05:47.071727 n-d-798930-1 devstack@placement-api.service[94209]: DEBUG placement.objects.research_context [req-027d4938-7681-40a7-957f-30da6aa94262 req-3119e545-9b5f-4b86-9cb6-3afc53cc3dd9 service placement] found 2 providers with available 1 VCPU {{(pid=94209) get_provider_ids_matching /opt/stack/placement/placement/objects/research_context.py:549}}
Jun 30 18:05:47.072394 n-d-798930-1 devstack@placement-api.service[94209]: DEBUG placement.objects.research_context [req-027d4938-7681-40a7-957f-30da6aa94262 req-3119e545-9b5f-4b86-9cb6-3afc53cc3dd9 service placement] found 2 providers after filtering by previous result {{(pid=94209) get_provider_ids_matching /opt/stack/placement/placement/objects/research_context.py:580}}
Jun 30 18:05:47.107845 n-d-798930-1 devstack@placement-api.service[94209]: DEBUG placement.objects.allocation_candidate [req-027d4938-7681-40a7-957f-30da6aa94262 req-3119e545-9b5f-4b86-9cb6-3afc53cc3dd9 service placement] RequestGroup(use_same_provider=False, resources={MEMORY_MB:1024, VCPU:1}, traits=[], aggregates=[]) (suffix '') returned 2 matches {{(pid=94209) _get_by_requests /opt/stack/placement/placement/objects/allocation_candidate.py:145}}
Jun 30 18:05:47.108202 n-d-798930-1 devstack@placement-api.service[94209]: DEBUG placement.objects.allocation_candidate [req-027d4938-7681-40a7-957f-30da6aa94262 req-3119e545-9b5f-4b86-9cb6-3afc53cc3dd9 service placement] Merging candidates yields 2 allocation requests and 2 provider summaries {{(pid=94209) _merge_candidates /opt/stack/placement/placement/objects/allocation_candidate.py:783}}
Jun 30 18:05:47.109971 n-d-798930-1 devstack@placement-api.service[94209]: INFO placement.requestlog [req-027d4938-7681-40a7-957f-30da6aa94262 req-3119e545-9b5f-4b86-9cb6-3afc53cc3dd9 service placement] 10.222.0.37 "GET /placement/allocation_candidates?limit=1000&resources=MEMORY_MB%3A1024%2CVCPU%3A1&root_required=%21COMPUTE_STATUS_DISABLED" status: 200 len: 1281 microversion: 1.35
Jun 30 18:05:47.110626 n-d-798930-1 devstack@placement-api.service[94209]: [pid: 94209|app: 0|req: 218/435] 10.222.0.37 () {60 vars in 1479 bytes} [Wed Jun 30 18:05:46 2021] GET /placement/allocation_candidates?limit=1000&resources=MEMORY_MB%3A1024%2CVCPU%3A1&root_required=%21COMPUTE_STATUS_DISABLED => generated 1281 bytes in 175 msecs (HTTP/1.1 200) 8 headers in 297 bytes (1 switches on core 0)
Jun 30 18:05:47.324833 n-d-798930-1 devstack@placement-api.service[94210]: DEBUG placement.requestlog [req-027d4938-7681-40a7-957f-30da6aa94262 req-75ad1e96-b21c-40ad-83cd-b8adcc9e296a None None] Starting request: 10.222.0.37 "GET /placement/allocations/272f55c6-667c-4b9c-ac97-f66c9f5d2fb7" {{(pid=94210) __call__ /opt/stack/placement/placement/requestlog.py:55}}
Jun 30 18:05:47.365999 n-d-798930-1 devstack@placement-api.service[94210]: INFO placement.requestlog [req-027d4938-7681-40a7-957f-30da6aa94262 req-75ad1e96-b21c-40ad-83cd-b8adcc9e296a service placement] 10.222.0.37 "GET /placement/allocations/272f55c6-667c-4b9c-ac97-f66c9f5d2fb7" status: 200 len: 19 microversion: 1.28
Jun 30 18:05:47.368688 n-d-798930-1 devstack@placement-api.service[94210]: [pid: 94210|app: 0|req: 218/436] 10.222.0.37 () {60 vars in 1381 bytes} [Wed Jun 30 18:05:47 2021] GET /placement/allocations/272f55c6-667c-4b9c-ac97-f66c9f5d2fb7 => generated 19 bytes in 44 msecs (HTTP/1.1 200) 8 headers in 295 bytes (1 switches on core 0)
Jun 30 18:05:47.381734 n-d-798930-1 devstack@placement-api.service[94209]: DEBUG placement.requestlog [req-027d4938-7681-40a7-957f-30da6aa94262 req-be802c08-173a-4e97-9b80-9884f7490360 None None] Starting request: 10.222.0.37 "PUT /placement/allocations/272f55c6-667c-4b9c-ac97-f66c9f5d2fb7" {{(pid=94209) __call__ /opt/stack/placement/placement/requestlog.py:55}}
Jun 30 18:05:47.611735 n-d-798930-1 devstack@placement-api.service[94209]: DEBUG placement.handlers.allocation [req-027d4938-7681-40a7-957f-30da6aa94262 req-be802c08-173a-4e97-9b80-9884f7490360 service placement] Successfully wrote allocations [, ] {{(pid=94209) _create_allocations /opt/stack/placement/placement/handlers/allocation.py:435}}
Jun 30 18:05:47.619028 n-d-798930-1 devstack@placement-api.service[94209]: INFO placement.requestlog [req-027d4938-7681-40a7-957f-30da6aa94262 req-be802c08-173a-4e97-9b80-9884f7490360 service placement] 10.222.0.37 "PUT /placement/allocations/272f55c6-667c-4b9c-ac97-f66c9f5d2fb7" status: 204 len: 0 microversion: 1.35
Jun 30 18:05:47.620262 n-d-798930-1 devstack@placement-api.service[94209]: [pid: 94209|app: 0|req: 219/437] 10.222.0.37 () {64 vars in 1434 bytes} [Wed Jun 30 18:05:47 2021] PUT /placement/allocations/272f55c6-667c-4b9c-ac97-f66c9f5d2fb7 => generated 0 bytes in 239 msecs (HTTP/1.1 204) 5 headers in 199 bytes (1 switches on core 0)
Jun 30 18:05:48.998056 n-d-798930-1 devstack@placement-api.service[94210]: DEBUG placement.requestlog [req-027d4938-7681-40a7-957f-30da6aa94262 req-8017839d-6edc-4b5b-a3ef-f710c164edbf None None] Starting request: 10.222.0.61 "GET /placement/allocations/272f55c6-667c-4b9c-ac97-f66c9f5d2fb7" {{(pid=94210) __call__ /opt/stack/placement/placement/requestlog.py:55}}
Jun 30 18:05:49.066263 n-d-798930-1 devstack@placement-api.service[94210]: INFO placement.requestlog [req-027d4938-7681-40a7-957f-30da6aa94262 req-8017839d-6edc-4b5b-a3ef-f710c164edbf service placement] 10.222.0.61 "GET /placement/allocations/272f55c6-667c-4b9c-ac97-f66c9f5d2fb7" status: 200 len: 245 microversion: 1.28
Jun 30 18:05:49.068647 n-d-798930-1 devstack@placement-api.service[94210]: [pid: 94210|app: 0|req: 219/438] 10.222.0.61 () {60 vars in 1378 bytes} [Wed Jun 30 18:05:48 2021] GET /placement/allocations/272f55c6-667c-4b9c-ac97-f66c9f5d2fb7 => generated 245 bytes in 71 msecs (HTTP/1.1 200) 8 headers in 296 bytes (1 switches on core 0)
Jun 30 18:06:11.409810 n-d-798930-1 devstack@placement-api.service[94209]: DEBUG placement.requestlog [None req-d218fcf7-990e-4dbc-9233-2c25ea7e343a None None] Starting request: 10.222.0.37 "GET /placement/" {{(pid=94209) __call__ /opt/stack/placement/placement/requestlog.py:55}}
Jun 30 18:06:11.411508 n-d-798930-1 devstack@placement-api.service[94209]: INFO placement.requestlog [None req-d218fcf7-990e-4dbc-9233-2c25ea7e343a None None] 10.222.0.37 "GET /placement/" status: 200 len: 136 microversion: 1.0
Jun 30 18:06:11.412191 n-d-798930-1 devstack@placement-api.service[94209]: [pid: 94209|app: 0|req: 220/439] 10.222.0.37 () {54 vars in 916 bytes} [Wed Jun 30 18:06:11 2021] GET /placement => generated 136 bytes in 3 msecs (HTTP/1.1 200) 6 headers in 224 bytes (2 switches on core 0)
Jun 30 18:06:11.422987 n-d-798930-1 devstack@placement-api.service[94210]: DEBUG placement.requestlog [req-7c82d9b3-3b80-4c84-a6f3-8bbe4548da4e req-9ac46482-1319-4931-b7e2-a41bec7f9f2e None None] Starting request: 10.222.0.37 "GET /placement/allocations/468d7d03-b524-4831-b6cd-0d1299e52a30" {{(pid=94210) __call__ /opt/stack/placement/placement/requestlog.py:55}}
Jun 30 18:06:11.791793 n-d-798930-1 devstack@placement-api.service[94210]: INFO placement.requestlog [req-7c82d9b3-3b80-4c84-a6f3-8bbe4548da4e req-9ac46482-1319-4931-b7e2-a41bec7f9f2e service placement] 10.222.0.37 "GET /placement/allocations/468d7d03-b524-4831-b6cd-0d1299e52a30" status: 200 len: 259 microversion: 1.28
Jun 30 18:06:11.792645 n-d-798930-1 devstack@placement-api.service[94210]: [pid: 94210|app: 0|req: 220/440] 10.222.0.37 () {60 vars in 1381 bytes} [Wed Jun 30 18:06:11 2021] GET /placement/allocations/468d7d03-b524-4831-b6cd-0d1299e52a30 => generated 259 bytes in 370 msecs (HTTP/1.1 200) 8 headers in 296 bytes (1 switches on core 0)
Jun 30 18:06:11.800687 n-d-798930-1 devstack@placement-api.service[94209]: DEBUG placement.requestlog [req-7c82d9b3-3b80-4c84-a6f3-8bbe4548da4e req-f5890420-864e-455d-b0e3-df753d3e34a3 None None] Starting request: 10.222.0.37 "GET /placement/allocations/468d7d03-b524-4831-b6cd-0d1299e52a30" {{(pid=94209) __call__ /opt/stack/placement/placement/requestlog.py:55}}
Jun 30 18:06:11.832823 n-d-798930-1 devstack@placement-api.service[94209]: INFO placement.requestlog [req-7c82d9b3-3b80-4c84-a6f3-8bbe4548da4e req-f5890420-864e-455d-b0e3-df753d3e34a3 service placement] 10.222.0.37 "GET /placement/allocations/468d7d03-b524-4831-b6cd-0d1299e52a30" status: 200 len: 259 microversion: 1.28
Jun 30 18:06:11.833552 n-d-798930-1 devstack@placement-api.service[94209]: [pid: 94209|app: 0|req: 221/441] 10.222.0.37 () {60 vars in 1381 bytes} [Wed Jun 30 18:06:11 2021] GET /placement/allocations/468d7d03-b524-4831-b6cd-0d1299e52a30 => generated 259 bytes in 33 msecs (HTTP/1.1 200) 8 headers in 296 bytes (1 switches on core 0)
Jun 30 18:06:11.844048 n-d-798930-1 devstack@placement-api.service[94210]: DEBUG placement.requestlog [req-7c82d9b3-3b80-4c84-a6f3-8bbe4548da4e req-68039383-5d3d-4fb2-a547-2273691a0747 None None] Starting request: 10.222.0.37 "GET /placement/allocations/382c05e7-f07c-42d8-b970-bb9d5b5e1b02" {{(pid=94210) __call__ /opt/stack/placement/placement/requestlog.py:55}}
Jun 30 18:06:11.865099 n-d-798930-1 devstack@placement-api.service[94210]: INFO placement.requestlog [req-7c82d9b3-3b80-4c84-a6f3-8bbe4548da4e req-68039383-5d3d-4fb2-a547-2273691a0747 service placement] 10.222.0.37 "GET /placement/allocations/382c05e7-f07c-42d8-b970-bb9d5b5e1b02" status: 200 len: 19 microversion: 1.28
Jun 30 18:06:11.866054 n-d-798930-1 devstack@placement-api.service[94210]: [pid: 94210|app: 0|req: 221/442] 10.222.0.37 () {60 vars in 1381 bytes} [Wed Jun 30 18:06:11 2021] GET /placement/allocations/382c05e7-f07c-42d8-b970-bb9d5b5e1b02 => generated 19 bytes in 22 msecs (HTTP/1.1 200) 8 headers in 295 bytes (2 switches on core 0)
Jun 30 18:06:11.874377 n-d-798930-1 devstack@placement-api.service[94209]: DEBUG placement.requestlog [req-7c82d9b3-3b80-4c84-a6f3-8bbe4548da4e req-4113db05-0adc-475b-a47a-971d43f53c23 None None] Starting request: 10.222.0.37 "POST /placement/allocations" {{(pid=94209) __call__ /opt/stack/placement/placement/requestlog.py:55}}
Jun 30 18:06:12.023674 n-d-798930-1 devstack@placement-api.service[94209]: DEBUG placement.handlers.allocation [req-7c82d9b3-3b80-4c84-a6f3-8bbe4548da4e req-4113db05-0adc-475b-a47a-971d43f53c23 service placement] Successfully wrote allocations [, , , , , ] {{(pid=94209) _create_allocations /opt/stack/placement/placement/handlers/allocation.py:524}}
Jun 30 18:06:12.024940 n-d-798930-1 devstack@placement-api.service[94209]: INFO placement.requestlog [req-7c82d9b3-3b80-4c84-a6f3-8bbe4548da4e req-4113db05-0adc-475b-a47a-971d43f53c23 service placement] 10.222.0.37 "POST /placement/allocations" status: 204 len: 0 microversion: 1.28
Jun 30 18:06:12.025480 n-d-798930-1 devstack@placement-api.service[94209]: [pid: 94209|app: 0|req: 222/443] 10.222.0.37 () {64 vars in 1324 bytes} [Wed Jun 30 18:06:11 2021] POST /placement/allocations => generated 0 bytes in 151 msecs (HTTP/1.1 204) 5 headers in 199 bytes (1 switches on core 0)
Jun 30 18:06:12.054368 n-d-798930-1 devstack@placement-api.service[94210]: DEBUG placement.requestlog [req-b09034a5-8c8b-43a7-b009-3bb9a78a339a req-ff4cec33-a600-45b5-b9db-71a15f677812 None None] Starting request: 10.222.0.61 "GET /placement/allocations/8cc11864-863a-40b7-ad6d-a64cc4cbf535" {{(pid=94210) __call__ /opt/stack/placement/placement/requestlog.py:55}}
Jun 30 18:06:12.077002 n-d-798930-1 devstack@placement-api.service[94209]: DEBUG placement.requestlog [req-7c82d9b3-3b80-4c84-a6f3-8bbe4548da4e req-f2be410f-d58f-4bd4-912b-2291c204fb8b None None] Starting request: 10.222.0.37 "GET /placement/allocation_candidates?limit=1000&resources=DISK_GB%3A1%2CMEMORY_MB%3A512%2CVCPU%3A1&root_required=%21COMPUTE_STATUS_DISABLED" {{(pid=94209) __call__ /opt/stack/placement/placement/requestlog.py:55}}
Jun 30 18:06:12.106462 n-d-798930-1 devstack@placement-api.service[94210]: INFO placement.requestlog [req-b09034a5-8c8b-43a7-b009-3bb9a78a339a req-ff4cec33-a600-45b5-b9db-71a15f677812 service placement] 10.222.0.61 "GET /placement/allocations/8cc11864-863a-40b7-ad6d-a64cc4cbf535" status: 200 len: 259 microversion: 1.28
Jun 30 18:06:12.107249 n-d-798930-1 devstack@placement-api.service[94210]: [pid: 94210|app: 0|req: 222/444] 10.222.0.61 () {60 vars in 1378 bytes} [Wed Jun 30 18:06:12 2021] GET /placement/allocations/8cc11864-863a-40b7-ad6d-a64cc4cbf535 => generated 259 bytes in 54 msecs (HTTP/1.1 200) 8 headers in 296 bytes (1 switches on core 0)
Jun 30 18:06:12.115041 n-d-798930-1 devstack@placement-api.service[94210]: DEBUG placement.requestlog [req-b09034a5-8c8b-43a7-b009-3bb9a78a339a req-44ad623f-27b2-4a40-a54b-d6f370b1daf9 None None] Starting request: 10.222.0.61 "PUT /placement/allocations/8cc11864-863a-40b7-ad6d-a64cc4cbf535" {{(pid=94210) __call__ /opt/stack/placement/placement/requestlog.py:55}}
Jun 30 18:06:12.121102 n-d-798930-1 devstack@placement-api.service[94209]: DEBUG placement.objects.research_context [req-7c82d9b3-3b80-4c84-a6f3-8bbe4548da4e req-f2be410f-d58f-4bd4-912b-2291c204fb8b service placement] getting providers with 1 DISK_GB {{(pid=94209) __init__ /opt/stack/placement/placement/objects/research_context.py:126}}
Jun 30 18:06:12.130184 n-d-798930-1 devstack@placement-api.service[94209]: DEBUG placement.objects.research_context [req-7c82d9b3-3b80-4c84-a6f3-8bbe4548da4e req-f2be410f-d58f-4bd4-912b-2291c204fb8b service placement] getting providers with 512 MEMORY_MB {{(pid=94209) __init__ /opt/stack/placement/placement/objects/research_context.py:126}}
Jun 30 18:06:12.143440 n-d-798930-1 devstack@placement-api.service[94209]: DEBUG placement.objects.research_context [req-7c82d9b3-3b80-4c84-a6f3-8bbe4548da4e req-f2be410f-d58f-4bd4-912b-2291c204fb8b service placement] getting providers with 1 VCPU {{(pid=94209) __init__ /opt/stack/placement/placement/objects/research_context.py:126}}
Jun 30 18:06:12.158119 n-d-798930-1 devstack@placement-api.service[94209]: DEBUG placement.objects.research_context [req-7c82d9b3-3b80-4c84-a6f3-8bbe4548da4e req-f2be410f-d58f-4bd4-912b-2291c204fb8b service placement] found 2 providers with available 1 DISK_GB {{(pid=94209) get_provider_ids_matching /opt/stack/placement/placement/objects/research_context.py:549}}
Jun 30 18:06:12.159253 n-d-798930-1 devstack@placement-api.service[94209]: DEBUG placement.objects.research_context [req-7c82d9b3-3b80-4c84-a6f3-8bbe4548da4e req-f2be410f-d58f-4bd4-912b-2291c204fb8b service placement] found 2 providers with available 512 MEMORY_MB {{(pid=94209) get_provider_ids_matching /opt/stack/placement/placement/objects/research_context.py:549}}
Jun 30 18:06:12.160995 n-d-798930-1 devstack@placement-api.service[94209]: DEBUG placement.objects.research_context [req-7c82d9b3-3b80-4c84-a6f3-8bbe4548da4e req-f2be410f-d58f-4bd4-912b-2291c204fb8b service placement] found 2 providers after filtering by previous result {{(pid=94209) get_provider_ids_matching /opt/stack/placement/placement/objects/research_context.py:580}}
Jun 30 18:06:12.162980 n-d-798930-1 devstack@placement-api.service[94209]: DEBUG placement.objects.research_context [req-7c82d9b3-3b80-4c84-a6f3-8bbe4548da4e req-f2be410f-d58f-4bd4-912b-2291c204fb8b service placement] found 2 providers with available 1 VCPU {{(pid=94209) get_provider_ids_matching /opt/stack/placement/placement/objects/research_context.py:549}}
Jun 30 18:06:12.164017 n-d-798930-1 devstack@placement-api.service[94209]: DEBUG placement.objects.research_context [req-7c82d9b3-3b80-4c84-a6f3-8bbe4548da4e req-f2be410f-d58f-4bd4-912b-2291c204fb8b service placement] found 2 providers after filtering by previous result {{(pid=94209) get_provider_ids_matching /opt/stack/placement/placement/objects/research_context.py:580}}
Jun 30 18:06:12.201199 n-d-798930-1 devstack@placement-api.service[94209]: DEBUG placement.objects.allocation_candidate [req-7c82d9b3-3b80-4c84-a6f3-8bbe4548da4e req-f2be410f-d58f-4bd4-912b-2291c204fb8b service placement] RequestGroup(use_same_provider=False, resources={DISK_GB:1, MEMORY_MB:512, VCPU:1}, traits=[], aggregates=[]) (suffix '') returned 2 matches {{(pid=94209) _get_by_requests /opt/stack/placement/placement/objects/allocation_candidate.py:145}}
Jun 30 18:06:12.202121 n-d-798930-1 devstack@placement-api.service[94209]: DEBUG placement.objects.allocation_candidate [req-7c82d9b3-3b80-4c84-a6f3-8bbe4548da4e req-f2be410f-d58f-4bd4-912b-2291c204fb8b service placement] Merging candidates yields 2 allocation requests and 2 provider summaries {{(pid=94209) _merge_candidates /opt/stack/placement/placement/objects/allocation_candidate.py:783}}
Jun 30 18:06:12.209163 n-d-798930-1 devstack@placement-api.service[94209]: INFO placement.requestlog [req-7c82d9b3-3b80-4c84-a6f3-8bbe4548da4e req-f2be410f-d58f-4bd4-912b-2291c204fb8b service placement] 10.222.0.37 "GET /placement/allocation_candidates?limit=1000&resources=DISK_GB%3A1%2CMEMORY_MB%3A512%2CVCPU%3A1&root_required=%21COMPUTE_STATUS_DISABLED" status: 200 len: 1307 microversion: 1.35
Jun 30 18:06:12.212543 n-d-798930-1 devstack@placement-api.service[94209]: [pid: 94209|app: 0|req: 223/445] 10.222.0.37 () {60 vars in 1505 bytes} [Wed Jun 30 18:06:12 2021] GET /placement/allocation_candidates?limit=1000&resources=DISK_GB%3A1%2CMEMORY_MB%3A512%2CVCPU%3A1&root_required=%21COMPUTE_STATUS_DISABLED => generated 1307 bytes in 136 msecs (HTTP/1.1 200) 8 headers in 297 bytes (2 switches on core 0)
Jun 30 18:06:12.290465 n-d-798930-1 devstack@placement-api.service[94210]: DEBUG placement.handlers.allocation [req-b09034a5-8c8b-43a7-b009-3bb9a78a339a req-44ad623f-27b2-4a40-a54b-d6f370b1daf9 service placement] Successfully wrote allocations [, , ] {{(pid=94210) _create_allocations /opt/stack/placement/placement/handlers/allocation.py:435}}
Jun 30 18:06:12.292193 n-d-798930-1 devstack@placement-api.service[94210]: INFO placement.requestlog [req-b09034a5-8c8b-43a7-b009-3bb9a78a339a req-44ad623f-27b2-4a40-a54b-d6f370b1daf9 service placement] 10.222.0.61 "PUT /placement/allocations/8cc11864-863a-40b7-ad6d-a64cc4cbf535" status: 204 len: 0 microversion: 1.28
Jun 30 18:06:12.293036 n-d-798930-1 devstack@placement-api.service[94210]: [pid: 94210|app: 0|req: 223/446] 10.222.0.61 () {64 vars in 1431 bytes} [Wed Jun 30 18:06:12 2021] PUT /placement/allocations/8cc11864-863a-40b7-ad6d-a64cc4cbf535 => generated 0 bytes in 179 msecs (HTTP/1.1 204) 5 headers in 199 bytes (2 switches on core 0)
Jun 30 18:06:12.374563 n-d-798930-1 devstack@placement-api.service[94209]: DEBUG placement.requestlog [req-7c82d9b3-3b80-4c84-a6f3-8bbe4548da4e req-1183377d-edb8-4f5d-bdc8-a299a043d12a None None] Starting request: 10.222.0.37 "GET /placement/allocations/468d7d03-b524-4831-b6cd-0d1299e52a30" {{(pid=94209) __call__ /opt/stack/placement/placement/requestlog.py:55}}
Jun 30 18:06:12.410691 n-d-798930-1 devstack@placement-api.service[94209]: INFO placement.requestlog [req-7c82d9b3-3b80-4c84-a6f3-8bbe4548da4e req-1183377d-edb8-4f5d-bdc8-a299a043d12a service placement] 10.222.0.37 "GET /placement/allocations/468d7d03-b524-4831-b6cd-0d1299e52a30" status: 200 len: 19 microversion: 1.28
Jun 30 18:06:12.420946 n-d-798930-1 devstack@placement-api.service[94209]: [pid: 94209|app: 0|req: 224/447] 10.222.0.37 () {60 vars in 1381 bytes} [Wed Jun 30 18:06:12 2021] GET /placement/allocations/468d7d03-b524-4831-b6cd-0d1299e52a30 => generated 19 bytes in 47 msecs (HTTP/1.1 200) 8 headers in 295 bytes (1 switches on core 0)
Jun 30 18:06:12.421562 n-d-798930-1 devstack@placement-api.service[94210]: DEBUG placement.requestlog [req-7c82d9b3-3b80-4c84-a6f3-8bbe4548da4e req-0a0a27d8-1356-4ae0-bcd8-213fd6a6c90d None None] Starting request: 10.222.0.37 "PUT /placement/allocations/468d7d03-b524-4831-b6cd-0d1299e52a30" {{(pid=94210) __call__ /opt/stack/placement/placement/requestlog.py:55}}
Jun 30 18:06:12.544339 n-d-798930-1 devstack@placement-api.service[94210]: DEBUG placement.handlers.allocation [req-7c82d9b3-3b80-4c84-a6f3-8bbe4548da4e req-0a0a27d8-1356-4ae0-bcd8-213fd6a6c90d service placement] Successfully wrote allocations [, , ] {{(pid=94210) _create_allocations /opt/stack/placement/placement/handlers/allocation.py:435}}
Jun 30 18:06:12.545772 n-d-798930-1 devstack@placement-api.service[94210]: INFO placement.requestlog [req-7c82d9b3-3b80-4c84-a6f3-8bbe4548da4e req-0a0a27d8-1356-4ae0-bcd8-213fd6a6c90d service placement] 10.222.0.37 "PUT /placement/allocations/468d7d03-b524-4831-b6cd-0d1299e52a30" status: 204 len: 0 microversion: 1.35
Jun 30 18:06:12.546672 n-d-798930-1 devstack@placement-api.service[94210]: [pid: 94210|app: 0|req: 224/448] 10.222.0.37 () {64 vars in 1434 bytes} [Wed Jun 30 18:06:12 2021] PUT /placement/allocations/468d7d03-b524-4831-b6cd-0d1299e52a30 => generated 0 bytes in 125 msecs (HTTP/1.1 204) 5 headers in 199 bytes (2 switches on core 0)
Jun 30 18:06:12.799155 n-d-798930-1 devstack@placement-api.service[94209]: DEBUG placement.requestlog [req-7c82d9b3-3b80-4c84-a6f3-8bbe4548da4e req-1cc3ceae-461b-4755-a4d4-7cef4d939212 None None] Starting request: 10.222.0.60 "GET /placement/allocations/468d7d03-b524-4831-b6cd-0d1299e52a30" {{(pid=94209) __call__ /opt/stack/placement/placement/requestlog.py:55}}
Jun 30 18:06:12.819370 n-d-798930-1 devstack@placement-api.service[94209]: INFO placement.requestlog [req-7c82d9b3-3b80-4c84-a6f3-8bbe4548da4e req-1cc3ceae-461b-4755-a4d4-7cef4d939212 service placement] 10.222.0.60 "GET /placement/allocations/468d7d03-b524-4831-b6cd-0d1299e52a30" status: 200 len: 258 microversion: 1.28
Jun 30 18:06:12.820669 n-d-798930-1 devstack@placement-api.service[94209]: [pid: 94209|app: 0|req: 225/449] 10.222.0.60 () {60 vars in 1378 bytes} [Wed Jun 30 18:06:12 2021] GET /placement/allocations/468d7d03-b524-4831-b6cd-0d1299e52a30 => generated 258 bytes in 21 msecs (HTTP/1.1 200) 8 headers in 296 bytes (1 switches on core 0)
Jun 30 18:06:16.683311 n-d-798930-1 devstack@placement-api.service[94210]: DEBUG placement.requestlog [req-9007fa8f-9adb-4b9e-acfb-484e905ddc50 req-ccd2e2fc-10b7-46e6-bef4-97c31e613000 None None] Starting request: 10.222.0.37 "GET /placement/allocation_candidates?limit=1000&resources=DISK_GB%3A1%2CMEMORY_MB%3A1024%2CVCPU%3A1&root_required=%21COMPUTE_STATUS_DISABLED" {{(pid=94210) __call__ /opt/stack/placement/placement/requestlog.py:55}}
Jun 30 18:06:16.744714 n-d-798930-1 devstack@placement-api.service[94210]: DEBUG placement.objects.research_context [req-9007fa8f-9adb-4b9e-acfb-484e905ddc50 req-ccd2e2fc-10b7-46e6-bef4-97c31e613000 service placement] getting providers with 1 DISK_GB {{(pid=94210) __init__ /opt/stack/placement/placement/objects/research_context.py:126}}
Jun 30 18:06:16.752195 n-d-798930-1 devstack@placement-api.service[94210]: DEBUG placement.objects.research_context [req-9007fa8f-9adb-4b9e-acfb-484e905ddc50 req-ccd2e2fc-10b7-46e6-bef4-97c31e613000 service placement] getting providers with 1024 MEMORY_MB {{(pid=94210) __init__ /opt/stack/placement/placement/objects/research_context.py:126}}
Jun 30 18:06:16.762124 n-d-798930-1 devstack@placement-api.service[94210]: DEBUG placement.objects.research_context [req-9007fa8f-9adb-4b9e-acfb-484e905ddc50 req-ccd2e2fc-10b7-46e6-bef4-97c31e613000 service placement] getting providers with 1 VCPU {{(pid=94210) __init__ /opt/stack/placement/placement/objects/research_context.py:126}}
Jun 30 18:06:16.782398 n-d-798930-1 devstack@placement-api.service[94210]: DEBUG placement.objects.research_context [req-9007fa8f-9adb-4b9e-acfb-484e905ddc50 req-ccd2e2fc-10b7-46e6-bef4-97c31e613000 service placement] found 2 providers with available 1 DISK_GB {{(pid=94210) get_provider_ids_matching /opt/stack/placement/placement/objects/research_context.py:549}}
Jun 30 18:06:16.783248 n-d-798930-1 devstack@placement-api.service[94210]: DEBUG placement.objects.research_context [req-9007fa8f-9adb-4b9e-acfb-484e905ddc50 req-ccd2e2fc-10b7-46e6-bef4-97c31e613000 service placement] found 2 providers with available 1024 MEMORY_MB {{(pid=94210) get_provider_ids_matching /opt/stack/placement/placement/objects/research_context.py:549}}
Jun 30 18:06:16.784516 n-d-798930-1 devstack@placement-api.service[94210]: DEBUG placement.objects.research_context [req-9007fa8f-9adb-4b9e-acfb-484e905ddc50 req-ccd2e2fc-10b7-46e6-bef4-97c31e613000 service placement] found 2 providers after filtering by previous result {{(pid=94210) get_provider_ids_matching /opt/stack/placement/placement/objects/research_context.py:580}}
Jun 30 18:06:16.785335 n-d-798930-1 devstack@placement-api.service[94210]: DEBUG placement.objects.research_context [req-9007fa8f-9adb-4b9e-acfb-484e905ddc50 req-ccd2e2fc-10b7-46e6-bef4-97c31e613000 service placement] found 2 providers with available 1 VCPU {{(pid=94210) get_provider_ids_matching /opt/stack/placement/placement/objects/research_context.py:549}}
Jun 30 18:06:16.785875 n-d-798930-1 devstack@placement-api.service[94210]: DEBUG placement.objects.research_context [req-9007fa8f-9adb-4b9e-acfb-484e905ddc50 req-ccd2e2fc-10b7-46e6-bef4-97c31e613000 service placement] found 2 providers after filtering by previous result {{(pid=94210) get_provider_ids_matching /opt/stack/placement/placement/objects/research_context.py:580}}
Jun 30 18:06:16.808683 n-d-798930-1 devstack@placement-api.service[94210]: DEBUG placement.objects.allocation_candidate [req-9007fa8f-9adb-4b9e-acfb-484e905ddc50 req-ccd2e2fc-10b7-46e6-bef4-97c31e613000 service placement] RequestGroup(use_same_provider=False, resources={DISK_GB:1, MEMORY_MB:1024, VCPU:1}, traits=[], aggregates=[]) (suffix '') returned 2 matches {{(pid=94210) _get_by_requests /opt/stack/placement/placement/objects/allocation_candidate.py:145}}
Jun 30 18:06:16.808683 n-d-798930-1 devstack@placement-api.service[94210]: DEBUG placement.objects.allocation_candidate [req-9007fa8f-9adb-4b9e-acfb-484e905ddc50 req-ccd2e2fc-10b7-46e6-bef4-97c31e613000 service placement] Merging candidates yields 2 allocation requests and 2 provider summaries {{(pid=94210) _merge_candidates /opt/stack/placement/placement/objects/allocation_candidate.py:783}}
Jun 30 18:06:16.812560 n-d-798930-1 devstack@placement-api.service[94210]: INFO placement.requestlog [req-9007fa8f-9adb-4b9e-acfb-484e905ddc50 req-ccd2e2fc-10b7-46e6-bef4-97c31e613000 service placement] 10.222.0.37 "GET /placement/allocation_candidates?limit=1000&resources=DISK_GB%3A1%2CMEMORY_MB%3A1024%2CVCPU%3A1&root_required=%21COMPUTE_STATUS_DISABLED" status: 200 len: 1309 microversion: 1.35
Jun 30 18:06:16.813170 n-d-798930-1 devstack@placement-api.service[94210]: [pid: 94210|app: 0|req: 225/450] 10.222.0.37 () {60 vars in 1507 bytes} [Wed Jun 30 18:06:16 2021] GET /placement/allocation_candidates?limit=1000&resources=DISK_GB%3A1%2CMEMORY_MB%3A1024%2CVCPU%3A1&root_required=%21COMPUTE_STATUS_DISABLED => generated 1309 bytes in 130 msecs (HTTP/1.1 200) 8 headers in 297 bytes (1 switches on core 0)
Jun 30 18:06:16.899741 n-d-798930-1 devstack@placement-api.service[94209]: DEBUG placement.requestlog [req-9007fa8f-9adb-4b9e-acfb-484e905ddc50 req-f3d3cf6b-638d-4324-9043-b02e103f7622 None None] Starting request: 10.222.0.37 "GET /placement/allocations/def2114e-12f8-45c9-a185-e64069e1276a" {{(pid=94209) __call__ /opt/stack/placement/placement/requestlog.py:55}}
Jun 30 18:06:16.913566 n-d-798930-1 devstack@placement-api.service[94209]: INFO placement.requestlog [req-9007fa8f-9adb-4b9e-acfb-484e905ddc50 req-f3d3cf6b-638d-4324-9043-b02e103f7622 service placement] 10.222.0.37 "GET /placement/allocations/def2114e-12f8-45c9-a185-e64069e1276a" status: 200 len: 19 microversion: 1.28
Jun 30 18:06:16.919862 n-d-798930-1 devstack@placement-api.service[94209]: [pid: 94209|app: 0|req: 226/451] 10.222.0.37 () {60 vars in 1381 bytes} [Wed Jun 30 18:06:16 2021] GET /placement/allocations/def2114e-12f8-45c9-a185-e64069e1276a => generated 19 bytes in 20 msecs (HTTP/1.1 200) 8 headers in 295 bytes (1 switches on core 0)
Jun 30 18:06:16.920632 n-d-798930-1 devstack@placement-api.service[94210]: DEBUG placement.requestlog [req-9007fa8f-9adb-4b9e-acfb-484e905ddc50 req-5184c377-d1f5-4d61-836a-e4b168cfc211 None None] Starting request: 10.222.0.37 "PUT /placement/allocations/def2114e-12f8-45c9-a185-e64069e1276a" {{(pid=94210) __call__ /opt/stack/placement/placement/requestlog.py:55}}
Jun 30 18:06:17.014895 n-d-798930-1 devstack@placement-api.service[94210]: DEBUG placement.handlers.allocation [req-9007fa8f-9adb-4b9e-acfb-484e905ddc50 req-5184c377-d1f5-4d61-836a-e4b168cfc211 service placement] Successfully wrote allocations [, , ] {{(pid=94210) _create_allocations /opt/stack/placement/placement/handlers/allocation.py:435}}
Jun 30 18:06:17.016467 n-d-798930-1 devstack@placement-api.service[94210]: INFO placement.requestlog [req-9007fa8f-9adb-4b9e-acfb-484e905ddc50 req-5184c377-d1f5-4d61-836a-e4b168cfc211 service placement] 10.222.0.37 "PUT /placement/allocations/def2114e-12f8-45c9-a185-e64069e1276a" status: 204 len: 0 microversion: 1.35
Jun 30 18:06:17.017617 n-d-798930-1 devstack@placement-api.service[94210]: [pid: 94210|app: 0|req: 226/452] 10.222.0.37 () {64 vars in 1434 bytes} [Wed Jun 30 18:06:16 2021] PUT /placement/allocations/def2114e-12f8-45c9-a185-e64069e1276a => generated 0 bytes in 97 msecs (HTTP/1.1 204) 5 headers in 199 bytes (1 switches on core 0)
Jun 30 18:06:17.696892 n-d-798930-1 devstack@placement-api.service[94209]: DEBUG placement.requestlog [req-9007fa8f-9adb-4b9e-acfb-484e905ddc50 req-3bc30dd4-8a64-40a6-a39a-f5cc44fff200 None None] Starting request: 10.222.0.60 "GET /placement/allocations/def2114e-12f8-45c9-a185-e64069e1276a" {{(pid=94209) __call__ /opt/stack/placement/placement/requestlog.py:55}}
Jun 30 18:06:17.729073 n-d-798930-1 devstack@placement-api.service[94209]: INFO placement.requestlog [req-9007fa8f-9adb-4b9e-acfb-484e905ddc50 req-3bc30dd4-8a64-40a6-a39a-f5cc44fff200 service placement] 10.222.0.60 "GET /placement/allocations/def2114e-12f8-45c9-a185-e64069e1276a" status: 200 len: 259 microversion: 1.28
Jun 30 18:06:17.729683 n-d-798930-1 devstack@placement-api.service[94209]: [pid: 94209|app: 0|req: 227/453] 10.222.0.60 () {60 vars in 1378 bytes} [Wed Jun 30 18:06:17 2021] GET /placement/allocations/def2114e-12f8-45c9-a185-e64069e1276a => generated 259 bytes in 33 msecs (HTTP/1.1 200) 8 headers in 296 bytes (1 switches on core 0)
Jun 30 18:06:30.714496 n-d-798930-1 devstack@placement-api.service[94210]: DEBUG placement.requestlog [req-6668d0a1-6d78-4456-a2cb-404e8fd3d68e req-5cf1a12d-5eb3-4714-8a3b-eb284b0008fb None None] Starting request: 10.222.0.60 "GET /placement/allocations/a464b89c-3176-418c-adef-2c8a82fbaae6" {{(pid=94210) __call__ /opt/stack/placement/placement/requestlog.py:55}}
Jun 30 18:06:30.763377 n-d-798930-1 devstack@placement-api.service[94210]: INFO placement.requestlog [req-6668d0a1-6d78-4456-a2cb-404e8fd3d68e req-5cf1a12d-5eb3-4714-8a3b-eb284b0008fb service placement] 10.222.0.60 "GET /placement/allocations/a464b89c-3176-418c-adef-2c8a82fbaae6" status: 200 len: 259 microversion: 1.28
Jun 30 18:06:30.764118 n-d-798930-1 devstack@placement-api.service[94210]: [pid: 94210|app: 0|req: 227/454] 10.222.0.60 () {60 vars in 1378 bytes} [Wed Jun 30 18:06:30 2021] GET /placement/allocations/a464b89c-3176-418c-adef-2c8a82fbaae6 => generated 259 bytes in 51 msecs (HTTP/1.1 200) 8 headers in 296 bytes (2 switches on core 0)
Jun 30 18:06:30.773212 n-d-798930-1 devstack@placement-api.service[94209]: DEBUG placement.requestlog [req-6668d0a1-6d78-4456-a2cb-404e8fd3d68e req-ea6f4e7d-da13-40cb-93e2-98512de29ee8 None None] Starting request: 10.222.0.60 "PUT /placement/allocations/a464b89c-3176-418c-adef-2c8a82fbaae6" {{(pid=94209) __call__ /opt/stack/placement/placement/requestlog.py:55}}
Jun 30 18:06:30.916755 n-d-798930-1 devstack@placement-api.service[94209]: DEBUG placement.handlers.allocation [req-6668d0a1-6d78-4456-a2cb-404e8fd3d68e req-ea6f4e7d-da13-40cb-93e2-98512de29ee8 service placement] Successfully wrote allocations [, , ] {{(pid=94209) _create_allocations /opt/stack/placement/placement/handlers/allocation.py:435}}
Jun 30 18:06:30.917783 n-d-798930-1 devstack@placement-api.service[94209]: INFO placement.requestlog [req-6668d0a1-6d78-4456-a2cb-404e8fd3d68e req-ea6f4e7d-da13-40cb-93e2-98512de29ee8 service placement] 10.222.0.60 "PUT /placement/allocations/a464b89c-3176-418c-adef-2c8a82fbaae6" status: 204 len: 0 microversion: 1.28
