Jul 14 09:12:25.337619 n-d-798249-8 devstack@placement-api.service[94435]: INFO placement.requestlog [req-5421b41a-9c77-4dbe-839e-8a53c065ab8c req-9c6b5b53-3685-4c9a-ad3c-0fe271bb85f7 service placement] 10.222.0.60 "GET /placement/allocation_candidates?limit=1000&resources=DISK_GB%3A1%2CMEMORY_MB%3A1024%2CVCPU%3A1&root_required=%21COMPUTE_STATUS_DISABLED" status: 200 len: 1309 microversion: 1.35
Jul 14 09:12:25.338332 n-d-798249-8 devstack@placement-api.service[94435]: [pid: 94435|app: 0|req: 211/419] 10.222.0.60 () {60 vars in 1507 bytes} [Wed Jul 14 09:12:25 2021] GET /placement/allocation_candidates?limit=1000&resources=DISK_GB%3A1%2CMEMORY_MB%3A1024%2CVCPU%3A1&root_required=%21COMPUTE_STATUS_DISABLED => generated 1309 bytes in 155 msecs (HTTP/1.1 200) 8 headers in 297 bytes (1 switches on core 0)
Jul 14 09:12:25.421355 n-d-798249-8 devstack@placement-api.service[94436]: DEBUG placement.requestlog [req-5421b41a-9c77-4dbe-839e-8a53c065ab8c req-ba3126c1-faca-4b59-ac1e-b1d21750a2cd None None] Starting request: 10.222.0.60 "GET /placement/allocations/55b44e9c-a500-45a5-8828-ba1558b3a9a8" {{(pid=94436) __call__ /opt/stack/placement/placement/requestlog.py:55}}
Jul 14 09:12:25.441596 n-d-798249-8 devstack@placement-api.service[94436]: INFO placement.requestlog [req-5421b41a-9c77-4dbe-839e-8a53c065ab8c req-ba3126c1-faca-4b59-ac1e-b1d21750a2cd service placement] 10.222.0.60 "GET /placement/allocations/55b44e9c-a500-45a5-8828-ba1558b3a9a8" status: 200 len: 19 microversion: 1.28
Jul 14 09:12:25.442330 n-d-798249-8 devstack@placement-api.service[94436]: [pid: 94436|app: 0|req: 209/420] 10.222.0.60 () {60 vars in 1381 bytes} [Wed Jul 14 09:12:25 2021] GET /placement/allocations/55b44e9c-a500-45a5-8828-ba1558b3a9a8 => generated 19 bytes in 21 msecs (HTTP/1.1 200) 8 headers in 295 bytes (1 switches on core 0)
Jul 14 09:12:25.448274 n-d-798249-8 devstack@placement-api.service[94435]: DEBUG placement.requestlog [req-5421b41a-9c77-4dbe-839e-8a53c065ab8c req-a2d66f5b-c150-4654-83f7-1bd4c1d22de6 None None] Starting request: 10.222.0.60 "PUT /placement/allocations/55b44e9c-a500-45a5-8828-ba1558b3a9a8" {{(pid=94435) __call__ /opt/stack/placement/placement/requestlog.py:55}}
Jul 14 09:12:25.556990 n-d-798249-8 devstack@placement-api.service[94435]: DEBUG placement.handlers.allocation [req-5421b41a-9c77-4dbe-839e-8a53c065ab8c req-a2d66f5b-c150-4654-83f7-1bd4c1d22de6 service placement] Successfully wrote allocations [, , ] {{(pid=94435) _create_allocations /opt/stack/placement/placement/handlers/allocation.py:435}}
Jul 14 09:12:25.558126 n-d-798249-8 devstack@placement-api.service[94435]: INFO placement.requestlog [req-5421b41a-9c77-4dbe-839e-8a53c065ab8c req-a2d66f5b-c150-4654-83f7-1bd4c1d22de6 service placement] 10.222.0.60 "PUT /placement/allocations/55b44e9c-a500-45a5-8828-ba1558b3a9a8" status: 204 len: 0 microversion: 1.35
Jul 14 09:12:25.566503 n-d-798249-8 devstack@placement-api.service[94435]: [pid: 94435|app: 0|req: 212/421] 10.222.0.60 () {64 vars in 1434 bytes} [Wed Jul 14 09:12:25 2021] PUT /placement/allocations/55b44e9c-a500-45a5-8828-ba1558b3a9a8 => generated 0 bytes in 111 msecs (HTTP/1.1 204) 5 headers in 199 bytes (1 switches on core 0)
Jul 14 09:12:26.007213 n-d-798249-8 devstack@placement-api.service[94436]: DEBUG placement.requestlog [req-5421b41a-9c77-4dbe-839e-8a53c065ab8c req-6bab7040-185d-4c7f-96cd-6e15bf53dcb1 None None] Starting request: 10.222.0.53 "GET /placement/allocations/55b44e9c-a500-45a5-8828-ba1558b3a9a8" {{(pid=94436) __call__ /opt/stack/placement/placement/requestlog.py:55}}
Jul 14 09:12:26.088070 n-d-798249-8 devstack@placement-api.service[94435]: DEBUG placement.requestlog [req-c8aa6fa0-b157-42e2-a913-90a0c46d7eaf req-3272f6ce-00bd-429d-8ddf-245cc80a9fa6 None None] Starting request: 10.222.0.60 "GET /placement/allocation_candidates?limit=1000&resources=DISK_GB%3A1%2CMEMORY_MB%3A1024%2CVCPU%3A1&root_required=%21COMPUTE_STATUS_DISABLED" {{(pid=94435) __call__ /opt/stack/placement/placement/requestlog.py:55}}
Jul 14 09:12:26.114426 n-d-798249-8 devstack@placement-api.service[94436]: INFO placement.requestlog [req-5421b41a-9c77-4dbe-839e-8a53c065ab8c req-6bab7040-185d-4c7f-96cd-6e15bf53dcb1 service placement] 10.222.0.53 "GET /placement/allocations/55b44e9c-a500-45a5-8828-ba1558b3a9a8" status: 200 len: 259 microversion: 1.28
Jul 14 09:12:26.114842 n-d-798249-8 devstack@placement-api.service[94436]: [pid: 94436|app: 0|req: 210/422] 10.222.0.53 () {60 vars in 1378 bytes} [Wed Jul 14 09:12:26 2021] GET /placement/allocations/55b44e9c-a500-45a5-8828-ba1558b3a9a8 => generated 259 bytes in 109 msecs (HTTP/1.1 200) 8 headers in 296 bytes (2 switches on core 0)
Jul 14 09:12:26.158659 n-d-798249-8 devstack@placement-api.service[94435]: DEBUG placement.objects.research_context [req-c8aa6fa0-b157-42e2-a913-90a0c46d7eaf req-3272f6ce-00bd-429d-8ddf-245cc80a9fa6 service placement] getting providers with 1 DISK_GB {{(pid=94435) __init__ /opt/stack/placement/placement/objects/research_context.py:126}}
Jul 14 09:12:26.165373 n-d-798249-8 devstack@placement-api.service[94435]: DEBUG placement.objects.research_context [req-c8aa6fa0-b157-42e2-a913-90a0c46d7eaf req-3272f6ce-00bd-429d-8ddf-245cc80a9fa6 service placement] getting providers with 1024 MEMORY_MB {{(pid=94435) __init__ /opt/stack/placement/placement/objects/research_context.py:126}}
Jul 14 09:12:26.172227 n-d-798249-8 devstack@placement-api.service[94435]: DEBUG placement.objects.research_context [req-c8aa6fa0-b157-42e2-a913-90a0c46d7eaf req-3272f6ce-00bd-429d-8ddf-245cc80a9fa6 service placement] getting providers with 1 VCPU {{(pid=94435) __init__ /opt/stack/placement/placement/objects/research_context.py:126}}
Jul 14 09:12:26.179955 n-d-798249-8 devstack@placement-api.service[94435]: DEBUG placement.objects.research_context [req-c8aa6fa0-b157-42e2-a913-90a0c46d7eaf req-3272f6ce-00bd-429d-8ddf-245cc80a9fa6 service placement] found 2 providers with available 1 DISK_GB {{(pid=94435) get_provider_ids_matching /opt/stack/placement/placement/objects/research_context.py:549}}
Jul 14 09:12:26.180233 n-d-798249-8 devstack@placement-api.service[94435]: DEBUG placement.objects.research_context [req-c8aa6fa0-b157-42e2-a913-90a0c46d7eaf req-3272f6ce-00bd-429d-8ddf-245cc80a9fa6 service placement] found 2 providers with available 1024 MEMORY_MB {{(pid=94435) get_provider_ids_matching /opt/stack/placement/placement/objects/research_context.py:549}}
Jul 14 09:12:26.180694 n-d-798249-8 devstack@placement-api.service[94435]: DEBUG placement.objects.research_context [req-c8aa6fa0-b157-42e2-a913-90a0c46d7eaf req-3272f6ce-00bd-429d-8ddf-245cc80a9fa6 service placement] found 2 providers after filtering by previous result {{(pid=94435) get_provider_ids_matching /opt/stack/placement/placement/objects/research_context.py:580}}
Jul 14 09:12:26.181139 n-d-798249-8 devstack@placement-api.service[94435]: DEBUG placement.objects.research_context [req-c8aa6fa0-b157-42e2-a913-90a0c46d7eaf req-3272f6ce-00bd-429d-8ddf-245cc80a9fa6 service placement] found 2 providers with available 1 VCPU {{(pid=94435) get_provider_ids_matching /opt/stack/placement/placement/objects/research_context.py:549}}
Jul 14 09:12:26.181577 n-d-798249-8 devstack@placement-api.service[94435]: DEBUG placement.objects.research_context [req-c8aa6fa0-b157-42e2-a913-90a0c46d7eaf req-3272f6ce-00bd-429d-8ddf-245cc80a9fa6 service placement] found 2 providers after filtering by previous result {{(pid=94435) get_provider_ids_matching /opt/stack/placement/placement/objects/research_context.py:580}}
Jul 14 09:12:26.214527 n-d-798249-8 devstack@placement-api.service[94435]: DEBUG placement.objects.allocation_candidate [req-c8aa6fa0-b157-42e2-a913-90a0c46d7eaf req-3272f6ce-00bd-429d-8ddf-245cc80a9fa6 service placement] RequestGroup(use_same_provider=False, resources={DISK_GB:1, MEMORY_MB:1024, VCPU:1}, traits=[], aggregates=[]) (suffix '') returned 2 matches {{(pid=94435) _get_by_requests /opt/stack/placement/placement/objects/allocation_candidate.py:145}}
Jul 14 09:12:26.215173 n-d-798249-8 devstack@placement-api.service[94435]: DEBUG placement.objects.allocation_candidate [req-c8aa6fa0-b157-42e2-a913-90a0c46d7eaf req-3272f6ce-00bd-429d-8ddf-245cc80a9fa6 service placement] Merging candidates yields 2 allocation requests and 2 provider summaries {{(pid=94435) _merge_candidates /opt/stack/placement/placement/objects/allocation_candidate.py:783}}
Jul 14 09:12:26.217152 n-d-798249-8 devstack@placement-api.service[94435]: INFO placement.requestlog [req-c8aa6fa0-b157-42e2-a913-90a0c46d7eaf req-3272f6ce-00bd-429d-8ddf-245cc80a9fa6 service placement] 10.222.0.60 "GET /placement/allocation_candidates?limit=1000&resources=DISK_GB%3A1%2CMEMORY_MB%3A1024%2CVCPU%3A1&root_required=%21COMPUTE_STATUS_DISABLED" status: 200 len: 1309 microversion: 1.35
Jul 14 09:12:26.217701 n-d-798249-8 devstack@placement-api.service[94435]: [pid: 94435|app: 0|req: 213/423] 10.222.0.60 () {60 vars in 1507 bytes} [Wed Jul 14 09:12:26 2021] GET /placement/allocation_candidates?limit=1000&resources=DISK_GB%3A1%2CMEMORY_MB%3A1024%2CVCPU%3A1&root_required=%21COMPUTE_STATUS_DISABLED => generated 1309 bytes in 133 msecs (HTTP/1.1 200) 8 headers in 297 bytes (1 switches on core 0)
Jul 14 09:12:26.294364 n-d-798249-8 devstack@placement-api.service[94436]: DEBUG placement.requestlog [req-c8aa6fa0-b157-42e2-a913-90a0c46d7eaf req-4bab39b4-4d47-4d43-bd8f-e44b6ae89348 None None] Starting request: 10.222.0.60 "GET /placement/allocations/800c725e-a788-4c40-948c-a730db7c35c1" {{(pid=94436) __call__ /opt/stack/placement/placement/requestlog.py:55}}
Jul 14 09:12:26.307030 n-d-798249-8 devstack@placement-api.service[94436]: INFO placement.requestlog [req-c8aa6fa0-b157-42e2-a913-90a0c46d7eaf req-4bab39b4-4d47-4d43-bd8f-e44b6ae89348 service placement] 10.222.0.60 "GET /placement/allocations/800c725e-a788-4c40-948c-a730db7c35c1" status: 200 len: 19 microversion: 1.28
Jul 14 09:12:26.307630 n-d-798249-8 devstack@placement-api.service[94436]: [pid: 94436|app: 0|req: 211/424] 10.222.0.60 () {60 vars in 1381 bytes} [Wed Jul 14 09:12:26 2021] GET /placement/allocations/800c725e-a788-4c40-948c-a730db7c35c1 => generated 19 bytes in 13 msecs (HTTP/1.1 200) 8 headers in 295 bytes (1 switches on core 0)
Jul 14 09:12:26.321924 n-d-798249-8 devstack@placement-api.service[94435]: DEBUG placement.requestlog [req-c8aa6fa0-b157-42e2-a913-90a0c46d7eaf req-07bafb66-7cb7-4265-9103-de65a59466da None None] Starting request: 10.222.0.60 "PUT /placement/allocations/800c725e-a788-4c40-948c-a730db7c35c1" {{(pid=94435) __call__ /opt/stack/placement/placement/requestlog.py:55}}
Jul 14 09:12:26.427537 n-d-798249-8 devstack@placement-api.service[94435]: DEBUG placement.handlers.allocation [req-c8aa6fa0-b157-42e2-a913-90a0c46d7eaf req-07bafb66-7cb7-4265-9103-de65a59466da service placement] Successfully wrote allocations [, , ] {{(pid=94435) _create_allocations /opt/stack/placement/placement/handlers/allocation.py:435}}
Jul 14 09:12:26.428061 n-d-798249-8 devstack@placement-api.service[94435]: INFO placement.requestlog [req-c8aa6fa0-b157-42e2-a913-90a0c46d7eaf req-07bafb66-7cb7-4265-9103-de65a59466da service placement] 10.222.0.60 "PUT /placement/allocations/800c725e-a788-4c40-948c-a730db7c35c1" status: 204 len: 0 microversion: 1.35
Jul 14 09:12:26.428295 n-d-798249-8 devstack@placement-api.service[94435]: [pid: 94435|app: 0|req: 214/425] 10.222.0.60 () {64 vars in 1434 bytes} [Wed Jul 14 09:12:26 2021] PUT /placement/allocations/800c725e-a788-4c40-948c-a730db7c35c1 => generated 0 bytes in 109 msecs (HTTP/1.1 204) 5 headers in 199 bytes (2 switches on core 0)
Jul 14 09:12:26.929821 n-d-798249-8 devstack@placement-api.service[94436]: DEBUG placement.requestlog [req-c8aa6fa0-b157-42e2-a913-90a0c46d7eaf req-149a05d4-b1f3-47f3-860f-0a867b8cc525 None None] Starting request: 10.222.0.53 "GET /placement/allocations/800c725e-a788-4c40-948c-a730db7c35c1" {{(pid=94436) __call__ /opt/stack/placement/placement/requestlog.py:55}}
Jul 14 09:12:26.962881 n-d-798249-8 devstack@placement-api.service[94436]: INFO placement.requestlog [req-c8aa6fa0-b157-42e2-a913-90a0c46d7eaf req-149a05d4-b1f3-47f3-860f-0a867b8cc525 service placement] 10.222.0.53 "GET /placement/allocations/800c725e-a788-4c40-948c-a730db7c35c1" status: 200 len: 259 microversion: 1.28
Jul 14 09:12:26.964535 n-d-798249-8 devstack@placement-api.service[94436]: [pid: 94436|app: 0|req: 212/426] 10.222.0.53 () {60 vars in 1378 bytes} [Wed Jul 14 09:12:26 2021] GET /placement/allocations/800c725e-a788-4c40-948c-a730db7c35c1 => generated 259 bytes in 35 msecs (HTTP/1.1 200) 8 headers in 296 bytes (1 switches on core 0)
Jul 14 09:12:27.035083 n-d-798249-8 devstack@placement-api.service[94435]: DEBUG placement.requestlog [req-d124b431-0af9-4d2c-8b03-d8d25b113d97 req-79a613ca-8d34-4300-ab02-27bf050213ab None None] Starting request: 10.222.0.60 "GET /placement/allocation_candidates?limit=1000&resources=DISK_GB%3A1%2CMEMORY_MB%3A1024%2CVCPU%3A1&root_required=%21COMPUTE_STATUS_DISABLED" {{(pid=94435) __call__ /opt/stack/placement/placement/requestlog.py:55}}
Jul 14 09:12:27.111224 n-d-798249-8 devstack@placement-api.service[94435]: DEBUG placement.objects.research_context [req-d124b431-0af9-4d2c-8b03-d8d25b113d97 req-79a613ca-8d34-4300-ab02-27bf050213ab service placement] getting providers with 1 DISK_GB {{(pid=94435) __init__ /opt/stack/placement/placement/objects/research_context.py:126}}
Jul 14 09:12:27.136464 n-d-798249-8 devstack@placement-api.service[94435]: DEBUG placement.objects.research_context [req-d124b431-0af9-4d2c-8b03-d8d25b113d97 req-79a613ca-8d34-4300-ab02-27bf050213ab service placement] getting providers with 1024 MEMORY_MB {{(pid=94435) __init__ /opt/stack/placement/placement/objects/research_context.py:126}}
Jul 14 09:12:27.146357 n-d-798249-8 devstack@placement-api.service[94435]: DEBUG placement.objects.research_context [req-d124b431-0af9-4d2c-8b03-d8d25b113d97 req-79a613ca-8d34-4300-ab02-27bf050213ab service placement] getting providers with 1 VCPU {{(pid=94435) __init__ /opt/stack/placement/placement/objects/research_context.py:126}}
Jul 14 09:12:27.164706 n-d-798249-8 devstack@placement-api.service[94435]: DEBUG placement.objects.research_context [req-d124b431-0af9-4d2c-8b03-d8d25b113d97 req-79a613ca-8d34-4300-ab02-27bf050213ab service placement] found 2 providers with available 1 DISK_GB {{(pid=94435) get_provider_ids_matching /opt/stack/placement/placement/objects/research_context.py:549}}
Jul 14 09:12:27.165146 n-d-798249-8 devstack@placement-api.service[94435]: DEBUG placement.objects.research_context [req-d124b431-0af9-4d2c-8b03-d8d25b113d97 req-79a613ca-8d34-4300-ab02-27bf050213ab service placement] found 2 providers with available 1024 MEMORY_MB {{(pid=94435) get_provider_ids_matching /opt/stack/placement/placement/objects/research_context.py:549}}
Jul 14 09:12:27.165665 n-d-798249-8 devstack@placement-api.service[94435]: DEBUG placement.objects.research_context [req-d124b431-0af9-4d2c-8b03-d8d25b113d97 req-79a613ca-8d34-4300-ab02-27bf050213ab service placement] found 2 providers after filtering by previous result {{(pid=94435) get_provider_ids_matching /opt/stack/placement/placement/objects/research_context.py:580}}
Jul 14 09:12:27.166030 n-d-798249-8 devstack@placement-api.service[94435]: DEBUG placement.objects.research_context [req-d124b431-0af9-4d2c-8b03-d8d25b113d97 req-79a613ca-8d34-4300-ab02-27bf050213ab service placement] found 2 providers with available 1 VCPU {{(pid=94435) get_provider_ids_matching /opt/stack/placement/placement/objects/research_context.py:549}}
Jul 14 09:12:27.166395 n-d-798249-8 devstack@placement-api.service[94435]: DEBUG placement.objects.research_context [req-d124b431-0af9-4d2c-8b03-d8d25b113d97 req-79a613ca-8d34-4300-ab02-27bf050213ab service placement] found 2 providers after filtering by previous result {{(pid=94435) get_provider_ids_matching /opt/stack/placement/placement/objects/research_context.py:580}}
Jul 14 09:12:27.172710 n-d-798249-8 devstack@placement-api.service[94436]: DEBUG placement.requestlog [req-07856850-da17-4774-9d9b-23b11b915f39 req-d1469898-56ae-4db4-9586-1ce61c7a2667 None None] Starting request: 10.222.0.62 "GET /placement/resource_providers/0f076be9-e46f-44b1-8a6a-3f702d74b964/allocations" {{(pid=94436) __call__ /opt/stack/placement/placement/requestlog.py:55}}
Jul 14 09:12:27.195331 n-d-798249-8 devstack@placement-api.service[94435]: DEBUG placement.objects.allocation_candidate [req-d124b431-0af9-4d2c-8b03-d8d25b113d97 req-79a613ca-8d34-4300-ab02-27bf050213ab service placement] RequestGroup(use_same_provider=False, resources={DISK_GB:1, MEMORY_MB:1024, VCPU:1}, traits=[], aggregates=[]) (suffix '') returned 2 matches {{(pid=94435) _get_by_requests /opt/stack/placement/placement/objects/allocation_candidate.py:145}}
Jul 14 09:12:27.195913 n-d-798249-8 devstack@placement-api.service[94435]: DEBUG placement.objects.allocation_candidate [req-d124b431-0af9-4d2c-8b03-d8d25b113d97 req-79a613ca-8d34-4300-ab02-27bf050213ab service placement] Merging candidates yields 2 allocation requests and 2 provider summaries {{(pid=94435) _merge_candidates /opt/stack/placement/placement/objects/allocation_candidate.py:783}}
Jul 14 09:12:27.197879 n-d-798249-8 devstack@placement-api.service[94435]: INFO placement.requestlog [req-d124b431-0af9-4d2c-8b03-d8d25b113d97 req-79a613ca-8d34-4300-ab02-27bf050213ab service placement] 10.222.0.60 "GET /placement/allocation_candidates?limit=1000&resources=DISK_GB%3A1%2CMEMORY_MB%3A1024%2CVCPU%3A1&root_required=%21COMPUTE_STATUS_DISABLED" status: 200 len: 1309 microversion: 1.35
Jul 14 09:12:27.208925 n-d-798249-8 devstack@placement-api.service[94435]: [pid: 94435|app: 0|req: 215/427] 10.222.0.60 () {60 vars in 1507 bytes} [Wed Jul 14 09:12:27 2021] GET /placement/allocation_candidates?limit=1000&resources=DISK_GB%3A1%2CMEMORY_MB%3A1024%2CVCPU%3A1&root_required=%21COMPUTE_STATUS_DISABLED => generated 1309 bytes in 174 msecs (HTTP/1.1 200) 8 headers in 297 bytes (1 switches on core 0)
Jul 14 09:12:27.211276 n-d-798249-8 devstack@placement-api.service[94436]: INFO placement.requestlog [req-07856850-da17-4774-9d9b-23b11b915f39 req-d1469898-56ae-4db4-9586-1ce61c7a2667 service placement] 10.222.0.62 "GET /placement/resource_providers/0f076be9-e46f-44b1-8a6a-3f702d74b964/allocations" status: 200 len: 457 microversion: 1.0
Jul 14 09:12:27.211817 n-d-798249-8 devstack@placement-api.service[94436]: [pid: 94436|app: 0|req: 213/428] 10.222.0.62 () {58 vars in 1391 bytes} [Wed Jul 14 09:12:27 2021] GET /placement/resource_providers/0f076be9-e46f-44b1-8a6a-3f702d74b964/allocations => generated 457 bytes in 39 msecs (HTTP/1.1 200) 6 headers in 224 bytes (2 switches on core 0)
Jul 14 09:12:27.329542 n-d-798249-8 devstack@placement-api.service[94435]: DEBUG placement.requestlog [req-d124b431-0af9-4d2c-8b03-d8d25b113d97 req-70d8eb52-6d14-425c-813c-54fa44bbeead None None] Starting request: 10.222.0.60 "GET /placement/allocations/78e11da9-9f01-4036-bcc7-376316b17755" {{(pid=94435) __call__ /opt/stack/placement/placement/requestlog.py:55}}
Jul 14 09:12:27.352353 n-d-798249-8 devstack@placement-api.service[94435]: INFO placement.requestlog [req-d124b431-0af9-4d2c-8b03-d8d25b113d97 req-70d8eb52-6d14-425c-813c-54fa44bbeead service placement] 10.222.0.60 "GET /placement/allocations/78e11da9-9f01-4036-bcc7-376316b17755" status: 200 len: 19 microversion: 1.28
Jul 14 09:12:27.352801 n-d-798249-8 devstack@placement-api.service[94435]: [pid: 94435|app: 0|req: 216/429] 10.222.0.60 () {60 vars in 1381 bytes} [Wed Jul 14 09:12:27 2021] GET /placement/allocations/78e11da9-9f01-4036-bcc7-376316b17755 => generated 19 bytes in 24 msecs (HTTP/1.1 200) 8 headers in 295 bytes (1 switches on core 0)
Jul 14 09:12:27.359843 n-d-798249-8 devstack@placement-api.service[94436]: DEBUG placement.requestlog [req-d124b431-0af9-4d2c-8b03-d8d25b113d97 req-b87f8293-9bd3-4b6f-90e4-9e1c249c33d8 None None] Starting request: 10.222.0.60 "PUT /placement/allocations/78e11da9-9f01-4036-bcc7-376316b17755" {{(pid=94436) __call__ /opt/stack/placement/placement/requestlog.py:55}}
Jul 14 09:12:27.525009 n-d-798249-8 devstack@placement-api.service[94436]: DEBUG placement.handlers.allocation [req-d124b431-0af9-4d2c-8b03-d8d25b113d97 req-b87f8293-9bd3-4b6f-90e4-9e1c249c33d8 service placement] Successfully wrote allocations [, , ] {{(pid=94436) _create_allocations /opt/stack/placement/placement/handlers/allocation.py:435}}
Jul 14 09:12:27.525877 n-d-798249-8 devstack@placement-api.service[94436]: INFO placement.requestlog [req-d124b431-0af9-4d2c-8b03-d8d25b113d97 req-b87f8293-9bd3-4b6f-90e4-9e1c249c33d8 service placement] 10.222.0.60 "PUT /placement/allocations/78e11da9-9f01-4036-bcc7-376316b17755" status: 204 len: 0 microversion: 1.35
Jul 14 09:12:27.526580 n-d-798249-8 devstack@placement-api.service[94436]: [pid: 94436|app: 0|req: 214/430] 10.222.0.60 () {64 vars in 1434 bytes} [Wed Jul 14 09:12:27 2021] PUT /placement/allocations/78e11da9-9f01-4036-bcc7-376316b17755 => generated 0 bytes in 167 msecs (HTTP/1.1 204) 5 headers in 199 bytes (1 switches on core 0)
Jul 14 09:12:28.409090 n-d-798249-8 devstack@placement-api.service[94435]: DEBUG placement.requestlog [req-d124b431-0af9-4d2c-8b03-d8d25b113d97 req-8bf1f4ba-9488-4250-b6ed-34d5c9211386 None None] Starting request: 10.222.0.53 "GET /placement/allocations/78e11da9-9f01-4036-bcc7-376316b17755" {{(pid=94435) __call__ /opt/stack/placement/placement/requestlog.py:55}}
Jul 14 09:12:28.432963 n-d-798249-8 devstack@placement-api.service[94435]: INFO placement.requestlog [req-d124b431-0af9-4d2c-8b03-d8d25b113d97 req-8bf1f4ba-9488-4250-b6ed-34d5c9211386 service placement] 10.222.0.53 "GET /placement/allocations/78e11da9-9f01-4036-bcc7-376316b17755" status: 200 len: 259 microversion: 1.28
Jul 14 09:12:28.435159 n-d-798249-8 devstack@placement-api.service[94435]: [pid: 94435|app: 0|req: 217/431] 10.222.0.53 () {60 vars in 1378 bytes} [Wed Jul 14 09:12:28 2021] GET /placement/allocations/78e11da9-9f01-4036-bcc7-376316b17755 => generated 259 bytes in 26 msecs (HTTP/1.1 200) 8 headers in 296 bytes (1 switches on core 0)
Jul 14 09:12:30.226371 n-d-798249-8 devstack@placement-api.service[94436]: DEBUG placement.requestlog [req-344bb939-36d5-46b4-95f0-ca1a5993c0a1 req-06eec6eb-7ef4-4fa5-8af0-bc14f8575421 None None] Starting request: 10.222.0.62 "GET /placement/allocations/3955a790-0b9c-45f6-b099-2ee60c7ae662" {{(pid=94436) __call__ /opt/stack/placement/placement/requestlog.py:55}}
Jul 14 09:12:30.289190 n-d-798249-8 devstack@placement-api.service[94436]: INFO placement.requestlog [req-344bb939-36d5-46b4-95f0-ca1a5993c0a1 req-06eec6eb-7ef4-4fa5-8af0-bc14f8575421 service placement] 10.222.0.62 "GET /placement/allocations/3955a790-0b9c-45f6-b099-2ee60c7ae662" status: 200 len: 259 microversion: 1.28
Jul 14 09:12:30.290860 n-d-798249-8 devstack@placement-api.service[94436]: [pid: 94436|app: 0|req: 215/432] 10.222.0.62 () {60 vars in 1378 bytes} [Wed Jul 14 09:12:30 2021] GET /placement/allocations/3955a790-0b9c-45f6-b099-2ee60c7ae662 => generated 259 bytes in 65 msecs (HTTP/1.1 200) 8 headers in 296 bytes (1 switches on core 0)
Jul 14 09:12:30.305429 n-d-798249-8 devstack@placement-api.service[94435]: DEBUG placement.requestlog [req-344bb939-36d5-46b4-95f0-ca1a5993c0a1 req-b714cc1d-d7bd-411b-8fc1-346b3cba70d5 None None] Starting request: 10.222.0.62 "PUT /placement/allocations/3955a790-0b9c-45f6-b099-2ee60c7ae662" {{(pid=94435) __call__ /opt/stack/placement/placement/requestlog.py:55}}
Jul 14 09:12:30.389122 n-d-798249-8 devstack@placement-api.service[94435]: DEBUG placement.handlers.allocation [req-344bb939-36d5-46b4-95f0-ca1a5993c0a1 req-b714cc1d-d7bd-411b-8fc1-346b3cba70d5 service placement] Successfully wrote allocations [, , ] {{(pid=94435) _create_allocations /opt/stack/placement/placement/handlers/allocation.py:435}}
Jul 14 09:12:30.391061 n-d-798249-8 devstack@placement-api.service[94435]: INFO placement.requestlog [req-344bb939-36d5-46b4-95f0-ca1a5993c0a1 req-b714cc1d-d7bd-411b-8fc1-346b3cba70d5 service placement] 10.222.0.62 "PUT /placement/allocations/3955a790-0b9c-45f6-b099-2ee60c7ae662" status: 204 len: 0 microversion: 1.28
Jul 14 09:12:30.392051 n-d-798249-8 devstack@placement-api.service[94435]: [pid: 94435|app: 0|req: 218/433] 10.222.0.62 () {64 vars in 1431 bytes} [Wed Jul 14 09:12:30 2021] PUT /placement/allocations/3955a790-0b9c-45f6-b099-2ee60c7ae662 => generated 0 bytes in 88 msecs (HTTP/1.1 204) 5 headers in 199 bytes (1 switches on core 0)
Jul 14 09:12:30.670856 n-d-798249-8 devstack@placement-api.service[94436]: DEBUG placement.requestlog [req-00605a1f-083c-43b6-ba61-0aed98d6c8db req-29d3cee5-166f-49cc-8969-10172b4b9b5c None None] Starting request: 10.222.0.62 "GET /placement/allocations/76291b95-fe4d-4206-a09d-105ad6063f5b" {{(pid=94436) __call__ /opt/stack/placement/placement/requestlog.py:55}}
Jul 14 09:12:30.692001 n-d-798249-8 devstack@placement-api.service[94436]: INFO placement.requestlog [req-00605a1f-083c-43b6-ba61-0aed98d6c8db req-29d3cee5-166f-49cc-8969-10172b4b9b5c service placement] 10.222.0.62 "GET /placement/allocations/76291b95-fe4d-4206-a09d-105ad6063f5b" status: 200 len: 259 microversion: 1.28
Jul 14 09:12:30.693751 n-d-798249-8 devstack@placement-api.service[94436]: [pid: 94436|app: 0|req: 216/434] 10.222.0.62 () {60 vars in 1378 bytes} [Wed Jul 14 09:12:30 2021] GET /placement/allocations/76291b95-fe4d-4206-a09d-105ad6063f5b => generated 259 bytes in 23 msecs (HTTP/1.1 200) 8 headers in 296 bytes (1 switches on core 0)
Jul 14 09:12:30.706429 n-d-798249-8 devstack@placement-api.service[94435]: DEBUG placement.requestlog [req-00605a1f-083c-43b6-ba61-0aed98d6c8db req-373fc24a-1261-4dac-902a-93f784237595 None None] Starting request: 10.222.0.62 "PUT /placement/allocations/76291b95-fe4d-4206-a09d-105ad6063f5b" {{(pid=94435) __call__ /opt/stack/placement/placement/requestlog.py:55}}
Jul 14 09:12:30.861928 n-d-798249-8 devstack@placement-api.service[94435]: DEBUG placement.handlers.allocation [req-00605a1f-083c-43b6-ba61-0aed98d6c8db req-373fc24a-1261-4dac-902a-93f784237595 service placement] Successfully wrote allocations [, , ] {{(pid=94435) _create_allocations /opt/stack/placement/placement/handlers/allocation.py:435}}
Jul 14 09:12:30.862561 n-d-798249-8 devstack@placement-api.service[94435]: INFO placement.requestlog [req-00605a1f-083c-43b6-ba61-0aed98d6c8db req-373fc24a-1261-4dac-902a-93f784237595 service placement] 10.222.0.62 "PUT /placement/allocations/76291b95-fe4d-4206-a09d-105ad6063f5b" status: 204 len: 0 microversion: 1.28
Jul 14 09:12:30.863182 n-d-798249-8 devstack@placement-api.service[94435]: [pid: 94435|app: 0|req: 219/435] 10.222.0.62 () {64 vars in 1431 bytes} [Wed Jul 14 09:12:30 2021] PUT /placement/allocations/76291b95-fe4d-4206-a09d-105ad6063f5b => generated 0 bytes in 162 msecs (HTTP/1.1 204) 5 headers in 199 bytes (1 switches on core 0)
Jul 14 09:12:35.544453 n-d-798249-8 devstack@placement-api.service[94436]: DEBUG placement.requestlog [req-a52deec8-75bf-45b5-a2cf-6d20a26f190c req-b16be3df-5c60-487f-a52f-24676fb4e286 None None] Starting request: 10.222.0.62 "GET /placement/allocations/ae82789b-f2da-418e-af8a-c5db9571866c" {{(pid=94436) __call__ /opt/stack/placement/placement/requestlog.py:55}}
Jul 14 09:12:35.595818 n-d-798249-8 devstack@placement-api.service[94436]: INFO placement.requestlog [req-a52deec8-75bf-45b5-a2cf-6d20a26f190c req-b16be3df-5c60-487f-a52f-24676fb4e286 service placement] 10.222.0.62 "GET /placement/allocations/ae82789b-f2da-418e-af8a-c5db9571866c" status: 200 len: 259 microversion: 1.28
Jul 14 09:12:35.596645 n-d-798249-8 devstack@placement-api.service[94436]: [pid: 94436|app: 0|req: 217/436] 10.222.0.62 () {60 vars in 1378 bytes} [Wed Jul 14 09:12:35 2021] GET /placement/allocations/ae82789b-f2da-418e-af8a-c5db9571866c => generated 259 bytes in 53 msecs (HTTP/1.1 200) 8 headers in 296 bytes (1 switches on core 0)
Jul 14 09:12:35.610520 n-d-798249-8 devstack@placement-api.service[94435]: DEBUG placement.requestlog [req-a52deec8-75bf-45b5-a2cf-6d20a26f190c req-6bbcf788-08a6-4383-bba2-92a7fcaf314f None None] Starting request: 10.222.0.62 "PUT /placement/allocations/ae82789b-f2da-418e-af8a-c5db9571866c" {{(pid=94435) __call__ /opt/stack/placement/placement/requestlog.py:55}}
Jul 14 09:12:35.674209 n-d-798249-8 devstack@placement-api.service[94435]: DEBUG placement.handlers.allocation [req-a52deec8-75bf-45b5-a2cf-6d20a26f190c req-6bbcf788-08a6-4383-bba2-92a7fcaf314f service placement] Successfully wrote allocations [, , ] {{(pid=94435) _create_allocations /opt/stack/placement/placement/handlers/allocation.py:435}}
Jul 14 09:12:35.674867 n-d-798249-8 devstack@placement-api.service[94435]: INFO placement.requestlog [req-a52deec8-75bf-45b5-a2cf-6d20a26f190c req-6bbcf788-08a6-4383-bba2-92a7fcaf314f service placement] 10.222.0.62 "PUT /placement/allocations/ae82789b-f2da-418e-af8a-c5db9571866c" status: 204 len: 0 microversion: 1.28
Jul 14 09:12:35.675674 n-d-798249-8 devstack@placement-api.service[94435]: [pid: 94435|app: 0|req: 220/437] 10.222.0.62 () {64 vars in 1431 bytes} [Wed Jul 14 09:12:35 2021] PUT /placement/allocations/ae82789b-f2da-418e-af8a-c5db9571866c => generated 0 bytes in 65 msecs (HTTP/1.1 204) 5 headers in 199 bytes (1 switches on core 0)
Jul 14 09:12:41.468756 n-d-798249-8 devstack@placement-api.service[94436]: DEBUG placement.requestlog [req-4a04655a-dc68-43e7-989d-a232cf77ef3a req-11ad8f70-b61c-4a6f-9352-f5356f114d63 None None] Starting request: 10.222.0.62 "GET /placement/allocations/846c2d02-9b94-4ad7-ae27-34d6591a6be9" {{(pid=94436) __call__ /opt/stack/placement/placement/requestlog.py:55}}
Jul 14 09:12:41.487240 n-d-798249-8 devstack@placement-api.service[94436]: INFO placement.requestlog [req-4a04655a-dc68-43e7-989d-a232cf77ef3a req-11ad8f70-b61c-4a6f-9352-f5356f114d63 service placement] 10.222.0.62 "GET /placement/allocations/846c2d02-9b94-4ad7-ae27-34d6591a6be9" status: 200 len: 259 microversion: 1.28
Jul 14 09:12:41.487925 n-d-798249-8 devstack@placement-api.service[94436]: [pid: 94436|app: 0|req: 218/438] 10.222.0.62 () {60 vars in 1378 bytes} [Wed Jul 14 09:12:41 2021] GET /placement/allocations/846c2d02-9b94-4ad7-ae27-34d6591a6be9 => generated 259 bytes in 19 msecs (HTTP/1.1 200) 8 headers in 296 bytes (1 switches on core 0)
Jul 14 09:12:41.529364 n-d-798249-8 devstack@placement-api.service[94435]: DEBUG placement.requestlog [req-4a04655a-dc68-43e7-989d-a232cf77ef3a req-d494a32b-6d7f-4934-bec9-647c2e2ae00e None None] Starting request: 10.222.0.62 "PUT /placement/allocations/846c2d02-9b94-4ad7-ae27-34d6591a6be9" {{(pid=94435) __call__ /opt/stack/placement/placement/requestlog.py:55}}
Jul 14 09:12:41.593332 n-d-798249-8 devstack@placement-api.service[94435]: DEBUG placement.handlers.allocation [req-4a04655a-dc68-43e7-989d-a232cf77ef3a req-d494a32b-6d7f-4934-bec9-647c2e2ae00e service placement] Successfully wrote allocations [, , ] {{(pid=94435) _create_allocations /opt/stack/placement/placement/handlers/allocation.py:435}}
Jul 14 09:12:41.593332 n-d-798249-8 devstack@placement-api.service[94435]: INFO placement.requestlog [req-4a04655a-dc68-43e7-989d-a232cf77ef3a req-d494a32b-6d7f-4934-bec9-647c2e2ae00e service placement] 10.222.0.62 "PUT /placement/allocations/846c2d02-9b94-4ad7-ae27-34d6591a6be9" status: 204 len: 0 microversion: 1.28
Jul 14 09:12:41.594017 n-d-798249-8 devstack@placement-api.service[94435]: [pid: 94435|app: 0|req: 221/439] 10.222.0.62 () {64 vars in 1431 bytes} [Wed Jul 14 09:12:41 2021] PUT /placement/allocations/846c2d02-9b94-4ad7-ae27-34d6591a6be9 => generated 0 bytes in 66 msecs (HTTP/1.1 204) 5 headers in 199 bytes (2 switches on core 0)
Jul 14 09:12:42.034293 n-d-798249-8 devstack@placement-api.service[94436]: DEBUG placement.requestlog [req-4fc60cf6-701c-46f8-8cd9-3fc04c1de327 req-f4d46c92-aecd-4376-83fd-9e79f4d7802f None None] Starting request: 10.222.0.60 "GET /placement/allocation_candidates?limit=1000&resources=DISK_GB%3A1%2CMEMORY_MB%3A1024%2CVCPU%3A1&root_required=%21COMPUTE_STATUS_DISABLED" {{(pid=94436) __call__ /opt/stack/placement/placement/requestlog.py:55}}
Jul 14 09:12:42.040266 n-d-798249-8 devstack@placement-api.service[94435]: DEBUG placement.requestlog [req-4de14577-d553-4877-b597-f93692686e02 req-8b0f6658-ac53-431a-a104-202a28e69e54 None None] Starting request: 10.222.0.60 "GET /placement/allocation_candidates?limit=1000&resources=DISK_GB%3A1%2CMEMORY_MB%3A1024%2CVCPU%3A1&root_required=%21COMPUTE_STATUS_DISABLED" {{(pid=94435) __call__ /opt/stack/placement/placement/requestlog.py:55}}
Jul 14 09:12:42.089089 n-d-798249-8 devstack@placement-api.service[94436]: DEBUG placement.objects.research_context [req-4fc60cf6-701c-46f8-8cd9-3fc04c1de327 req-f4d46c92-aecd-4376-83fd-9e79f4d7802f service placement] getting providers with 1 DISK_GB {{(pid=94436) __init__ /opt/stack/placement/placement/objects/research_context.py:126}}
Jul 14 09:12:42.097675 n-d-798249-8 devstack@placement-api.service[94436]: DEBUG placement.objects.research_context [req-4fc60cf6-701c-46f8-8cd9-3fc04c1de327 req-f4d46c92-aecd-4376-83fd-9e79f4d7802f service placement] getting providers with 1024 MEMORY_MB {{(pid=94436) __init__ /opt/stack/placement/placement/objects/research_context.py:126}}
Jul 14 09:12:42.097987 n-d-798249-8 devstack@placement-api.service[94435]: DEBUG placement.objects.research_context [req-4de14577-d553-4877-b597-f93692686e02 req-8b0f6658-ac53-431a-a104-202a28e69e54 service placement] getting providers with 1 DISK_GB {{(pid=94435) __init__ /opt/stack/placement/placement/objects/research_context.py:126}}
Jul 14 09:12:42.103552 n-d-798249-8 devstack@placement-api.service[94435]: DEBUG placement.objects.research_context [req-4de14577-d553-4877-b597-f93692686e02 req-8b0f6658-ac53-431a-a104-202a28e69e54 service placement] getting providers with 1024 MEMORY_MB {{(pid=94435) __init__ /opt/stack/placement/placement/objects/research_context.py:126}}
Jul 14 09:12:42.111544 n-d-798249-8 devstack@placement-api.service[94436]: DEBUG placement.objects.research_context [req-4fc60cf6-701c-46f8-8cd9-3fc04c1de327 req-f4d46c92-aecd-4376-83fd-9e79f4d7802f service placement] getting providers with 1 VCPU {{(pid=94436) __init__ /opt/stack/placement/placement/objects/research_context.py:126}}
Jul 14 09:12:42.115660 n-d-798249-8 devstack@placement-api.service[94435]: DEBUG placement.objects.research_context [req-4de14577-d553-4877-b597-f93692686e02 req-8b0f6658-ac53-431a-a104-202a28e69e54 service placement] getting providers with 1 VCPU {{(pid=94435) __init__ /opt/stack/placement/placement/objects/research_context.py:126}}
Jul 14 09:12:42.123259 n-d-798249-8 devstack@placement-api.service[94435]: DEBUG placement.objects.research_context [req-4de14577-d553-4877-b597-f93692686e02 req-8b0f6658-ac53-431a-a104-202a28e69e54 service placement] found 2 providers with available 1 DISK_GB {{(pid=94435) get_provider_ids_matching /opt/stack/placement/placement/objects/research_context.py:549}}
Jul 14 09:12:42.123862 n-d-798249-8 devstack@placement-api.service[94435]: DEBUG placement.objects.research_context [req-4de14577-d553-4877-b597-f93692686e02 req-8b0f6658-ac53-431a-a104-202a28e69e54 service placement] found 2 providers with available 1024 MEMORY_MB {{(pid=94435) get_provider_ids_matching /opt/stack/placement/placement/objects/research_context.py:549}}
Jul 14 09:12:42.124312 n-d-798249-8 devstack@placement-api.service[94435]: DEBUG placement.objects.research_context [req-4de14577-d553-4877-b597-f93692686e02 req-8b0f6658-ac53-431a-a104-202a28e69e54 service placement] found 2 providers after filtering by previous result {{(pid=94435) get_provider_ids_matching /opt/stack/placement/placement/objects/research_context.py:580}}
Jul 14 09:12:42.124889 n-d-798249-8 devstack@placement-api.service[94435]: DEBUG placement.objects.research_context [req-4de14577-d553-4877-b597-f93692686e02 req-8b0f6658-ac53-431a-a104-202a28e69e54 service placement] found 2 providers with available 1 VCPU {{(pid=94435) get_provider_ids_matching /opt/stack/placement/placement/objects/research_context.py:549}}
Jul 14 09:12:42.125317 n-d-798249-8 devstack@placement-api.service[94435]: DEBUG placement.objects.research_context [req-4de14577-d553-4877-b597-f93692686e02 req-8b0f6658-ac53-431a-a104-202a28e69e54 service placement] found 2 providers after filtering by previous result {{(pid=94435) get_provider_ids_matching /opt/stack/placement/placement/objects/research_context.py:580}}
Jul 14 09:12:42.127883 n-d-798249-8 devstack@placement-api.service[94436]: DEBUG placement.objects.research_context [req-4fc60cf6-701c-46f8-8cd9-3fc04c1de327 req-f4d46c92-aecd-4376-83fd-9e79f4d7802f service placement] found 2 providers with available 1 DISK_GB {{(pid=94436) get_provider_ids_matching /opt/stack/placement/placement/objects/research_context.py:549}}
Jul 14 09:12:42.129283 n-d-798249-8 devstack@placement-api.service[94436]: DEBUG placement.objects.research_context [req-4fc60cf6-701c-46f8-8cd9-3fc04c1de327 req-f4d46c92-aecd-4376-83fd-9e79f4d7802f service placement] found 2 providers with available 1024 MEMORY_MB {{(pid=94436) get_provider_ids_matching /opt/stack/placement/placement/objects/research_context.py:549}}
Jul 14 09:12:42.129283 n-d-798249-8 devstack@placement-api.service[94436]: DEBUG placement.objects.research_context [req-4fc60cf6-701c-46f8-8cd9-3fc04c1de327 req-f4d46c92-aecd-4376-83fd-9e79f4d7802f service placement] found 2 providers after filtering by previous result {{(pid=94436) get_provider_ids_matching /opt/stack/placement/placement/objects/research_context.py:580}}
Jul 14 09:12:42.131921 n-d-798249-8 devstack@placement-api.service[94436]: DEBUG placement.objects.research_context [req-4fc60cf6-701c-46f8-8cd9-3fc04c1de327 req-f4d46c92-aecd-4376-83fd-9e79f4d7802f service placement] found 2 providers with available 1 VCPU {{(pid=94436) get_provider_ids_matching /opt/stack/placement/placement/objects/research_context.py:549}}
Jul 14 09:12:42.132233 n-d-798249-8 devstack@placement-api.service[94436]: DEBUG placement.objects.research_context [req-4fc60cf6-701c-46f8-8cd9-3fc04c1de327 req-f4d46c92-aecd-4376-83fd-9e79f4d7802f service placement] found 2 providers after filtering by previous result {{(pid=94436) get_provider_ids_matching /opt/stack/placement/placement/objects/research_context.py:580}}
Jul 14 09:12:42.140577 n-d-798249-8 devstack@placement-api.service[94435]: DEBUG placement.objects.allocation_candidate [req-4de14577-d553-4877-b597-f93692686e02 req-8b0f6658-ac53-431a-a104-202a28e69e54 service placement] RequestGroup(use_same_provider=False, resources={DISK_GB:1, MEMORY_MB:1024, VCPU:1}, traits=[], aggregates=[]) (suffix '') returned 2 matches {{(pid=94435) _get_by_requests /opt/stack/placement/placement/objects/allocation_candidate.py:145}}
Jul 14 09:12:42.141256 n-d-798249-8 devstack@placement-api.service[94435]: DEBUG placement.objects.allocation_candidate [req-4de14577-d553-4877-b597-f93692686e02 req-8b0f6658-ac53-431a-a104-202a28e69e54 service placement] Merging candidates yields 2 allocation requests and 2 provider summaries {{(pid=94435) _merge_candidates /opt/stack/placement/placement/objects/allocation_candidate.py:783}}
Jul 14 09:12:42.144051 n-d-798249-8 devstack@placement-api.service[94435]: INFO placement.requestlog [req-4de14577-d553-4877-b597-f93692686e02 req-8b0f6658-ac53-431a-a104-202a28e69e54 service placement] 10.222.0.60 "GET /placement/allocation_candidates?limit=1000&resources=DISK_GB%3A1%2CMEMORY_MB%3A1024%2CVCPU%3A1&root_required=%21COMPUTE_STATUS_DISABLED" status: 200 len: 1306 microversion: 1.35
Jul 14 09:12:42.144480 n-d-798249-8 devstack@placement-api.service[94435]: [pid: 94435|app: 0|req: 222/440] 10.222.0.60 () {60 vars in 1507 bytes} [Wed Jul 14 09:12:42 2021] GET /placement/allocation_candidates?limit=1000&resources=DISK_GB%3A1%2CMEMORY_MB%3A1024%2CVCPU%3A1&root_required=%21COMPUTE_STATUS_DISABLED => generated 1306 bytes in 106 msecs (HTTP/1.1 200) 8 headers in 297 bytes (2 switches on core 0)
Jul 14 09:12:42.156042 n-d-798249-8 devstack@placement-api.service[94436]: DEBUG placement.objects.allocation_candidate [req-4fc60cf6-701c-46f8-8cd9-3fc04c1de327 req-f4d46c92-aecd-4376-83fd-9e79f4d7802f service placement] RequestGroup(use_same_provider=False, resources={DISK_GB:1, MEMORY_MB:1024, VCPU:1}, traits=[], aggregates=[]) (suffix '') returned 2 matches {{(pid=94436) _get_by_requests /opt/stack/placement/placement/objects/allocation_candidate.py:145}}
Jul 14 09:12:42.156042 n-d-798249-8 devstack@placement-api.service[94436]: DEBUG placement.objects.allocation_candidate [req-4fc60cf6-701c-46f8-8cd9-3fc04c1de327 req-f4d46c92-aecd-4376-83fd-9e79f4d7802f service placement] Merging candidates yields 2 allocation requests and 2 provider summaries {{(pid=94436) _merge_candidates /opt/stack/placement/placement/objects/allocation_candidate.py:783}}
Jul 14 09:12:42.157496 n-d-798249-8 devstack@placement-api.service[94436]: INFO placement.requestlog [req-4fc60cf6-701c-46f8-8cd9-3fc04c1de327 req-f4d46c92-aecd-4376-83fd-9e79f4d7802f service placement] 10.222.0.60 "GET /placement/allocation_candidates?limit=1000&resources=DISK_GB%3A1%2CMEMORY_MB%3A1024%2CVCPU%3A1&root_required=%21COMPUTE_STATUS_DISABLED" status: 200 len: 1306 microversion: 1.35
Jul 14 09:12:42.158048 n-d-798249-8 devstack@placement-api.service[94436]: [pid: 94436|app: 0|req: 219/441] 10.222.0.60 () {60 vars in 1507 bytes} [Wed Jul 14 09:12:42 2021] GET /placement/allocation_candidates?limit=1000&resources=DISK_GB%3A1%2CMEMORY_MB%3A1024%2CVCPU%3A1&root_required=%21COMPUTE_STATUS_DISABLED => generated 1306 bytes in 126 msecs (HTTP/1.1 200) 8 headers in 297 bytes (1 switches on core 0)
Jul 14 09:12:42.218586 n-d-798249-8 devstack@placement-api.service[94435]: DEBUG placement.requestlog [req-4fc60cf6-701c-46f8-8cd9-3fc04c1de327 req-c43dc58d-b357-4cc3-92f8-a53577d9de6d None None] Starting request: 10.222.0.60 "GET /placement/allocations/b18e8582-9ca3-4ff1-a1ab-4021056786be" {{(pid=94435) __call__ /opt/stack/placement/placement/requestlog.py:55}}
Jul 14 09:12:42.235036 n-d-798249-8 devstack@placement-api.service[94435]: INFO placement.requestlog [req-4fc60cf6-701c-46f8-8cd9-3fc04c1de327 req-c43dc58d-b357-4cc3-92f8-a53577d9de6d service placement] 10.222.0.60 "GET /placement/allocations/b18e8582-9ca3-4ff1-a1ab-4021056786be" status: 200 len: 19 microversion: 1.28
Jul 14 09:12:42.236642 n-d-798249-8 devstack@placement-api.service[94435]: [pid: 94435|app: 0|req: 223/442] 10.222.0.60 () {60 vars in 1381 bytes} [Wed Jul 14 09:12:42 2021] GET /placement/allocations/b18e8582-9ca3-4ff1-a1ab-4021056786be => generated 19 bytes in 17 msecs (HTTP/1.1 200) 8 headers in 295 bytes (1 switches on core 0)
Jul 14 09:12:42.241861 n-d-798249-8 devstack@placement-api.service[94436]: DEBUG placement.requestlog [req-4fc60cf6-701c-46f8-8cd9-3fc04c1de327 req-e666bd18-df1b-478e-a729-473888558f5a None None] Starting request: 10.222.0.60 "PUT /placement/allocations/b18e8582-9ca3-4ff1-a1ab-4021056786be" {{(pid=94436) __call__ /opt/stack/placement/placement/requestlog.py:55}}
Jul 14 09:12:42.253265 n-d-798249-8 devstack@placement-api.service[94435]: DEBUG placement.requestlog [req-4de14577-d553-4877-b597-f93692686e02 req-0640615b-cc46-4f87-8490-332ddfd8dabb None None] Starting request: 10.222.0.60 "GET /placement/allocations/500903e1-d11a-45c6-8295-af287ea24750" {{(pid=94435) __call__ /opt/stack/placement/placement/requestlog.py:55}}
Jul 14 09:12:42.266105 n-d-798249-8 devstack@placement-api.service[94435]: INFO placement.requestlog [req-4de14577-d553-4877-b597-f93692686e02 req-0640615b-cc46-4f87-8490-332ddfd8dabb service placement] 10.222.0.60 "GET /placement/allocations/500903e1-d11a-45c6-8295-af287ea24750" status: 200 len: 19 microversion: 1.28
Jul 14 09:12:42.275662 n-d-798249-8 devstack@placement-api.service[94435]: [pid: 94435|app: 0|req: 224/443] 10.222.0.60 () {60 vars in 1381 bytes} [Wed Jul 14 09:12:42 2021] GET /placement/allocations/500903e1-d11a-45c6-8295-af287ea24750 => generated 19 bytes in 22 msecs (HTTP/1.1 200) 8 headers in 295 bytes (2 switches on core 0)
Jul 14 09:12:42.276577 n-d-798249-8 devstack@placement-api.service[94435]: DEBUG placement.requestlog [req-4de14577-d553-4877-b597-f93692686e02 req-3afbe8be-a706-40ea-b830-48e592f81bdc None None] Starting request: 10.222.0.60 "PUT /placement/allocations/500903e1-d11a-45c6-8295-af287ea24750" {{(pid=94435) __call__ /opt/stack/placement/placement/requestlog.py:55}}
Jul 14 09:12:42.318022 n-d-798249-8 devstack@placement-api.service[94436]: DEBUG placement.handlers.allocation [req-4fc60cf6-701c-46f8-8cd9-3fc04c1de327 req-e666bd18-df1b-478e-a729-473888558f5a service placement] Successfully wrote allocations [, , ] {{(pid=94436) _create_allocations /opt/stack/placement/placement/handlers/allocation.py:435}}
Jul 14 09:12:42.318827 n-d-798249-8 devstack@placement-api.service[94436]: INFO placement.requestlog [req-4fc60cf6-701c-46f8-8cd9-3fc04c1de327 req-e666bd18-df1b-478e-a729-473888558f5a service placement] 10.222.0.60 "PUT /placement/allocations/b18e8582-9ca3-4ff1-a1ab-4021056786be" status: 204 len: 0 microversion: 1.35
Jul 14 09:12:42.319267 n-d-798249-8 devstack@placement-api.service[94436]: [pid: 94436|app: 0|req: 220/444] 10.222.0.60 () {64 vars in 1434 bytes} [Wed Jul 14 09:12:42 2021] PUT /placement/allocations/b18e8582-9ca3-4ff1-a1ab-4021056786be => generated 0 bytes in 78 msecs (HTTP/1.1 204) 5 headers in 199 bytes (1 switches on core 0)
Jul 14 09:12:42.371070 n-d-798249-8 devstack@placement-api.service[94435]: DEBUG placement.objects.allocation [req-4de14577-d553-4877-b597-f93692686e02 req-3afbe8be-a706-40ea-b830-48e592f81bdc service placement] Retrying allocations write on resource provider generation conflict {{(pid=94435) replace_all /opt/stack/placement/placement/objects/allocation.py:505}}
Jul 14 09:12:42.399127 n-d-798249-8 devstack@placement-api.service[94435]: DEBUG placement.handlers.allocation [req-4de14577-d553-4877-b597-f93692686e02 req-3afbe8be-a706-40ea-b830-48e592f81bdc service placement] Successfully wrote allocations [, , ] {{(pid=94435) _create_allocations /opt/stack/placement/placement/handlers/allocation.py:435}}
Jul 14 09:12:42.400037 n-d-798249-8 devstack@placement-api.service[94435]: INFO placement.requestlog [req-4de14577-d553-4877-b597-f93692686e02 req-3afbe8be-a706-40ea-b830-48e592f81bdc service placement] 10.222.0.60 "PUT /placement/allocations/500903e1-d11a-45c6-8295-af287ea24750" status: 204 len: 0 microversion: 1.35
Jul 14 09:12:42.403426 n-d-798249-8 devstack@placement-api.service[94435]: [pid: 94435|app: 0|req: 225/445] 10.222.0.60 () {64 vars in 1434 bytes} [Wed Jul 14 09:12:42 2021] PUT /placement/allocations/500903e1-d11a-45c6-8295-af287ea24750 => generated 0 bytes in 124 msecs (HTTP/1.1 204) 5 headers in 199 bytes (1 switches on core 0)
Jul 14 09:12:42.676317 n-d-798249-8 devstack@placement-api.service[94436]: DEBUG placement.requestlog [req-0a7f4477-6361-4e6e-8d8e-743030749b75 req-6037ac8c-199b-4259-899f-082592ef75bf None None] Starting request: 10.222.0.53 "GET /placement/allocations/7745cbac-584d-4062-9cc6-330fb52836c1" {{(pid=94436) __call__ /opt/stack/placement/placement/requestlog.py:55}}
Jul 14 09:12:42.713053 n-d-798249-8 devstack@placement-api.service[94436]: INFO placement.requestlog [req-0a7f4477-6361-4e6e-8d8e-743030749b75 req-6037ac8c-199b-4259-899f-082592ef75bf service placement] 10.222.0.53 "GET /placement/allocations/7745cbac-584d-4062-9cc6-330fb52836c1" status: 200 len: 259 microversion: 1.28
Jul 14 09:12:42.713781 n-d-798249-8 devstack@placement-api.service[94436]: [pid: 94436|app: 0|req: 221/446] 10.222.0.53 () {60 vars in 1378 bytes} [Wed Jul 14 09:12:42 2021] GET /placement/allocations/7745cbac-584d-4062-9cc6-330fb52836c1 => generated 259 bytes in 38 msecs (HTTP/1.1 200) 8 headers in 296 bytes (2 switches on core 0)
Jul 14 09:12:42.891494 n-d-798249-8 devstack@placement-api.service[94435]: DEBUG placement.requestlog [req-4fc60cf6-701c-46f8-8cd9-3fc04c1de327 req-75e34fda-7712-4ebf-880c-71313c0da504 None None] Starting request: 10.222.0.62 "GET /placement/allocations/b18e8582-9ca3-4ff1-a1ab-4021056786be" {{(pid=94435) __call__ /opt/stack/placement/placement/requestlog.py:55}}
Jul 14 09:12:42.920990 n-d-798249-8 devstack@placement-api.service[94435]: INFO placement.requestlog [req-4fc60cf6-701c-46f8-8cd9-3fc04c1de327 req-75e34fda-7712-4ebf-880c-71313c0da504 service placement] 10.222.0.62 "GET /placement/allocations/b18e8582-9ca3-4ff1-a1ab-4021056786be" status: 200 len: 259 microversion: 1.28
Jul 14 09:12:42.921525 n-d-798249-8 devstack@placement-api.service[94435]: [pid: 94435|app: 0|req: 226/447] 10.222.0.62 () {60 vars in 1378 bytes} [Wed Jul 14 09:12:42 2021] GET /placement/allocations/b18e8582-9ca3-4ff1-a1ab-4021056786be => generated 259 bytes in 30 msecs (HTTP/1.1 200) 8 headers in 296 bytes (1 switches on core 0)
Jul 14 09:12:42.961923 n-d-798249-8 devstack@placement-api.service[94436]: DEBUG placement.requestlog [req-4de14577-d553-4877-b597-f93692686e02 req-38c0241a-fe08-4400-9cae-e0a7a460fab3 None None] Starting request: 10.222.0.62 "GET /placement/allocations/500903e1-d11a-45c6-8295-af287ea24750" {{(pid=94436) __call__ /opt/stack/placement/placement/requestlog.py:55}}
Jul 14 09:12:42.987683 n-d-798249-8 devstack@placement-api.service[94436]: INFO placement.requestlog [req-4de14577-d553-4877-b597-f93692686e02 req-38c0241a-fe08-4400-9cae-e0a7a460fab3 service placement] 10.222.0.62 "GET /placement/allocations/500903e1-d11a-45c6-8295-af287ea24750" status: 200 len: 259 microversion: 1.28
Jul 14 09:12:42.988281 n-d-798249-8 devstack@placement-api.service[94436]: [pid: 94436|app: 0|req: 222/448] 10.222.0.62 () {60 vars in 1378 bytes} [Wed Jul 14 09:12:42 2021] GET /placement/allocations/500903e1-d11a-45c6-8295-af287ea24750 => generated 259 bytes in 26 msecs (HTTP/1.1 200) 8 headers in 296 bytes (1 switches on core 0)
