Jul 06 04:23:56.919748 n-d-798249-6 devstack@placement-api.service[106437]: DEBUG placement.handlers.allocation [req-e122d4c5-acdb-4afc-ae2a-002d6b5ecc75 req-ffcdeeb6-4a98-4125-a4b2-9eebc6c6a3fe service placement] Successfully wrote allocations [, , ] {{(pid=106437) _create_allocations /opt/stack/placement/placement/handlers/allocation.py:435}}
Jul 06 04:23:56.920717 n-d-798249-6 devstack@placement-api.service[106437]: INFO placement.requestlog [req-e122d4c5-acdb-4afc-ae2a-002d6b5ecc75 req-ffcdeeb6-4a98-4125-a4b2-9eebc6c6a3fe service placement] 10.222.0.36 "PUT /placement/allocations/d9134896-2937-457d-aa4f-3f1fd9973dab" status: 204 len: 0 microversion: 1.28
Jul 06 04:23:56.925957 n-d-798249-6 devstack@placement-api.service[106437]: [pid: 106437|app: 0|req: 539/1090] 10.222.0.36 () {64 vars in 1431 bytes} [Tue Jul 6 04:23:56 2021] PUT /placement/allocations/d9134896-2937-457d-aa4f-3f1fd9973dab => generated 0 bytes in 154 msecs (HTTP/1.1 204) 5 headers in 199 bytes (2 switches on core 0)
Jul 06 04:23:57.887687 n-d-798249-6 devstack@placement-api.service[106436]: DEBUG placement.requestlog [req-9dde0734-835e-4657-848f-5bf815d91086 req-e0a05b91-f053-4f97-b8fd-9b08bf7f2df8 None None] Starting request: 10.222.0.36 "GET /placement/allocations/22ae9d40-aae0-48a3-8928-aa44e46d1083" {{(pid=106436) __call__ /opt/stack/placement/placement/requestlog.py:55}}
Jul 06 04:23:57.908603 n-d-798249-6 devstack@placement-api.service[106436]: INFO placement.requestlog [req-9dde0734-835e-4657-848f-5bf815d91086 req-e0a05b91-f053-4f97-b8fd-9b08bf7f2df8 service placement] 10.222.0.36 "GET /placement/allocations/22ae9d40-aae0-48a3-8928-aa44e46d1083" status: 200 len: 260 microversion: 1.28
Jul 06 04:23:57.909057 n-d-798249-6 devstack@placement-api.service[106436]: [pid: 106436|app: 0|req: 552/1091] 10.222.0.36 () {60 vars in 1378 bytes} [Tue Jul 6 04:23:57 2021] GET /placement/allocations/22ae9d40-aae0-48a3-8928-aa44e46d1083 => generated 260 bytes in 22 msecs (HTTP/1.1 200) 8 headers in 296 bytes (2 switches on core 0)
Jul 06 04:24:32.060163 n-d-798249-6 devstack@placement-api.service[106437]: DEBUG placement.requestlog [req-ea313730-f343-488c-93d1-e398137db733 req-12346926-1ed2-423d-a986-96063e2abfc4 None None] Starting request: 10.222.0.36 "GET /placement/resource_providers/9918a73c-3757-4588-adcf-50e042b074f1/allocations" {{(pid=106437) __call__ /opt/stack/placement/placement/requestlog.py:55}}
Jul 06 04:24:32.087400 n-d-798249-6 devstack@placement-api.service[106437]: INFO placement.requestlog [req-ea313730-f343-488c-93d1-e398137db733 req-12346926-1ed2-423d-a986-96063e2abfc4 service placement] 10.222.0.36 "GET /placement/resource_providers/9918a73c-3757-4588-adcf-50e042b074f1/allocations" status: 200 len: 256 microversion: 1.0
Jul 06 04:24:32.087942 n-d-798249-6 devstack@placement-api.service[106437]: [pid: 106437|app: 0|req: 540/1092] 10.222.0.36 () {58 vars in 1391 bytes} [Tue Jul 6 04:24:32 2021] GET /placement/resource_providers/9918a73c-3757-4588-adcf-50e042b074f1/allocations => generated 256 bytes in 28 msecs (HTTP/1.1 200) 6 headers in 224 bytes (1 switches on core 0)
Jul 06 04:24:33.814813 n-d-798249-6 devstack@placement-api.service[106436]: DEBUG placement.requestlog [req-d6b4a56f-42dd-446a-b88a-2e032b95d258 req-055fff2c-8765-4f18-85eb-4e9e9dc68063 None None] Starting request: 10.222.0.11 "GET /placement/resource_providers/300930e0-9609-4668-a509-02e1698772da/allocations" {{(pid=106436) __call__ /opt/stack/placement/placement/requestlog.py:55}}
Jul 06 04:24:33.867823 n-d-798249-6 devstack@placement-api.service[106436]: INFO placement.requestlog [req-d6b4a56f-42dd-446a-b88a-2e032b95d258 req-055fff2c-8765-4f18-85eb-4e9e9dc68063 service placement] 10.222.0.11 "GET /placement/resource_providers/300930e0-9609-4668-a509-02e1698772da/allocations" status: 200 len: 357 microversion: 1.0
Jul 06 04:24:33.868528 n-d-798249-6 devstack@placement-api.service[106436]: [pid: 106436|app: 0|req: 553/1093] 10.222.0.11 () {58 vars in 1391 bytes} [Tue Jul 6 04:24:33 2021] GET /placement/resource_providers/300930e0-9609-4668-a509-02e1698772da/allocations => generated 357 bytes in 55 msecs (HTTP/1.1 200) 6 headers in 224 bytes (1 switches on core 0)
Jul 06 04:24:49.881368 n-d-798249-6 devstack@placement-api.service[106437]: DEBUG placement.requestlog [req-821695fc-7733-46dc-aa6c-41b0e7ea1437 req-c812f12d-6b48-4e43-85d8-4c6fa8b85cd7 None None] Starting request: 10.222.0.36 "GET /placement/allocations/22ae9d40-aae0-48a3-8928-aa44e46d1083" {{(pid=106437) __call__ /opt/stack/placement/placement/requestlog.py:55}}
Jul 06 04:24:49.907038 n-d-798249-6 devstack@placement-api.service[106437]: INFO placement.requestlog [req-821695fc-7733-46dc-aa6c-41b0e7ea1437 req-c812f12d-6b48-4e43-85d8-4c6fa8b85cd7 service placement] 10.222.0.36 "GET /placement/allocations/22ae9d40-aae0-48a3-8928-aa44e46d1083" status: 200 len: 260 microversion: 1.28
Jul 06 04:24:49.920039 n-d-798249-6 devstack@placement-api.service[106437]: [pid: 106437|app: 0|req: 541/1094] 10.222.0.36 () {60 vars in 1378 bytes} [Tue Jul 6 04:24:49 2021] GET /placement/allocations/22ae9d40-aae0-48a3-8928-aa44e46d1083 => generated 260 bytes in 39 msecs (HTTP/1.1 200) 8 headers in 296 bytes (1 switches on core 0)
Jul 06 04:24:49.928447 n-d-798249-6 devstack@placement-api.service[106436]: DEBUG placement.requestlog [req-821695fc-7733-46dc-aa6c-41b0e7ea1437 req-f69c90bc-92b1-460f-88ae-7be4c7b8cdd2 None None] Starting request: 10.222.0.36 "PUT /placement/allocations/22ae9d40-aae0-48a3-8928-aa44e46d1083" {{(pid=106436) __call__ /opt/stack/placement/placement/requestlog.py:55}}
Jul 06 04:24:50.197268 n-d-798249-6 devstack@placement-api.service[106436]: DEBUG placement.handlers.allocation [req-821695fc-7733-46dc-aa6c-41b0e7ea1437 req-f69c90bc-92b1-460f-88ae-7be4c7b8cdd2 service placement] Successfully wrote allocations [, , ] {{(pid=106436) _create_allocations /opt/stack/placement/placement/handlers/allocation.py:435}}
Jul 06 04:24:50.197771 n-d-798249-6 devstack@placement-api.service[106436]: INFO placement.requestlog [req-821695fc-7733-46dc-aa6c-41b0e7ea1437 req-f69c90bc-92b1-460f-88ae-7be4c7b8cdd2 service placement] 10.222.0.36 "PUT /placement/allocations/22ae9d40-aae0-48a3-8928-aa44e46d1083" status: 204 len: 0 microversion: 1.28
Jul 06 04:24:50.198274 n-d-798249-6 devstack@placement-api.service[106436]: [pid: 106436|app: 0|req: 554/1095] 10.222.0.36 () {64 vars in 1431 bytes} [Tue Jul 6 04:24:49 2021] PUT /placement/allocations/22ae9d40-aae0-48a3-8928-aa44e46d1083 => generated 0 bytes in 270 msecs (HTTP/1.1 204) 5 headers in 199 bytes (2 switches on core 0)
Jul 06 04:25:06.172278 n-d-798249-6 devstack@placement-api.service[106437]: DEBUG placement.requestlog [req-cb7964fb-0932-4877-8368-c9e86a48c86f req-4824c752-f176-4378-ad11-f166a17753dc None None] Starting request: 10.222.0.11 "GET /placement/allocations/099f65bb-fd8e-475a-a4e6-9a12a5badb7e" {{(pid=106437) __call__ /opt/stack/placement/placement/requestlog.py:55}}
Jul 06 04:25:06.215476 n-d-798249-6 devstack@placement-api.service[106437]: INFO placement.requestlog [req-cb7964fb-0932-4877-8368-c9e86a48c86f req-4824c752-f176-4378-ad11-f166a17753dc service placement] 10.222.0.11 "GET /placement/allocations/099f65bb-fd8e-475a-a4e6-9a12a5badb7e" status: 200 len: 260 microversion: 1.28
Jul 06 04:25:06.215476 n-d-798249-6 devstack@placement-api.service[106437]: [pid: 106437|app: 0|req: 542/1096] 10.222.0.11 () {60 vars in 1378 bytes} [Tue Jul 6 04:25:06 2021] GET /placement/allocations/099f65bb-fd8e-475a-a4e6-9a12a5badb7e => generated 260 bytes in 40 msecs (HTTP/1.1 200) 8 headers in 296 bytes (1 switches on core 0)
Jul 06 04:25:06.218758 n-d-798249-6 devstack@placement-api.service[106436]: DEBUG placement.requestlog [req-cb7964fb-0932-4877-8368-c9e86a48c86f req-19e5d113-0d11-40c3-8be8-160d5591868a None None] Starting request: 10.222.0.11 "PUT /placement/allocations/099f65bb-fd8e-475a-a4e6-9a12a5badb7e" {{(pid=106436) __call__ /opt/stack/placement/placement/requestlog.py:55}}
Jul 06 04:25:06.490125 n-d-798249-6 devstack@placement-api.service[106436]: DEBUG placement.handlers.allocation [req-cb7964fb-0932-4877-8368-c9e86a48c86f req-19e5d113-0d11-40c3-8be8-160d5591868a service placement] Successfully wrote allocations [, , ] {{(pid=106436) _create_allocations /opt/stack/placement/placement/handlers/allocation.py:435}}
Jul 06 04:25:06.495237 n-d-798249-6 devstack@placement-api.service[106436]: INFO placement.requestlog [req-cb7964fb-0932-4877-8368-c9e86a48c86f req-19e5d113-0d11-40c3-8be8-160d5591868a service placement] 10.222.0.11 "PUT /placement/allocations/099f65bb-fd8e-475a-a4e6-9a12a5badb7e" status: 204 len: 0 microversion: 1.28
Jul 06 04:25:06.495237 n-d-798249-6 devstack@placement-api.service[106436]: [pid: 106436|app: 0|req: 555/1097] 10.222.0.11 () {64 vars in 1431 bytes} [Tue Jul 6 04:25:06 2021] PUT /placement/allocations/099f65bb-fd8e-475a-a4e6-9a12a5badb7e => generated 0 bytes in 272 msecs (HTTP/1.1 204) 5 headers in 199 bytes (1 switches on core 0)
Jul 06 04:25:13.238555 n-d-798249-6 devstack@placement-api.service[106437]: DEBUG placement.requestlog [req-4743951c-fec9-490a-a156-722fd182c752 req-d52df90f-b4b0-4faa-af42-8439ed168d8b None None] Starting request: 10.222.0.36 "GET /placement/allocations/eb85abba-2b71-4be8-988b-43fc4b6fde1d" {{(pid=106437) __call__ /opt/stack/placement/placement/requestlog.py:55}}
Jul 06 04:25:13.273859 n-d-798249-6 devstack@placement-api.service[106437]: INFO placement.requestlog [req-4743951c-fec9-490a-a156-722fd182c752 req-d52df90f-b4b0-4faa-af42-8439ed168d8b service placement] 10.222.0.36 "GET /placement/allocations/eb85abba-2b71-4be8-988b-43fc4b6fde1d" status: 200 len: 260 microversion: 1.28
Jul 06 04:25:13.275874 n-d-798249-6 devstack@placement-api.service[106437]: [pid: 106437|app: 0|req: 543/1098] 10.222.0.36 () {60 vars in 1378 bytes} [Tue Jul 6 04:25:13 2021] GET /placement/allocations/eb85abba-2b71-4be8-988b-43fc4b6fde1d => generated 260 bytes in 37 msecs (HTTP/1.1 200) 8 headers in 296 bytes (1 switches on core 0)
Jul 06 04:25:13.282268 n-d-798249-6 devstack@placement-api.service[106436]: DEBUG placement.requestlog [req-4743951c-fec9-490a-a156-722fd182c752 req-33c5ff83-eac0-47d2-8ad3-03518cf97784 None None] Starting request: 10.222.0.36 "PUT /placement/allocations/eb85abba-2b71-4be8-988b-43fc4b6fde1d" {{(pid=106436) __call__ /opt/stack/placement/placement/requestlog.py:55}}
Jul 06 04:25:13.472539 n-d-798249-6 devstack@placement-api.service[106436]: DEBUG placement.handlers.allocation [req-4743951c-fec9-490a-a156-722fd182c752 req-33c5ff83-eac0-47d2-8ad3-03518cf97784 service placement] Successfully wrote allocations [, , ] {{(pid=106436) _create_allocations /opt/stack/placement/placement/handlers/allocation.py:435}}
Jul 06 04:25:13.474162 n-d-798249-6 devstack@placement-api.service[106436]: INFO placement.requestlog [req-4743951c-fec9-490a-a156-722fd182c752 req-33c5ff83-eac0-47d2-8ad3-03518cf97784 service placement] 10.222.0.36 "PUT /placement/allocations/eb85abba-2b71-4be8-988b-43fc4b6fde1d" status: 204 len: 0 microversion: 1.28
Jul 06 04:25:13.474668 n-d-798249-6 devstack@placement-api.service[106436]: [pid: 106436|app: 0|req: 556/1099] 10.222.0.36 () {64 vars in 1431 bytes} [Tue Jul 6 04:25:13 2021] PUT /placement/allocations/eb85abba-2b71-4be8-988b-43fc4b6fde1d => generated 0 bytes in 193 msecs (HTTP/1.1 204) 5 headers in 199 bytes (1 switches on core 0)
Jul 06 04:25:19.633797 n-d-798249-6 devstack@placement-api.service[106437]: DEBUG placement.requestlog [req-92503748-c404-4eb4-86ec-4c8a666f86d4 req-f2eab0b9-7975-41dd-8926-7a709ab65afc None None] Starting request: 10.222.0.10 "GET /placement/allocation_candidates?limit=1000&resources=DISK_GB%3A1%2CMEMORY_MB%3A1024%2CVCPU%3A1&root_required=%21COMPUTE_STATUS_DISABLED" {{(pid=106437) __call__ /opt/stack/placement/placement/requestlog.py:55}}
Jul 06 04:25:19.670410 n-d-798249-6 devstack@placement-api.service[106437]: DEBUG placement.objects.research_context [req-92503748-c404-4eb4-86ec-4c8a666f86d4 req-f2eab0b9-7975-41dd-8926-7a709ab65afc service placement] getting providers with 1 DISK_GB {{(pid=106437) __init__ /opt/stack/placement/placement/objects/research_context.py:126}}
Jul 06 04:25:19.676820 n-d-798249-6 devstack@placement-api.service[106437]: DEBUG placement.objects.research_context [req-92503748-c404-4eb4-86ec-4c8a666f86d4 req-f2eab0b9-7975-41dd-8926-7a709ab65afc service placement] getting providers with 1024 MEMORY_MB {{(pid=106437) __init__ /opt/stack/placement/placement/objects/research_context.py:126}}
Jul 06 04:25:19.682885 n-d-798249-6 devstack@placement-api.service[106437]: DEBUG placement.objects.research_context [req-92503748-c404-4eb4-86ec-4c8a666f86d4 req-f2eab0b9-7975-41dd-8926-7a709ab65afc service placement] getting providers with 1 VCPU {{(pid=106437) __init__ /opt/stack/placement/placement/objects/research_context.py:126}}
Jul 06 04:25:19.706556 n-d-798249-6 devstack@placement-api.service[106437]: DEBUG placement.objects.research_context [req-92503748-c404-4eb4-86ec-4c8a666f86d4 req-f2eab0b9-7975-41dd-8926-7a709ab65afc service placement] found 2 providers with available 1 DISK_GB {{(pid=106437) get_provider_ids_matching /opt/stack/placement/placement/objects/research_context.py:549}}
Jul 06 04:25:19.706993 n-d-798249-6 devstack@placement-api.service[106437]: DEBUG placement.objects.research_context [req-92503748-c404-4eb4-86ec-4c8a666f86d4 req-f2eab0b9-7975-41dd-8926-7a709ab65afc service placement] found 2 providers with available 1024 MEMORY_MB {{(pid=106437) get_provider_ids_matching /opt/stack/placement/placement/objects/research_context.py:549}}
Jul 06 04:25:19.710434 n-d-798249-6 devstack@placement-api.service[106437]: DEBUG placement.objects.research_context [req-92503748-c404-4eb4-86ec-4c8a666f86d4 req-f2eab0b9-7975-41dd-8926-7a709ab65afc service placement] found 2 providers after filtering by previous result {{(pid=106437) get_provider_ids_matching /opt/stack/placement/placement/objects/research_context.py:580}}
Jul 06 04:25:19.710990 n-d-798249-6 devstack@placement-api.service[106437]: DEBUG placement.objects.research_context [req-92503748-c404-4eb4-86ec-4c8a666f86d4 req-f2eab0b9-7975-41dd-8926-7a709ab65afc service placement] found 2 providers with available 1 VCPU {{(pid=106437) get_provider_ids_matching /opt/stack/placement/placement/objects/research_context.py:549}}
Jul 06 04:25:19.711364 n-d-798249-6 devstack@placement-api.service[106437]: DEBUG placement.objects.research_context [req-92503748-c404-4eb4-86ec-4c8a666f86d4 req-f2eab0b9-7975-41dd-8926-7a709ab65afc service placement] found 2 providers after filtering by previous result {{(pid=106437) get_provider_ids_matching /opt/stack/placement/placement/objects/research_context.py:580}}
Jul 06 04:25:19.745295 n-d-798249-6 devstack@placement-api.service[106437]: DEBUG placement.objects.allocation_candidate [req-92503748-c404-4eb4-86ec-4c8a666f86d4 req-f2eab0b9-7975-41dd-8926-7a709ab65afc service placement] RequestGroup(use_same_provider=False, resources={DISK_GB:1, MEMORY_MB:1024, VCPU:1}, traits=[], aggregates=[]) (suffix '') returned 2 matches {{(pid=106437) _get_by_requests /opt/stack/placement/placement/objects/allocation_candidate.py:145}}
Jul 06 04:25:19.745720 n-d-798249-6 devstack@placement-api.service[106437]: DEBUG placement.objects.allocation_candidate [req-92503748-c404-4eb4-86ec-4c8a666f86d4 req-f2eab0b9-7975-41dd-8926-7a709ab65afc service placement] Merging candidates yields 2 allocation requests and 2 provider summaries {{(pid=106437) _merge_candidates /opt/stack/placement/placement/objects/allocation_candidate.py:783}}
Jul 06 04:25:19.749494 n-d-798249-6 devstack@placement-api.service[106437]: INFO placement.requestlog [req-92503748-c404-4eb4-86ec-4c8a666f86d4 req-f2eab0b9-7975-41dd-8926-7a709ab65afc service placement] 10.222.0.10 "GET /placement/allocation_candidates?limit=1000&resources=DISK_GB%3A1%2CMEMORY_MB%3A1024%2CVCPU%3A1&root_required=%21COMPUTE_STATUS_DISABLED" status: 200 len: 1306 microversion: 1.35
Jul 06 04:25:19.749494 n-d-798249-6 devstack@placement-api.service[106437]: [pid: 106437|app: 0|req: 544/1100] 10.222.0.10 () {60 vars in 1507 bytes} [Tue Jul 6 04:25:19 2021] GET /placement/allocation_candidates?limit=1000&resources=DISK_GB%3A1%2CMEMORY_MB%3A1024%2CVCPU%3A1&root_required=%21COMPUTE_STATUS_DISABLED => generated 1306 bytes in 114 msecs (HTTP/1.1 200) 8 headers in 297 bytes (1 switches on core 0)
Jul 06 04:25:19.819704 n-d-798249-6 devstack@placement-api.service[106436]: DEBUG placement.requestlog [req-92503748-c404-4eb4-86ec-4c8a666f86d4 req-0badcd05-9e99-48f5-9226-060bb13efc1a None None] Starting request: 10.222.0.10 "GET /placement/allocations/82a0491a-921d-410e-af58-557f8567c7a4" {{(pid=106436) __call__ /opt/stack/placement/placement/requestlog.py:55}}
Jul 06 04:25:19.837339 n-d-798249-6 devstack@placement-api.service[106436]: INFO placement.requestlog [req-92503748-c404-4eb4-86ec-4c8a666f86d4 req-0badcd05-9e99-48f5-9226-060bb13efc1a service placement] 10.222.0.10 "GET /placement/allocations/82a0491a-921d-410e-af58-557f8567c7a4" status: 200 len: 19 microversion: 1.28
Jul 06 04:25:19.837891 n-d-798249-6 devstack@placement-api.service[106436]: [pid: 106436|app: 0|req: 557/1101] 10.222.0.10 () {60 vars in 1381 bytes} [Tue Jul 6 04:25:19 2021] GET /placement/allocations/82a0491a-921d-410e-af58-557f8567c7a4 => generated 19 bytes in 18 msecs (HTTP/1.1 200) 8 headers in 295 bytes (1 switches on core 0)
Jul 06 04:25:19.848615 n-d-798249-6 devstack@placement-api.service[106437]: DEBUG placement.requestlog [req-92503748-c404-4eb4-86ec-4c8a666f86d4 req-d98e1567-1863-44d1-ac2f-f616e57c04e1 None None] Starting request: 10.222.0.10 "PUT /placement/allocations/82a0491a-921d-410e-af58-557f8567c7a4" {{(pid=106437) __call__ /opt/stack/placement/placement/requestlog.py:55}}
Jul 06 04:25:20.277452 n-d-798249-6 devstack@placement-api.service[106437]: DEBUG placement.handlers.allocation [req-92503748-c404-4eb4-86ec-4c8a666f86d4 req-d98e1567-1863-44d1-ac2f-f616e57c04e1 service placement] Successfully wrote allocations [, , ] {{(pid=106437) _create_allocations /opt/stack/placement/placement/handlers/allocation.py:435}}
Jul 06 04:25:20.278215 n-d-798249-6 devstack@placement-api.service[106437]: INFO placement.requestlog [req-92503748-c404-4eb4-86ec-4c8a666f86d4 req-d98e1567-1863-44d1-ac2f-f616e57c04e1 service placement] 10.222.0.10 "PUT /placement/allocations/82a0491a-921d-410e-af58-557f8567c7a4" status: 204 len: 0 microversion: 1.35
Jul 06 04:25:20.281681 n-d-798249-6 devstack@placement-api.service[106437]: [pid: 106437|app: 0|req: 545/1102] 10.222.0.10 () {64 vars in 1434 bytes} [Tue Jul 6 04:25:19 2021] PUT /placement/allocations/82a0491a-921d-410e-af58-557f8567c7a4 => generated 0 bytes in 431 msecs (HTTP/1.1 204) 5 headers in 199 bytes (1 switches on core 0)
Jul 06 04:25:21.817638 n-d-798249-6 devstack@placement-api.service[106436]: DEBUG placement.requestlog [req-92503748-c404-4eb4-86ec-4c8a666f86d4 req-508ae900-a926-42fa-8232-7d777acc7590 None None] Starting request: 10.222.0.36 "GET /placement/allocations/82a0491a-921d-410e-af58-557f8567c7a4" {{(pid=106436) __call__ /opt/stack/placement/placement/requestlog.py:55}}
Jul 06 04:25:21.906121 n-d-798249-6 devstack@placement-api.service[106436]: INFO placement.requestlog [req-92503748-c404-4eb4-86ec-4c8a666f86d4 req-508ae900-a926-42fa-8232-7d777acc7590 service placement] 10.222.0.36 "GET /placement/allocations/82a0491a-921d-410e-af58-557f8567c7a4" status: 200 len: 260 microversion: 1.28
Jul 06 04:25:21.907416 n-d-798249-6 devstack@placement-api.service[106436]: [pid: 106436|app: 0|req: 558/1103] 10.222.0.36 () {60 vars in 1378 bytes} [Tue Jul 6 04:25:21 2021] GET /placement/allocations/82a0491a-921d-410e-af58-557f8567c7a4 => generated 260 bytes in 90 msecs (HTTP/1.1 200) 8 headers in 296 bytes (1 switches on core 0)
Jul 06 04:25:24.565042 n-d-798249-6 devstack@placement-api.service[106437]: DEBUG placement.requestlog [req-6dbeef4a-6652-42e4-af2f-81a4089aae77 req-7d4d7b7a-d35e-4dae-9298-744c555e3c6a None None] Starting request: 10.222.0.11 "GET /placement/allocations/50378bcd-cf19-4a01-b20f-3e65f25df6cf" {{(pid=106437) __call__ /opt/stack/placement/placement/requestlog.py:55}}
Jul 06 04:25:24.600891 n-d-798249-6 devstack@placement-api.service[106437]: INFO placement.requestlog [req-6dbeef4a-6652-42e4-af2f-81a4089aae77 req-7d4d7b7a-d35e-4dae-9298-744c555e3c6a service placement] 10.222.0.11 "GET /placement/allocations/50378bcd-cf19-4a01-b20f-3e65f25df6cf" status: 200 len: 260 microversion: 1.28
Jul 06 04:25:24.608907 n-d-798249-6 devstack@placement-api.service[106437]: [pid: 106437|app: 0|req: 546/1104] 10.222.0.11 () {60 vars in 1378 bytes} [Tue Jul 6 04:25:24 2021] GET /placement/allocations/50378bcd-cf19-4a01-b20f-3e65f25df6cf => generated 260 bytes in 44 msecs (HTTP/1.1 200) 8 headers in 296 bytes (1 switches on core 0)
Jul 06 04:25:24.623022 n-d-798249-6 devstack@placement-api.service[106436]: DEBUG placement.requestlog [req-6dbeef4a-6652-42e4-af2f-81a4089aae77 req-34b9c8e6-1fab-499e-b7c2-41e21752a7bd None None] Starting request: 10.222.0.11 "PUT /placement/allocations/50378bcd-cf19-4a01-b20f-3e65f25df6cf" {{(pid=106436) __call__ /opt/stack/placement/placement/requestlog.py:55}}
Jul 06 04:25:24.751800 n-d-798249-6 devstack@placement-api.service[106436]: DEBUG placement.handlers.allocation [req-6dbeef4a-6652-42e4-af2f-81a4089aae77 req-34b9c8e6-1fab-499e-b7c2-41e21752a7bd service placement] Successfully wrote allocations [, , ] {{(pid=106436) _create_allocations /opt/stack/placement/placement/handlers/allocation.py:435}}
Jul 06 04:25:24.752785 n-d-798249-6 devstack@placement-api.service[106436]: INFO placement.requestlog [req-6dbeef4a-6652-42e4-af2f-81a4089aae77 req-34b9c8e6-1fab-499e-b7c2-41e21752a7bd service placement] 10.222.0.11 "PUT /placement/allocations/50378bcd-cf19-4a01-b20f-3e65f25df6cf" status: 204 len: 0 microversion: 1.28
Jul 06 04:25:24.754089 n-d-798249-6 devstack@placement-api.service[106436]: [pid: 106436|app: 0|req: 559/1105] 10.222.0.11 () {64 vars in 1431 bytes} [Tue Jul 6 04:25:24 2021] PUT /placement/allocations/50378bcd-cf19-4a01-b20f-3e65f25df6cf => generated 0 bytes in 138 msecs (HTTP/1.1 204) 5 headers in 199 bytes (1 switches on core 0)
Jul 06 04:25:33.023913 n-d-798249-6 devstack@placement-api.service[106437]: DEBUG placement.requestlog [req-751511d3-5d59-4d88-8ad0-e41e96f316f2 req-729a8b5c-1814-4d90-bf28-94de94a86f99 None None] Starting request: 10.222.0.36 "GET /placement/resource_providers/9918a73c-3757-4588-adcf-50e042b074f1/allocations" {{(pid=106437) __call__ /opt/stack/placement/placement/requestlog.py:55}}
Jul 06 04:25:33.058597 n-d-798249-6 devstack@placement-api.service[106437]: INFO placement.requestlog [req-751511d3-5d59-4d88-8ad0-e41e96f316f2 req-729a8b5c-1814-4d90-bf28-94de94a86f99 service placement] 10.222.0.36 "GET /placement/resource_providers/9918a73c-3757-4588-adcf-50e042b074f1/allocations" status: 200 len: 155 microversion: 1.0
Jul 06 04:25:33.058785 n-d-798249-6 devstack@placement-api.service[106437]: [pid: 106437|app: 0|req: 547/1106] 10.222.0.36 () {58 vars in 1391 bytes} [Tue Jul 6 04:25:33 2021] GET /placement/resource_providers/9918a73c-3757-4588-adcf-50e042b074f1/allocations => generated 155 bytes in 35 msecs (HTTP/1.1 200) 6 headers in 224 bytes (1 switches on core 0)
Jul 06 04:25:35.899798 n-d-798249-6 devstack@placement-api.service[106436]: DEBUG placement.requestlog [req-8d58fa2d-89d2-4b73-b13e-e247b27f5ce3 req-e9d78ee0-391d-4df7-a728-e8a65fe67e2f None None] Starting request: 10.222.0.11 "GET /placement/resource_providers/300930e0-9609-4668-a509-02e1698772da/allocations" {{(pid=106436) __call__ /opt/stack/placement/placement/requestlog.py:55}}
Jul 06 04:25:35.939604 n-d-798249-6 devstack@placement-api.service[106436]: INFO placement.requestlog [req-8d58fa2d-89d2-4b73-b13e-e247b27f5ce3 req-e9d78ee0-391d-4df7-a728-e8a65fe67e2f service placement] 10.222.0.11 "GET /placement/resource_providers/300930e0-9609-4668-a509-02e1698772da/allocations" status: 200 len: 155 microversion: 1.0
Jul 06 04:25:35.944040 n-d-798249-6 devstack@placement-api.service[106436]: [pid: 106436|app: 0|req: 560/1107] 10.222.0.11 () {58 vars in 1391 bytes} [Tue Jul 6 04:25:35 2021] GET /placement/resource_providers/300930e0-9609-4668-a509-02e1698772da/allocations => generated 155 bytes in 45 msecs (HTTP/1.1 200) 6 headers in 224 bytes (1 switches on core 0)
Jul 06 04:25:52.468504 n-d-798249-6 devstack@placement-api.service[106437]: DEBUG placement.requestlog [req-b5ecfdf0-035e-4600-9d9b-6cbfee055e20 req-d49130c0-e1d1-4534-94db-4f905b442ae8 None None] Starting request: 10.222.0.10 "GET /placement/allocation_candidates?limit=1000&resources=DISK_GB%3A1%2CMEMORY_MB%3A1024%2CVCPU%3A1&root_required=%21COMPUTE_STATUS_DISABLED" {{(pid=106437) __call__ /opt/stack/placement/placement/requestlog.py:55}}
Jul 06 04:25:52.842946 n-d-798249-6 devstack@placement-api.service[106437]: DEBUG placement.objects.research_context [req-b5ecfdf0-035e-4600-9d9b-6cbfee055e20 req-d49130c0-e1d1-4534-94db-4f905b442ae8 service placement] getting providers with 1 DISK_GB {{(pid=106437) __init__ /opt/stack/placement/placement/objects/research_context.py:126}}
Jul 06 04:25:52.860117 n-d-798249-6 devstack@placement-api.service[106437]: DEBUG placement.objects.research_context [req-b5ecfdf0-035e-4600-9d9b-6cbfee055e20 req-d49130c0-e1d1-4534-94db-4f905b442ae8 service placement] getting providers with 1024 MEMORY_MB {{(pid=106437) __init__ /opt/stack/placement/placement/objects/research_context.py:126}}
Jul 06 04:25:52.877029 n-d-798249-6 devstack@placement-api.service[106437]: DEBUG placement.objects.research_context [req-b5ecfdf0-035e-4600-9d9b-6cbfee055e20 req-d49130c0-e1d1-4534-94db-4f905b442ae8 service placement] getting providers with 1 VCPU {{(pid=106437) __init__ /opt/stack/placement/placement/objects/research_context.py:126}}
Jul 06 04:25:52.884322 n-d-798249-6 devstack@placement-api.service[106437]: DEBUG placement.objects.research_context [req-b5ecfdf0-035e-4600-9d9b-6cbfee055e20 req-d49130c0-e1d1-4534-94db-4f905b442ae8 service placement] found 2 providers with available 1 DISK_GB {{(pid=106437) get_provider_ids_matching /opt/stack/placement/placement/objects/research_context.py:549}}
Jul 06 04:25:52.884664 n-d-798249-6 devstack@placement-api.service[106437]: DEBUG placement.objects.research_context [req-b5ecfdf0-035e-4600-9d9b-6cbfee055e20 req-d49130c0-e1d1-4534-94db-4f905b442ae8 service placement] found 2 providers with available 1024 MEMORY_MB {{(pid=106437) get_provider_ids_matching /opt/stack/placement/placement/objects/research_context.py:549}}
Jul 06 04:25:52.884880 n-d-798249-6 devstack@placement-api.service[106437]: DEBUG placement.objects.research_context [req-b5ecfdf0-035e-4600-9d9b-6cbfee055e20 req-d49130c0-e1d1-4534-94db-4f905b442ae8 service placement] found 2 providers after filtering by previous result {{(pid=106437) get_provider_ids_matching /opt/stack/placement/placement/objects/research_context.py:580}}
Jul 06 04:25:52.885133 n-d-798249-6 devstack@placement-api.service[106437]: DEBUG placement.objects.research_context [req-b5ecfdf0-035e-4600-9d9b-6cbfee055e20 req-d49130c0-e1d1-4534-94db-4f905b442ae8 service placement] found 2 providers with available 1 VCPU {{(pid=106437) get_provider_ids_matching /opt/stack/placement/placement/objects/research_context.py:549}}
Jul 06 04:25:52.885390 n-d-798249-6 devstack@placement-api.service[106437]: DEBUG placement.objects.research_context [req-b5ecfdf0-035e-4600-9d9b-6cbfee055e20 req-d49130c0-e1d1-4534-94db-4f905b442ae8 service placement] found 2 providers after filtering by previous result {{(pid=106437) get_provider_ids_matching /opt/stack/placement/placement/objects/research_context.py:580}}
Jul 06 04:25:52.899740 n-d-798249-6 devstack@placement-api.service[106437]: DEBUG placement.objects.allocation_candidate [req-b5ecfdf0-035e-4600-9d9b-6cbfee055e20 req-d49130c0-e1d1-4534-94db-4f905b442ae8 service placement] RequestGroup(use_same_provider=False, resources={DISK_GB:1, MEMORY_MB:1024, VCPU:1}, traits=[], aggregates=[]) (suffix '') returned 2 matches {{(pid=106437) _get_by_requests /opt/stack/placement/placement/objects/allocation_candidate.py:145}}
Jul 06 04:25:52.900142 n-d-798249-6 devstack@placement-api.service[106437]: DEBUG placement.objects.allocation_candidate [req-b5ecfdf0-035e-4600-9d9b-6cbfee055e20 req-d49130c0-e1d1-4534-94db-4f905b442ae8 service placement] Merging candidates yields 2 allocation requests and 2 provider summaries {{(pid=106437) _merge_candidates /opt/stack/placement/placement/objects/allocation_candidate.py:783}}
Jul 06 04:25:52.901874 n-d-798249-6 devstack@placement-api.service[106437]: INFO placement.requestlog [req-b5ecfdf0-035e-4600-9d9b-6cbfee055e20 req-d49130c0-e1d1-4534-94db-4f905b442ae8 service placement] 10.222.0.10 "GET /placement/allocation_candidates?limit=1000&resources=DISK_GB%3A1%2CMEMORY_MB%3A1024%2CVCPU%3A1&root_required=%21COMPUTE_STATUS_DISABLED" status: 200 len: 1309 microversion: 1.35
Jul 06 04:25:52.902464 n-d-798249-6 devstack@placement-api.service[106437]: [pid: 106437|app: 0|req: 548/1108] 10.222.0.10 () {60 vars in 1507 bytes} [Tue Jul 6 04:25:52 2021] GET /placement/allocation_candidates?limit=1000&resources=DISK_GB%3A1%2CMEMORY_MB%3A1024%2CVCPU%3A1&root_required=%21COMPUTE_STATUS_DISABLED => generated 1309 bytes in 434 msecs (HTTP/1.1 200) 8 headers in 297 bytes (1 switches on core 0)
Jul 06 04:25:52.997535 n-d-798249-6 devstack@placement-api.service[106436]: DEBUG placement.requestlog [req-b5ecfdf0-035e-4600-9d9b-6cbfee055e20 req-0bb03b28-33fe-4113-9c66-df7a281ab616 None None] Starting request: 10.222.0.10 "GET /placement/allocations/544f2b76-cdb3-4339-b8ea-0cbf00d6a0ab" {{(pid=106436) __call__ /opt/stack/placement/placement/requestlog.py:55}}
Jul 06 04:25:53.187895 n-d-798249-6 devstack@placement-api.service[106436]: INFO placement.requestlog [req-b5ecfdf0-035e-4600-9d9b-6cbfee055e20 req-0bb03b28-33fe-4113-9c66-df7a281ab616 service placement] 10.222.0.10 "GET /placement/allocations/544f2b76-cdb3-4339-b8ea-0cbf00d6a0ab" status: 200 len: 19 microversion: 1.28
Jul 06 04:25:53.188824 n-d-798249-6 devstack@placement-api.service[106436]: [pid: 106436|app: 0|req: 561/1109] 10.222.0.10 () {60 vars in 1381 bytes} [Tue Jul 6 04:25:52 2021] GET /placement/allocations/544f2b76-cdb3-4339-b8ea-0cbf00d6a0ab => generated 19 bytes in 191 msecs (HTTP/1.1 200) 8 headers in 295 bytes (1 switches on core 0)
Jul 06 04:25:53.194757 n-d-798249-6 devstack@placement-api.service[106437]: DEBUG placement.requestlog [req-b5ecfdf0-035e-4600-9d9b-6cbfee055e20 req-84fd46a4-ffbc-420c-a7c3-7fbb5ee20610 None None] Starting request: 10.222.0.10 "PUT /placement/allocations/544f2b76-cdb3-4339-b8ea-0cbf00d6a0ab" {{(pid=106437) __call__ /opt/stack/placement/placement/requestlog.py:55}}
Jul 06 04:25:53.786250 n-d-798249-6 devstack@placement-api.service[106437]: DEBUG placement.handlers.allocation [req-b5ecfdf0-035e-4600-9d9b-6cbfee055e20 req-84fd46a4-ffbc-420c-a7c3-7fbb5ee20610 service placement] Successfully wrote allocations [, , ] {{(pid=106437) _create_allocations /opt/stack/placement/placement/handlers/allocation.py:435}}
Jul 06 04:25:53.786877 n-d-798249-6 devstack@placement-api.service[106437]: INFO placement.requestlog [req-b5ecfdf0-035e-4600-9d9b-6cbfee055e20 req-84fd46a4-ffbc-420c-a7c3-7fbb5ee20610 service placement] 10.222.0.10 "PUT /placement/allocations/544f2b76-cdb3-4339-b8ea-0cbf00d6a0ab" status: 204 len: 0 microversion: 1.35
Jul 06 04:25:53.789897 n-d-798249-6 devstack@placement-api.service[106437]: [pid: 106437|app: 0|req: 549/1110] 10.222.0.10 () {64 vars in 1434 bytes} [Tue Jul 6 04:25:53 2021] PUT /placement/allocations/544f2b76-cdb3-4339-b8ea-0cbf00d6a0ab => generated 0 bytes in 593 msecs (HTTP/1.1 204) 5 headers in 199 bytes (1 switches on core 0)
Jul 06 04:25:54.601344 n-d-798249-6 devstack@placement-api.service[106436]: DEBUG placement.requestlog [req-596351c9-91da-41fc-8f34-220642328eb4 req-e1a04bd4-d9dd-4c77-ad5d-d1907f702405 None None] Starting request: 10.222.0.10 "GET /placement/allocation_candidates?limit=1000&resources=DISK_GB%3A1%2CMEMORY_MB%3A1024%2CVCPU%3A1&root_required=%21COMPUTE_STATUS_DISABLED" {{(pid=106436) __call__ /opt/stack/placement/placement/requestlog.py:55}}
Jul 06 04:25:54.667006 n-d-798249-6 devstack@placement-api.service[106436]: DEBUG placement.objects.research_context [req-596351c9-91da-41fc-8f34-220642328eb4 req-e1a04bd4-d9dd-4c77-ad5d-d1907f702405 service placement] getting providers with 1 DISK_GB {{(pid=106436) __init__ /opt/stack/placement/placement/objects/research_context.py:126}}
Jul 06 04:25:54.673787 n-d-798249-6 devstack@placement-api.service[106436]: DEBUG placement.objects.research_context [req-596351c9-91da-41fc-8f34-220642328eb4 req-e1a04bd4-d9dd-4c77-ad5d-d1907f702405 service placement] getting providers with 1024 MEMORY_MB {{(pid=106436) __init__ /opt/stack/placement/placement/objects/research_context.py:126}}
Jul 06 04:25:54.680522 n-d-798249-6 devstack@placement-api.service[106436]: DEBUG placement.objects.research_context [req-596351c9-91da-41fc-8f34-220642328eb4 req-e1a04bd4-d9dd-4c77-ad5d-d1907f702405 service placement] getting providers with 1 VCPU {{(pid=106436) __init__ /opt/stack/placement/placement/objects/research_context.py:126}}
Jul 06 04:25:54.687869 n-d-798249-6 devstack@placement-api.service[106436]: DEBUG placement.objects.research_context [req-596351c9-91da-41fc-8f34-220642328eb4 req-e1a04bd4-d9dd-4c77-ad5d-d1907f702405 service placement] found 2 providers with available 1 DISK_GB {{(pid=106436) get_provider_ids_matching /opt/stack/placement/placement/objects/research_context.py:549}}
Jul 06 04:25:54.688422 n-d-798249-6 devstack@placement-api.service[106436]: DEBUG placement.objects.research_context [req-596351c9-91da-41fc-8f34-220642328eb4 req-e1a04bd4-d9dd-4c77-ad5d-d1907f702405 service placement] found 2 providers with available 1024 MEMORY_MB {{(pid=106436) get_provider_ids_matching /opt/stack/placement/placement/objects/research_context.py:549}}
Jul 06 04:25:54.688833 n-d-798249-6 devstack@placement-api.service[106436]: DEBUG placement.objects.research_context [req-596351c9-91da-41fc-8f34-220642328eb4 req-e1a04bd4-d9dd-4c77-ad5d-d1907f702405 service placement] found 2 providers after filtering by previous result {{(pid=106436) get_provider_ids_matching /opt/stack/placement/placement/objects/research_context.py:580}}
Jul 06 04:25:54.689224 n-d-798249-6 devstack@placement-api.service[106436]: DEBUG placement.objects.research_context [req-596351c9-91da-41fc-8f34-220642328eb4 req-e1a04bd4-d9dd-4c77-ad5d-d1907f702405 service placement] found 2 providers with available 1 VCPU {{(pid=106436) get_provider_ids_matching /opt/stack/placement/placement/objects/research_context.py:549}}
Jul 06 04:25:54.690724 n-d-798249-6 devstack@placement-api.service[106436]: DEBUG placement.objects.research_context [req-596351c9-91da-41fc-8f34-220642328eb4 req-e1a04bd4-d9dd-4c77-ad5d-d1907f702405 service placement] found 2 providers after filtering by previous result {{(pid=106436) get_provider_ids_matching /opt/stack/placement/placement/objects/research_context.py:580}}
Jul 06 04:25:54.704901 n-d-798249-6 devstack@placement-api.service[106436]: DEBUG placement.objects.allocation_candidate [req-596351c9-91da-41fc-8f34-220642328eb4 req-e1a04bd4-d9dd-4c77-ad5d-d1907f702405 service placement] RequestGroup(use_same_provider=False, resources={DISK_GB:1, MEMORY_MB:1024, VCPU:1}, traits=[], aggregates=[]) (suffix '') returned 2 matches {{(pid=106436) _get_by_requests /opt/stack/placement/placement/objects/allocation_candidate.py:145}}
Jul 06 04:25:54.705561 n-d-798249-6 devstack@placement-api.service[106436]: DEBUG placement.objects.allocation_candidate [req-596351c9-91da-41fc-8f34-220642328eb4 req-e1a04bd4-d9dd-4c77-ad5d-d1907f702405 service placement] Merging candidates yields 2 allocation requests and 2 provider summaries {{(pid=106436) _merge_candidates /opt/stack/placement/placement/objects/allocation_candidate.py:783}}
Jul 06 04:25:54.707410 n-d-798249-6 devstack@placement-api.service[106436]: INFO placement.requestlog [req-596351c9-91da-41fc-8f34-220642328eb4 req-e1a04bd4-d9dd-4c77-ad5d-d1907f702405 service placement] 10.222.0.10 "GET /placement/allocation_candidates?limit=1000&resources=DISK_GB%3A1%2CMEMORY_MB%3A1024%2CVCPU%3A1&root_required=%21COMPUTE_STATUS_DISABLED" status: 200 len: 1309 microversion: 1.35
Jul 06 04:25:54.708133 n-d-798249-6 devstack@placement-api.service[106436]: [pid: 106436|app: 0|req: 562/1111] 10.222.0.10 () {60 vars in 1507 bytes} [Tue Jul 6 04:25:54 2021] GET /placement/allocation_candidates?limit=1000&resources=DISK_GB%3A1%2CMEMORY_MB%3A1024%2CVCPU%3A1&root_required=%21COMPUTE_STATUS_DISABLED => generated 1309 bytes in 107 msecs (HTTP/1.1 200) 8 headers in 297 bytes (1 switches on core 0)
Jul 06 04:25:54.867417 n-d-798249-6 devstack@placement-api.service[106437]: DEBUG placement.requestlog [req-596351c9-91da-41fc-8f34-220642328eb4 req-0ada8543-e066-4f9c-9685-d2f512d83f21 None None] Starting request: 10.222.0.10 "GET /placement/allocations/1ab6b0a7-97d5-4ff8-ba5c-85d07a2a27ac" {{(pid=106437) __call__ /opt/stack/placement/placement/requestlog.py:55}}
Jul 06 04:25:54.881358 n-d-798249-6 devstack@placement-api.service[106437]: INFO placement.requestlog [req-596351c9-91da-41fc-8f34-220642328eb4 req-0ada8543-e066-4f9c-9685-d2f512d83f21 service placement] 10.222.0.10 "GET /placement/allocations/1ab6b0a7-97d5-4ff8-ba5c-85d07a2a27ac" status: 200 len: 19 microversion: 1.28
Jul 06 04:25:54.881993 n-d-798249-6 devstack@placement-api.service[106437]: [pid: 106437|app: 0|req: 550/1112] 10.222.0.10 () {60 vars in 1381 bytes} [Tue Jul 6 04:25:54 2021] GET /placement/allocations/1ab6b0a7-97d5-4ff8-ba5c-85d07a2a27ac => generated 19 bytes in 15 msecs (HTTP/1.1 200) 8 headers in 295 bytes (1 switches on core 0)
Jul 06 04:25:54.889405 n-d-798249-6 devstack@placement-api.service[106436]: DEBUG placement.requestlog [req-596351c9-91da-41fc-8f34-220642328eb4 req-9e90ef5a-4c64-42af-848d-050b525b603d None None] Starting request: 10.222.0.10 "PUT /placement/allocations/1ab6b0a7-97d5-4ff8-ba5c-85d07a2a27ac" {{(pid=106436) __call__ /opt/stack/placement/placement/requestlog.py:55}}
Jul 06 04:25:55.469870 n-d-798249-6 devstack@placement-api.service[106437]: DEBUG placement.requestlog [req-b5ecfdf0-035e-4600-9d9b-6cbfee055e20 req-10109219-228d-42cf-a39b-f03e3ce01cd1 None None] Starting request: 10.222.0.11 "GET /placement/allocations/544f2b76-cdb3-4339-b8ea-0cbf00d6a0ab" {{(pid=106437) __call__ /opt/stack/placement/placement/requestlog.py:55}}
Jul 06 04:25:55.486097 n-d-798249-6 devstack@placement-api.service[106436]: DEBUG placement.handlers.allocation [req-596351c9-91da-41fc-8f34-220642328eb4 req-9e90ef5a-4c64-42af-848d-050b525b603d service placement] Successfully wrote allocations [, , ] {{(pid=106436) _create_allocations /opt/stack/placement/placement/handlers/allocation.py:435}}
Jul 06 04:25:55.486962 n-d-798249-6 devstack@placement-api.service[106436]: INFO placement.requestlog [req-596351c9-91da-41fc-8f34-220642328eb4 req-9e90ef5a-4c64-42af-848d-050b525b603d service placement] 10.222.0.10 "PUT /placement/allocations/1ab6b0a7-97d5-4ff8-ba5c-85d07a2a27ac" status: 204 len: 0 microversion: 1.35
Jul 06 04:25:55.487642 n-d-798249-6 devstack@placement-api.service[106436]: [pid: 106436|app: 0|req: 563/1113] 10.222.0.10 () {64 vars in 1434 bytes} [Tue Jul 6 04:25:54 2021] PUT /placement/allocations/1ab6b0a7-97d5-4ff8-ba5c-85d07a2a27ac => generated 0 bytes in 599 msecs (HTTP/1.1 204) 5 headers in 199 bytes (2 switches on core 0)
Jul 06 04:25:55.500492 n-d-798249-6 devstack@placement-api.service[106437]: INFO placement.requestlog [req-b5ecfdf0-035e-4600-9d9b-6cbfee055e20 req-10109219-228d-42cf-a39b-f03e3ce01cd1 service placement] 10.222.0.11 "GET /placement/allocations/544f2b76-cdb3-4339-b8ea-0cbf00d6a0ab" status: 200 len: 260 microversion: 1.28
Jul 06 04:25:55.501250 n-d-798249-6 devstack@placement-api.service[106437]: [pid: 106437|app: 0|req: 551/1114] 10.222.0.11 () {60 vars in 1378 bytes} [Tue Jul 6 04:25:55 2021] GET /placement/allocations/544f2b76-cdb3-4339-b8ea-0cbf00d6a0ab => generated 260 bytes in 32 msecs (HTTP/1.1 200) 8 headers in 296 bytes (2 switches on core 0)
Jul 06 04:25:57.441853 n-d-798249-6 devstack@placement-api.service[106436]: DEBUG placement.requestlog [req-596351c9-91da-41fc-8f34-220642328eb4 req-937aa862-5588-4050-9d99-7f2b5e6d8533 None None] Starting request: 10.222.0.11 "GET /placement/allocations/1ab6b0a7-97d5-4ff8-ba5c-85d07a2a27ac" {{(pid=106436) __call__ /opt/stack/placement/placement/requestlog.py:55}}
Jul 06 04:25:57.566504 n-d-798249-6 devstack@placement-api.service[106436]: INFO placement.requestlog [req-596351c9-91da-41fc-8f34-220642328eb4 req-937aa862-5588-4050-9d99-7f2b5e6d8533 service placement] 10.222.0.11 "GET /placement/allocations/1ab6b0a7-97d5-4ff8-ba5c-85d07a2a27ac" status: 200 len: 260 microversion: 1.28
Jul 06 04:25:57.567835 n-d-798249-6 devstack@placement-api.service[106436]: [pid: 106436|app: 0|req: 564/1115] 10.222.0.11 () {60 vars in 1378 bytes} [Tue Jul 6 04:25:57 2021] GET /placement/allocations/1ab6b0a7-97d5-4ff8-ba5c-85d07a2a27ac => generated 260 bytes in 126 msecs (HTTP/1.1 200) 8 headers in 296 bytes (1 switches on core 0)
Jul 06 04:26:14.848466 n-d-798249-6 devstack@placement-api.service[106437]: DEBUG placement.requestlog [req-2387970c-dce5-4e77-b2b3-35847683810e req-73b23f3b-2aa3-47fd-84f3-fde628673756 None None] Starting request: 10.222.0.11 "GET /placement/allocations/544f2b76-cdb3-4339-b8ea-0cbf00d6a0ab" {{(pid=106437) __call__ /opt/stack/placement/placement/requestlog.py:55}}
Jul 06 04:26:14.867495 n-d-798249-6 devstack@placement-api.service[106437]: INFO placement.requestlog [req-2387970c-dce5-4e77-b2b3-35847683810e req-73b23f3b-2aa3-47fd-84f3-fde628673756 service placement] 10.222.0.11 "GET /placement/allocations/544f2b76-cdb3-4339-b8ea-0cbf00d6a0ab" status: 200 len: 260 microversion: 1.28
Jul 06 04:26:14.868057 n-d-798249-6 devstack@placement-api.service[106437]: [pid: 106437|app: 0|req: 552/1116] 10.222.0.11 () {60 vars in 1378 bytes} [Tue Jul 6 04:26:14 2021] GET /placement/allocations/544f2b76-cdb3-4339-b8ea-0cbf00d6a0ab => generated 260 bytes in 22 msecs (HTTP/1.1 200) 8 headers in 296 bytes (2 switches on core 0)
Jul 06 04:26:14.876556 n-d-798249-6 devstack@placement-api.service[106436]: DEBUG placement.requestlog [req-2387970c-dce5-4e77-b2b3-35847683810e req-4a07af8d-f458-42b6-bba6-762e27b81600 None None] Starting request: 10.222.0.11 "PUT /placement/allocations/544f2b76-cdb3-4339-b8ea-0cbf00d6a0ab" {{(pid=106436) __call__ /opt/stack/placement/placement/requestlog.py:55}}
Jul 06 04:26:15.059775 n-d-798249-6 devstack@placement-api.service[106436]: DEBUG placement.handlers.allocation [req-2387970c-dce5-4e77-b2b3-35847683810e req-4a07af8d-f458-42b6-bba6-762e27b81600 service placement] Successfully wrote allocations [, , ] {{(pid=106436) _create_allocations /opt/stack/placement/placement/handlers/allocation.py:435}}
Jul 06 04:26:15.060314 n-d-798249-6 devstack@placement-api.service[106436]: INFO placement.requestlog [req-2387970c-dce5-4e77-b2b3-35847683810e req-4a07af8d-f458-42b6-bba6-762e27b81600 service placement] 10.222.0.11 "PUT /placement/allocations/544f2b76-cdb3-4339-b8ea-0cbf00d6a0ab" status: 204 len: 0 microversion: 1.28
Jul 06 04:26:15.060575 n-d-798249-6 devstack@placement-api.service[106436]: [pid: 106436|app: 0|req: 565/1117] 10.222.0.11 () {64 vars in 1431 bytes} [Tue Jul 6 04:26:14 2021] PUT /placement/allocations/544f2b76-cdb3-4339-b8ea-0cbf00d6a0ab => generated 0 bytes in 184 msecs (HTTP/1.1 204) 5 headers in 199 bytes (2 switches on core 0)
Jul 06 04:26:17.709952 n-d-798249-6 devstack@placement-api.service[106437]: DEBUG placement.requestlog [req-917fdb8b-d287-43cf-a337-0732dcde04a1 req-e98a754c-f859-4fbf-8285-e1010e51e03e None None] Starting request: 10.222.0.10 "GET /placement/allocation_candidates?limit=1000&resources=DISK_GB%3A1%2CMEMORY_MB%3A1024%2CVCPU%3A1&root_required=%21COMPUTE_STATUS_DISABLED" {{(pid=106437) __call__ /opt/stack/placement/placement/requestlog.py:55}}
Jul 06 04:26:17.795249 n-d-798249-6 devstack@placement-api.service[106437]: DEBUG placement.objects.research_context [req-917fdb8b-d287-43cf-a337-0732dcde04a1 req-e98a754c-f859-4fbf-8285-e1010e51e03e service placement] getting providers with 1 DISK_GB {{(pid=106437) __init__ /opt/stack/placement/placement/objects/research_context.py:126}}
Jul 06 04:26:17.812018 n-d-798249-6 devstack@placement-api.service[106437]: DEBUG placement.objects.research_context [req-917fdb8b-d287-43cf-a337-0732dcde04a1 req-e98a754c-f859-4fbf-8285-e1010e51e03e service placement] getting providers with 1024 MEMORY_MB {{(pid=106437) __init__ /opt/stack/placement/placement/objects/research_context.py:126}}
Jul 06 04:26:17.826663 n-d-798249-6 devstack@placement-api.service[106437]: DEBUG placement.objects.research_context [req-917fdb8b-d287-43cf-a337-0732dcde04a1 req-e98a754c-f859-4fbf-8285-e1010e51e03e service placement] getting providers with 1 VCPU {{(pid=106437) __init__ /opt/stack/placement/placement/objects/research_context.py:126}}
Jul 06 04:26:17.839269 n-d-798249-6 devstack@placement-api.service[106437]: DEBUG placement.objects.research_context [req-917fdb8b-d287-43cf-a337-0732dcde04a1 req-e98a754c-f859-4fbf-8285-e1010e51e03e service placement] found 2 providers with available 1 DISK_GB {{(pid=106437) get_provider_ids_matching /opt/stack/placement/placement/objects/research_context.py:549}}
Jul 06 04:26:17.839269 n-d-798249-6 devstack@placement-api.service[106437]: DEBUG placement.objects.research_context [req-917fdb8b-d287-43cf-a337-0732dcde04a1 req-e98a754c-f859-4fbf-8285-e1010e51e03e service placement] found 2 providers with available 1024 MEMORY_MB {{(pid=106437) get_provider_ids_matching /opt/stack/placement/placement/objects/research_context.py:549}}
Jul 06 04:26:17.839269 n-d-798249-6 devstack@placement-api.service[106437]: DEBUG placement.objects.research_context [req-917fdb8b-d287-43cf-a337-0732dcde04a1 req-e98a754c-f859-4fbf-8285-e1010e51e03e service placement] found 2 providers after filtering by previous result {{(pid=106437) get_provider_ids_matching /opt/stack/placement/placement/objects/research_context.py:580}}
Jul 06 04:26:17.839555 n-d-798249-6 devstack@placement-api.service[106437]: DEBUG placement.objects.research_context [req-917fdb8b-d287-43cf-a337-0732dcde04a1 req-e98a754c-f859-4fbf-8285-e1010e51e03e service placement] found 2 providers with available 1 VCPU {{(pid=106437) get_provider_ids_matching /opt/stack/placement/placement/objects/research_context.py:549}}
Jul 06 04:26:17.840257 n-d-798249-6 devstack@placement-api.service[106437]: DEBUG placement.objects.research_context [req-917fdb8b-d287-43cf-a337-0732dcde04a1 req-e98a754c-f859-4fbf-8285-e1010e51e03e service placement] found 2 providers after filtering by previous result {{(pid=106437) get_provider_ids_matching /opt/stack/placement/placement/objects/research_context.py:580}}
Jul 06 04:26:17.864932 n-d-798249-6 devstack@placement-api.service[106437]: DEBUG placement.objects.allocation_candidate [req-917fdb8b-d287-43cf-a337-0732dcde04a1 req-e98a754c-f859-4fbf-8285-e1010e51e03e service placement] RequestGroup(use_same_provider=False, resources={DISK_GB:1, MEMORY_MB:1024, VCPU:1}, traits=[], aggregates=[]) (suffix '') returned 2 matches {{(pid=106437) _get_by_requests /opt/stack/placement/placement/objects/allocation_candidate.py:145}}
Jul 06 04:26:17.866047 n-d-798249-6 devstack@placement-api.service[106437]: DEBUG placement.objects.allocation_candidate [req-917fdb8b-d287-43cf-a337-0732dcde04a1 req-e98a754c-f859-4fbf-8285-e1010e51e03e service placement] Merging candidates yields 2 allocation requests and 2 provider summaries {{(pid=106437) _merge_candidates /opt/stack/placement/placement/objects/allocation_candidate.py:783}}
Jul 06 04:26:17.872244 n-d-798249-6 devstack@placement-api.service[106437]: INFO placement.requestlog [req-917fdb8b-d287-43cf-a337-0732dcde04a1 req-e98a754c-f859-4fbf-8285-e1010e51e03e service placement] 10.222.0.10 "GET /placement/allocation_candidates?limit=1000&resources=DISK_GB%3A1%2CMEMORY_MB%3A1024%2CVCPU%3A1&root_required=%21COMPUTE_STATUS_DISABLED" status: 200 len: 1309 microversion: 1.35
Jul 06 04:26:17.872244 n-d-798249-6 devstack@placement-api.service[106437]: [pid: 106437|app: 0|req: 553/1118] 10.222.0.10 () {60 vars in 1507 bytes} [Tue Jul 6 04:26:17 2021] GET /placement/allocation_candidates?limit=1000&resources=DISK_GB%3A1%2CMEMORY_MB%3A1024%2CVCPU%3A1&root_required=%21COMPUTE_STATUS_DISABLED => generated 1309 bytes in 160 msecs (HTTP/1.1 200) 8 headers in 297 bytes (1 switches on core 0)
Jul 06 04:26:17.967938 n-d-798249-6 devstack@placement-api.service[106436]: DEBUG placement.requestlog [req-917fdb8b-d287-43cf-a337-0732dcde04a1 req-51b45c60-3d23-416c-9478-64008a5ab0f9 None None] Starting request: 10.222.0.10 "GET /placement/allocations/1d50aed4-80a0-4264-b833-1083135485e5" {{(pid=106436) __call__ /opt/stack/placement/placement/requestlog.py:55}}
Jul 06 04:26:17.983848 n-d-798249-6 devstack@placement-api.service[106436]: INFO placement.requestlog [req-917fdb8b-d287-43cf-a337-0732dcde04a1 req-51b45c60-3d23-416c-9478-64008a5ab0f9 service placement] 10.222.0.10 "GET /placement/allocations/1d50aed4-80a0-4264-b833-1083135485e5" status: 200 len: 19 microversion: 1.28
Jul 06 04:26:17.984618 n-d-798249-6 devstack@placement-api.service[106436]: [pid: 106436|app: 0|req: 566/1119] 10.222.0.10 () {60 vars in 1381 bytes} [Tue Jul 6 04:26:17 2021] GET /placement/allocations/1d50aed4-80a0-4264-b833-1083135485e5 => generated 19 bytes in 17 msecs (HTTP/1.1 200) 8 headers in 295 bytes (1 switches on core 0)
