Jul 05 03:43:51.798692 n-d-798249-5 devstack@n-api.service[115786]: DEBUG nova.policy [None req-9bdf212f-7de1-481c-a2d3-53ec14181281 tempest-InstanceUsageAuditLogNegativeTestJSON-123188308 tempest-InstanceUsageAuditLogNegativeTestJSON-123188308-project] Policy check for os_compute_api:os-instance-usage-audit-log:show failed with credentials {'is_admin': False, 'user_id': '71f3c345c4e345139f86f0d61def9740', 'user_domain_id': 'default', 'system_scope': None, 'domain_id': None, 'project_id': 'ccf0f6e8dc644cab892515fa37ae8296', 'project_domain_id': 'default', 'roles': ['member', 'reader'], 'is_admin_project': True, 'service_user_id': None, 'service_user_domain_id': None, 'service_project_id': None, 'service_project_domain_id': None, 'service_roles': []} {{(pid=115786) authorize /opt/stack/nova/nova/policy.py:199}}
Jul 05 03:43:51.799308 n-d-798249-5 devstack@n-api.service[115786]: DEBUG nova.api.openstack.wsgi [None req-9bdf212f-7de1-481c-a2d3-53ec14181281 tempest-InstanceUsageAuditLogNegativeTestJSON-123188308 tempest-InstanceUsageAuditLogNegativeTestJSON-123188308-project] Returning 403 to user: Policy doesn't allow os_compute_api:os-instance-usage-audit-log:show to be performed. {{(pid=115786) __call__ /opt/stack/nova/nova/api/openstack/wsgi.py:927}}
Jul 05 03:43:51.800081 n-d-798249-5 devstack@n-api.service[115786]: INFO nova.api.openstack.requestlog [None req-9bdf212f-7de1-481c-a2d3-53ec14181281 tempest-InstanceUsageAuditLogNegativeTestJSON-123188308 tempest-InstanceUsageAuditLogNegativeTestJSON-123188308-project] 10.222.0.60 "GET /compute/v2.1/os-instance_usage_audit_log/2021-07-05 03:43:51" status: 403 len: 128 microversion: 2.1 time: 0.006755
Jul 05 03:43:51.800599 n-d-798249-5 devstack@n-api.service[115786]: [pid: 115786|app: 0|req: 37/84] 10.222.0.60 () {58 vars in 1251 bytes} [Mon Jul 5 03:43:51 2021] GET /compute/v2.1/os-instance_usage_audit_log/2021-07-05%2003%3A43%3A51 => generated 128 bytes in 8 msecs (HTTP/1.1 403) 9 headers in 379 bytes (2 switches on core 0)
Jul 05 03:43:51.939132 n-d-798249-5 devstack@n-api.service[115785]: INFO nova.api.openstack.requestlog [None req-94c67490-b633-443a-8dfc-237144036310 tempest-FlavorsAdminTestJSON-1916307145 tempest-FlavorsAdminTestJSON-1916307145-project-admin] 10.222.0.60 "POST /compute/v2.1/flavors" status: 200 len: 507 microversion: 2.1 time: 0.232258
Jul 05 03:43:51.940294 n-d-798249-5 devstack@n-api.service[115785]: [pid: 115785|app: 0|req: 48/85] 10.222.0.60 () {60 vars in 1147 bytes} [Mon Jul 5 03:43:51 2021] POST /compute/v2.1/flavors => generated 507 bytes in 234 msecs (HTTP/1.1 200) 9 headers in 357 bytes (1 switches on core 0)
Jul 05 03:43:51.952402 n-d-798249-5 devstack@n-api.service[115786]: DEBUG nova.api.openstack.wsgi [None req-d41e8fbd-0e88-49f8-a8c4-eeb13f095a6c tempest-FlavorsAdminTestJSON-1916307145 tempest-FlavorsAdminTestJSON-1916307145-project-admin] Calling method '>' {{(pid=115786) _process_stack /opt/stack/nova/nova/api/openstack/wsgi.py:513}}
Jul 05 03:43:51.953686 n-d-798249-5 devstack@n-api.service[115786]: /usr/local/lib/python3.8/dist-packages/oslo_policy/policy.py:1064: UserWarning: Policy os_compute_api:os-flavor-manage:delete failed scope check. The token used to make the request was project scoped but the policy requires ['system'] scope. This behavior may change in the future where using the intended scope is required
Jul 05 03:43:51.953686 n-d-798249-5 devstack@n-api.service[115786]: warnings.warn(msg)
Jul 05 03:43:52.048090 n-d-798249-5 devstack@n-api.service[115786]: INFO nova.api.openstack.requestlog [None req-d41e8fbd-0e88-49f8-a8c4-eeb13f095a6c tempest-FlavorsAdminTestJSON-1916307145 tempest-FlavorsAdminTestJSON-1916307145-project-admin] 10.222.0.60 "DELETE /compute/v2.1/flavors/c1ae00aa-f615-44b0-906d-ddc8fa123814" status: 202 len: 0 microversion: 2.1 time: 0.100694
Jul 05 03:43:52.052922 n-d-798249-5 devstack@n-api.service[115786]: [pid: 115786|app: 0|req: 38/86] 10.222.0.60 () {58 vars in 1239 bytes} [Mon Jul 5 03:43:51 2021] DELETE /compute/v2.1/flavors/c1ae00aa-f615-44b0-906d-ddc8fa123814 => generated 0 bytes in 103 msecs (HTTP/1.1 202) 9 headers in 361 bytes (1 switches on core 0)
Jul 05 03:43:52.058159 n-d-798249-5 devstack@n-api.service[115785]: DEBUG nova.api.openstack.wsgi [None req-587e6836-559d-488d-bde1-cd1ff317e2c7 tempest-FlavorsAdminTestJSON-1916307145 tempest-FlavorsAdminTestJSON-1916307145-project-admin] Calling method '>' {{(pid=115785) _process_stack /opt/stack/nova/nova/api/openstack/wsgi.py:513}}
Jul 05 03:43:52.078480 n-d-798249-5 devstack@n-api.service[115785]: INFO nova.api.openstack.requestlog [None req-587e6836-559d-488d-bde1-cd1ff317e2c7 tempest-FlavorsAdminTestJSON-1916307145 tempest-FlavorsAdminTestJSON-1916307145-project-admin] 10.222.0.60 "GET /compute/v2.1/flavors/detail" status: 200 len: 4991 microversion: 2.1 time: 0.024224
Jul 05 03:43:52.079066 n-d-798249-5 devstack@n-api.service[115785]: [pid: 115785|app: 0|req: 49/87] 10.222.0.60 () {58 vars in 1146 bytes} [Mon Jul 5 03:43:52 2021] GET /compute/v2.1/flavors/detail => generated 4991 bytes in 26 msecs (HTTP/1.1 200) 9 headers in 358 bytes (1 switches on core 0)
Jul 05 03:43:52.097958 n-d-798249-5 devstack@n-api.service[115786]: DEBUG nova.api.openstack.wsgi [None req-9381e60a-7a63-4761-9ba8-55c4cfc6fa88 tempest-FlavorsAdminTestJSON-1916307145 tempest-FlavorsAdminTestJSON-1916307145-project-admin] Action: 'create', calling method: >, body: {"flavor": {"ram": 512, "vcpus": 1, "disk": 10, "name": "tempest-test_flavor_-1950842170", "id": 1048352845, "os-flavor-access:is_public": "True"}} {{(pid=115786) _process_stack /opt/stack/nova/nova/api/openstack/wsgi.py:511}}
Jul 05 03:43:52.099552 n-d-798249-5 devstack@n-api.service[115786]: /usr/local/lib/python3.8/dist-packages/oslo_policy/policy.py:1064: UserWarning: Policy os_compute_api:os-flavor-manage:create failed scope check. The token used to make the request was project scoped but the policy requires ['system'] scope. This behavior may change in the future where using the intended scope is required
Jul 05 03:43:52.099552 n-d-798249-5 devstack@n-api.service[115786]: warnings.warn(msg)
Jul 05 03:43:52.122546 n-d-798249-5 devstack@n-api.service[115785]: DEBUG nova.api.openstack.wsgi [None req-1baf98c5-74cd-4adb-926c-96a123b52ebc tempest-AggregatesAdminTestJSON-653656356 tempest-AggregatesAdminTestJSON-653656356-project] Calling method '>' {{(pid=115785) _process_stack /opt/stack/nova/nova/api/openstack/wsgi.py:513}}
Jul 05 03:43:52.123457 n-d-798249-5 devstack@n-api.service[115785]: DEBUG nova.compute.api [None req-1baf98c5-74cd-4adb-926c-96a123b52ebc tempest-AggregatesAdminTestJSON-653656356 tempest-AggregatesAdminTestJSON-653656356-project] [instance: 5028d5df-4ac1-43bf-9579-912bfbeb3011] Fetching instance by UUID {{(pid=115785) get /opt/stack/nova/nova/compute/api.py:2793}}
Jul 05 03:43:52.145489 n-d-798249-5 devstack@n-api.service[115785]: DEBUG oslo_concurrency.lockutils [None req-1baf98c5-74cd-4adb-926c-96a123b52ebc tempest-AggregatesAdminTestJSON-653656356 tempest-AggregatesAdminTestJSON-653656356-project] Lock "8a56332c-767b-4be1-87aa-bd261cefb370" acquired by "nova.context.set_target_cell..get_or_set_cached_cell_and_set_connections" :: waited 0.000s {{(pid=115785) inner /usr/local/lib/python3.8/dist-packages/oslo_concurrency/lockutils.py:355}}
Jul 05 03:43:52.146545 n-d-798249-5 devstack@n-api.service[115785]: DEBUG oslo_concurrency.lockutils [None req-1baf98c5-74cd-4adb-926c-96a123b52ebc tempest-AggregatesAdminTestJSON-653656356 tempest-AggregatesAdminTestJSON-653656356-project] Lock "8a56332c-767b-4be1-87aa-bd261cefb370" released by "nova.context.set_target_cell..get_or_set_cached_cell_and_set_connections" :: held 0.001s {{(pid=115785) inner /usr/local/lib/python3.8/dist-packages/oslo_concurrency/lockutils.py:367}}
Jul 05 03:43:52.147901 n-d-798249-5 devstack@n-api.service[115785]: DEBUG oslo_concurrency.lockutils [None req-1baf98c5-74cd-4adb-926c-96a123b52ebc tempest-AggregatesAdminTestJSON-653656356 tempest-AggregatesAdminTestJSON-653656356-project] Lock "8a56332c-767b-4be1-87aa-bd261cefb370" acquired by "nova.context.set_target_cell..get_or_set_cached_cell_and_set_connections" :: waited 0.000s {{(pid=115785) inner /usr/local/lib/python3.8/dist-packages/oslo_concurrency/lockutils.py:355}}
Jul 05 03:43:52.157128 n-d-798249-5 devstack@n-api.service[115785]: DEBUG oslo_concurrency.lockutils [None req-1baf98c5-74cd-4adb-926c-96a123b52ebc tempest-AggregatesAdminTestJSON-653656356 tempest-AggregatesAdminTestJSON-653656356-project] Lock "8a56332c-767b-4be1-87aa-bd261cefb370" released by "nova.context.set_target_cell..get_or_set_cached_cell_and_set_connections" :: held 0.004s {{(pid=115785) inner /usr/local/lib/python3.8/dist-packages/oslo_concurrency/lockutils.py:367}}
Jul 05 03:43:52.163730 n-d-798249-5 devstack@n-api.service[115785]: /opt/stack/nova/nova/db/sqlalchemy/api.py:1385: SAWarning: TypeDecorator SoftDeleteInteger() will not produce a cache key because the ``cache_ok`` flag is not set to True. Set this flag to True if this type object's state is safe to use in a cache key, or False to disable this warning.
Jul 05 03:43:52.163730 n-d-798249-5 devstack@n-api.service[115785]: result = _build_instance_get(context, columns_to_join=columns_to_join).\
Jul 05 03:43:52.188182 n-d-798249-5 devstack@n-api.service[115786]: INFO nova.api.openstack.requestlog [None req-9381e60a-7a63-4761-9ba8-55c4cfc6fa88 tempest-FlavorsAdminTestJSON-1916307145 tempest-FlavorsAdminTestJSON-1916307145-project-admin] 10.222.0.60 "POST /compute/v2.1/flavors" status: 200 len: 414 microversion: 2.1 time: 0.093813
Jul 05 03:43:52.188953 n-d-798249-5 devstack@n-api.service[115786]: [pid: 115786|app: 0|req: 39/88] 10.222.0.60 () {60 vars in 1147 bytes} [Mon Jul 5 03:43:52 2021] POST /compute/v2.1/flavors => generated 414 bytes in 95 msecs (HTTP/1.1 200) 9 headers in 357 bytes (2 switches on core 0)
Jul 05 03:43:52.201188 n-d-798249-5 devstack@n-api.service[115786]: DEBUG nova.api.openstack.wsgi [None req-bdf6e6d9-a00c-4a0c-b077-9845d7041058 tempest-FlavorsAdminTestJSON-1916307145 tempest-FlavorsAdminTestJSON-1916307145-project-admin] Calling method '>' {{(pid=115786) _process_stack /opt/stack/nova/nova/api/openstack/wsgi.py:513}}
Jul 05 03:43:52.236081 n-d-798249-5 devstack@n-api.service[115786]: INFO nova.api.openstack.requestlog [None req-bdf6e6d9-a00c-4a0c-b077-9845d7041058 tempest-FlavorsAdminTestJSON-1916307145 tempest-FlavorsAdminTestJSON-1916307145-project-admin] 10.222.0.60 "GET /compute/v2.1/flavors/1048352845" status: 200 len: 414 microversion: 2.1 time: 0.035007
Jul 05 03:43:52.237907 n-d-798249-5 devstack@n-api.service[115786]: [pid: 115786|app: 0|req: 40/89] 10.222.0.60 () {58 vars in 1158 bytes} [Mon Jul 5 03:43:52 2021] GET /compute/v2.1/flavors/1048352845 => generated 414 bytes in 42 msecs (HTTP/1.1 200) 9 headers in 357 bytes (2 switches on core 0)
Jul 05 03:43:52.497753 n-d-798249-5 devstack@n-api.service[115785]: DEBUG nova.policy [None req-1baf98c5-74cd-4adb-926c-96a123b52ebc tempest-AggregatesAdminTestJSON-653656356 tempest-AggregatesAdminTestJSON-653656356-project] Policy check for os_compute_api:os-extended-server-attributes failed with credentials {'is_admin': False, 'user_id': '639970d1650d449e940a2dc5829c906f', 'user_domain_id': 'default', 'system_scope': None, 'domain_id': None, 'project_id': 'e72aeecc1ae04961b62968fa18d8b85c', 'project_domain_id': 'default', 'roles': ['member', 'reader'], 'is_admin_project': True, 'service_user_id': None, 'service_user_domain_id': None, 'service_project_id': None, 'service_project_domain_id': None, 'service_roles': []} {{(pid=115785) authorize /opt/stack/nova/nova/policy.py:199}}
Jul 05 03:43:52.501158 n-d-798249-5 devstack@n-api.service[115785]: /opt/stack/nova/nova/db/sqlalchemy/api.py:3000: SAWarning: TypeDecorator SoftDeleteInteger() will not produce a cache key because the ``cache_ok`` flag is not set to True. Set this flag to True if this type object's state is safe to use in a cache key, or False to disable this warning.
Jul 05 03:43:52.501158 n-d-798249-5 devstack@n-api.service[115785]: return _block_device_mapping_get_query(context).filter(
Jul 05 03:43:52.510450 n-d-798249-5 devstack@n-api.service[115785]: INFO nova.api.openstack.requestlog [None req-1baf98c5-74cd-4adb-926c-96a123b52ebc tempest-AggregatesAdminTestJSON-653656356 tempest-AggregatesAdminTestJSON-653656356-project] 10.222.0.60 "GET /compute/v2.1/servers/5028d5df-4ac1-43bf-9579-912bfbeb3011" status: 200 len: 1339 microversion: 2.1 time: 0.391520
Jul 05 03:43:52.511396 n-d-798249-5 devstack@n-api.service[115785]: [pid: 115785|app: 0|req: 50/90] 10.222.0.60 () {58 vars in 1236 bytes} [Mon Jul 5 03:43:52 2021] GET /compute/v2.1/servers/5028d5df-4ac1-43bf-9579-912bfbeb3011 => generated 1339 bytes in 393 msecs (HTTP/1.1 200) 9 headers in 358 bytes (2 switches on core 0)
Jul 05 03:43:52.517151 n-d-798249-5 devstack@n-api.service[115785]: DEBUG nova.api.openstack.wsgi [None req-a574fbb8-c3fa-4f31-8859-a72eb41a61c2 tempest-ServersOnMultiNodesTest-1207045969 tempest-ServersOnMultiNodesTest-1207045969-project] Calling method '>' {{(pid=115785) _process_stack /opt/stack/nova/nova/api/openstack/wsgi.py:513}}
Jul 05 03:43:52.518078 n-d-798249-5 devstack@n-api.service[115785]: DEBUG nova.compute.api [None req-a574fbb8-c3fa-4f31-8859-a72eb41a61c2 tempest-ServersOnMultiNodesTest-1207045969 tempest-ServersOnMultiNodesTest-1207045969-project] [instance: 27660a95-26e5-4d9e-b4e4-024fbba38f0a] Fetching instance by UUID {{(pid=115785) get /opt/stack/nova/nova/compute/api.py:2793}}
Jul 05 03:43:52.565848 n-d-798249-5 devstack@n-api.service[115786]: DEBUG nova.api.openstack.wsgi [None req-e83eb63f-658d-4d9f-bb27-564409983efb tempest-FlavorsAdminTestJSON-2120007694 tempest-FlavorsAdminTestJSON-2120007694-project] Calling method '>' {{(pid=115786) _process_stack /opt/stack/nova/nova/api/openstack/wsgi.py:513}}
Jul 05 03:43:52.609009 n-d-798249-5 devstack@n-api.service[115786]: INFO nova.api.openstack.requestlog [None req-e83eb63f-658d-4d9f-bb27-564409983efb tempest-FlavorsAdminTestJSON-2120007694 tempest-FlavorsAdminTestJSON-2120007694-project] 10.222.0.60 "GET /compute/v2.1/flavors/detail" status: 200 len: 5395 microversion: 2.1 time: 0.362221
Jul 05 03:43:52.613107 n-d-798249-5 devstack@n-api.service[115786]: [pid: 115786|app: 0|req: 41/91] 10.222.0.60 () {58 vars in 1146 bytes} [Mon Jul 5 03:43:52 2021] GET /compute/v2.1/flavors/detail => generated 5395 bytes in 368 msecs (HTTP/1.1 200) 9 headers in 358 bytes (1 switches on core 0)
Jul 05 03:43:52.621639 n-d-798249-5 devstack@n-api.service[115785]: DEBUG nova.policy [None req-a574fbb8-c3fa-4f31-8859-a72eb41a61c2 tempest-ServersOnMultiNodesTest-1207045969 tempest-ServersOnMultiNodesTest-1207045969-project] Policy check for os_compute_api:os-extended-server-attributes failed with credentials {'is_admin': False, 'user_id': '0aa8dfc677f14cbfaa02516114d984c2', 'user_domain_id': 'default', 'system_scope': None, 'domain_id': None, 'project_id': '699c7cae0a8943699f7e6394aeb45413', 'project_domain_id': 'default', 'roles': ['member', 'reader'], 'is_admin_project': True, 'service_user_id': None, 'service_user_domain_id': None, 'service_project_id': None, 'service_project_domain_id': None, 'service_roles': []} {{(pid=115785) authorize /opt/stack/nova/nova/policy.py:199}}
Jul 05 03:43:52.646289 n-d-798249-5 devstack@n-api.service[115785]: /opt/stack/nova/nova/db/sqlalchemy/api.py:3000: SAWarning: TypeDecorator SoftDeleteInteger() will not produce a cache key because the ``cache_ok`` flag is not set to True. Set this flag to True if this type object's state is safe to use in a cache key, or False to disable this warning.
Jul 05 03:43:52.646289 n-d-798249-5 devstack@n-api.service[115785]: return _block_device_mapping_get_query(context).filter(
Jul 05 03:43:52.646699 n-d-798249-5 devstack@n-api.service[115786]: DEBUG nova.api.openstack.wsgi [None req-446327af-75da-4ae5-bc4d-d6de9a7276ae tempest-FlavorsAdminTestJSON-1916307145 tempest-FlavorsAdminTestJSON-1916307145-project-admin] Calling method '>' {{(pid=115786) _process_stack /opt/stack/nova/nova/api/openstack/wsgi.py:513}}
Jul 05 03:43:52.646793 n-d-798249-5 devstack@n-api.service[115785]: INFO nova.api.openstack.requestlog [None req-a574fbb8-c3fa-4f31-8859-a72eb41a61c2 tempest-ServersOnMultiNodesTest-1207045969 tempest-ServersOnMultiNodesTest-1207045969-project] 10.222.0.60 "GET /compute/v2.1/servers/27660a95-26e5-4d9e-b4e4-024fbba38f0a" status: 200 len: 1217 microversion: 2.1 time: 0.123786
Jul 05 03:43:52.646793 n-d-798249-5 devstack@n-api.service[115785]: [pid: 115785|app: 0|req: 51/92] 10.222.0.60 () {58 vars in 1236 bytes} [Mon Jul 5 03:43:52 2021] GET /compute/v2.1/servers/27660a95-26e5-4d9e-b4e4-024fbba38f0a => generated 1217 bytes in 127 msecs (HTTP/1.1 200) 9 headers in 358 bytes (1 switches on core 0)
Jul 05 03:43:52.875771 n-d-798249-5 devstack@n-api.service[115786]: INFO nova.api.openstack.requestlog [None req-446327af-75da-4ae5-bc4d-d6de9a7276ae tempest-FlavorsAdminTestJSON-1916307145 tempest-FlavorsAdminTestJSON-1916307145-project-admin] 10.222.0.60 "DELETE /compute/v2.1/flavors/1048352845" status: 202 len: 0 microversion: 2.1 time: 0.250620
Jul 05 03:43:52.876536 n-d-798249-5 devstack@n-api.service[115786]: [pid: 115786|app: 0|req: 42/93] 10.222.0.60 () {58 vars in 1161 bytes} [Mon Jul 5 03:43:52 2021] DELETE /compute/v2.1/flavors/1048352845 => generated 0 bytes in 252 msecs (HTTP/1.1 202) 9 headers in 361 bytes (1 switches on core 0)
Jul 05 03:43:52.886601 n-d-798249-5 devstack@n-api.service[115785]: DEBUG nova.api.openstack.wsgi [None req-bb0c2d19-4f19-4243-bb39-0bf1b80dd92b tempest-FlavorsAdminTestJSON-1916307145 tempest-FlavorsAdminTestJSON-1916307145-project-admin] Calling method '>' {{(pid=115785) _process_stack /opt/stack/nova/nova/api/openstack/wsgi.py:513}}
Jul 05 03:43:52.922662 n-d-798249-5 devstack@n-api.service[115785]: INFO nova.api.openstack.requestlog [None req-bb0c2d19-4f19-4243-bb39-0bf1b80dd92b tempest-FlavorsAdminTestJSON-1916307145 tempest-FlavorsAdminTestJSON-1916307145-project-admin] 10.222.0.60 "GET /compute/v2.1/flavors/detail" status: 200 len: 4991 microversion: 2.1 time: 0.041303
Jul 05 03:43:52.944086 n-d-798249-5 devstack@n-api.service[115785]: [pid: 115785|app: 0|req: 52/94] 10.222.0.60 () {58 vars in 1146 bytes} [Mon Jul 5 03:43:52 2021] GET /compute/v2.1/flavors/detail => generated 4991 bytes in 63 msecs (HTTP/1.1 200) 9 headers in 358 bytes (1 switches on core 0)
Jul 05 03:43:52.949646 n-d-798249-5 devstack@n-api.service[115786]: DEBUG nova.api.openstack.wsgi [None req-6eed0913-3c28-46d6-aa3d-0242e3a08d96 tempest-FlavorsAdminTestJSON-1916307145 tempest-FlavorsAdminTestJSON-1916307145-project-admin] Action: 'create', calling method: >, body: {"flavor": {"ram": 512, "vcpus": 1, "disk": 10, "name": "tempest-FlavorsAdminTestJSON-flavor-1440671673", "id": 922645738, "os-flavor-access:is_public": "False"}} {{(pid=115786) _process_stack /opt/stack/nova/nova/api/openstack/wsgi.py:511}}
Jul 05 03:43:53.030328 n-d-798249-5 devstack@n-api.service[115786]: INFO nova.api.openstack.requestlog [None req-6eed0913-3c28-46d6-aa3d-0242e3a08d96 tempest-FlavorsAdminTestJSON-1916307145 tempest-FlavorsAdminTestJSON-1916307145-project-admin] 10.222.0.60 "POST /compute/v2.1/flavors" status: 200 len: 427 microversion: 2.1 time: 0.082827
Jul 05 03:43:53.030328 n-d-798249-5 devstack@n-api.service[115786]: [pid: 115786|app: 0|req: 43/95] 10.222.0.60 () {60 vars in 1147 bytes} [Mon Jul 5 03:43:52 2021] POST /compute/v2.1/flavors => generated 427 bytes in 84 msecs (HTTP/1.1 200) 9 headers in 357 bytes (1 switches on core 0)
Jul 05 03:43:53.041356 n-d-798249-5 devstack@n-api.service[115785]: DEBUG nova.api.openstack.wsgi [None req-bb011360-a6f8-4f79-b51b-da4873fa30f5 tempest-FlavorsAdminTestJSON-2120007694 tempest-FlavorsAdminTestJSON-2120007694-project] Action: 'create', calling method: >, body: {"server": {"name": "test", "imageRef": "49938413-7017-4146-8295-dab13d2b35d4", "flavorRef": "922645738"}} {{(pid=115785) _process_stack /opt/stack/nova/nova/api/openstack/wsgi.py:511}}
Jul 05 03:43:53.059219 n-d-798249-5 devstack@n-api.service[115785]: INFO nova.api.openstack.wsgi [None req-bb011360-a6f8-4f79-b51b-da4873fa30f5 tempest-FlavorsAdminTestJSON-2120007694 tempest-FlavorsAdminTestJSON-2120007694-project] HTTP exception thrown: Flavor 922645738 could not be found.
Jul 05 03:43:53.060568 n-d-798249-5 devstack@n-api.service[115785]: DEBUG nova.api.openstack.wsgi [None req-bb011360-a6f8-4f79-b51b-da4873fa30f5 tempest-FlavorsAdminTestJSON-2120007694 tempest-FlavorsAdminTestJSON-2120007694-project] Returning 400 to user: Flavor 922645738 could not be found. {{(pid=115785) __call__ /opt/stack/nova/nova/api/openstack/wsgi.py:927}}
Jul 05 03:43:53.062093 n-d-798249-5 devstack@n-api.service[115785]: INFO nova.api.openstack.requestlog [None req-bb011360-a6f8-4f79-b51b-da4873fa30f5 tempest-FlavorsAdminTestJSON-2120007694 tempest-FlavorsAdminTestJSON-2120007694-project] 10.222.0.60 "POST /compute/v2.1/servers" status: 400 len: 80 microversion: 2.1 time: 0.025260
Jul 05 03:43:53.063437 n-d-798249-5 devstack@n-api.service[115785]: [pid: 115785|app: 0|req: 53/96] 10.222.0.60 () {60 vars in 1147 bytes} [Mon Jul 5 03:43:53 2021] POST /compute/v2.1/servers => generated 80 bytes in 28 msecs (HTTP/1.1 400) 9 headers in 380 bytes (1 switches on core 0)
Jul 05 03:43:53.072269 n-d-798249-5 devstack@n-api.service[115786]: DEBUG nova.api.openstack.wsgi [None req-2b36ed1d-4346-4912-b65f-10d8a3e55f20 tempest-FlavorsAdminTestJSON-1916307145 tempest-FlavorsAdminTestJSON-1916307145-project-admin] Calling method '>' {{(pid=115786) _process_stack /opt/stack/nova/nova/api/openstack/wsgi.py:513}}
Jul 05 03:43:53.185052 n-d-798249-5 devstack@n-api.service[115786]: INFO nova.api.openstack.requestlog [None req-2b36ed1d-4346-4912-b65f-10d8a3e55f20 tempest-FlavorsAdminTestJSON-1916307145 tempest-FlavorsAdminTestJSON-1916307145-project-admin] 10.222.0.60 "DELETE /compute/v2.1/flavors/922645738" status: 202 len: 0 microversion: 2.1 time: 0.116935
Jul 05 03:43:53.185840 n-d-798249-5 devstack@n-api.service[115786]: [pid: 115786|app: 0|req: 44/97] 10.222.0.60 () {58 vars in 1158 bytes} [Mon Jul 5 03:43:53 2021] DELETE /compute/v2.1/flavors/922645738 => generated 0 bytes in 119 msecs (HTTP/1.1 202) 9 headers in 361 bytes (1 switches on core 0)
Jul 05 03:43:53.193985 n-d-798249-5 devstack@n-api.service[115785]: DEBUG nova.api.openstack.wsgi [None req-ec59de09-5f8b-481e-8f4b-ff86e7ff6c5a tempest-FlavorsAdminTestJSON-1916307145 tempest-FlavorsAdminTestJSON-1916307145-project-admin] Calling method '>' {{(pid=115785) _process_stack /opt/stack/nova/nova/api/openstack/wsgi.py:513}}
Jul 05 03:43:53.226820 n-d-798249-5 devstack@n-api.service[115785]: INFO nova.api.openstack.requestlog [None req-ec59de09-5f8b-481e-8f4b-ff86e7ff6c5a tempest-FlavorsAdminTestJSON-1916307145 tempest-FlavorsAdminTestJSON-1916307145-project-admin] 10.222.0.60 "GET /compute/v2.1/flavors/detail" status: 200 len: 4991 microversion: 2.1 time: 0.036306
Jul 05 03:43:53.232188 n-d-798249-5 devstack@n-api.service[115785]: [pid: 115785|app: 0|req: 54/98] 10.222.0.60 () {58 vars in 1146 bytes} [Mon Jul 5 03:43:53 2021] GET /compute/v2.1/flavors/detail => generated 4991 bytes in 42 msecs (HTTP/1.1 200) 9 headers in 358 bytes (2 switches on core 0)
Jul 05 03:43:53.242804 n-d-798249-5 devstack@n-api.service[115786]: DEBUG nova.api.openstack.wsgi [None req-df5d5783-a5df-4a90-a827-8a590d77f2b1 tempest-FlavorsAdminTestJSON-1916307145 tempest-FlavorsAdminTestJSON-1916307145-project-admin] Action: 'create', calling method: >, body: {"flavor": {"ram": 512, "vcpus": 1, "disk": 10, "name": "tempest-test_flavor_-447980496", "id": 390512225, "os-flavor-access:is_public": "False"}} {{(pid=115786) _process_stack /opt/stack/nova/nova/api/openstack/wsgi.py:511}}
Jul 05 03:43:53.537893 n-d-798249-5 devstack@n-api.service[115785]: DEBUG nova.api.openstack.wsgi [None req-7bbcb2b1-f7f9-4af6-96c4-43cf83785592 tempest-AggregatesAdminTestJSON-653656356 tempest-AggregatesAdminTestJSON-653656356-project] Calling method '>' {{(pid=115785) _process_stack /opt/stack/nova/nova/api/openstack/wsgi.py:513}}
Jul 05 03:43:53.541030 n-d-798249-5 devstack@n-api.service[115785]: DEBUG nova.compute.api [None req-7bbcb2b1-f7f9-4af6-96c4-43cf83785592 tempest-AggregatesAdminTestJSON-653656356 tempest-AggregatesAdminTestJSON-653656356-project] [instance: 5028d5df-4ac1-43bf-9579-912bfbeb3011] Fetching instance by UUID {{(pid=115785) get /opt/stack/nova/nova/compute/api.py:2793}}
Jul 05 03:43:53.568203 n-d-798249-5 devstack@n-api.service[115785]: DEBUG oslo_concurrency.lockutils [None req-7bbcb2b1-f7f9-4af6-96c4-43cf83785592 tempest-AggregatesAdminTestJSON-653656356 tempest-AggregatesAdminTestJSON-653656356-project] Lock "8a56332c-767b-4be1-87aa-bd261cefb370" acquired by "nova.context.set_target_cell..get_or_set_cached_cell_and_set_connections" :: waited 0.000s {{(pid=115785) inner /usr/local/lib/python3.8/dist-packages/oslo_concurrency/lockutils.py:355}}
Jul 05 03:43:53.568683 n-d-798249-5 devstack@n-api.service[115785]: DEBUG oslo_concurrency.lockutils [None req-7bbcb2b1-f7f9-4af6-96c4-43cf83785592 tempest-AggregatesAdminTestJSON-653656356 tempest-AggregatesAdminTestJSON-653656356-project] Lock "8a56332c-767b-4be1-87aa-bd261cefb370" released by "nova.context.set_target_cell..get_or_set_cached_cell_and_set_connections" :: held 0.001s {{(pid=115785) inner /usr/local/lib/python3.8/dist-packages/oslo_concurrency/lockutils.py:367}}
Jul 05 03:43:53.569467 n-d-798249-5 devstack@n-api.service[115785]: DEBUG oslo_concurrency.lockutils [None req-7bbcb2b1-f7f9-4af6-96c4-43cf83785592 tempest-AggregatesAdminTestJSON-653656356 tempest-AggregatesAdminTestJSON-653656356-project] Lock "8a56332c-767b-4be1-87aa-bd261cefb370" acquired by "nova.context.set_target_cell..get_or_set_cached_cell_and_set_connections" :: waited 0.000s {{(pid=115785) inner /usr/local/lib/python3.8/dist-packages/oslo_concurrency/lockutils.py:355}}
Jul 05 03:43:53.569907 n-d-798249-5 devstack@n-api.service[115785]: DEBUG oslo_concurrency.lockutils [None req-7bbcb2b1-f7f9-4af6-96c4-43cf83785592 tempest-AggregatesAdminTestJSON-653656356 tempest-AggregatesAdminTestJSON-653656356-project] Lock "8a56332c-767b-4be1-87aa-bd261cefb370" released by "nova.context.set_target_cell..get_or_set_cached_cell_and_set_connections" :: held 0.000s {{(pid=115785) inner /usr/local/lib/python3.8/dist-packages/oslo_concurrency/lockutils.py:367}}
Jul 05 03:43:53.573281 n-d-798249-5 devstack@n-api.service[115785]: /opt/stack/nova/nova/db/sqlalchemy/api.py:1385: SAWarning: TypeDecorator SoftDeleteInteger() will not produce a cache key because the ``cache_ok`` flag is not set to True. Set this flag to True if this type object's state is safe to use in a cache key, or False to disable this warning.
Jul 05 03:43:53.573281 n-d-798249-5 devstack@n-api.service[115785]: result = _build_instance_get(context, columns_to_join=columns_to_join).\
Jul 05 03:43:53.767479 n-d-798249-5 devstack@n-api.service[115786]: INFO nova.api.openstack.requestlog [None req-df5d5783-a5df-4a90-a827-8a590d77f2b1 tempest-FlavorsAdminTestJSON-1916307145 tempest-FlavorsAdminTestJSON-1916307145-project-admin] 10.222.0.60 "POST /compute/v2.1/flavors" status: 200 len: 411 microversion: 2.1 time: 0.528310
Jul 05 03:43:53.768076 n-d-798249-5 devstack@n-api.service[115786]: [pid: 115786|app: 0|req: 45/99] 10.222.0.60 () {60 vars in 1147 bytes} [Mon Jul 5 03:43:53 2021] POST /compute/v2.1/flavors => generated 411 bytes in 530 msecs (HTTP/1.1 200) 9 headers in 357 bytes (1 switches on core 0)
Jul 05 03:43:53.779509 n-d-798249-5 devstack@n-api.service[115786]: DEBUG nova.api.openstack.wsgi [None req-2e52834e-4200-4b17-b21c-6fc96ec33a35 tempest-ServersOnMultiNodesTest-1207045969 tempest-ServersOnMultiNodesTest-1207045969-project] Calling method '>' {{(pid=115786) _process_stack /opt/stack/nova/nova/api/openstack/wsgi.py:513}}
Jul 05 03:43:53.780425 n-d-798249-5 devstack@n-api.service[115786]: DEBUG nova.compute.api [None req-2e52834e-4200-4b17-b21c-6fc96ec33a35 tempest-ServersOnMultiNodesTest-1207045969 tempest-ServersOnMultiNodesTest-1207045969-project] [instance: 27660a95-26e5-4d9e-b4e4-024fbba38f0a] Fetching instance by UUID {{(pid=115786) get /opt/stack/nova/nova/compute/api.py:2793}}
Jul 05 03:43:53.803801 n-d-798249-5 devstack@n-api.service[115786]: DEBUG oslo_concurrency.lockutils [None req-2e52834e-4200-4b17-b21c-6fc96ec33a35 tempest-ServersOnMultiNodesTest-1207045969 tempest-ServersOnMultiNodesTest-1207045969-project] Lock "8a56332c-767b-4be1-87aa-bd261cefb370" acquired by "nova.context.set_target_cell..get_or_set_cached_cell_and_set_connections" :: waited 0.000s {{(pid=115786) inner /usr/local/lib/python3.8/dist-packages/oslo_concurrency/lockutils.py:355}}
Jul 05 03:43:53.804253 n-d-798249-5 devstack@n-api.service[115786]: DEBUG oslo_concurrency.lockutils [None req-2e52834e-4200-4b17-b21c-6fc96ec33a35 tempest-ServersOnMultiNodesTest-1207045969 tempest-ServersOnMultiNodesTest-1207045969-project] Lock "8a56332c-767b-4be1-87aa-bd261cefb370" released by "nova.context.set_target_cell..get_or_set_cached_cell_and_set_connections" :: held 0.001s {{(pid=115786) inner /usr/local/lib/python3.8/dist-packages/oslo_concurrency/lockutils.py:367}}
Jul 05 03:43:53.805066 n-d-798249-5 devstack@n-api.service[115786]: DEBUG oslo_concurrency.lockutils [None req-2e52834e-4200-4b17-b21c-6fc96ec33a35 tempest-ServersOnMultiNodesTest-1207045969 tempest-ServersOnMultiNodesTest-1207045969-project] Lock "8a56332c-767b-4be1-87aa-bd261cefb370" acquired by "nova.context.set_target_cell..get_or_set_cached_cell_and_set_connections" :: waited 0.000s {{(pid=115786) inner /usr/local/lib/python3.8/dist-packages/oslo_concurrency/lockutils.py:355}}
Jul 05 03:43:53.805506 n-d-798249-5 devstack@n-api.service[115786]: DEBUG oslo_concurrency.lockutils [None req-2e52834e-4200-4b17-b21c-6fc96ec33a35 tempest-ServersOnMultiNodesTest-1207045969 tempest-ServersOnMultiNodesTest-1207045969-project] Lock "8a56332c-767b-4be1-87aa-bd261cefb370" released by "nova.context.set_target_cell..get_or_set_cached_cell_and_set_connections" :: held 0.000s {{(pid=115786) inner /usr/local/lib/python3.8/dist-packages/oslo_concurrency/lockutils.py:367}}
Jul 05 03:43:53.815672 n-d-798249-5 devstack@n-api.service[115786]: /opt/stack/nova/nova/db/sqlalchemy/api.py:1385: SAWarning: TypeDecorator SoftDeleteInteger() will not produce a cache key because the ``cache_ok`` flag is not set to True. Set this flag to True if this type object's state is safe to use in a cache key, or False to disable this warning.
Jul 05 03:43:53.815672 n-d-798249-5 devstack@n-api.service[115786]: result = _build_instance_get(context, columns_to_join=columns_to_join).\
Jul 05 03:43:53.823524 n-d-798249-5 devstack@n-api.service[115785]: DEBUG nova.policy [None req-7bbcb2b1-f7f9-4af6-96c4-43cf83785592 tempest-AggregatesAdminTestJSON-653656356 tempest-AggregatesAdminTestJSON-653656356-project] Policy check for os_compute_api:os-extended-server-attributes failed with credentials {'is_admin': False, 'user_id': '639970d1650d449e940a2dc5829c906f', 'user_domain_id': 'default', 'system_scope': None, 'domain_id': None, 'project_id': 'e72aeecc1ae04961b62968fa18d8b85c', 'project_domain_id': 'default', 'roles': ['member', 'reader'], 'is_admin_project': True, 'service_user_id': None, 'service_user_domain_id': None, 'service_project_id': None, 'service_project_domain_id': None, 'service_roles': []} {{(pid=115785) authorize /opt/stack/nova/nova/policy.py:199}}
Jul 05 03:43:53.833544 n-d-798249-5 devstack@n-api.service[115785]: /opt/stack/nova/nova/db/sqlalchemy/api.py:3000: SAWarning: TypeDecorator SoftDeleteInteger() will not produce a cache key because the ``cache_ok`` flag is not set to True. Set this flag to True if this type object's state is safe to use in a cache key, or False to disable this warning.
Jul 05 03:43:53.833544 n-d-798249-5 devstack@n-api.service[115785]: return _block_device_mapping_get_query(context).filter(
Jul 05 03:43:53.843298 n-d-798249-5 devstack@n-api.service[115785]: INFO nova.api.openstack.requestlog [None req-7bbcb2b1-f7f9-4af6-96c4-43cf83785592 tempest-AggregatesAdminTestJSON-653656356 tempest-AggregatesAdminTestJSON-653656356-project] 10.222.0.60 "GET /compute/v2.1/servers/5028d5df-4ac1-43bf-9579-912bfbeb3011" status: 200 len: 1339 microversion: 2.1 time: 0.317302
Jul 05 03:43:53.855078 n-d-798249-5 devstack@n-api.service[115785]: [pid: 115785|app: 0|req: 55/100] 10.222.0.60 () {58 vars in 1236 bytes} [Mon Jul 5 03:43:53 2021] GET /compute/v2.1/servers/5028d5df-4ac1-43bf-9579-912bfbeb3011 => generated 1339 bytes in 330 msecs (HTTP/1.1 200) 9 headers in 358 bytes (2 switches on core 0)
Jul 05 03:43:53.859970 n-d-798249-5 devstack@n-api.service[115785]: DEBUG nova.api.openstack.wsgi [None req-0387318e-5213-49cb-a7b8-6b8f008cecb8 tempest-FlavorsAdminTestJSON-1916307145 tempest-FlavorsAdminTestJSON-1916307145-project-admin] Action: 'create', calling method: >, body: {"flavor": {"ram": 512, "vcpus": 1, "disk": 10, "name": "tempest-test_flavor_-1635070513", "id": 117448862, "os-flavor-access:is_public": "True"}} {{(pid=115785) _process_stack /opt/stack/nova/nova/api/openstack/wsgi.py:511}}
Jul 05 03:43:53.878354 n-d-798249-5 devstack@n-api.service[115785]: /usr/local/lib/python3.8/dist-packages/oslo_policy/policy.py:1064: UserWarning: Policy os_compute_api:os-flavor-manage:create failed scope check. The token used to make the request was project scoped but the policy requires ['system'] scope. This behavior may change in the future where using the intended scope is required
Jul 05 03:43:53.878354 n-d-798249-5 devstack@n-api.service[115785]: warnings.warn(msg)
Jul 05 03:43:54.057445 n-d-798249-5 devstack@n-api.service[115786]: DEBUG nova.policy [None req-2e52834e-4200-4b17-b21c-6fc96ec33a35 tempest-ServersOnMultiNodesTest-1207045969 tempest-ServersOnMultiNodesTest-1207045969-project] Policy check for os_compute_api:os-extended-server-attributes failed with credentials {'is_admin': False, 'user_id': '0aa8dfc677f14cbfaa02516114d984c2', 'user_domain_id': 'default', 'system_scope': None, 'domain_id': None, 'project_id': '699c7cae0a8943699f7e6394aeb45413', 'project_domain_id': 'default', 'roles': ['member', 'reader'], 'is_admin_project': True, 'service_user_id': None, 'service_user_domain_id': None, 'service_project_id': None, 'service_project_domain_id': None, 'service_roles': []} {{(pid=115786) authorize /opt/stack/nova/nova/policy.py:199}}
Jul 05 03:43:54.057445 n-d-798249-5 devstack@n-api.service[115786]: /opt/stack/nova/nova/db/sqlalchemy/api.py:3000: SAWarning: TypeDecorator SoftDeleteInteger() will not produce a cache key because the ``cache_ok`` flag is not set to True. Set this flag to True if this type object's state is safe to use in a cache key, or False to disable this warning.
Jul 05 03:43:54.057445 n-d-798249-5 devstack@n-api.service[115786]: return _block_device_mapping_get_query(context).filter(
Jul 05 03:43:54.057445 n-d-798249-5 devstack@n-api.service[115786]: INFO nova.api.openstack.requestlog [None req-2e52834e-4200-4b17-b21c-6fc96ec33a35 tempest-ServersOnMultiNodesTest-1207045969 tempest-ServersOnMultiNodesTest-1207045969-project] 10.222.0.60 "GET /compute/v2.1/servers/27660a95-26e5-4d9e-b4e4-024fbba38f0a" status: 200 len: 1221 microversion: 2.1 time: 0.213124
Jul 05 03:43:54.057445 n-d-798249-5 devstack@n-api.service[115786]: [pid: 115786|app: 0|req: 46/101] 10.222.0.60 () {58 vars in 1236 bytes} [Mon Jul 5 03:43:53 2021] GET /compute/v2.1/servers/27660a95-26e5-4d9e-b4e4-024fbba38f0a => generated 1221 bytes in 215 msecs (HTTP/1.1 200) 9 headers in 358 bytes (1 switches on core 0)
Jul 05 03:43:54.293679 n-d-798249-5 devstack@n-api.service[115785]: INFO nova.api.openstack.requestlog [None req-0387318e-5213-49cb-a7b8-6b8f008cecb8 tempest-FlavorsAdminTestJSON-1916307145 tempest-FlavorsAdminTestJSON-1916307145-project-admin] 10.222.0.60 "POST /compute/v2.1/flavors" status: 200 len: 411 microversion: 2.1 time: 0.436891
Jul 05 03:43:54.304714 n-d-798249-5 devstack@n-api.service[115785]: [pid: 115785|app: 0|req: 56/102] 10.222.0.60 () {60 vars in 1147 bytes} [Mon Jul 5 03:43:53 2021] POST /compute/v2.1/flavors => generated 411 bytes in 449 msecs (HTTP/1.1 200) 9 headers in 357 bytes (1 switches on core 0)
Jul 05 03:43:54.354682 n-d-798249-5 devstack@n-api.service[115786]: DEBUG nova.api.openstack.wsgi [None req-1c5c6485-0745-4fb3-9a31-82ec0babb569 tempest-FlavorsAdminTestJSON-1916307145 tempest-FlavorsAdminTestJSON-1916307145-project-admin] Calling method '>' {{(pid=115786) _process_stack /opt/stack/nova/nova/api/openstack/wsgi.py:513}}
Jul 05 03:43:54.354682 n-d-798249-5 devstack@n-api.service[115786]: INFO nova.api.openstack.requestlog [None req-1c5c6485-0745-4fb3-9a31-82ec0babb569 tempest-FlavorsAdminTestJSON-1916307145 tempest-FlavorsAdminTestJSON-1916307145-project-admin] 10.222.0.60 "GET /compute/v2.1/flavors/detail?is_public=f" status: 200 len: 414 microversion: 2.1 time: 0.025747
Jul 05 03:43:54.355718 n-d-798249-5 devstack@n-api.service[115785]: DEBUG nova.api.openstack.wsgi [None req-cc0cbeee-06b9-4d1f-9ed7-a57af466faef tempest-FlavorsAdminTestJSON-1916307145 tempest-FlavorsAdminTestJSON-1916307145-project-admin] Calling method '>' {{(pid=115785) _process_stack /opt/stack/nova/nova/api/openstack/wsgi.py:513}}
Jul 05 03:43:54.356050 n-d-798249-5 devstack@n-api.service[115786]: [pid: 115786|app: 0|req: 47/103] 10.222.0.60 () {58 vars in 1169 bytes} [Mon Jul 5 03:43:54 2021] GET /compute/v2.1/flavors/detail?is_public=f => generated 414 bytes in 44 msecs (HTTP/1.1 200) 9 headers in 357 bytes (1 switches on core 0)
Jul 05 03:43:54.369070 n-d-798249-5 devstack@n-api.service[115785]: INFO nova.api.openstack.requestlog [None req-cc0cbeee-06b9-4d1f-9ed7-a57af466faef tempest-FlavorsAdminTestJSON-1916307145 tempest-FlavorsAdminTestJSON-1916307145-project-admin] 10.222.0.60 "GET /compute/v2.1/flavors/detail?is_public=false" status: 200 len: 414 microversion: 2.1 time: 0.026067
Jul 05 03:43:54.369646 n-d-798249-5 devstack@n-api.service[115785]: [pid: 115785|app: 0|req: 57/104] 10.222.0.60 () {58 vars in 1177 bytes} [Mon Jul 5 03:43:54 2021] GET /compute/v2.1/flavors/detail?is_public=false => generated 414 bytes in 27 msecs (HTTP/1.1 200) 9 headers in 357 bytes (1 switches on core 0)
Jul 05 03:43:54.380519 n-d-798249-5 devstack@n-api.service[115786]: DEBUG nova.api.openstack.wsgi [None req-193d73ca-5714-42cd-8725-29abfad83ff4 tempest-FlavorsAdminTestJSON-1916307145 tempest-FlavorsAdminTestJSON-1916307145-project-admin] Calling method '>' {{(pid=115786) _process_stack /opt/stack/nova/nova/api/openstack/wsgi.py:513}}
Jul 05 03:43:54.388657 n-d-798249-5 devstack@n-api.service[115786]: INFO nova.api.openstack.requestlog [None req-193d73ca-5714-42cd-8725-29abfad83ff4 tempest-FlavorsAdminTestJSON-1916307145 tempest-FlavorsAdminTestJSON-1916307145-project-admin] 10.222.0.60 "GET /compute/v2.1/flavors/detail?is_public=no" status: 200 len: 414 microversion: 2.1 time: 0.011941
Jul 05 03:43:54.397850 n-d-798249-5 devstack@n-api.service[115786]: [pid: 115786|app: 0|req: 48/105] 10.222.0.60 () {58 vars in 1171 bytes} [Mon Jul 5 03:43:54 2021] GET /compute/v2.1/flavors/detail?is_public=no => generated 414 bytes in 13 msecs (HTTP/1.1 200) 9 headers in 357 bytes (1 switches on core 0)
Jul 05 03:43:54.407232 n-d-798249-5 devstack@n-api.service[115785]: DEBUG nova.api.openstack.wsgi [None req-b6a8fcff-1268-49d4-b8dd-ae2eb8175d29 tempest-FlavorsAdminTestJSON-1916307145 tempest-FlavorsAdminTestJSON-1916307145-project-admin] Calling method '>' {{(pid=115785) _process_stack /opt/stack/nova/nova/api/openstack/wsgi.py:513}}
Jul 05 03:43:54.420345 n-d-798249-5 devstack@n-api.service[115785]: INFO nova.api.openstack.requestlog [None req-b6a8fcff-1268-49d4-b8dd-ae2eb8175d29 tempest-FlavorsAdminTestJSON-1916307145 tempest-FlavorsAdminTestJSON-1916307145-project-admin] 10.222.0.60 "GET /compute/v2.1/flavors/detail?is_public=0" status: 200 len: 414 microversion: 2.1 time: 0.016688
Jul 05 03:43:54.421655 n-d-798249-5 devstack@n-api.service[115785]: [pid: 115785|app: 0|req: 58/106] 10.222.0.60 () {58 vars in 1169 bytes} [Mon Jul 5 03:43:54 2021] GET /compute/v2.1/flavors/detail?is_public=0 => generated 414 bytes in 19 msecs (HTTP/1.1 200) 9 headers in 357 bytes (1 switches on core 0)
Jul 05 03:43:54.435040 n-d-798249-5 devstack@n-api.service[115786]: DEBUG nova.api.openstack.wsgi [None req-d0031f84-7e90-4bcb-9ec2-17e8bb83348c tempest-FlavorsAdminTestJSON-1916307145 tempest-FlavorsAdminTestJSON-1916307145-project-admin] Calling method '>' {{(pid=115786) _process_stack /opt/stack/nova/nova/api/openstack/wsgi.py:513}}
Jul 05 03:43:54.461045 n-d-798249-5 devstack@n-api.service[115786]: INFO nova.api.openstack.requestlog [None req-d0031f84-7e90-4bcb-9ec2-17e8bb83348c tempest-FlavorsAdminTestJSON-1916307145 tempest-FlavorsAdminTestJSON-1916307145-project-admin] 10.222.0.60 "GET /compute/v2.1/flavors/detail?is_public=t" status: 200 len: 5392 microversion: 2.1 time: 0.030708
Jul 05 03:43:54.461969 n-d-798249-5 devstack@n-api.service[115786]: [pid: 115786|app: 0|req: 49/107] 10.222.0.60 () {58 vars in 1169 bytes} [Mon Jul 5 03:43:54 2021] GET /compute/v2.1/flavors/detail?is_public=t => generated 5392 bytes in 32 msecs (HTTP/1.1 200) 9 headers in 358 bytes (2 switches on core 0)
Jul 05 03:43:54.477114 n-d-798249-5 devstack@n-api.service[115785]: DEBUG nova.api.openstack.wsgi [None req-9eb79035-9edd-40d4-942d-68725660bb1f tempest-FlavorsAdminTestJSON-1916307145 tempest-FlavorsAdminTestJSON-1916307145-project-admin] Calling method '>' {{(pid=115785) _process_stack /opt/stack/nova/nova/api/openstack/wsgi.py:513}}
Jul 05 03:43:54.496253 n-d-798249-5 devstack@n-api.service[115785]: INFO nova.api.openstack.requestlog [None req-9eb79035-9edd-40d4-942d-68725660bb1f tempest-FlavorsAdminTestJSON-1916307145 tempest-FlavorsAdminTestJSON-1916307145-project-admin] 10.222.0.60 "GET /compute/v2.1/flavors/detail?is_public=true" status: 200 len: 5392 microversion: 2.1 time: 0.023754
Jul 05 03:43:54.498525 n-d-798249-5 devstack@n-api.service[115785]: [pid: 115785|app: 0|req: 59/108] 10.222.0.60 () {58 vars in 1175 bytes} [Mon Jul 5 03:43:54 2021] GET /compute/v2.1/flavors/detail?is_public=true => generated 5392 bytes in 25 msecs (HTTP/1.1 200) 9 headers in 358 bytes (1 switches on core 0)
Jul 05 03:43:54.521550 n-d-798249-5 devstack@n-api.service[115786]: DEBUG nova.api.openstack.wsgi [None req-5dc1a6d0-d83b-4f40-a56a-77cd8dd32465 tempest-FlavorsAdminTestJSON-1916307145 tempest-FlavorsAdminTestJSON-1916307145-project-admin] Calling method '>' {{(pid=115786) _process_stack /opt/stack/nova/nova/api/openstack/wsgi.py:513}}
Jul 05 03:43:54.541851 n-d-798249-5 devstack@n-api.service[115786]: INFO nova.api.openstack.requestlog [None req-5dc1a6d0-d83b-4f40-a56a-77cd8dd32465 tempest-FlavorsAdminTestJSON-1916307145 tempest-FlavorsAdminTestJSON-1916307145-project-admin] 10.222.0.60 "GET /compute/v2.1/flavors/detail?is_public=yes" status: 200 len: 5392 microversion: 2.1 time: 0.024013
Jul 05 03:43:54.544824 n-d-798249-5 devstack@n-api.service[115786]: [pid: 115786|app: 0|req: 50/109] 10.222.0.60 () {58 vars in 1173 bytes} [Mon Jul 5 03:43:54 2021] GET /compute/v2.1/flavors/detail?is_public=yes => generated 5392 bytes in 27 msecs (HTTP/1.1 200) 9 headers in 358 bytes (1 switches on core 0)
Jul 05 03:43:54.559731 n-d-798249-5 devstack@n-api.service[115785]: DEBUG nova.api.openstack.wsgi [None req-758e040f-4469-4774-abe4-fad3cff825eb tempest-FlavorsAdminTestJSON-1916307145 tempest-FlavorsAdminTestJSON-1916307145-project-admin] Calling method '>' {{(pid=115785) _process_stack /opt/stack/nova/nova/api/openstack/wsgi.py:513}}
Jul 05 03:43:54.596333 n-d-798249-5 devstack@n-api.service[115785]: INFO nova.api.openstack.requestlog [None req-758e040f-4469-4774-abe4-fad3cff825eb tempest-FlavorsAdminTestJSON-1916307145 tempest-FlavorsAdminTestJSON-1916307145-project-admin] 10.222.0.60 "GET /compute/v2.1/flavors/detail?is_public=1" status: 200 len: 5392 microversion: 2.1 time: 0.038569
Jul 05 03:43:54.599061 n-d-798249-5 devstack@n-api.service[115785]: [pid: 115785|app: 0|req: 60/110] 10.222.0.60 () {58 vars in 1169 bytes} [Mon Jul 5 03:43:54 2021] GET /compute/v2.1/flavors/detail?is_public=1 => generated 5392 bytes in 44 msecs (HTTP/1.1 200) 9 headers in 358 bytes (1 switches on core 0)
Jul 05 03:43:54.613390 n-d-798249-5 devstack@n-api.service[115786]: DEBUG nova.api.openstack.wsgi [None req-bfc67bec-74cf-40d4-8268-7f8dbf0bfeb2 tempest-FlavorsAdminTestJSON-1916307145 tempest-FlavorsAdminTestJSON-1916307145-project-admin] Calling method '>' {{(pid=115786) _process_stack /opt/stack/nova/nova/api/openstack/wsgi.py:513}}
Jul 05 03:43:54.615023 n-d-798249-5 devstack@n-api.service[115786]: /usr/local/lib/python3.8/dist-packages/oslo_policy/policy.py:1064: UserWarning: Policy os_compute_api:os-flavor-manage:delete failed scope check. The token used to make the request was project scoped but the policy requires ['system'] scope. This behavior may change in the future where using the intended scope is required
Jul 05 03:43:54.615023 n-d-798249-5 devstack@n-api.service[115786]: warnings.warn(msg)
Jul 05 03:43:54.861781 n-d-798249-5 devstack@n-api.service[115785]: DEBUG nova.api.openstack.wsgi [None req-39a18457-436b-485a-a2c0-14e12328dbd6 tempest-AggregatesAdminTestJSON-653656356 tempest-AggregatesAdminTestJSON-653656356-project] Calling method '>' {{(pid=115785) _process_stack /opt/stack/nova/nova/api/openstack/wsgi.py:513}}
Jul 05 03:43:54.866884 n-d-798249-5 devstack@n-api.service[115785]: DEBUG nova.compute.api [None req-39a18457-436b-485a-a2c0-14e12328dbd6 tempest-AggregatesAdminTestJSON-653656356 tempest-AggregatesAdminTestJSON-653656356-project] [instance: 5028d5df-4ac1-43bf-9579-912bfbeb3011] Fetching instance by UUID {{(pid=115785) get /opt/stack/nova/nova/compute/api.py:2793}}
Jul 05 03:43:54.868805 n-d-798249-5 devstack@n-api.service[115785]: DEBUG oslo_concurrency.lockutils [None req-39a18457-436b-485a-a2c0-14e12328dbd6 tempest-AggregatesAdminTestJSON-653656356 tempest-AggregatesAdminTestJSON-653656356-project] Lock "8a56332c-767b-4be1-87aa-bd261cefb370" acquired by "nova.context.set_target_cell..get_or_set_cached_cell_and_set_connections" :: waited 0.000s {{(pid=115785) inner /usr/local/lib/python3.8/dist-packages/oslo_concurrency/lockutils.py:355}}
Jul 05 03:43:54.869256 n-d-798249-5 devstack@n-api.service[115785]: DEBUG oslo_concurrency.lockutils [None req-39a18457-436b-485a-a2c0-14e12328dbd6 tempest-AggregatesAdminTestJSON-653656356 tempest-AggregatesAdminTestJSON-653656356-project] Lock "8a56332c-767b-4be1-87aa-bd261cefb370" released by "nova.context.set_target_cell..get_or_set_cached_cell_and_set_connections" :: held 0.001s {{(pid=115785) inner /usr/local/lib/python3.8/dist-packages/oslo_concurrency/lockutils.py:367}}
Jul 05 03:43:54.870019 n-d-798249-5 devstack@n-api.service[115785]: DEBUG oslo_concurrency.lockutils [None req-39a18457-436b-485a-a2c0-14e12328dbd6 tempest-AggregatesAdminTestJSON-653656356 tempest-AggregatesAdminTestJSON-653656356-project] Lock "8a56332c-767b-4be1-87aa-bd261cefb370" acquired by "nova.context.set_target_cell..get_or_set_cached_cell_and_set_connections" :: waited 0.000s {{(pid=115785) inner /usr/local/lib/python3.8/dist-packages/oslo_concurrency/lockutils.py:355}}
Jul 05 03:43:54.870480 n-d-798249-5 devstack@n-api.service[115785]: DEBUG oslo_concurrency.lockutils [None req-39a18457-436b-485a-a2c0-14e12328dbd6 tempest-AggregatesAdminTestJSON-653656356 tempest-AggregatesAdminTestJSON-653656356-project] Lock "8a56332c-767b-4be1-87aa-bd261cefb370" released by "nova.context.set_target_cell..get_or_set_cached_cell_and_set_connections" :: held 0.000s {{(pid=115785) inner /usr/local/lib/python3.8/dist-packages/oslo_concurrency/lockutils.py:367}}
Jul 05 03:43:54.873360 n-d-798249-5 devstack@n-api.service[115785]: /opt/stack/nova/nova/db/sqlalchemy/api.py:1385: SAWarning: TypeDecorator SoftDeleteInteger() will not produce a cache key because the ``cache_ok`` flag is not set to True. Set this flag to True if this type object's state is safe to use in a cache key, or False to disable this warning.
Jul 05 03:43:54.873360 n-d-798249-5 devstack@n-api.service[115785]: result = _build_instance_get(context, columns_to_join=columns_to_join).\
Jul 05 03:43:54.966847 n-d-798249-5 devstack@n-api.service[115786]: INFO nova.api.openstack.requestlog [None req-bfc67bec-74cf-40d4-8268-7f8dbf0bfeb2 tempest-FlavorsAdminTestJSON-1916307145 tempest-FlavorsAdminTestJSON-1916307145-project-admin] 10.222.0.60 "DELETE /compute/v2.1/flavors/117448862" status: 202 len: 0 microversion: 2.1 time: 0.356476
Jul 05 03:43:54.966847 n-d-798249-5 devstack@n-api.service[115786]: [pid: 115786|app: 0|req: 51/111] 10.222.0.60 () {58 vars in 1158 bytes} [Mon Jul 5 03:43:54 2021] DELETE /compute/v2.1/flavors/117448862 => generated 0 bytes in 358 msecs (HTTP/1.1 202) 9 headers in 361 bytes (1 switches on core 0)
Jul 05 03:43:54.989033 n-d-798249-5 devstack@n-api.service[115786]: DEBUG nova.api.openstack.wsgi [None req-360ac299-158d-40a6-b9e9-8789e9150beb tempest-FlavorsAdminTestJSON-1916307145 tempest-FlavorsAdminTestJSON-1916307145-project-admin] Calling method '>' {{(pid=115786) _process_stack /opt/stack/nova/nova/api/openstack/wsgi.py:513}}
Jul 05 03:43:55.009852 n-d-798249-5 devstack@n-api.service[115786]: INFO nova.api.openstack.requestlog [None req-360ac299-158d-40a6-b9e9-8789e9150beb tempest-FlavorsAdminTestJSON-1916307145 tempest-FlavorsAdminTestJSON-1916307145-project-admin] 10.222.0.60 "GET /compute/v2.1/flavors/detail" status: 200 len: 4991 microversion: 2.1 time: 0.038754
Jul 05 03:43:55.011066 n-d-798249-5 devstack@n-api.service[115786]: [pid: 115786|app: 0|req: 52/112] 10.222.0.60 () {58 vars in 1146 bytes} [Mon Jul 5 03:43:54 2021] GET /compute/v2.1/flavors/detail => generated 4991 bytes in 41 msecs (HTTP/1.1 200) 9 headers in 358 bytes (2 switches on core 0)
